[Sat May 30 04:43:26.230738 2026] [ssl:error] [pid 1662020:tid 1662020] (70014)End of file found: [client 66.85.158.91:51344] AH02013: coalesce failed to read from data bucket
[Sat May 30 04:43:26.387829 2026] [ssl:error] [pid 1671661:tid 1671661] (70014)End of file found: [client 66.85.158.91:51364] AH02013: coalesce failed to read from data bucket
[Sat May 30 04:43:26.693354 2026] [ssl:error] [pid 1672390:tid 1672390] (5)Input/output error: [client 66.85.158.91:51382] AH02013: coalesce failed to read from data bucket
[Sat May 30 04:43:26.808083 2026] [ssl:error] [pid 1671638:tid 1671638] (70014)End of file found: [client 66.85.158.91:51398] AH02013: coalesce failed to read from data bucket
[Sat May 30 04:43:26.992993 2026] [ssl:error] [pid 1672647:tid 1672647] (5)Input/output error: [client 66.85.158.91:51406] AH02013: coalesce failed to read from data bucket
[Sat May 30 04:43:27.131549 2026] [ssl:error] [pid 1672259:tid 1672259] (70014)End of file found: [client 66.85.158.91:51428] AH02013: coalesce failed to read from data bucket
[Sat May 30 04:43:28.159557 2026] [security2:error] [pid 1672660:tid 1672660] [client 34.231.45.47:0] ModSecurity: collections_remove_stale: Failed to access DBM file "/var/cpanel/secdatadir/ksoftweb-global": Permission denied [hostname "www.ksoft.web.lk"] [uri "/daph/daph1/vendor/laravel/breeze/stubs/api/App/Http/Controllers/Auth/"] [unique_id "ahodmMHoUj6jwOwoZMzPTAAAADY"]
[Sat May 30 04:43:28.159679 2026] [security2:error] [pid 1672660:tid 1672660] [client 34.231.45.47:0] ModSecurity: collections_remove_stale: Failed to access DBM file "/var/cpanel/secdatadir/ksoftweb-ip": Permission denied [hostname "www.ksoft.web.lk"] [uri "/daph/daph1/vendor/laravel/breeze/stubs/api/App/Http/Controllers/Auth/"] [unique_id "ahodmMHoUj6jwOwoZMzPTAAAADY"]
[Sat May 30 04:43:29.915541 2026] [security2:error] [pid 1672658:tid 1672658] [client 57.141.14.47:0] ModSecurity: collections_remove_stale: Failed to access DBM file "/var/cpanel/secdatadir/anandaob-global": Permission denied [hostname "www.anandaobauae.org"] [uri "/js/Bl4ckhOle/root/proc/thread-self/root/sys/devices/system/memory/memory138/subsystem/devices/memory101/node0/memory46/node0/memory21/"] [unique_id "ahodmS8m5Ix7YxZ3hEw8bAAAADQ"]
[Sat May 30 04:43:29.915613 2026] [security2:error] [pid 1672658:tid 1672658] [client 57.141.14.47:0] ModSecurity: collections_remove_stale: Failed to access DBM file "/var/cpanel/secdatadir/anandaob-ip": Permission denied [hostname "www.anandaobauae.org"] [uri "/js/Bl4ckhOle/root/proc/thread-self/root/sys/devices/system/memory/memory138/subsystem/devices/memory101/node0/memory46/node0/memory21/"] [unique_id "ahodmS8m5Ix7YxZ3hEw8bAAAADQ"]
[Sat May 30 04:43:30.162890 2026] [ssl:error] [pid 1648375:tid 1648375] (70014)End of file found: [client 66.85.158.91:51646] AH02013: coalesce failed to read from data bucket
[Sat May 30 04:43:30.461781 2026] [ssl:error] [pid 1672646:tid 1672646] (70014)End of file found: [client 66.85.158.91:51680] AH02013: coalesce failed to read from data bucket
[Sat May 30 04:43:30.596339 2026] [ssl:error] [pid 1647618:tid 1647618] (70014)End of file found: [client 66.85.158.91:51718] AH02013: coalesce failed to read from data bucket
[Sat May 30 04:43:30.998699 2026] [ssl:error] [pid 1672661:tid 1672661] (70014)End of file found: [client 66.85.158.91:38976] AH02013: coalesce failed to read from data bucket
[Sat May 30 04:43:31.245418 2026] [core:error] [pid 1672618:tid 1672618] (13)Permission denied: [client 57.141.14.30:0] AH00132: file permissions deny server access: /home/anandaob/public_html/js/Bl4ckhOle/root/proc/thread-self/root/sys/devices/system/memory/memory55/node0/memory93/node0/memory3/subsystem/uevent
[Sat May 30 04:43:31.496743 2026] [ssl:error] [pid 1672656:tid 1672656] (70014)End of file found: [client 66.85.158.91:39022] AH02013: coalesce failed to read from data bucket
[Sat May 30 04:43:31.896586 2026] [ssl:error] [pid 1672830:tid 1672830] (70014)End of file found: [client 66.85.158.91:39128] AH02013: coalesce failed to read from data bucket
[Sat May 30 04:43:32.038872 2026] [ssl:error] [pid 1670701:tid 1670701] (70014)End of file found: [client 66.85.158.91:39144] AH02013: coalesce failed to read from data bucket
[Sat May 30 04:43:32.475793 2026] [security2:error] [pid 1672829:tid 1672829] [client 216.244.66.243:0] ModSecurity: collections_remove_stale: Failed to access DBM file "/var/cpanel/secdatadir/fhbhealt-global": Permission denied [hostname "fhb.health.gov.lk"] [uri "/videos/cbdopi/{urls}"] [unique_id "ahodnOadpA9JXy79b3gnewAAAD4"]
[Sat May 30 04:43:32.475911 2026] [security2:error] [pid 1672829:tid 1672829] [client 216.244.66.243:0] ModSecurity: collections_remove_stale: Failed to access DBM file "/var/cpanel/secdatadir/fhbhealt-ip": Permission denied [hostname "fhb.health.gov.lk"] [uri "/videos/cbdopi/{urls}"] [unique_id "ahodnOadpA9JXy79b3gnewAAAD4"]
[Sat May 30 04:43:32.675027 2026] [ssl:error] [pid 1672618:tid 1672618] (5)Input/output error: [client 66.85.158.91:39158] AH02013: coalesce failed to read from data bucket
[Sat May 30 04:43:33.117870 2026] [proxy_fcgi:error] [pid 1661802:tid 1661802] [client 57.141.14.14:0] AH01067: Failed to read FastCGI header
[Sat May 30 04:43:33.117920 2026] [proxy_fcgi:error] [pid 1661802:tid 1661802] (104)Connection reset by peer: [client 57.141.14.14:0] AH01075: Error dispatching request to :
[Sat May 30 04:43:35.180865 2026] [ssl:error] [pid 1672647:tid 1672647] (70014)End of file found: [client 66.85.158.91:39340] AH02013: coalesce failed to read from data bucket
[Sat May 30 04:43:35.281223 2026] [ssl:error] [pid 1672637:tid 1672637] (70014)End of file found: [client 66.85.158.91:39378] AH02013: coalesce failed to read from data bucket
[Sat May 30 04:43:35.696328 2026] [ssl:error] [pid 1672827:tid 1672827] (70014)End of file found: [client 66.85.158.91:39424] AH02013: coalesce failed to read from data bucket
[Sat May 30 04:43:35.769603 2026] [security2:error] [pid 1661802:tid 1661802] [client 124.43.207.134:0] ModSecurity: collections_remove_stale: Failed to access DBM file "/var/cpanel/secdatadir/nccphealthgov-global": Permission denied [hostname "www.nccp.health.gov.lk"] [uri "/nccp/public/index.php"] [unique_id "ahodnxOliNNLDORUxikx0QAAABc"]
[Sat May 30 04:43:35.769698 2026] [security2:error] [pid 1661802:tid 1661802] [client 124.43.207.134:0] ModSecurity: collections_remove_stale: Failed to access DBM file "/var/cpanel/secdatadir/nccphealthgov-ip": Permission denied [hostname "www.nccp.health.gov.lk"] [uri "/nccp/public/index.php"] [unique_id "ahodnxOliNNLDORUxikx0QAAABc"]
[Sat May 30 04:43:35.831204 2026] [ssl:error] [pid 1672644:tid 1672644] (70014)End of file found: [client 66.85.158.91:39442] AH02013: coalesce failed to read from data bucket
[Sat May 30 04:43:36.200393 2026] [core:error] [pid 1672658:tid 1672658] (13)Permission denied: [client 216.73.216.174:0] AH00132: file permissions deny server access: /home/anandaob/public_html/js/Bl4ckhOle/root/sys/class/thermal/cooling_device2/device/subsystem/drivers/battery/uevent
[Sat May 30 04:43:36.283690 2026] [ssl:error] [pid 1661801:tid 1661801] (70014)End of file found: [client 66.85.158.91:39514] AH02013: coalesce failed to read from data bucket
[Sat May 30 04:43:36.373808 2026] [ssl:error] [pid 1672368:tid 1672368] (22)Invalid argument: [client 66.85.158.91:39528] AH02013: coalesce failed to read from data bucket
[Sat May 30 04:43:36.747138 2026] [ssl:error] [pid 1672828:tid 1672828] (70014)End of file found: [client 66.85.158.91:39596] AH02013: coalesce failed to read from data bucket
[Sat May 30 04:43:36.951489 2026] [proxy_fcgi:error] [pid 1668440:tid 1668440] [client 141.98.11.117:0] AH01067: Failed to read FastCGI header
[Sat May 30 04:43:36.951541 2026] [proxy_fcgi:error] [pid 1668440:tid 1668440] (104)Connection reset by peer: [client 141.98.11.117:0] AH01075: Error dispatching request to :
[Sat May 30 04:43:37.061369 2026] [ssl:error] [pid 1661802:tid 1661802] (70014)End of file found: [client 66.85.158.91:39614] AH02013: coalesce failed to read from data bucket
[Sat May 30 04:43:37.187636 2026] [ssl:error] [pid 1672655:tid 1672655] (70014)End of file found: [client 66.85.158.91:39618] AH02013: coalesce failed to read from data bucket
[Sat May 30 04:43:37.206861 2026] [security2:error] [pid 1653293:tid 1653293] [client 43.128.109.187:0] ModSecurity: Warning. detected XSS using libinjection. [file "/etc/apache2/conf.d/modsec_vendor_configs/OWASP3/rules/REQUEST-941-APPLICATION-ATTACK-XSS.conf"] [line "56"] [id "941100"] [msg "XSS Attack Detected via libinjection"] [data "Matched Data: XSS data found within REQUEST_COOKIES:DNNPersonalization: ]*[\\\\xbe>]|<[^\\\\xbe]*\\\\xbe" at ARGS:your-message. [file "/etc/apache2/conf.d/modsec_vendor_configs/OWASP3/rules/REQUEST-941-APPLICATION-ATTACK-XSS.conf"] [line "547"] [id "941310"] [msg "US-ASCII Malformed Encoding XSS Filter - Attack Detected"] [data "Matched Data: \\xbc\\xd1\\x8b, \\xd0\\xbd\\xd0\\xb8\\xd0\\xb7\\xd0\\xba\\xd0\\xb0\\xd1\\x8f \\xd1\\x81\\xd0\\xb0\\xd0\\xbc\\xd0\\xbe found within ARGS:your-message: \\xd0\\x9a\\xd0\\xbe\\xd0\\xbd\\xd0\\xb5\\xd1\\x87\\xd0\\xbd\\xd0\\xbe, \\xd0\\xb5\\xd1\\x81\\xd0\\xbb\\xd0\\xb8 \\xd1\\x83 \\xd0\\xb6\\xd0\\xb5\\xd0\\xbd\\xd1\\x89\\xd0\\xb8\\xd0\\xbd\\xd1\\x8b \\xd0\\xb5\\xd1\\x81\\xd1\\x82\\xd1\\x8c \\xd0\\xbf\\xd1\\x81\\xd0\\xb8\\xd1\\x85\\xd0\\xbe\\xd0\\xbb\\xd0\\xbe\\xd0\\xb3\\xd0\\xb8\\xd1\\x87\\xd0\\xb5\\xd1\\x81\\xd0\\xba\\xd0\\xb8\\xd0\\xb5 \\xd1\\x82\\xd1\\x80\\xd0\\xb0\\xd0\\xb2\\xd0\\xbc\\xd1\\x8b, \\xd0\\x..."] [severity "CRITICAL"] [ver "OWASP_CRS/3.3.9"] [tag "application-multi"] [tag "language-multi"] [tag "platform-tomcat"] [tag "attack-xss"] [tag "paranoia-level/1"] [tag "OWASP_CRS"] [tag "capec/1000/152/242"] [hostname "maximsholdings.com"] [uri "/wp-json/contact-form-7/v1/contact-forms/54/feedback"] [unique_id "ahonSu7369J-4QUf9IhTjQAAABQ"], referer: https://maximsholdings.com/
[Sat May 30 05:24:50.023401 2026] [security2:error] [pid 1692320:tid 1692320] [client 178.20.44.82:0] ModSecurity: Rule 55a833006990 [id "942360"][file "/etc/apache2/conf.d/modsec_vendor_configs/OWASP3/rules/REQUEST-942-APPLICATION-ATTACK-SQLI.conf"][line "445"] - Execution error - PCRE limits exceeded (-47): (null). [hostname "maximsholdings.com"] [uri "/wp-json/contact-form-7/v1/contact-forms/54/feedback"] [unique_id "ahonSu7369J-4QUf9IhTjQAAABQ"], referer: https://maximsholdings.com/
[Sat May 30 05:24:50.023879 2026] [security2:error] [pid 1692320:tid 1692320] [client 178.20.44.82:0] ModSecurity: Warning. Operator GE matched 5 at TX:anomaly_score. [file "/etc/apache2/conf.d/modsec_vendor_configs/OWASP3/rules/REQUEST-949-BLOCKING-EVALUATION.conf"] [line "94"] [id "949110"] [msg "Inbound Anomaly Score Exceeded (Total Score: 5)"] [severity "CRITICAL"] [ver "OWASP_CRS/3.3.9"] [tag "application-multi"] [tag "language-multi"] [tag "platform-multi"] [tag "attack-generic"] [hostname "maximsholdings.com"] [uri "/wp-json/contact-form-7/v1/contact-forms/54/feedback"] [unique_id "ahonSu7369J-4QUf9IhTjQAAABQ"], referer: https://maximsholdings.com/
[Sat May 30 05:24:50.439097 2026] [ssl:error] [pid 1680323:tid 1680323] (5)Input/output error: [client 66.85.158.91:35606] AH02013: coalesce failed to read from data bucket
[Sat May 30 05:24:50.465938 2026] [ssl:error] [pid 1680322:tid 1680322] (70014)End of file found: [client 66.85.158.91:35650] AH02013: coalesce failed to read from data bucket
[Sat May 30 05:24:51.694615 2026] [ssl:error] [pid 1682284:tid 1682284] (70014)End of file found: [client 66.85.158.91:46344] AH02013: coalesce failed to read from data bucket
[Sat May 30 05:24:51.697196 2026] [ssl:error] [pid 1682285:tid 1682285] (70014)End of file found: [client 66.85.158.91:46332] AH02013: coalesce failed to read from data bucket
[Sat May 30 05:24:52.368638 2026] [ssl:error] [pid 1684751:tid 1684751] (70014)End of file found: [client 66.85.158.91:46830] AH02013: coalesce failed to read from data bucket
[Sat May 30 05:24:52.369076 2026] [security2:error] [pid 1692320:tid 1692320] [client 178.20.44.82:0] ModSecurity: Warning. Operator GE matched 5 at TX:inbound_anomaly_score. [file "/etc/apache2/conf.d/modsec_vendor_configs/OWASP3/rules/RESPONSE-980-CORRELATION.conf"] [line "92"] [id "980130"] [msg "Inbound Anomaly Score Exceeded (Total Inbound Score: 5 - SQLI=0,XSS=5,RFI=0,LFI=0,RCE=0,PHPI=0,HTTP=0,SESS=0): individual paranoia level scores: 5, 0, 0, 0"] [ver "OWASP_CRS/3.3.9"] [tag "event-correlation"] [hostname "maximsholdings.com"] [uri "/index.php"] [unique_id "ahonSu7369J-4QUf9IhTjQAAABQ"], referer: https://maximsholdings.com/
[Sat May 30 05:24:54.928029 2026] [ssl:error] [pid 1688674:tid 1688674] (70014)End of file found: [client 66.85.158.91:47106] AH02013: coalesce failed to read from data bucket
[Sat May 30 05:24:55.701354 2026] [ssl:error] [pid 1692123:tid 1692123] (70014)End of file found: [client 66.85.158.91:47282] AH02013: coalesce failed to read from data bucket
[Sat May 30 05:24:55.701561 2026] [security2:error] [pid 1692123:tid 1692123] [client 57.141.14.38:0] ModSecurity: collections_remove_stale: Failed to access DBM file "/var/cpanel/secdatadir/anandaob-global": Permission denied [hostname "www.anandaobauae.org"] [uri "/js/Bl4ckhOle/root/proc/thread-self/root/sys/devices/system/memory/memory121/node0/memory103/node0/memory116/state"] [unique_id "ahonT8dDcBh3CNAUSo0BrAAAAA8"]
[Sat May 30 05:24:55.701631 2026] [security2:error] [pid 1692123:tid 1692123] [client 57.141.14.38:0] ModSecurity: collections_remove_stale: Failed to access DBM file "/var/cpanel/secdatadir/anandaob-ip": Permission denied [hostname "www.anandaobauae.org"] [uri "/js/Bl4ckhOle/root/proc/thread-self/root/sys/devices/system/memory/memory121/node0/memory103/node0/memory116/state"] [unique_id "ahonT8dDcBh3CNAUSo0BrAAAAA8"]
[Sat May 30 05:24:56.202943 2026] [ssl:error] [pid 1692547:tid 1692547] (70014)End of file found: [client 66.85.158.91:47302] AH02013: coalesce failed to read from data bucket
[Sat May 30 05:24:57.825350 2026] [ssl:error] [pid 1680323:tid 1680323] (70014)End of file found: [client 66.85.158.91:47472] AH02013: coalesce failed to read from data bucket
[Sat May 30 05:24:57.883473 2026] [ssl:error] [pid 1680322:tid 1680322] (70014)End of file found: [client 66.85.158.91:47482] AH02013: coalesce failed to read from data bucket
[Sat May 30 05:24:57.961526 2026] [core:error] [pid 1692248:tid 1692248] (13)Permission denied: [client 216.73.216.174:0] AH00132: file permissions deny server access: /home/anandaob/public_html/js/Bl4ckhOle/root/sys/class/wakeup/wakeup12/device/driver/LNXPWRBN:00/subsystem/drivers/button/bind
[Sat May 30 05:25:00.175153 2026] [ssl:error] [pid 1688673:tid 1688673] (70014)End of file found: [client 66.85.158.91:47652] AH02013: coalesce failed to read from data bucket
[Sat May 30 05:25:00.712326 2026] [ssl:error] [pid 1692982:tid 1692982] (70014)End of file found: [client 66.85.158.91:37082] AH02013: coalesce failed to read from data bucket
[Sat May 30 05:25:00.718707 2026] [ssl:error] [pid 1682284:tid 1682284] (70014)End of file found: [client 66.85.158.91:37078] AH02013: coalesce failed to read from data bucket
[Sat May 30 05:25:01.522829 2026] [ssl:error] [pid 1680315:tid 1680315] (70014)End of file found: [client 66.85.158.91:37112] AH02013: coalesce failed to read from data bucket
[Sat May 30 05:25:01.523158 2026] [security2:error] [pid 1680315:tid 1680315] [client 57.141.14.44:0] ModSecurity: collections_remove_stale: Failed to access DBM file "/var/cpanel/secdatadir/anandaob-global": Permission denied [hostname "www.anandaobauae.org"] [uri "/js/Bl4ckhOle/root/proc/thread-self/root/sys/bus/memory/devices/memory110/subsystem/devices/memory138/node0/memory72/node0/memory10/phys_index"] [unique_id "ahonVRAxUv9ykPzzuD1nJgAAAA4"]
[Sat May 30 05:25:01.523216 2026] [security2:error] [pid 1680315:tid 1680315] [client 57.141.14.44:0] ModSecurity: collections_remove_stale: Failed to access DBM file "/var/cpanel/secdatadir/anandaob-ip": Permission denied [hostname "www.anandaobauae.org"] [uri "/js/Bl4ckhOle/root/proc/thread-self/root/sys/bus/memory/devices/memory110/subsystem/devices/memory138/node0/memory72/node0/memory10/phys_index"] [unique_id "ahonVRAxUv9ykPzzuD1nJgAAAA4"]
[Sat May 30 05:25:01.607086 2026] [ssl:error] [pid 1688674:tid 1688674] (70014)End of file found: [client 66.85.158.91:37126] AH02013: coalesce failed to read from data bucket
[Sat May 30 05:25:02.196185 2026] [ssl:error] [pid 1690620:tid 1690620] (70014)End of file found: [client 66.85.158.91:37174] AH02013: coalesce failed to read from data bucket
[Sat May 30 05:25:02.943502 2026] [ssl:error] [pid 1692998:tid 1692998] (70014)End of file found: [client 66.85.158.91:37196] AH02013: coalesce failed to read from data bucket
[Sat May 30 05:25:03.796353 2026] [security2:error] [pid 1682285:tid 1682285] [client 3.213.106.226:0] ModSecurity: collections_remove_stale: Failed to access DBM file "/var/cpanel/secdatadir/anandaob-global": Permission denied [hostname "anandaobauae.org"] [uri "/js/Bl4ckhOle/root/sys/devices/system/cpu/cpu3/node0/memory127/node0/memory81/node0/memory6/subsystem/devices/memory78/node0/memory106/"] [unique_id "ahonVzOHk148PdW3eilVkgAAAAQ"]
[Sat May 30 05:25:03.796427 2026] [security2:error] [pid 1682285:tid 1682285] [client 3.213.106.226:0] ModSecurity: collections_remove_stale: Failed to access DBM file "/var/cpanel/secdatadir/anandaob-ip": Permission denied [hostname "anandaobauae.org"] [uri "/js/Bl4ckhOle/root/sys/devices/system/cpu/cpu3/node0/memory127/node0/memory81/node0/memory6/subsystem/devices/memory78/node0/memory106/"] [unique_id "ahonVzOHk148PdW3eilVkgAAAAQ"]
[Sat May 30 05:25:03.912839 2026] [ssl:error] [pid 1684585:tid 1684585] (70014)End of file found: [client 66.85.158.91:37282] AH02013: coalesce failed to read from data bucket
[Sat May 30 05:25:04.244690 2026] [security2:error] [pid 1680322:tid 1680322] [client 216.244.66.249:0] ModSecurity: Warning. String match within "/accept-charset/ /content-encoding/ /proxy/ /lock-token/ /content-range/ /if/" at TX:header_name_accept-charset. [file "/etc/apache2/conf.d/modsec_vendor_configs/OWASP3/rules/REQUEST-920-PROTOCOL-ENFORCEMENT.conf"] [line "1127"] [id "920450"] [msg "HTTP header is restricted by policy (/accept-charset/)"] [data "Restricted header detected: /accept-charset/"] [severity "CRITICAL"] [ver "OWASP_CRS/3.3.9"] [tag "application-multi"] [tag "language-multi"] [tag "platform-multi"] [tag "attack-protocol"] [tag "paranoia-level/1"] [tag "OWASP_CRS"] [tag "capec/1000/210/272"] [tag "PCI/12.1"] [hostname "manaharasupercenter.lk"] [uri "/shop/page/4/"] [unique_id "ahonWBRMUSkR6UQNN15XkAAAABU"]
[Sat May 30 05:25:04.245279 2026] [security2:error] [pid 1680322:tid 1680322] [client 216.244.66.249:0] ModSecurity: Warning. Operator GE matched 5 at TX:anomaly_score. [file "/etc/apache2/conf.d/modsec_vendor_configs/OWASP3/rules/REQUEST-949-BLOCKING-EVALUATION.conf"] [line "94"] [id "949110"] [msg "Inbound Anomaly Score Exceeded (Total Score: 5)"] [severity "CRITICAL"] [ver "OWASP_CRS/3.3.9"] [tag "application-multi"] [tag "language-multi"] [tag "platform-multi"] [tag "attack-generic"] [hostname "manaharasupercenter.lk"] [uri "/shop/page/4/"] [unique_id "ahonWBRMUSkR6UQNN15XkAAAABU"]
[Sat May 30 05:25:04.272055 2026] [core:error] [pid 1690293:tid 1690293] (13)Permission denied: [client 98.83.178.66:0] AH00132: file permissions deny server access: /home/anandaob/public_html/public_html/backup/js/Bl4ckhOle/root/sys/devices/pci0000:00/firmware_node/device:01/subsystem/devices/ACPI0010:00/LNXCPU:02/physical_node/node0/memory140/node0/memory6/node0/cpu0/node0/memory88/subsystem/devices/memory50/subsystem/uevent
[Sat May 30 05:25:05.507975 2026] [ssl:error] [pid 1692547:tid 1692547] (70014)End of file found: [client 66.85.158.91:37388] AH02013: coalesce failed to read from data bucket
[Sat May 30 05:25:05.873422 2026] [ssl:error] [pid 1680280:tid 1680280] (70014)End of file found: [client 66.85.158.91:37426] AH02013: coalesce failed to read from data bucket
[Sat May 30 05:25:07.184007 2026] [ssl:error] [pid 1684751:tid 1684751] (70014)End of file found: [client 66.85.158.91:37508] AH02013: coalesce failed to read from data bucket
[Sat May 30 05:25:07.623084 2026] [ssl:error] [pid 1688674:tid 1688674] (70014)End of file found: [client 66.85.158.91:37548] AH02013: coalesce failed to read from data bucket
[Sat May 30 05:25:07.932551 2026] [ssl:error] [pid 1680323:tid 1680323] (70014)End of file found: [client 66.85.158.91:37592] AH02013: coalesce failed to read from data bucket
[Sat May 30 05:25:08.336293 2026] [security2:error] [pid 1680307:tid 1680307] [client 98.82.66.172:0] ModSecurity: collections_remove_stale: Failed to access DBM file "/var/cpanel/secdatadir/ksoftweb-global": Permission denied [hostname "ksoft.web.lk"] [uri "/pims/pims/storage/framework/cache/data/9c/"] [unique_id "ahonXG7v7_U8atylQAoT-QAAAAo"]
[Sat May 30 05:25:08.336385 2026] [security2:error] [pid 1680307:tid 1680307] [client 98.82.66.172:0] ModSecurity: collections_remove_stale: Failed to access DBM file "/var/cpanel/secdatadir/ksoftweb-ip": Permission denied [hostname "ksoft.web.lk"] [uri "/pims/pims/storage/framework/cache/data/9c/"] [unique_id "ahonXG7v7_U8atylQAoT-QAAAAo"]
[Sat May 30 05:25:08.645890 2026] [security2:error] [pid 1680322:tid 1680322] [client 216.244.66.249:0] ModSecurity: Warning. Operator GE matched 5 at TX:inbound_anomaly_score. [file "/etc/apache2/conf.d/modsec_vendor_configs/OWASP3/rules/RESPONSE-980-CORRELATION.conf"] [line "92"] [id "980130"] [msg "Inbound Anomaly Score Exceeded (Total Inbound Score: 5 - SQLI=0,XSS=0,RFI=0,LFI=0,RCE=0,PHPI=0,HTTP=0,SESS=0): individual paranoia level scores: 5, 0, 0, 0"] [ver "OWASP_CRS/3.3.9"] [tag "event-correlation"] [hostname "manaharasupercenter.lk"] [uri "/index.php"] [unique_id "ahonWBRMUSkR6UQNN15XkAAAABU"]
[Sat May 30 05:25:10.230736 2026] [core:error] [pid 1680273:tid 1680273] (13)Permission denied: [client 57.141.14.59:0] AH00132: file permissions deny server access: /home/anandaob/public_html/js/Bl4ckhOle/root/proc/thread-self/root/sys/devices/system/memory/memory8/node0/memory33/node0/memory92/subsystem/drivers_probe
[Sat May 30 05:25:11.357751 2026] [ssl:error] [pid 1686653:tid 1686653] (70014)End of file found: [client 66.85.158.91:59426] AH02013: coalesce failed to read from data bucket
[Sat May 30 05:25:13.794231 2026] [ssl:error] [pid 1688674:tid 1688674] (70014)End of file found: [client 66.85.158.91:59618] AH02013: coalesce failed to read from data bucket
[Sat May 30 05:25:15.161101 2026] [ssl:error] [pid 1680138:tid 1680138] (70014)End of file found: [client 66.85.158.91:59708] AH02013: coalesce failed to read from data bucket
[Sat May 30 05:25:17.061074 2026] [ssl:error] [pid 1690620:tid 1690620] (70014)End of file found: [client 66.85.158.91:59836] AH02013: coalesce failed to read from data bucket
[Sat May 30 05:25:17.143854 2026] [ssl:error] [pid 1684751:tid 1684751] (70014)End of file found: [client 66.85.158.91:59842] AH02013: coalesce failed to read from data bucket
[Sat May 30 05:25:19.147711 2026] [ssl:error] [pid 1688673:tid 1688673] (70014)End of file found: [client 66.85.158.91:59994] AH02013: coalesce failed to read from data bucket
[Sat May 30 05:25:20.279632 2026] [ssl:error] [pid 1682284:tid 1682284] (70014)End of file found: [client 66.85.158.91:60094] AH02013: coalesce failed to read from data bucket
[Sat May 30 05:25:20.586865 2026] [ssl:error] [pid 1692320:tid 1692320] (70014)End of file found: [client 66.85.158.91:60136] AH02013: coalesce failed to read from data bucket
[Sat May 30 05:25:21.542722 2026] [ssl:error] [pid 1688674:tid 1688674] (70014)End of file found: [client 66.85.158.91:42168] AH02013: coalesce failed to read from data bucket
[Sat May 30 05:25:22.459146 2026] [ssl:error] [pid 1692998:tid 1692998] (70014)End of file found: [client 66.85.158.91:42224] AH02013: coalesce failed to read from data bucket
[Sat May 30 05:25:23.473820 2026] [ssl:error] [pid 1680322:tid 1680322] (70014)End of file found: [client 66.85.158.91:42308] AH02013: coalesce failed to read from data bucket
[Sat May 30 05:25:23.530008 2026] [ssl:error] [pid 1680280:tid 1680280] (70014)End of file found: [client 66.85.158.91:42320] AH02013: coalesce failed to read from data bucket
[Sat May 30 05:25:24.027723 2026] [ssl:error] [pid 1690292:tid 1690292] (70014)End of file found: [client 66.85.158.91:42340] AH02013: coalesce failed to read from data bucket
[Sat May 30 05:25:25.059583 2026] [ssl:error] [pid 1680302:tid 1680302] (70014)End of file found: [client 66.85.158.91:42406] AH02013: coalesce failed to read from data bucket
[Sat May 30 05:25:25.106029 2026] [mime:warn] [pid 1684878:tid 1684878] AH01599: Cannot get media type from 'txt'
[Sat May 30 05:25:26.356250 2026] [ssl:error] [pid 1680307:tid 1680307] (70014)End of file found: [client 66.85.158.91:42472] AH02013: coalesce failed to read from data bucket
[Sat May 30 05:25:27.558366 2026] [ssl:error] [pid 1692320:tid 1692320] (70014)End of file found: [client 66.85.158.91:42560] AH02013: coalesce failed to read from data bucket
[Sat May 30 05:25:28.473278 2026] [ssl:error] [pid 1684878:tid 1684878] (70014)End of file found: [client 66.85.158.91:42654] AH02013: coalesce failed to read from data bucket
[Sat May 30 05:25:28.694795 2026] [ssl:error] [pid 1692998:tid 1692998] (5)Input/output error: [client 66.85.158.91:42672] AH02013: coalesce failed to read from data bucket
[Sat May 30 05:25:29.203805 2026] [ssl:error] [pid 1680138:tid 1680138] (5)Input/output error: [client 66.85.158.91:42714] AH02013: coalesce failed to read from data bucket
[Sat May 30 05:25:30.168397 2026] [core:error] [pid 1686653:tid 1686653] (13)Permission denied: [client 57.141.14.102:0] AH00132: file permissions deny server access: /home/anandaob/public_html/js/Bl4ckhOle/root/proc/thread-self/root/sys/bus/memory/devices/memory99/subsystem/devices/memory17/node0/memory75/subsystem/uevent
[Sat May 30 05:25:30.306878 2026] [security2:error] [pid 1680273:tid 1680273] [client 43.161.234.148:0] ModSecurity: Warning. String match within ".asa/ .asax/ .ascx/ .axd/ .backup/ .bak/ .bat/ .cdx/ .cer/ .cfg/ .cmd/ .com/ .config/ .conf/ .cs/ .csproj/ .csr/ .dat/ .db/ .dbf/ .dll/ .dos/ .htr/ .htw/ .ida/ .idc/ .idq/ .inc/ .ini/ .key/ .licx/ .lnk/ .log/ .mdb/ .old/ .pass/ .pdb/ .pol/ .printer/ .pwd/ .rdb/ .resources/ .resx/ .sql/ .swp/ .sys/ .vb/ .vbs/ .vbproj/ .vsdisco/ .webinfo/ .xsd/ .xsx/" at TX:extension. [file "/etc/apache2/conf.d/modsec_vendor_configs/OWASP3/rules/REQUEST-920-PROTOCOL-ENFORCEMENT.conf"] [line "1055"] [id "920440"] [msg "URL file extension is restricted by policy"] [data ".com"] [severity "CRITICAL"] [ver "OWASP_CRS/3.3.9"] [tag "application-multi"] [tag "language-multi"] [tag "platform-multi"] [tag "attack-protocol"] [tag "paranoia-level/1"] [tag "OWASP_CRS"] [tag "capec/1000/210/272"] [tag "PCI/6.5.10"] [hostname "www.epid.gov.lk"] [uri "/investigation-forms/www.sample.com"] [unique_id "ahoncsMDmJtJeFiH2rADJQAAAAU"]
[Sat May 30 05:25:30.307548 2026] [security2:error] [pid 1680273:tid 1680273] [client 43.161.234.148:0] ModSecurity: Warning. Operator GE matched 5 at TX:anomaly_score. [file "/etc/apache2/conf.d/modsec_vendor_configs/OWASP3/rules/REQUEST-949-BLOCKING-EVALUATION.conf"] [line "94"] [id "949110"] [msg "Inbound Anomaly Score Exceeded (Total Score: 5)"] [severity "CRITICAL"] [ver "OWASP_CRS/3.3.9"] [tag "application-multi"] [tag "language-multi"] [tag "platform-multi"] [tag "attack-generic"] [hostname "www.epid.gov.lk"] [uri "/investigation-forms/www.sample.com"] [unique_id "ahoncsMDmJtJeFiH2rADJQAAAAU"]
[Sat May 30 05:25:30.392665 2026] [security2:error] [pid 1680273:tid 1680273] [client 43.161.234.148:0] ModSecurity: Warning. Operator GE matched 5 at TX:inbound_anomaly_score. [file "/etc/apache2/conf.d/modsec_vendor_configs/OWASP3/rules/RESPONSE-980-CORRELATION.conf"] [line "92"] [id "980130"] [msg "Inbound Anomaly Score Exceeded (Total Inbound Score: 5 - SQLI=0,XSS=0,RFI=0,LFI=0,RCE=0,PHPI=0,HTTP=0,SESS=0): individual paranoia level scores: 5, 0, 0, 0"] [ver "OWASP_CRS/3.3.9"] [tag "event-correlation"] [hostname "www.epid.gov.lk"] [uri "/epid/public/index.php"] [unique_id "ahoncsMDmJtJeFiH2rADJQAAAAU"]
[Sat May 30 05:25:31.558704 2026] [ssl:error] [pid 1689032:tid 1689032] (70014)End of file found: [client 66.85.158.91:54062] AH02013: coalesce failed to read from data bucket
[Sat May 30 05:25:31.891348 2026] [ssl:error] [pid 1680273:tid 1680273] (70014)End of file found: [client 66.85.158.91:54076] AH02013: coalesce failed to read from data bucket
[Sat May 30 05:25:32.150948 2026] [security2:error] [pid 1682285:tid 1682285] [client 74.7.243.216:0] ModSecurity: Warning. String match within ".asa/ .asax/ .ascx/ .axd/ .backup/ .bak/ .bat/ .cdx/ .cer/ .cfg/ .cmd/ .com/ .config/ .conf/ .cs/ .csproj/ .csr/ .dat/ .db/ .dbf/ .dll/ .dos/ .htr/ .htw/ .ida/ .idc/ .idq/ .inc/ .ini/ .key/ .licx/ .lnk/ .log/ .mdb/ .old/ .pass/ .pdb/ .pol/ .printer/ .pwd/ .rdb/ .resources/ .resx/ .sql/ .swp/ .sys/ .vb/ .vbs/ .vbproj/ .vsdisco/ .webinfo/ .xsd/ .xsx/" at TX:extension. [file "/etc/apache2/conf.d/modsec_vendor_configs/OWASP3/rules/REQUEST-920-PROTOCOL-ENFORCEMENT.conf"] [line "1055"] [id "920440"] [msg "URL file extension is restricted by policy"] [data ".key"] [severity "CRITICAL"] [ver "OWASP_CRS/3.3.9"] [tag "application-multi"] [tag "language-multi"] [tag "platform-multi"] [tag "attack-protocol"] [tag "paranoia-level/1"] [tag "OWASP_CRS"] [tag "capec/1000/210/272"] [tag "PCI/6.5.10"] [hostname "www.anandaobauae.org"] [uri "/js/Bl4ckhOle/root/etc/ssl/private/host2.phenomhost.com.key"] [unique_id "ahondDOHk148PdW3eilVnwAAAAQ"], referer: https://www.anandaobauae.org/js/Bl4ckhOle/root/etc/ssl/private/
[Sat May 30 05:25:32.151715 2026] [security2:error] [pid 1682285:tid 1682285] [client 74.7.243.216:0] ModSecurity: Warning. Operator GE matched 5 at TX:anomaly_score. [file "/etc/apache2/conf.d/modsec_vendor_configs/OWASP3/rules/REQUEST-949-BLOCKING-EVALUATION.conf"] [line "94"] [id "949110"] [msg "Inbound Anomaly Score Exceeded (Total Score: 5)"] [severity "CRITICAL"] [ver "OWASP_CRS/3.3.9"] [tag "application-multi"] [tag "language-multi"] [tag "platform-multi"] [tag "attack-generic"] [hostname "www.anandaobauae.org"] [uri "/js/Bl4ckhOle/root/etc/ssl/private/host2.phenomhost.com.key"] [unique_id "ahondDOHk148PdW3eilVnwAAAAQ"], referer: https://www.anandaobauae.org/js/Bl4ckhOle/root/etc/ssl/private/
[Sat May 30 05:25:32.151867 2026] [core:error] [pid 1682285:tid 1682285] (13)Permission denied: [client 74.7.243.216:0] AH00132: file permissions deny server access: /home/anandaob/public_html/js/Bl4ckhOle/root/etc/ssl/private/host2.phenomhost.com.key, referer: https://www.anandaobauae.org/js/Bl4ckhOle/root/etc/ssl/private/
[Sat May 30 05:25:32.152679 2026] [security2:error] [pid 1682285:tid 1682285] [client 74.7.243.216:0] ModSecurity: Warning. Operator GE matched 5 at TX:inbound_anomaly_score. [file "/etc/apache2/conf.d/modsec_vendor_configs/OWASP3/rules/RESPONSE-980-CORRELATION.conf"] [line "92"] [id "980130"] [msg "Inbound Anomaly Score Exceeded (Total Inbound Score: 5 - SQLI=0,XSS=0,RFI=0,LFI=0,RCE=0,PHPI=0,HTTP=0,SESS=0): individual paranoia level scores: 5, 0, 0, 0"] [ver "OWASP_CRS/3.3.9"] [tag "event-correlation"] [hostname "www.anandaobauae.org"] [uri "/js/Bl4ckhOle/root/etc/ssl/private/host2.phenomhost.com.key"] [unique_id "ahondDOHk148PdW3eilVnwAAAAQ"], referer: https://www.anandaobauae.org/js/Bl4ckhOle/root/etc/ssl/private/
[Sat May 30 05:25:32.191244 2026] [security2:error] [pid 1693000:tid 1693000] [client 34.206.249.188:0] ModSecurity: Warning. String match within ".asa/ .asax/ .ascx/ .axd/ .backup/ .bak/ .bat/ .cdx/ .cer/ .cfg/ .cmd/ .com/ .config/ .conf/ .cs/ .csproj/ .csr/ .dat/ .db/ .dbf/ .dll/ .dos/ .htr/ .htw/ .ida/ .idc/ .idq/ .inc/ .ini/ .key/ .licx/ .lnk/ .log/ .mdb/ .old/ .pass/ .pdb/ .pol/ .printer/ .pwd/ .rdb/ .resources/ .resx/ .sql/ .swp/ .sys/ .vb/ .vbs/ .vbproj/ .vsdisco/ .webinfo/ .xsd/ .xsx/" at TX:extension. [file "/etc/apache2/conf.d/modsec_vendor_configs/OWASP3/rules/REQUEST-920-PROTOCOL-ENFORCEMENT.conf"] [line "1055"] [id "920440"] [msg "URL file extension is restricted by policy"] [data ".conf"] [severity "CRITICAL"] [ver "OWASP_CRS/3.3.9"] [tag "application-multi"] [tag "language-multi"] [tag "platform-multi"] [tag "attack-protocol"] [tag "paranoia-level/1"] [tag "OWASP_CRS"] [tag "capec/1000/210/272"] [tag "PCI/6.5.10"] [hostname "ksoft.web.lk"] [uri "/daph/daph2/node_modules/html-minifier-terser/sample-cli-config-file.conf"] [unique_id "ahondKJanm96itmnb3Y0JQAAABg"]
[Sat May 30 05:25:32.191938 2026] [security2:error] [pid 1693000:tid 1693000] [client 34.206.249.188:0] ModSecurity: Warning. Operator GE matched 5 at TX:anomaly_score. [file "/etc/apache2/conf.d/modsec_vendor_configs/OWASP3/rules/REQUEST-949-BLOCKING-EVALUATION.conf"] [line "94"] [id "949110"] [msg "Inbound Anomaly Score Exceeded (Total Score: 5)"] [severity "CRITICAL"] [ver "OWASP_CRS/3.3.9"] [tag "application-multi"] [tag "language-multi"] [tag "platform-multi"] [tag "attack-generic"] [hostname "ksoft.web.lk"] [uri "/daph/daph2/node_modules/html-minifier-terser/sample-cli-config-file.conf"] [unique_id "ahondKJanm96itmnb3Y0JQAAABg"]
[Sat May 30 05:25:32.233877 2026] [security2:error] [pid 1693000:tid 1693000] [client 34.206.249.188:0] ModSecurity: Warning. Operator GE matched 5 at TX:inbound_anomaly_score. [file "/etc/apache2/conf.d/modsec_vendor_configs/OWASP3/rules/RESPONSE-980-CORRELATION.conf"] [line "92"] [id "980130"] [msg "Inbound Anomaly Score Exceeded (Total Inbound Score: 5 - SQLI=0,XSS=0,RFI=0,LFI=0,RCE=0,PHPI=0,HTTP=0,SESS=0): individual paranoia level scores: 5, 0, 0, 0"] [ver "OWASP_CRS/3.3.9"] [tag "event-correlation"] [hostname "ksoft.web.lk"] [uri "/daph/daph2/node_modules/html-minifier-terser/sample-cli-config-file.conf"] [unique_id "ahondKJanm96itmnb3Y0JQAAABg"]
[Sat May 30 05:25:32.939394 2026] [ssl:error] [pid 1686653:tid 1686653] (70014)End of file found: [client 66.85.158.91:54188] AH02013: coalesce failed to read from data bucket
[Sat May 30 05:25:34.172583 2026] [ssl:error] [pid 1684751:tid 1684751] (70014)End of file found: [client 66.85.158.91:54278] AH02013: coalesce failed to read from data bucket
[Sat May 30 05:25:35.198809 2026] [core:error] [pid 1688673:tid 1688673] (13)Permission denied: [client 57.141.14.38:0] AH00132: file permissions deny server access: /home/anandaob/public_html/js/Bl4ckhOle/root/proc/thread-self/root/sys/bus/memory/devices/memory38/node0/memory87/node0/memory50/subsystem/drivers_probe
[Sat May 30 05:25:35.233965 2026] [security2:error] [pid 1690620:tid 1690620] [client 124.43.207.134:0] ModSecurity: collections_remove_stale: Failed to access DBM file "/var/cpanel/secdatadir/fhbhealt-global": Permission denied [hostname "fhb.health.gov.lk"] [uri "/index.php"] [unique_id "ahondQBHb-5fFdQ-UDIqNQAAAB4"]
[Sat May 30 05:25:35.234054 2026] [security2:error] [pid 1690620:tid 1690620] [client 124.43.207.134:0] ModSecurity: collections_remove_stale: Failed to access DBM file "/var/cpanel/secdatadir/fhbhealt-ip": Permission denied [hostname "fhb.health.gov.lk"] [uri "/index.php"] [unique_id "ahondQBHb-5fFdQ-UDIqNQAAAB4"]
[Sat May 30 05:25:35.548748 2026] [ssl:error] [pid 1692547:tid 1692547] (70014)End of file found: [client 66.85.158.91:54376] AH02013: coalesce failed to read from data bucket
[Sat May 30 05:25:35.750429 2026] [ssl:error] [pid 1680302:tid 1680302] (70014)End of file found: [client 66.85.158.91:54400] AH02013: coalesce failed to read from data bucket
[Sat May 30 05:25:35.873472 2026] [ssl:error] [pid 1682285:tid 1682285] (70014)End of file found: [client 66.85.158.91:54416] AH02013: coalesce failed to read from data bucket
[Sat May 30 05:25:36.169153 2026] [ssl:error] [pid 1692999:tid 1692999] (70014)End of file found: [client 66.85.158.91:54476] AH02013: coalesce failed to read from data bucket
[Sat May 30 05:25:39.206885 2026] [ssl:error] [pid 1692998:tid 1692998] (70014)End of file found: [client 66.85.158.91:54694] AH02013: coalesce failed to read from data bucket
[Sat May 30 05:25:39.755825 2026] [ssl:error] [pid 1688674:tid 1688674] (70014)End of file found: [client 66.85.158.91:54758] AH02013: coalesce failed to read from data bucket
[Sat May 30 05:25:39.791160 2026] [ssl:error] [pid 1689032:tid 1689032] (70014)End of file found: [client 66.85.158.91:54774] AH02013: coalesce failed to read from data bucket
[Sat May 30 05:25:41.094640 2026] [core:error] [pid 1684585:tid 1684585] (13)Permission denied: [client 216.73.216.174:0] AH00132: file permissions deny server access: /home/anandaob/public_html/js/Bl4ckhOle/root/proc/thread-self/cwd/sys/dev/char/4:5/subsystem/ttyS1/port
[Sat May 30 05:25:42.416479 2026] [ssl:error] [pid 1692248:tid 1692248] (5)Input/output error: [client 66.85.158.91:50278] AH02013: coalesce failed to read from data bucket
[Sat May 30 05:25:42.995254 2026] [core:error] [pid 1680302:tid 1680302] (13)Permission denied: [client 216.73.216.174:0] AH00132: file permissions deny server access: /home/anandaob/public_html/js/Bl4ckhOle/root/proc/thread-self/cwd/sys/dev/char/4:34/subsystem/ttyS0/port
[Sat May 30 05:25:43.507850 2026] [ssl:error] [pid 1680273:tid 1680273] (70014)End of file found: [client 66.85.158.91:50366] AH02013: coalesce failed to read from data bucket
[Sat May 30 05:25:46.777929 2026] [ssl:error] [pid 1680280:tid 1680280] (70014)End of file found: [client 66.85.158.91:50620] AH02013: coalesce failed to read from data bucket
[Sat May 30 05:25:48.257312 2026] [ssl:error] [pid 1690620:tid 1690620] (70014)End of file found: [client 66.85.158.91:50770] AH02013: coalesce failed to read from data bucket
[Sat May 30 05:25:48.428605 2026] [core:error] [pid 1682285:tid 1682285] (13)Permission denied: [client 44.208.223.68:0] AH00132: file permissions deny server access: /home/anandaob/public_html/public_html/backup/js/Bl4ckhOle/root/proc/thread-self/root/sys/class/drm/card0/device/firmware_node/subsystem/devices/device:05/subsystem/devices/PNP0501:00/physical_node/firmware_node/subsystem/devices/LNXCPU:03/physical_node/node0/memory119/node0/memory6/node0/compact
[Sat May 30 05:25:48.870133 2026] [security2:error] [pid 1684585:tid 1684585] [client 57.141.14.56:0] ModSecurity: collections_remove_stale: Failed to access DBM file "/var/cpanel/secdatadir/anandaob-global": Permission denied [hostname "www.anandaobauae.org"] [uri "/js/Bl4ckhOle/root/proc/thread-self/root/sys/bus/memory/devices/memory90/node0/memory22/subsystem/"] [unique_id "ahonhKLCv0W_ObYtVOvm-AAAABs"]
[Sat May 30 05:25:48.870223 2026] [security2:error] [pid 1684585:tid 1684585] [client 57.141.14.56:0] ModSecurity: collections_remove_stale: Failed to access DBM file "/var/cpanel/secdatadir/anandaob-ip": Permission denied [hostname "www.anandaobauae.org"] [uri "/js/Bl4ckhOle/root/proc/thread-self/root/sys/bus/memory/devices/memory90/node0/memory22/subsystem/"] [unique_id "ahonhKLCv0W_ObYtVOvm-AAAABs"]
[Sat May 30 05:25:49.182052 2026] [ssl:error] [pid 1680315:tid 1680315] (70014)End of file found: [client 66.85.158.91:50808] AH02013: coalesce failed to read from data bucket
[Sat May 30 05:25:49.385543 2026] [ssl:error] [pid 1692248:tid 1692248] (70014)End of file found: [client 66.85.158.91:50834] AH02013: coalesce failed to read from data bucket
[Sat May 30 05:25:49.599350 2026] [ssl:error] [pid 1680302:tid 1680302] (70014)End of file found: [client 66.85.158.91:50868] AH02013: coalesce failed to read from data bucket
[Sat May 30 05:25:50.304832 2026] [core:error] [pid 1680322:tid 1680322] (13)Permission denied: [client 185.191.171.5:0] AH00132: file permissions deny server access: /home/anandaob/public_html/uploads/img/news/Fox-C404/root/sys/module/tcp_diag/uevent
[Sat May 30 05:25:50.369001 2026] [ssl:error] [pid 1680318:tid 1680318] (70014)End of file found: [client 66.85.158.91:50900] AH02013: coalesce failed to read from data bucket
[Sat May 30 05:25:50.559251 2026] [ssl:error] [pid 1680273:tid 1680273] (70014)End of file found: [client 66.85.158.91:50916] AH02013: coalesce failed to read from data bucket
[Sat May 30 05:25:51.452104 2026] [ssl:error] [pid 1680322:tid 1680322] (70014)End of file found: [client 66.85.158.91:49096] AH02013: coalesce failed to read from data bucket
[Sat May 30 05:25:51.467492 2026] [ssl:error] [pid 1682285:tid 1682285] (70014)End of file found: [client 66.85.158.91:49110] AH02013: coalesce failed to read from data bucket
[Sat May 30 05:25:51.478962 2026] [ssl:error] [pid 1692998:tid 1692998] (70014)End of file found: [client 66.85.158.91:49112] AH02013: coalesce failed to read from data bucket
[Sat May 30 05:25:52.268696 2026] [ssl:error] [pid 1684878:tid 1684878] (70014)End of file found: [client 66.85.158.91:49162] AH02013: coalesce failed to read from data bucket
[Sat May 30 05:25:52.480997 2026] [ssl:error] [pid 1688674:tid 1688674] (70014)End of file found: [client 66.85.158.91:49170] AH02013: coalesce failed to read from data bucket
[Sat May 30 05:25:53.476400 2026] [ssl:error] [pid 1692999:tid 1692999] (70014)End of file found: [client 66.85.158.91:49236] AH02013: coalesce failed to read from data bucket
[Sat May 30 05:25:54.921595 2026] [ssl:error] [pid 1682284:tid 1682284] (70014)End of file found: [client 66.85.158.91:49326] AH02013: coalesce failed to read from data bucket
[Sat May 30 05:25:54.990292 2026] [ssl:error] [pid 1686653:tid 1686653] (70014)End of file found: [client 66.85.158.91:49330] AH02013: coalesce failed to read from data bucket
[Sat May 30 05:25:56.589421 2026] [ssl:error] [pid 1690620:tid 1690620] (70014)End of file found: [client 66.85.158.91:49422] AH02013: coalesce failed to read from data bucket
[Sat May 30 05:25:58.037511 2026] [ssl:error] [pid 1682285:tid 1682285] (70014)End of file found: [client 66.85.158.91:49516] AH02013: coalesce failed to read from data bucket
[Sat May 30 05:25:59.560176 2026] [ssl:error] [pid 1688673:tid 1688673] (70014)End of file found: [client 66.85.158.91:49642] AH02013: coalesce failed to read from data bucket
[Sat May 30 05:25:59.603002 2026] [ssl:error] [pid 1692248:tid 1692248] (70014)End of file found: [client 66.85.158.91:49668] AH02013: coalesce failed to read from data bucket
[Sat May 30 05:26:00.790087 2026] [ssl:error] [pid 1688674:tid 1688674] (70014)End of file found: [client 66.85.158.91:44622] AH02013: coalesce failed to read from data bucket
[Sat May 30 05:26:00.852816 2026] [mime:warn] [pid 1693000:tid 1693000] AH01599: Cannot get media type from 'txt'
[Sat May 30 05:26:01.920383 2026] [ssl:error] [pid 1692999:tid 1692999] (70014)End of file found: [client 66.85.158.91:44678] AH02013: coalesce failed to read from data bucket
[Sat May 30 05:26:02.204077 2026] [ssl:error] [pid 1686653:tid 1686653] (70014)End of file found: [client 66.85.158.91:44700] AH02013: coalesce failed to read from data bucket
[Sat May 30 05:26:02.955326 2026] [ssl:error] [pid 1693000:tid 1693000] (70014)End of file found: [client 66.85.158.91:44738] AH02013: coalesce failed to read from data bucket
[Sat May 30 05:26:03.385480 2026] [ssl:error] [pid 1690292:tid 1690292] (70014)End of file found: [client 66.85.158.91:44772] AH02013: coalesce failed to read from data bucket
[Sat May 30 05:26:03.389512 2026] [ssl:error] [pid 1680138:tid 1680138] (70014)End of file found: [client 66.85.158.91:44780] AH02013: coalesce failed to read from data bucket
[Sat May 30 05:26:03.494209 2026] [ssl:error] [pid 1692320:tid 1692320] (70014)End of file found: [client 66.85.158.91:44812] AH02013: coalesce failed to read from data bucket
[Sat May 30 05:26:04.227815 2026] [core:error] [pid 1684878:tid 1684878] (13)Permission denied: [client 57.141.14.67:0] AH00132: file permissions deny server access: /home/anandaob/public_html/js/Bl4ckhOle/root/proc/thread-self/root/sys/devices/system/memory/memory34/node0/memory106/node0/cpu1/crash_notes
[Sat May 30 05:26:05.281515 2026] [ssl:error] [pid 1688673:tid 1688673] (70014)End of file found: [client 66.85.158.91:44992] AH02013: coalesce failed to read from data bucket
[Sat May 30 05:26:06.234294 2026] [ssl:error] [pid 1692248:tid 1692248] (70014)End of file found: [client 66.85.158.91:45084] AH02013: coalesce failed to read from data bucket
[Sat May 30 05:26:06.306752 2026] [ssl:error] [pid 1680318:tid 1680318] (70014)End of file found: [client 66.85.158.91:45088] AH02013: coalesce failed to read from data bucket
[Sat May 30 05:26:06.557839 2026] [ssl:error] [pid 1688674:tid 1688674] (70014)End of file found: [client 66.85.158.91:45106] AH02013: coalesce failed to read from data bucket
[Sat May 30 05:26:07.476348 2026] [ssl:error] [pid 1680323:tid 1680323] (70014)End of file found: [client 66.85.158.91:45188] AH02013: coalesce failed to read from data bucket
[Sat May 30 05:26:10.851812 2026] [ssl:error] [pid 1692999:tid 1692999] (70014)End of file found: [client 66.85.158.91:53468] AH02013: coalesce failed to read from data bucket
[Sat May 30 05:26:11.783911 2026] [ssl:error] [pid 1680138:tid 1680138] (70014)End of file found: [client 66.85.158.91:53528] AH02013: coalesce failed to read from data bucket
[Sat May 30 05:26:12.041732 2026] [ssl:error] [pid 1680315:tid 1680315] (70014)End of file found: [client 66.85.158.91:53558] AH02013: coalesce failed to read from data bucket
[Sat May 30 05:26:14.343861 2026] [ssl:error] [pid 1680323:tid 1680323] (70014)End of file found: [client 66.85.158.91:53730] AH02013: coalesce failed to read from data bucket
[Sat May 30 05:26:14.543574 2026] [ssl:error] [pid 1680280:tid 1680280] (70014)End of file found: [client 66.85.158.91:53754] AH02013: coalesce failed to read from data bucket
[Sat May 30 05:26:15.168898 2026] [ssl:error] [pid 1686653:tid 1686653] (70014)End of file found: [client 66.85.158.91:53792] AH02013: coalesce failed to read from data bucket
[Sat May 30 05:26:15.287648 2026] [ssl:error] [pid 1690620:tid 1690620] (70014)End of file found: [client 66.85.158.91:53818] AH02013: coalesce failed to read from data bucket
[Sat May 30 05:26:15.461679 2026] [ssl:error] [pid 1693000:tid 1693000] (70014)End of file found: [client 66.85.158.91:53870] AH02013: coalesce failed to read from data bucket
[Sat May 30 05:26:15.737542 2026] [ssl:error] [pid 1680302:tid 1680302] (70014)End of file found: [client 66.85.158.91:53896] AH02013: coalesce failed to read from data bucket
[Sat May 30 05:26:16.328667 2026] [ssl:error] [pid 1692998:tid 1692998] (70014)End of file found: [client 66.85.158.91:53946] AH02013: coalesce failed to read from data bucket
[Sat May 30 05:26:17.453390 2026] [core:error] [pid 1688673:tid 1688673] (13)Permission denied: [client 85.208.96.207:0] AH00132: file permissions deny server access: /home/anandaob/public_html/js/Bl4ckhOle/root/sys/fs/cgroup/memory/lve1037/memory.force_empty
[Sat May 30 05:26:17.778212 2026] [ssl:error] [pid 1680322:tid 1680322] (70014)End of file found: [client 66.85.158.91:54106] AH02013: coalesce failed to read from data bucket
[Sat May 30 05:26:18.110884 2026] [ssl:error] [pid 1690292:tid 1690292] (70014)End of file found: [client 66.85.158.91:54136] AH02013: coalesce failed to read from data bucket
[Sat May 30 05:26:18.767403 2026] [ssl:error] [pid 1684585:tid 1684585] (70014)End of file found: [client 66.85.158.91:54226] AH02013: coalesce failed to read from data bucket
[Sat May 30 05:26:19.389447 2026] [ssl:error] [pid 1680273:tid 1680273] (70014)End of file found: [client 66.85.158.91:54272] AH02013: coalesce failed to read from data bucket
[Sat May 30 05:26:20.365475 2026] [ssl:error] [pid 1682285:tid 1682285] (70014)End of file found: [client 66.85.158.91:54358] AH02013: coalesce failed to read from data bucket
[Sat May 30 05:26:20.647211 2026] [ssl:error] [pid 1680323:tid 1680323] (70014)End of file found: [client 66.85.158.91:48686] AH02013: coalesce failed to read from data bucket
[Sat May 30 05:26:23.271113 2026] [ssl:error] [pid 1680302:tid 1680302] (70014)End of file found: [client 66.85.158.91:48978] AH02013: coalesce failed to read from data bucket
[Sat May 30 05:26:23.408825 2026] [ssl:error] [pid 1689032:tid 1689032] (70014)End of file found: [client 66.85.158.91:48982] AH02013: coalesce failed to read from data bucket
[Sat May 30 05:26:23.685248 2026] [ssl:error] [pid 1688673:tid 1688673] (70014)End of file found: [client 66.85.158.91:49012] AH02013: coalesce failed to read from data bucket
[Sat May 30 05:26:23.972545 2026] [ssl:error] [pid 1680318:tid 1680318] (70014)End of file found: [client 66.85.158.91:49038] AH02013: coalesce failed to read from data bucket
[Sat May 30 05:26:24.127258 2026] [ssl:error] [pid 1690620:tid 1690620] (70014)End of file found: [client 66.85.158.91:49092] AH02013: coalesce failed to read from data bucket
[Sat May 30 05:26:25.859747 2026] [ssl:error] [pid 1690293:tid 1690293] (70014)End of file found: [client 66.85.158.91:49222] AH02013: coalesce failed to read from data bucket
[Sat May 30 05:26:25.917319 2026] [ssl:error] [pid 1680315:tid 1680315] (70014)End of file found: [client 66.85.158.91:49224] AH02013: coalesce failed to read from data bucket
[Sat May 30 05:26:26.273558 2026] [ssl:error] [pid 1684585:tid 1684585] (5)Input/output error: [client 66.85.158.91:49278] AH02013: coalesce failed to read from data bucket
[Sat May 30 05:26:26.550524 2026] [ssl:error] [pid 1682285:tid 1682285] (70014)End of file found: [client 66.85.158.91:49332] AH02013: coalesce failed to read from data bucket
[Sat May 30 05:26:26.996888 2026] [ssl:error] [pid 1693000:tid 1693000] (70014)End of file found: [client 66.85.158.91:49384] AH02013: coalesce failed to read from data bucket
[Sat May 30 05:26:27.101829 2026] [ssl:error] [pid 1692998:tid 1692998] (70014)End of file found: [client 66.85.158.91:49396] AH02013: coalesce failed to read from data bucket
[Sat May 30 05:26:27.979581 2026] [ssl:error] [pid 1692248:tid 1692248] (70014)End of file found: [client 66.85.158.91:49476] AH02013: coalesce failed to read from data bucket
