[Sat May 30 04:11:00.988448 2026] [ssl:error] [pid 1647368:tid 1647368] (70014)End of file found: [client 66.85.158.91:50852] AH02013: coalesce failed to read from data bucket
[Sat May 30 04:11:01.167914 2026] [ssl:error] [pid 1647634:tid 1647634] (70014)End of file found: [client 66.85.158.91:50876] AH02013: coalesce failed to read from data bucket
[Sat May 30 04:11:01.252744 2026] [ssl:error] [pid 1647536:tid 1647536] (70014)End of file found: [client 66.85.158.91:50886] AH02013: coalesce failed to read from data bucket
[Sat May 30 04:11:01.766853 2026] [ssl:error] [pid 1648376:tid 1648376] (70014)End of file found: [client 66.85.158.91:50904] AH02013: coalesce failed to read from data bucket
[Sat May 30 04:11:01.890767 2026] [ssl:error] [pid 1647616:tid 1647616] (70014)End of file found: [client 66.85.158.91:50908] AH02013: coalesce failed to read from data bucket
[Sat May 30 04:11:02.887253 2026] [security2:error] [pid 1647640:tid 1647640] [client 216.244.66.247:0] ModSecurity: Warning. String match within "/accept-charset/ /content-encoding/ /proxy/ /lock-token/ /content-range/ /if/" at TX:header_name_accept-charset. [file "/etc/apache2/conf.d/modsec_vendor_configs/OWASP3/rules/REQUEST-920-PROTOCOL-ENFORCEMENT.conf"] [line "1127"] [id "920450"] [msg "HTTP header is restricted by policy (/accept-charset/)"] [data "Restricted header detected: /accept-charset/"] [severity "CRITICAL"] [ver "OWASP_CRS/3.3.9"] [tag "application-multi"] [tag "language-multi"] [tag "platform-multi"] [tag "attack-protocol"] [tag "paranoia-level/1"] [tag "OWASP_CRS"] [tag "capec/1000/210/272"] [tag "PCI/12.1"] [hostname "www.tfab.lk"] [uri "/events/40/eview"] [unique_id "ahoV_jyqFxKLJFls8Q-wiQAAABo"]
[Sat May 30 04:11:02.887786 2026] [security2:error] [pid 1647640:tid 1647640] [client 216.244.66.247:0] ModSecurity: Warning. Operator GE matched 5 at TX:anomaly_score. [file "/etc/apache2/conf.d/modsec_vendor_configs/OWASP3/rules/REQUEST-949-BLOCKING-EVALUATION.conf"] [line "94"] [id "949110"] [msg "Inbound Anomaly Score Exceeded (Total Score: 5)"] [severity "CRITICAL"] [ver "OWASP_CRS/3.3.9"] [tag "application-multi"] [tag "language-multi"] [tag "platform-multi"] [tag "attack-generic"] [hostname "www.tfab.lk"] [uri "/events/40/eview"] [unique_id "ahoV_jyqFxKLJFls8Q-wiQAAABo"]
[Sat May 30 04:11:02.888259 2026] [security2:error] [pid 1647640:tid 1647640] [client 216.244.66.247:0] ModSecurity: Warning. Operator GE matched 5 at TX:inbound_anomaly_score. [file "/etc/apache2/conf.d/modsec_vendor_configs/OWASP3/rules/RESPONSE-980-CORRELATION.conf"] [line "92"] [id "980130"] [msg "Inbound Anomaly Score Exceeded (Total Inbound Score: 5 - SQLI=0,XSS=0,RFI=0,LFI=0,RCE=0,PHPI=0,HTTP=0,SESS=0): individual paranoia level scores: 5, 0, 0, 0"] [ver "OWASP_CRS/3.3.9"] [tag "event-correlation"] [hostname "www.tfab.lk"] [uri "/events/40/eview"] [unique_id "ahoV_jyqFxKLJFls8Q-wiQAAABo"]
[Sat May 30 04:11:04.029266 2026] [ssl:error] [pid 1647554:tid 1647554] (70014)End of file found: [client 66.85.158.91:51068] AH02013: coalesce failed to read from data bucket
[Sat May 30 04:11:04.153465 2026] [ssl:error] [pid 1647356:tid 1647356] (70014)End of file found: [client 66.85.158.91:51078] AH02013: coalesce failed to read from data bucket
[Sat May 30 04:11:04.956982 2026] [security2:error] [pid 1647472:tid 1647472] [client 188.26.214.40:0] ModSecurity: collections_remove_stale: Failed to access DBM file "/var/cpanel/secdatadir/bostonlanka-global": Permission denied [hostname "bostonlanka.com"] [uri "/wp-content/uploads/2022/12/001.jpg"] [unique_id "ahoWAKhcGh7LTQLwoo-MjAAAAA0"], referer: fbapp://350685531728/unknown
[Sat May 30 04:11:04.957054 2026] [security2:error] [pid 1647472:tid 1647472] [client 188.26.214.40:0] ModSecurity: collections_remove_stale: Failed to access DBM file "/var/cpanel/secdatadir/bostonlanka-ip": Permission denied [hostname "bostonlanka.com"] [uri "/wp-content/uploads/2022/12/001.jpg"] [unique_id "ahoWAKhcGh7LTQLwoo-MjAAAAA0"], referer: fbapp://350685531728/unknown
[Sat May 30 04:11:05.097342 2026] [ssl:error] [pid 1648360:tid 1648360] (70014)End of file found: [client 66.85.158.91:51120] AH02013: coalesce failed to read from data bucket
[Sat May 30 04:11:05.958251 2026] [ssl:error] [pid 1647472:tid 1647472] (70014)End of file found: [client 66.85.158.91:51160] AH02013: coalesce failed to read from data bucket
[Sat May 30 04:11:06.070136 2026] [ssl:error] [pid 1647398:tid 1647398] (70014)End of file found: [client 66.85.158.91:51180] AH02013: coalesce failed to read from data bucket
[Sat May 30 04:11:06.175253 2026] [ssl:error] [pid 1648375:tid 1648375] (70014)End of file found: [client 66.85.158.91:51194] AH02013: coalesce failed to read from data bucket
[Sat May 30 04:11:06.458605 2026] [ssl:error] [pid 1647351:tid 1647351] (70014)End of file found: [client 66.85.158.91:51206] AH02013: coalesce failed to read from data bucket
[Sat May 30 04:11:06.508409 2026] [ssl:error] [pid 1647618:tid 1647618] (70014)End of file found: [client 66.85.158.91:51220] AH02013: coalesce failed to read from data bucket
[Sat May 30 04:11:06.593109 2026] [ssl:error] [pid 1647402:tid 1647402] (70014)End of file found: [client 66.85.158.91:51234] AH02013: coalesce failed to read from data bucket
[Sat May 30 04:11:06.760106 2026] [ssl:error] [pid 1648304:tid 1648304] (70014)End of file found: [client 66.85.158.91:51246] AH02013: coalesce failed to read from data bucket
[Sat May 30 04:11:06.847163 2026] [ssl:error] [pid 1656123:tid 1656123] (70014)End of file found: [client 66.85.158.91:51248] AH02013: coalesce failed to read from data bucket
[Sat May 30 04:11:07.009405 2026] [ssl:error] [pid 1647368:tid 1647368] (70014)End of file found: [client 66.85.158.91:51264] AH02013: coalesce failed to read from data bucket
[Sat May 30 04:11:07.487900 2026] [ssl:error] [pid 1648376:tid 1648376] (70014)End of file found: [client 66.85.158.91:51288] AH02013: coalesce failed to read from data bucket
[Sat May 30 04:11:07.974134 2026] [ssl:error] [pid 1653293:tid 1653293] (70014)End of file found: [client 66.85.158.91:51298] AH02013: coalesce failed to read from data bucket
[Sat May 30 04:11:07.985232 2026] [ssl:error] [pid 1647350:tid 1647350] (70014)End of file found: [client 66.85.158.91:51328] AH02013: coalesce failed to read from data bucket
[Sat May 30 04:11:08.082735 2026] [ssl:error] [pid 1647383:tid 1647383] (70014)End of file found: [client 66.85.158.91:51362] AH02013: coalesce failed to read from data bucket
[Sat May 30 04:11:08.260700 2026] [ssl:error] [pid 1647616:tid 1647616] (70014)End of file found: [client 66.85.158.91:51374] AH02013: coalesce failed to read from data bucket
[Sat May 30 04:11:08.464321 2026] [ssl:error] [pid 1647353:tid 1647353] (70014)End of file found: [client 66.85.158.91:51404] AH02013: coalesce failed to read from data bucket
[Sat May 30 04:11:08.538018 2026] [ssl:error] [pid 1647372:tid 1647372] (70014)End of file found: [client 66.85.158.91:51406] AH02013: coalesce failed to read from data bucket
[Sat May 30 04:11:08.632811 2026] [ssl:error] [pid 1647424:tid 1647424] (70014)End of file found: [client 66.85.158.91:51424] AH02013: coalesce failed to read from data bucket
[Sat May 30 04:11:09.912190 2026] [ssl:error] [pid 1656798:tid 1656798] (70014)End of file found: [client 66.85.158.91:51472] AH02013: coalesce failed to read from data bucket
[Sat May 30 04:11:11.630781 2026] [ssl:error] [pid 1647472:tid 1647472] (70014)End of file found: [client 66.85.158.91:43446] AH02013: coalesce failed to read from data bucket
[Sat May 30 04:11:12.301347 2026] [ssl:error] [pid 1647351:tid 1647351] (70014)End of file found: [client 66.85.158.91:43476] AH02013: coalesce failed to read from data bucket
[Sat May 30 04:11:13.179651 2026] [ssl:error] [pid 1647640:tid 1647640] (70014)End of file found: [client 66.85.158.91:43512] AH02013: coalesce failed to read from data bucket
[Sat May 30 04:11:13.360770 2026] [ssl:error] [pid 1647554:tid 1647554] (70014)End of file found: [client 66.85.158.91:43522] AH02013: coalesce failed to read from data bucket
[Sat May 30 04:11:13.576057 2026] [core:error] [pid 1647368:tid 1647368] (13)Permission denied: [client 57.141.14.53:0] AH00132: file permissions deny server access: /home/anandaob/public_html/js/Bl4ckhOle/root/proc/thread-self/root/sys/bus/memory/devices/memory120/node0/memory88/node0/memory109/subsystem/drivers_probe
[Sat May 30 04:11:13.779795 2026] [ssl:error] [pid 1647352:tid 1647352] (70014)End of file found: [client 66.85.158.91:43570] AH02013: coalesce failed to read from data bucket
[Sat May 30 04:11:13.878002 2026] [ssl:error] [pid 1647634:tid 1647634] (70014)End of file found: [client 66.85.158.91:43580] AH02013: coalesce failed to read from data bucket
[Sat May 30 04:11:14.212522 2026] [core:error] [pid 1648376:tid 1648376] (13)Permission denied: [client 216.73.216.174:0] AH00132: file permissions deny server access: /home/anandaob/public_html/js/Bl4ckhOle/root/sys/devices/pci0000:00/firmware_node/device:03/subsystem/drivers/tpm_crb/bind
[Sat May 30 04:11:14.288415 2026] [security2:error] [pid 1647618:tid 1647618] [client 57.141.14.107:0] ModSecurity: collections_remove_stale: Failed to access DBM file "/var/cpanel/secdatadir/anandaob-global": Permission denied [hostname "www.anandaobauae.org"] [uri "/js/Bl4ckhOle/root/proc/thread-self/root/sys/devices/system/memory/memory14/subsystem/devices/memory96/node0/memory135/"] [unique_id "ahoWCpx4fbBQN0-4HwbKGAAAABI"]
[Sat May 30 04:11:14.288498 2026] [security2:error] [pid 1647618:tid 1647618] [client 57.141.14.107:0] ModSecurity: collections_remove_stale: Failed to access DBM file "/var/cpanel/secdatadir/anandaob-ip": Permission denied [hostname "www.anandaobauae.org"] [uri "/js/Bl4ckhOle/root/proc/thread-self/root/sys/devices/system/memory/memory14/subsystem/devices/memory96/node0/memory135/"] [unique_id "ahoWCpx4fbBQN0-4HwbKGAAAABI"]
[Sat May 30 04:11:14.304728 2026] [mime:warn] [pid 1653293:tid 1653293] AH01599: Cannot get media type from 'txt'
[Sat May 30 04:11:14.604534 2026] [ssl:error] [pid 1648360:tid 1648360] (70014)End of file found: [client 66.85.158.91:43656] AH02013: coalesce failed to read from data bucket
[Sat May 30 04:11:14.662518 2026] [ssl:error] [pid 1647536:tid 1647536] (70014)End of file found: [client 66.85.158.91:43674] AH02013: coalesce failed to read from data bucket
[Sat May 30 04:11:14.953669 2026] [ssl:error] [pid 1656123:tid 1656123] (70014)End of file found: [client 66.85.158.91:43706] AH02013: coalesce failed to read from data bucket
[Sat May 30 04:11:14.975237 2026] [security2:error] [pid 1647368:tid 1647368] [client 216.244.66.249:0] ModSecurity: Warning. String match within "/accept-charset/ /content-encoding/ /proxy/ /lock-token/ /content-range/ /if/" at TX:header_name_accept-charset. [file "/etc/apache2/conf.d/modsec_vendor_configs/OWASP3/rules/REQUEST-920-PROTOCOL-ENFORCEMENT.conf"] [line "1127"] [id "920450"] [msg "HTTP header is restricted by policy (/accept-charset/)"] [data "Restricted header detected: /accept-charset/"] [severity "CRITICAL"] [ver "OWASP_CRS/3.3.9"] [tag "application-multi"] [tag "language-multi"] [tag "platform-multi"] [tag "attack-protocol"] [tag "paranoia-level/1"] [tag "OWASP_CRS"] [tag "capec/1000/210/272"] [tag "PCI/12.1"] [hostname "www.epid.gov.lk"] [uri "/storage/post/pdfs/en_64044d3e7f715_2ND_DOSE_VACCINATION_CAMPAIGN.pdf"] [unique_id "ahoWChZJuurfaX8ujxHGNAAAAAM"]
[Sat May 30 04:11:14.975783 2026] [security2:error] [pid 1647368:tid 1647368] [client 216.244.66.249:0] ModSecurity: Warning. Operator GE matched 5 at TX:anomaly_score. [file "/etc/apache2/conf.d/modsec_vendor_configs/OWASP3/rules/REQUEST-949-BLOCKING-EVALUATION.conf"] [line "94"] [id "949110"] [msg "Inbound Anomaly Score Exceeded (Total Score: 5)"] [severity "CRITICAL"] [ver "OWASP_CRS/3.3.9"] [tag "application-multi"] [tag "language-multi"] [tag "platform-multi"] [tag "attack-generic"] [hostname "www.epid.gov.lk"] [uri "/storage/post/pdfs/en_64044d3e7f715_2ND_DOSE_VACCINATION_CAMPAIGN.pdf"] [unique_id "ahoWChZJuurfaX8ujxHGNAAAAAM"]
[Sat May 30 04:11:14.976206 2026] [security2:error] [pid 1647368:tid 1647368] [client 216.244.66.249:0] ModSecurity: Warning. Operator GE matched 5 at TX:inbound_anomaly_score. [file "/etc/apache2/conf.d/modsec_vendor_configs/OWASP3/rules/RESPONSE-980-CORRELATION.conf"] [line "92"] [id "980130"] [msg "Inbound Anomaly Score Exceeded (Total Inbound Score: 5 - SQLI=0,XSS=0,RFI=0,LFI=0,RCE=0,PHPI=0,HTTP=0,SESS=0): individual paranoia level scores: 5, 0, 0, 0"] [ver "OWASP_CRS/3.3.9"] [tag "event-correlation"] [hostname "www.epid.gov.lk"] [uri "/storage/post/pdfs/en_64044d3e7f715_2ND_DOSE_VACCINATION_CAMPAIGN.pdf"] [unique_id "ahoWChZJuurfaX8ujxHGNAAAAAM"]
[Sat May 30 04:11:15.112732 2026] [core:error] [pid 1647424:tid 1647424] (13)Permission denied: [client 216.73.216.174:0] AH00132: file permissions deny server access: /home/anandaob/public_html/js/Bl4ckhOle/root/proc/thread-self/cwd/sys/devices/virtual/tty/tty46/subsystem/ttyS1/flags
[Sat May 30 04:11:15.194334 2026] [core:error] [pid 1647398:tid 1647398] (13)Permission denied: [client 74.7.243.216:0] AH00132: file permissions deny server access: /home/anandaob/public_html/js/Bl4ckhOle/root/sys/kernel/slab/xfs_rui_item/total_objects, referer: https://www.anandaobauae.org/js/Bl4ckhOle/root/sys/kernel/slab/xfs_rui_item/
[Sat May 30 04:11:16.064171 2026] [ssl:error] [pid 1647353:tid 1647353] (70014)End of file found: [client 66.85.158.91:43846] AH02013: coalesce failed to read from data bucket
[Sat May 30 04:11:16.246978 2026] [ssl:error] [pid 1647368:tid 1647368] (70014)End of file found: [client 66.85.158.91:43862] AH02013: coalesce failed to read from data bucket
[Sat May 30 04:11:17.707246 2026] [ssl:error] [pid 1647350:tid 1647350] (70014)End of file found: [client 66.85.158.91:43938] AH02013: coalesce failed to read from data bucket
[Sat May 30 04:11:17.790675 2026] [ssl:error] [pid 1647616:tid 1647616] (70014)End of file found: [client 66.85.158.91:43958] AH02013: coalesce failed to read from data bucket
[Sat May 30 04:11:18.431278 2026] [security2:error] [pid 1648376:tid 1648376] [client 216.244.66.249:0] ModSecurity: Warning. String match within "/accept-charset/ /content-encoding/ /proxy/ /lock-token/ /content-range/ /if/" at TX:header_name_accept-charset. [file "/etc/apache2/conf.d/modsec_vendor_configs/OWASP3/rules/REQUEST-920-PROTOCOL-ENFORCEMENT.conf"] [line "1127"] [id "920450"] [msg "HTTP header is restricted by policy (/accept-charset/)"] [data "Restricted header detected: /accept-charset/"] [severity "CRITICAL"] [ver "OWASP_CRS/3.3.9"] [tag "application-multi"] [tag "language-multi"] [tag "platform-multi"] [tag "attack-protocol"] [tag "paranoia-level/1"] [tag "OWASP_CRS"] [tag "capec/1000/210/272"] [tag "PCI/12.1"] [hostname "www.epid.gov.lk"] [uri "/storage/post/pdfs/directions_of_the_proper_authority_for_the_whole_of_sri_lanka_issued_as_press_release 2022.4.18.pdf"] [unique_id "ahoWDmkcf4j8kpyAhqUo-gAAACQ"]
[Sat May 30 04:11:18.431820 2026] [security2:error] [pid 1648376:tid 1648376] [client 216.244.66.249:0] ModSecurity: Warning. Operator GE matched 5 at TX:anomaly_score. [file "/etc/apache2/conf.d/modsec_vendor_configs/OWASP3/rules/REQUEST-949-BLOCKING-EVALUATION.conf"] [line "94"] [id "949110"] [msg "Inbound Anomaly Score Exceeded (Total Score: 5)"] [severity "CRITICAL"] [ver "OWASP_CRS/3.3.9"] [tag "application-multi"] [tag "language-multi"] [tag "platform-multi"] [tag "attack-generic"] [hostname "www.epid.gov.lk"] [uri "/storage/post/pdfs/directions_of_the_proper_authority_for_the_whole_of_sri_lanka_issued_as_press_release 2022.4.18.pdf"] [unique_id "ahoWDmkcf4j8kpyAhqUo-gAAACQ"]
[Sat May 30 04:11:18.432278 2026] [security2:error] [pid 1648376:tid 1648376] [client 216.244.66.249:0] ModSecurity: Warning. Operator GE matched 5 at TX:inbound_anomaly_score. [file "/etc/apache2/conf.d/modsec_vendor_configs/OWASP3/rules/RESPONSE-980-CORRELATION.conf"] [line "92"] [id "980130"] [msg "Inbound Anomaly Score Exceeded (Total Inbound Score: 5 - SQLI=0,XSS=0,RFI=0,LFI=0,RCE=0,PHPI=0,HTTP=0,SESS=0): individual paranoia level scores: 5, 0, 0, 0"] [ver "OWASP_CRS/3.3.9"] [tag "event-correlation"] [hostname "www.epid.gov.lk"] [uri "/storage/post/pdfs/directions_of_the_proper_authority_for_the_whole_of_sri_lanka_issued_as_press_release 2022.4.18.pdf"] [unique_id "ahoWDmkcf4j8kpyAhqUo-gAAACQ"]
[Sat May 30 04:11:18.482975 2026] [ssl:error] [pid 1647372:tid 1647372] (70014)End of file found: [client 66.85.158.91:43996] AH02013: coalesce failed to read from data bucket
[Sat May 30 04:11:18.565314 2026] [security2:error] [pid 1647398:tid 1647398] [client 163.7.1.156:0] ModSecurity: Warning. Pattern match "^[\\\\d.:]+$" at REQUEST_HEADERS:Host. [file "/etc/apache2/conf.d/modsec_vendor_configs/OWASP3/rules/REQUEST-920-PROTOCOL-ENFORCEMENT.conf"] [line "735"] [id "920350"] [msg "Host header is a numeric IP address"] [data "66.85.158.92"] [severity "WARNING"] [ver "OWASP_CRS/3.3.9"] [tag "application-multi"] [tag "language-multi"] [tag "platform-multi"] [tag "attack-protocol"] [tag "paranoia-level/1"] [tag "OWASP_CRS"] [tag "capec/1000/210/272"] [tag "PCI/6.5.10"] [hostname "66.85.158.92"] [uri "/hello.world"] [unique_id "ahoWDmmUndPLqgk8QPcujAAAAAA"]
[Sat May 30 04:11:18.565986 2026] [security2:error] [pid 1647398:tid 1647398] [client 163.7.1.156:0] ModSecurity: Warning. Pattern match "(?i)(?:;|\\\\{|\\\\||\\\\|\\\\||&|&&|\\\\n|\\\\r|`)\\\\s*[\\\\(,@\\\\'\\"\\\\s]*(?:[\\\\w'\\"\\\\./]+/|[\\\\\\\\'\\"\\\\^]*\\\\w[\\\\\\\\'\\"\\\\^]*:.*\\\\\\\\|[\\\\^\\\\.\\\\w '\\"/\\\\\\\\]*\\\\\\\\)?[\\"\\\\^]*(?:m[\\"\\\\^]*(?:y[\\"\\\\^]*s[\\"\\\\^]*q[\\"\\\\^]*l(?:[\\"\\\\^]*(?:d[\\"\\\\^]*u[\\"\\\\^]*m[\\"\\\\^]*p(?:[\\"\\\\^]*s[\\"\\\\^ ..." at ARGS:"] [severity "CRITICAL"] [ver "OWASP_CRS/3 [hostname "66.85.158.92"] [uri "/hello.world"] [unique_id "ahoWDmmUndPLqgk8QPcujAAAAAA"]
[Sat May 30 04:11:18.566228 2026] [security2:error] [pid 1647398:tid 1647398] [client 163.7.1.156:0] ModSecurity: Warning. Pattern match "(?:<\\\\?(?:[^x]|x[^m]|xm[^l]|xml[^\\\\s]|xml$|$)|<\\\\?php|\\\\[(?:\\\\/|\\\\\\\\)?php\\\\])" at ARGS_NAMES:"] [severity "CRITICAL"] [ver "OWASP_CRS/3 [hostname "66.85.158.92"] [uri "/"] [unique_id "ahoWD_WVrZ1N0-iPO5EJ2QAAAAI"]
[Sat May 30 04:11:19.385595 2026] [security2:error] [pid 1653293:tid 1653293] [client 163.7.1.156:0] ModSecurity: Warning. Pattern match "(?:<\\\\?(?:[^x]|x[^m]|xm[^l]|xml[^\\\\s]|xml$|$)|<\\\\?php|\\\\[(?:\\\\/|\\\\\\\\)?php\\\\])" at ARGS_NAMES:]*[\\\\xbe>]|<[^\\\\xbe]*\\\\xbe" at ARGS:your-message. [file "/etc/apache2/conf.d/modsec_vendor_configs/OWASP3/rules/REQUEST-941-APPLICATION-ATTACK-XSS.conf"] [line "547"] [id "941310"] [msg "US-ASCII Malformed Encoding XSS Filter - Attack Detected"] [data "Matched Data: \\xbc\\xd0\\xbf\\xd0\\xb0\\xd0\\xbd\\xd0\\xb8\\xd1\\x8f \\xd0\\xbf\\xd0\\xbe found within ARGS:your-message: \\xd0\\xbe\\xd1\\x82 250 000 \\xd1\\x80\\xd1\\x83\\xd0\\xb1 https://berezov-lsk.ru/\\x0d\\x0a \\x0d\\x0a\\xd0\\xa2\\xd0\\xb5\\xd0\\xbb\\xd0\\xb5\\xd1\\x84\\xd0\\xbe\\xd0\\xbd 7 (499) 705-65-55 \\xd0\\x97\\xd0\\xb0 \\xd0\\xb3\\xd0\\xbe\\xd0\\xb4\\xd1\\x8b \\xd1\\x80\\xd0\\xb0\\xd0\\xb1\\xd0\\xbe\\xd1\\x82\\xd1\\x8b \\xd0\\xba\\xd0\\xbe\\xd0\\xbc\\xd0\\xbf\\xd0\\xb0\\xd0\\xbd\\xd0\\xb8\\xd1\\x8f \\xd0\\xbf\\xd0\\xbe\\xd0\\xbb\\xd1\\x83\\xd1\\x87\\xd0\\xb8\\xd0\\xbb\\xd0\\xb0 \\xd1\\x..."] [severity "CRITICAL"] [ver "OWASP_CRS/3.3.9"] [tag "application-multi"] [tag "language-multi"] [tag "platform-tomcat"] [tag "attack-xss"] [tag "paranoia-level/1"] [tag "OWASP_CRS"] [tag "capec/1000/152/242"] [hostname "maximsholdings.com"] [uri "/wp-json/contact-form-7/v1/contact-forms/54/feedback"] [unique_id "ahoZEWkcf4j8kpyAhqUqQgAAACQ"], referer: https://maximsholdings.com/
[Sat May 30 04:24:09.217115 2026] [security2:error] [pid 1648376:tid 1648376] [client 178.20.43.173:0] ModSecurity: Warning. Operator GE matched 5 at TX:anomaly_score. [file "/etc/apache2/conf.d/modsec_vendor_configs/OWASP3/rules/REQUEST-949-BLOCKING-EVALUATION.conf"] [line "94"] [id "949110"] [msg "Inbound Anomaly Score Exceeded (Total Score: 5)"] [severity "CRITICAL"] [ver "OWASP_CRS/3.3.9"] [tag "application-multi"] [tag "language-multi"] [tag "platform-multi"] [tag "attack-generic"] [hostname "maximsholdings.com"] [uri "/wp-json/contact-form-7/v1/contact-forms/54/feedback"] [unique_id "ahoZEWkcf4j8kpyAhqUqQgAAACQ"], referer: https://maximsholdings.com/
[Sat May 30 04:24:09.638448 2026] [ssl:error] [pid 1647616:tid 1647616] (5)Input/output error: [client 66.85.158.91:40090] AH02013: coalesce failed to read from data bucket
[Sat May 30 04:24:09.847897 2026] [ssl:error] [pid 1647640:tid 1647640] (70014)End of file found: [client 66.85.158.91:40132] AH02013: coalesce failed to read from data bucket
[Sat May 30 04:24:09.949536 2026] [ssl:error] [pid 1657896:tid 1657896] (70014)End of file found: [client 66.85.158.91:40142] AH02013: coalesce failed to read from data bucket
[Sat May 30 04:24:10.049842 2026] [ssl:error] [pid 1661803:tid 1661803] (70014)End of file found: [client 66.85.158.91:40152] AH02013: coalesce failed to read from data bucket
[Sat May 30 04:24:10.050139 2026] [security2:error] [pid 1661803:tid 1661803] [client 216.73.216.174:0] ModSecurity: collections_remove_stale: Failed to access DBM file "/var/cpanel/secdatadir/anandaob-global": Permission denied [hostname "anandaobauae.org"] [uri "/js/Bl4ckhOle/root/proc/self/cwd/sys/dev/char/4:13/subsystem/ptmx/uevent"] [unique_id "ahoZEngsOO8BbYWY1WFRPgAAABk"]
[Sat May 30 04:24:10.050183 2026] [security2:error] [pid 1661803:tid 1661803] [client 216.73.216.174:0] ModSecurity: collections_remove_stale: Failed to access DBM file "/var/cpanel/secdatadir/anandaob-ip": Permission denied [hostname "anandaobauae.org"] [uri "/js/Bl4ckhOle/root/proc/self/cwd/sys/dev/char/4:13/subsystem/ptmx/uevent"] [unique_id "ahoZEngsOO8BbYWY1WFRPgAAABk"]
[Sat May 30 04:24:10.367708 2026] [core:error] [pid 1648359:tid 1648359] (13)Permission denied: [client 57.141.14.107:0] AH00132: file permissions deny server access: /home/anandaob/public_html/js/Bl4ckhOle/root/proc/thread-self/root/sys/devices/system/memory/memory121/node0/memory70/node0/memory80/subsystem/uevent
[Sat May 30 04:24:10.458323 2026] [ssl:error] [pid 1661800:tid 1661800] (70014)End of file found: [client 66.85.158.91:40220] AH02013: coalesce failed to read from data bucket
[Sat May 30 04:24:10.658926 2026] [core:error] [pid 1658795:tid 1658795] (13)Permission denied: [client 216.73.216.174:0] AH00132: file permissions deny server access: /home/anandaob/public_html/js/Bl4ckhOle/root/sys/class/wakeup/wakeup11/device/subsystem/devices/device:01/physical_node/rescan
[Sat May 30 04:24:10.755363 2026] [ssl:error] [pid 1657920:tid 1657920] (70014)End of file found: [client 66.85.158.91:52936] AH02013: coalesce failed to read from data bucket
[Sat May 30 04:24:11.368008 2026] [core:error] [pid 1648345:tid 1648345] (13)Permission denied: [client 216.73.216.174:0] AH00132: file permissions deny server access: /home/anandaob/public_html/js/Bl4ckhOle/root/sys/dev/char/246:1/device/subsystem/drivers/piix4_smbus/remove_id
[Sat May 30 04:24:11.564292 2026] [ssl:error] [pid 1647356:tid 1647356] (70014)End of file found: [client 66.85.158.91:53016] AH02013: coalesce failed to read from data bucket
[Sat May 30 04:24:11.667602 2026] [ssl:error] [pid 1648359:tid 1648359] (70014)End of file found: [client 66.85.158.91:53026] AH02013: coalesce failed to read from data bucket
[Sat May 30 04:24:11.670435 2026] [ssl:error] [pid 1647472:tid 1647472] (70014)End of file found: [client 66.85.158.91:53042] AH02013: coalesce failed to read from data bucket
[Sat May 30 04:24:12.049312 2026] [ssl:error] [pid 1661802:tid 1661802] (70014)End of file found: [client 66.85.158.91:53060] AH02013: coalesce failed to read from data bucket
[Sat May 30 04:24:12.346226 2026] [ssl:error] [pid 1661797:tid 1661797] (70014)End of file found: [client 66.85.158.91:53080] AH02013: coalesce failed to read from data bucket
[Sat May 30 04:24:13.118158 2026] [security2:error] [pid 1647368:tid 1647368] [client 216.244.66.235:0] ModSecurity: Warning. String match within "/accept-charset/ /content-encoding/ /proxy/ /lock-token/ /content-range/ /if/" at TX:header_name_accept-charset. [file "/etc/apache2/conf.d/modsec_vendor_configs/OWASP3/rules/REQUEST-920-PROTOCOL-ENFORCEMENT.conf"] [line "1127"] [id "920450"] [msg "HTTP header is restricted by policy (/accept-charset/)"] [data "Restricted header detected: /accept-charset/"] [severity "CRITICAL"] [ver "OWASP_CRS/3.3.9"] [tag "application-multi"] [tag "language-multi"] [tag "platform-multi"] [tag "attack-protocol"] [tag "paranoia-level/1"] [tag "OWASP_CRS"] [tag "capec/1000/210/272"] [tag "PCI/12.1"] [hostname "bostonlanka.com"] [uri "/\\xe0\\xb6\\x85\\xe0\\xb6\\xb4\\xe0\\xb7\\x92-\\xe0\\xb6\\xb8\\xe0\\xb7\\x9a-\\xe0\\xb6\\x86\\xe0\\xb6\\xab\\xe0\\xb7\\x8a\\xe0\\xb6\\xa9\\xe0\\xb7\\x94\\xe0\\xb7\\x80\\xe0\\xb7\\x9a-\\xe0\\xb6\\xb6\\xe0\\xb7\\x9c\\xe0\\xb6\\xbb\\xe0\\xb7\\x94-\\xe0\\xb6\\xa0\\xe0\\xb7\\x9d\\xe0\\xb6\\xaf\\xe0\\xb6\\xb1\\xe0\\xb7\\x8f/"] [unique_id "ahoZFRZJuurfaX8ujxHHkgAAAAM"]
[Sat May 30 04:24:13.118736 2026] [security2:error] [pid 1647368:tid 1647368] [client 216.244.66.235:0] ModSecurity: Warning. Operator GE matched 5 at TX:anomaly_score. [file "/etc/apache2/conf.d/modsec_vendor_configs/OWASP3/rules/REQUEST-949-BLOCKING-EVALUATION.conf"] [line "94"] [id "949110"] [msg "Inbound Anomaly Score Exceeded (Total Score: 5)"] [severity "CRITICAL"] [ver "OWASP_CRS/3.3.9"] [tag "application-multi"] [tag "language-multi"] [tag "platform-multi"] [tag "attack-generic"] [hostname "bostonlanka.com"] [uri "/\\xe0\\xb6\\x85\\xe0\\xb6\\xb4\\xe0\\xb7\\x92-\\xe0\\xb6\\xb8\\xe0\\xb7\\x9a-\\xe0\\xb6\\x86\\xe0\\xb6\\xab\\xe0\\xb7\\x8a\\xe0\\xb6\\xa9\\xe0\\xb7\\x94\\xe0\\xb7\\x80\\xe0\\xb7\\x9a-\\xe0\\xb6\\xb6\\xe0\\xb7\\x9c\\xe0\\xb6\\xbb\\xe0\\xb7\\x94-\\xe0\\xb6\\xa0\\xe0\\xb7\\x9d\\xe0\\xb6\\xaf\\xe0\\xb6\\xb1\\xe0\\xb7\\x8f/"] [unique_id "ahoZFRZJuurfaX8ujxHHkgAAAAM"]
[Sat May 30 04:24:13.298703 2026] [ssl:error] [pid 1661805:tid 1661805] (70014)End of file found: [client 66.85.158.91:53134] AH02013: coalesce failed to read from data bucket
[Sat May 30 04:24:13.881538 2026] [security2:error] [pid 1647368:tid 1647368] [client 216.244.66.235:0] ModSecurity: Warning. Operator GE matched 5 at TX:inbound_anomaly_score. [file "/etc/apache2/conf.d/modsec_vendor_configs/OWASP3/rules/RESPONSE-980-CORRELATION.conf"] [line "92"] [id "980130"] [msg "Inbound Anomaly Score Exceeded (Total Inbound Score: 5 - SQLI=0,XSS=0,RFI=0,LFI=0,RCE=0,PHPI=0,HTTP=0,SESS=0): individual paranoia level scores: 5, 0, 0, 0"] [ver "OWASP_CRS/3.3.9"] [tag "event-correlation"] [hostname "bostonlanka.com"] [uri "/index.php"] [unique_id "ahoZFRZJuurfaX8ujxHHkgAAAAM"]
[Sat May 30 04:24:13.901544 2026] [security2:error] [pid 1647350:tid 1647350] [client 23.21.228.180:0] ModSecurity: collections_remove_stale: Failed to access DBM file "/var/cpanel/secdatadir/ksoftweb-global": Permission denied [hostname "www.ksoft.web.lk"] [uri "/epid/epid/vendor/league/commonmark/src/Extension/"] [unique_id "ahoZFUZE6rouK20DG1BRSwAAAAk"]
[Sat May 30 04:24:13.901648 2026] [security2:error] [pid 1647350:tid 1647350] [client 23.21.228.180:0] ModSecurity: collections_remove_stale: Failed to access DBM file "/var/cpanel/secdatadir/ksoftweb-ip": Permission denied [hostname "www.ksoft.web.lk"] [uri "/epid/epid/vendor/league/commonmark/src/Extension/"] [unique_id "ahoZFUZE6rouK20DG1BRSwAAAAk"]
[Sat May 30 04:24:14.005438 2026] [ssl:error] [pid 1661804:tid 1661804] (5)Input/output error: [client 66.85.158.91:53172] AH02013: coalesce failed to read from data bucket
[Sat May 30 04:24:14.920143 2026] [security2:error] [pid 1648376:tid 1648376] [client 178.20.43.173:0] ModSecurity: Warning. Operator GE matched 5 at TX:inbound_anomaly_score. [file "/etc/apache2/conf.d/modsec_vendor_configs/OWASP3/rules/RESPONSE-980-CORRELATION.conf"] [line "92"] [id "980130"] [msg "Inbound Anomaly Score Exceeded (Total Inbound Score: 5 - SQLI=0,XSS=5,RFI=0,LFI=0,RCE=0,PHPI=0,HTTP=0,SESS=0): individual paranoia level scores: 5, 0, 0, 0"] [ver "OWASP_CRS/3.3.9"] [tag "event-correlation"] [hostname "maximsholdings.com"] [uri "/index.php"] [unique_id "ahoZEWkcf4j8kpyAhqUqQgAAACQ"], referer: https://maximsholdings.com/
[Sat May 30 04:24:15.010773 2026] [ssl:error] [pid 1656123:tid 1656123] (70014)End of file found: [client 66.85.158.91:53214] AH02013: coalesce failed to read from data bucket
[Sat May 30 04:24:15.222610 2026] [ssl:error] [pid 1662020:tid 1662020] (70014)End of file found: [client 66.85.158.91:53226] AH02013: coalesce failed to read from data bucket
[Sat May 30 04:24:15.249122 2026] [ssl:error] [pid 1657835:tid 1657835] (5)Input/output error: [client 66.85.158.91:53240] AH02013: coalesce failed to read from data bucket
[Sat May 30 04:24:15.572246 2026] [security2:error] [pid 1662021:tid 1662021] [client 216.73.216.174:0] ModSecurity: Warning. String match within ".asa/ .asax/ .ascx/ .axd/ .backup/ .bak/ .bat/ .cdx/ .cer/ .cfg/ .cmd/ .com/ .config/ .conf/ .cs/ .csproj/ .csr/ .dat/ .db/ .dbf/ .dll/ .dos/ .htr/ .htw/ .ida/ .idc/ .idq/ .inc/ .ini/ .key/ .licx/ .lnk/ .log/ .mdb/ .old/ .pass/ .pdb/ .pol/ .printer/ .pwd/ .rdb/ .resources/ .resx/ .sql/ .swp/ .sys/ .vb/ .vbs/ .vbproj/ .vsdisco/ .webinfo/ .xsd/ .xsx/" at TX:extension. [file "/etc/apache2/conf.d/modsec_vendor_configs/OWASP3/rules/REQUEST-920-PROTOCOL-ENFORCEMENT.conf"] [line "1055"] [id "920440"] [msg "URL file extension is restricted by policy"] [data ".ini"] [severity "CRITICAL"] [ver "OWASP_CRS/3.3.9"] [tag "application-multi"] [tag "language-multi"] [tag "platform-multi"] [tag "attack-protocol"] [tag "paranoia-level/1"] [tag "OWASP_CRS"] [tag "capec/1000/210/272"] [tag "PCI/6.5.10"] [hostname "anandaobauae.org"] [uri "/js/Bl4ckhOle/root/proc/self/cwd/opt/alt/php72/etc/php.d.all/geos.ini"] [unique_id "ahoZF88Kz7fdN1ynDM3WZgAAACY"]
[Sat May 30 04:24:15.572703 2026] [security2:error] [pid 1662021:tid 1662021] [client 216.73.216.174:0] ModSecurity: Warning. Operator GE matched 5 at TX:anomaly_score. [file "/etc/apache2/conf.d/modsec_vendor_configs/OWASP3/rules/REQUEST-949-BLOCKING-EVALUATION.conf"] [line "94"] [id "949110"] [msg "Inbound Anomaly Score Exceeded (Total Score: 5)"] [severity "CRITICAL"] [ver "OWASP_CRS/3.3.9"] [tag "application-multi"] [tag "language-multi"] [tag "platform-multi"] [tag "attack-generic"] [hostname "anandaobauae.org"] [uri "/js/Bl4ckhOle/root/proc/self/cwd/opt/alt/php72/etc/php.d.all/geos.ini"] [unique_id "ahoZF88Kz7fdN1ynDM3WZgAAACY"]
[Sat May 30 04:24:15.627922 2026] [security2:error] [pid 1662021:tid 1662021] [client 216.73.216.174:0] ModSecurity: Warning. Operator GE matched 5 at TX:inbound_anomaly_score. [file "/etc/apache2/conf.d/modsec_vendor_configs/OWASP3/rules/RESPONSE-980-CORRELATION.conf"] [line "92"] [id "980130"] [msg "Inbound Anomaly Score Exceeded (Total Inbound Score: 5 - SQLI=0,XSS=0,RFI=0,LFI=0,RCE=0,PHPI=0,HTTP=0,SESS=0): individual paranoia level scores: 5, 0, 0, 0"] [ver "OWASP_CRS/3.3.9"] [tag "event-correlation"] [hostname "anandaobauae.org"] [uri "/js/Bl4ckhOle/root/proc/self/cwd/opt/alt/php72/etc/php.d.all/geos.ini"] [unique_id "ahoZF88Kz7fdN1ynDM3WZgAAACY"]
[Sat May 30 04:24:15.775595 2026] [ssl:error] [pid 1647350:tid 1647350] (70014)End of file found: [client 66.85.158.91:53292] AH02013: coalesce failed to read from data bucket
[Sat May 30 04:24:15.918698 2026] [ssl:error] [pid 1647616:tid 1647616] (70014)End of file found: [client 66.85.158.91:53330] AH02013: coalesce failed to read from data bucket
[Sat May 30 04:24:16.020103 2026] [core:error] [pid 1658238:tid 1658238] (1)Operation not permitted: [client 216.73.216.174:0] AH00132: file permissions deny server access: /home/anandaob/public_html/js/Bl4ckhOle/root/usr/share/cagefs-skeleton/proc/net/packet
[Sat May 30 04:24:16.194624 2026] [ssl:error] [pid 1657896:tid 1657896] (70014)End of file found: [client 66.85.158.91:53356] AH02013: coalesce failed to read from data bucket
[Sat May 30 04:24:16.251475 2026] [ssl:error] [pid 1647536:tid 1647536] (5)Input/output error: [client 66.85.158.91:53364] AH02013: coalesce failed to read from data bucket
[Sat May 30 04:24:16.625980 2026] [ssl:error] [pid 1647372:tid 1647372] (70014)End of file found: [client 66.85.158.91:53438] AH02013: coalesce failed to read from data bucket
[Sat May 30 04:24:16.930160 2026] [ssl:error] [pid 1647398:tid 1647398] (70014)End of file found: [client 66.85.158.91:53482] AH02013: coalesce failed to read from data bucket
[Sat May 30 04:24:17.067571 2026] [core:error] [pid 1662016:tid 1662016] (13)Permission denied: [client 57.141.14.16:0] AH00132: file permissions deny server access: /home/anandaob/public_html/js/Bl4ckhOle/root/proc/thread-self/root/sys/bus/memory/devices/memory127/node0/memory139/node0/cpu2/driver/bind
[Sat May 30 04:24:17.337067 2026] [core:error] [pid 1647424:tid 1647424] (13)Permission denied: [client 216.73.216.174:0] AH00132: file permissions deny server access: /home/anandaob/public_html/js/Bl4ckhOle/root/sys/class/wakeup/wakeup9/device/physical_node/subsystem/drivers/thunderbolt/uevent
[Sat May 30 04:24:17.435766 2026] [ssl:error] [pid 1648345:tid 1648345] (70014)End of file found: [client 66.85.158.91:53560] AH02013: coalesce failed to read from data bucket
[Sat May 30 04:24:17.544162 2026] [ssl:error] [pid 1647356:tid 1647356] (70014)End of file found: [client 66.85.158.91:53572] AH02013: coalesce failed to read from data bucket
[Sat May 30 04:24:17.639579 2026] [ssl:error] [pid 1647368:tid 1647368] (70014)End of file found: [client 66.85.158.91:53576] AH02013: coalesce failed to read from data bucket
[Sat May 30 04:24:17.745106 2026] [ssl:error] [pid 1658795:tid 1658795] (70014)End of file found: [client 66.85.158.91:53616] AH02013: coalesce failed to read from data bucket
[Sat May 30 04:24:18.432187 2026] [ssl:error] [pid 1647640:tid 1647640] (70014)End of file found: [client 66.85.158.91:53656] AH02013: coalesce failed to read from data bucket
[Sat May 30 04:24:18.766795 2026] [ssl:error] [pid 1661803:tid 1661803] (70014)End of file found: [client 66.85.158.91:53670] AH02013: coalesce failed to read from data bucket
[Sat May 30 04:24:20.613262 2026] [core:error] [pid 1661804:tid 1661804] (13)Permission denied: [client 216.73.216.174:0] AH00132: file permissions deny server access: /home/anandaob/public_html/js/Bl4ckhOle/root/sys/class/wakeup/wakeup12/subsystem/wakeup2/device/physical_node/resource1
[Sat May 30 04:24:20.815996 2026] [core:error] [pid 1657920:tid 1657920] (13)Permission denied: [client 216.73.216.174:0] AH00132: file permissions deny server access: /home/anandaob/public_html/js/Bl4ckhOle/root/sys/class/tty/tty23/subsystem/ttyS3/device/driver/uevent
[Sat May 30 04:24:21.055300 2026] [ssl:error] [pid 1647383:tid 1647383] (70014)End of file found: [client 66.85.158.91:42102] AH02013: coalesce failed to read from data bucket
[Sat May 30 04:24:21.118564 2026] [ssl:error] [pid 1653293:tid 1653293] (70014)End of file found: [client 66.85.158.91:42112] AH02013: coalesce failed to read from data bucket
[Sat May 30 04:24:21.241802 2026] [core:error] [pid 1647424:tid 1647424] (13)Permission denied: [client 216.73.216.174:0] AH00132: file permissions deny server access: /home/anandaob/public_html/js/Bl4ckhOle/root/sys/class/wakeup/wakeup11/device/device:20/subsystem/uevent
[Sat May 30 04:24:21.321652 2026] [ssl:error] [pid 1662020:tid 1662020] (70014)End of file found: [client 66.85.158.91:42128] AH02013: coalesce failed to read from data bucket
[Sat May 30 04:24:21.425904 2026] [ssl:error] [pid 1647618:tid 1647618] (70014)End of file found: [client 66.85.158.91:42154] AH02013: coalesce failed to read from data bucket
[Sat May 30 04:24:21.552935 2026] [core:error] [pid 1648304:tid 1648304] (13)Permission denied: [client 216.73.216.174:0] AH00132: file permissions deny server access: /home/anandaob/public_html/js/Bl4ckhOle/root/sys/class/wakeup/wakeup11/device/device:0b/subsystem/uevent
[Sat May 30 04:24:21.691090 2026] [ssl:error] [pid 1647472:tid 1647472] (70014)End of file found: [client 66.85.158.91:42174] AH02013: coalesce failed to read from data bucket
[Sat May 30 04:24:21.728282 2026] [core:error] [pid 1648376:tid 1648376] (13)Permission denied: [client 216.73.216.174:0] AH00132: file permissions deny server access: /home/anandaob/public_html/js/Bl4ckhOle/root/sys/class/wakeup/wakeup11/device/device:16/subsystem/uevent
[Sat May 30 04:24:21.924130 2026] [ssl:error] [pid 1661804:tid 1661804] (70014)End of file found: [client 66.85.158.91:42212] AH02013: coalesce failed to read from data bucket
[Sat May 30 04:24:22.035349 2026] [ssl:error] [pid 1662021:tid 1662021] (70014)End of file found: [client 66.85.158.91:42228] AH02013: coalesce failed to read from data bucket
[Sat May 30 04:24:22.078531 2026] [security2:error] [pid 1657920:tid 1657920] [client 216.73.216.174:0] ModSecurity: Warning. String match within ".asa/ .asax/ .ascx/ .axd/ .backup/ .bak/ .bat/ .cdx/ .cer/ .cfg/ .cmd/ .com/ .config/ .conf/ .cs/ .csproj/ .csr/ .dat/ .db/ .dbf/ .dll/ .dos/ .htr/ .htw/ .ida/ .idc/ .idq/ .inc/ .ini/ .key/ .licx/ .lnk/ .log/ .mdb/ .old/ .pass/ .pdb/ .pol/ .printer/ .pwd/ .rdb/ .resources/ .resx/ .sql/ .swp/ .sys/ .vb/ .vbs/ .vbproj/ .vsdisco/ .webinfo/ .xsd/ .xsx/" at TX:extension. [file "/etc/apache2/conf.d/modsec_vendor_configs/OWASP3/rules/REQUEST-920-PROTOCOL-ENFORCEMENT.conf"] [line "1055"] [id "920440"] [msg "URL file extension is restricted by policy"] [data ".ini"] [severity "CRITICAL"] [ver "OWASP_CRS/3.3.9"] [tag "application-multi"] [tag "language-multi"] [tag "platform-multi"] [tag "attack-protocol"] [tag "paranoia-level/1"] [tag "OWASP_CRS"] [tag "capec/1000/210/272"] [tag "PCI/6.5.10"] [hostname "anandaobauae.org"] [uri "/js/Bl4ckhOle/root/proc/self/cwd/opt/alt/php72/etc/php.d.all.zts/xmlwriter.ini"] [unique_id "ahoZHmQOr3zzFA7MkQ1UTgAAABY"]
[Sat May 30 04:24:22.078963 2026] [security2:error] [pid 1657920:tid 1657920] [client 216.73.216.174:0] ModSecurity: Warning. Operator GE matched 5 at TX:anomaly_score. [file "/etc/apache2/conf.d/modsec_vendor_configs/OWASP3/rules/REQUEST-949-BLOCKING-EVALUATION.conf"] [line "94"] [id "949110"] [msg "Inbound Anomaly Score Exceeded (Total Score: 5)"] [severity "CRITICAL"] [ver "OWASP_CRS/3.3.9"] [tag "application-multi"] [tag "language-multi"] [tag "platform-multi"] [tag "attack-generic"] [hostname "anandaobauae.org"] [uri "/js/Bl4ckhOle/root/proc/self/cwd/opt/alt/php72/etc/php.d.all.zts/xmlwriter.ini"] [unique_id "ahoZHmQOr3zzFA7MkQ1UTgAAABY"]
[Sat May 30 04:24:22.156887 2026] [security2:error] [pid 1657920:tid 1657920] [client 216.73.216.174:0] ModSecurity: Warning. Operator GE matched 5 at TX:inbound_anomaly_score. [file "/etc/apache2/conf.d/modsec_vendor_configs/OWASP3/rules/RESPONSE-980-CORRELATION.conf"] [line "92"] [id "980130"] [msg "Inbound Anomaly Score Exceeded (Total Inbound Score: 5 - SQLI=0,XSS=0,RFI=0,LFI=0,RCE=0,PHPI=0,HTTP=0,SESS=0): individual paranoia level scores: 5, 0, 0, 0"] [ver "OWASP_CRS/3.3.9"] [tag "event-correlation"] [hostname "anandaobauae.org"] [uri "/js/Bl4ckhOle/root/proc/self/cwd/opt/alt/php72/etc/php.d.all.zts/xmlwriter.ini"] [unique_id "ahoZHmQOr3zzFA7MkQ1UTgAAABY"]
[Sat May 30 04:24:22.255685 2026] [ssl:error] [pid 1661802:tid 1661802] (70014)End of file found: [client 66.85.158.91:42258] AH02013: coalesce failed to read from data bucket
[Sat May 30 04:24:22.338863 2026] [ssl:error] [pid 1656123:tid 1656123] (70014)End of file found: [client 66.85.158.91:42268] AH02013: coalesce failed to read from data bucket
[Sat May 30 04:24:22.445404 2026] [ssl:error] [pid 1662016:tid 1662016] (70014)End of file found: [client 66.85.158.91:42312] AH02013: coalesce failed to read from data bucket
[Sat May 30 04:24:22.506876 2026] [ssl:error] [pid 1648304:tid 1648304] (70014)End of file found: [client 66.85.158.91:42318] AH02013: coalesce failed to read from data bucket
[Sat May 30 04:24:22.640154 2026] [core:error] [pid 1658238:tid 1658238] (13)Permission denied: [client 216.73.216.174:0] AH00132: file permissions deny server access: /home/anandaob/public_html/js/Bl4ckhOle/root/sys/bus/acpi/devices/device:21/subsystem/drivers/pvpanic/unbind
[Sat May 30 04:24:22.738314 2026] [ssl:error] [pid 1648376:tid 1648376] (70014)End of file found: [client 66.85.158.91:42360] AH02013: coalesce failed to read from data bucket
[Sat May 30 04:24:22.788444 2026] [core:error] [pid 1661797:tid 1661797] (13)Permission denied: [client 74.7.243.216:0] AH00132: file permissions deny server access: /home/anandaob/public_html/js/Bl4ckhOle/root/sys/kernel/slab/rpc_buffers/cpu_partial, referer: https://www.anandaobauae.org/js/Bl4ckhOle/root/sys/kernel/slab/rpc_buffers/
[Sat May 30 04:24:22.944678 2026] [ssl:error] [pid 1647398:tid 1647398] (70014)End of file found: [client 66.85.158.91:42378] AH02013: coalesce failed to read from data bucket
[Sat May 30 04:24:23.042163 2026] [security2:error] [pid 1647350:tid 1647350] [client 216.73.216.174:0] ModSecurity: Warning. String match within ".asa/ .asax/ .ascx/ .axd/ .backup/ .bak/ .bat/ .cdx/ .cer/ .cfg/ .cmd/ .com/ .config/ .conf/ .cs/ .csproj/ .csr/ .dat/ .db/ .dbf/ .dll/ .dos/ .htr/ .htw/ .ida/ .idc/ .idq/ .inc/ .ini/ .key/ .licx/ .lnk/ .log/ .mdb/ .old/ .pass/ .pdb/ .pol/ .printer/ .pwd/ .rdb/ .resources/ .resx/ .sql/ .swp/ .sys/ .vb/ .vbs/ .vbproj/ .vsdisco/ .webinfo/ .xsd/ .xsx/" at TX:extension. [file "/etc/apache2/conf.d/modsec_vendor_configs/OWASP3/rules/REQUEST-920-PROTOCOL-ENFORCEMENT.conf"] [line "1055"] [id "920440"] [msg "URL file extension is restricted by policy"] [data ".ini"] [severity "CRITICAL"] [ver "OWASP_CRS/3.3.9"] [tag "application-multi"] [tag "language-multi"] [tag "platform-multi"] [tag "attack-protocol"] [tag "paranoia-level/1"] [tag "OWASP_CRS"] [tag "capec/1000/210/272"] [tag "PCI/6.5.10"] [hostname "anandaobauae.org"] [uri "/js/Bl4ckhOle/root/proc/thread-self/cwd/opt/alt/php53/etc/php.d.all/enchant.ini"] [unique_id "ahoZH0ZE6rouK20DG1BRTgAAAAk"]
[Sat May 30 04:24:23.042571 2026] [security2:error] [pid 1647350:tid 1647350] [client 216.73.216.174:0] ModSecurity: Warning. Operator GE matched 5 at TX:anomaly_score. [file "/etc/apache2/conf.d/modsec_vendor_configs/OWASP3/rules/REQUEST-949-BLOCKING-EVALUATION.conf"] [line "94"] [id "949110"] [msg "Inbound Anomaly Score Exceeded (Total Score: 5)"] [severity "CRITICAL"] [ver "OWASP_CRS/3.3.9"] [tag "application-multi"] [tag "language-multi"] [tag "platform-multi"] [tag "attack-generic"] [hostname "anandaobauae.org"] [uri "/js/Bl4ckhOle/root/proc/thread-self/cwd/opt/alt/php53/etc/php.d.all/enchant.ini"] [unique_id "ahoZH0ZE6rouK20DG1BRTgAAAAk"]
[Sat May 30 04:24:23.085552 2026] [security2:error] [pid 1647350:tid 1647350] [client 216.73.216.174:0] ModSecurity: Warning. Operator GE matched 5 at TX:inbound_anomaly_score. [file "/etc/apache2/conf.d/modsec_vendor_configs/OWASP3/rules/RESPONSE-980-CORRELATION.conf"] [line "92"] [id "980130"] [msg "Inbound Anomaly Score Exceeded (Total Inbound Score: 5 - SQLI=0,XSS=0,RFI=0,LFI=0,RCE=0,PHPI=0,HTTP=0,SESS=0): individual paranoia level scores: 5, 0, 0, 0"] [ver "OWASP_CRS/3.3.9"] [tag "event-correlation"] [hostname "anandaobauae.org"] [uri "/js/Bl4ckhOle/root/proc/thread-self/cwd/opt/alt/php53/etc/php.d.all/enchant.ini"] [unique_id "ahoZH0ZE6rouK20DG1BRTgAAAAk"]
[Sat May 30 04:24:23.242355 2026] [ssl:error] [pid 1657920:tid 1657920] (70014)End of file found: [client 66.85.158.91:42390] AH02013: coalesce failed to read from data bucket
[Sat May 30 04:24:23.344405 2026] [core:error] [pid 1647616:tid 1647616] (13)Permission denied: [client 216.73.216.174:0] AH00132: file permissions deny server access: /home/anandaob/public_html/js/Bl4ckhOle/root/proc/thread-self/cwd/sys/kernel/slab/kmalloc-rcl-8/poison
[Sat May 30 04:24:24.175299 2026] [ssl:error] [pid 1647350:tid 1647350] (70014)End of file found: [client 66.85.158.91:42512] AH02013: coalesce failed to read from data bucket
[Sat May 30 04:24:24.175594 2026] [security2:error] [pid 1647350:tid 1647350] [client 216.73.216.174:0] ModSecurity: collections_remove_stale: Failed to access DBM file "/var/cpanel/secdatadir/anandaob-global": Permission denied [hostname "anandaobauae.org"] [uri "/js/Bl4ckhOle/root/sys/class/input/input0/device/subsystem/devices/LNXSYBUS:00/ACPI0010:00/LNXCPU:02/status"] [unique_id "ahoZIEZE6rouK20DG1BRTwAAAAk"]
[Sat May 30 04:24:24.175669 2026] [security2:error] [pid 1647350:tid 1647350] [client 216.73.216.174:0] ModSecurity: collections_remove_stale: Failed to access DBM file "/var/cpanel/secdatadir/anandaob-ip": Permission denied [hostname "anandaobauae.org"] [uri "/js/Bl4ckhOle/root/sys/class/input/input0/device/subsystem/devices/LNXSYBUS:00/ACPI0010:00/LNXCPU:02/status"] [unique_id "ahoZIEZE6rouK20DG1BRTwAAAAk"]
[Sat May 30 04:24:24.950687 2026] [security2:error] [pid 1647372:tid 1647372] [client 185.191.171.10:0] ModSecurity: Warning. Matched phrase "/composer.json" at REQUEST_FILENAME. [file "/etc/apache2/conf.d/modsec_vendor_configs/OWASP3/rules/REQUEST-930-APPLICATION-ATTACK-LFI.conf"] [line "125"] [id "930130"] [msg "Restricted File Access Attempt"] [data "Matched Data: /composer.json found within REQUEST_FILENAME: /epid/epid/vendor/laravel/framework/src/illuminate/console/composer.json"] [severity "CRITICAL"] [ver "OWASP_CRS/3.3.9"] [tag "application-multi"] [tag "language-multi"] [tag "platform-multi"] [tag "attack-lfi"] [tag "paranoia-level/1"] [tag "OWASP_CRS"] [tag "capec/1000/255/153/126"] [tag "PCI/6.5.4"] [hostname "ksoft.web.lk"] [uri "/epid/epid/vendor/laravel/framework/src/Illuminate/Console/composer.json"] [unique_id "ahoZILPHXQZPe58D0BQKnAAAAAQ"]
[Sat May 30 04:24:24.951010 2026] [security2:error] [pid 1647372:tid 1647372] [client 185.191.171.10:0] ModSecurity: Warning. Operator GE matched 5 at TX:anomaly_score. [file "/etc/apache2/conf.d/modsec_vendor_configs/OWASP3/rules/REQUEST-949-BLOCKING-EVALUATION.conf"] [line "94"] [id "949110"] [msg "Inbound Anomaly Score Exceeded (Total Score: 5)"] [severity "CRITICAL"] [ver "OWASP_CRS/3.3.9"] [tag "application-multi"] [tag "language-multi"] [tag "platform-multi"] [tag "attack-generic"] [hostname "ksoft.web.lk"] [uri "/epid/epid/vendor/laravel/framework/src/Illuminate/Console/composer.json"] [unique_id "ahoZILPHXQZPe58D0BQKnAAAAAQ"]
[Sat May 30 04:24:24.985575 2026] [security2:error] [pid 1647372:tid 1647372] [client 185.191.171.10:0] ModSecurity: Warning. Operator GE matched 5 at TX:inbound_anomaly_score. [file "/etc/apache2/conf.d/modsec_vendor_configs/OWASP3/rules/RESPONSE-980-CORRELATION.conf"] [line "92"] [id "980130"] [msg "Inbound Anomaly Score Exceeded (Total Inbound Score: 5 - SQLI=0,XSS=0,RFI=0,LFI=5,RCE=0,PHPI=0,HTTP=0,SESS=0): individual paranoia level scores: 5, 0, 0, 0"] [ver "OWASP_CRS/3.3.9"] [tag "event-correlation"] [hostname "ksoft.web.lk"] [uri "/epid/epid/vendor/laravel/framework/src/Illuminate/Console/composer.json"] [unique_id "ahoZILPHXQZPe58D0BQKnAAAAAQ"]
[Sat May 30 04:24:25.100570 2026] [ssl:error] [pid 1648359:tid 1648359] (70014)End of file found: [client 66.85.158.91:42560] AH02013: coalesce failed to read from data bucket
[Sat May 30 04:24:25.525531 2026] [security2:error] [pid 1657896:tid 1657896] [client 57.141.14.80:0] ModSecurity: collections_remove_stale: Failed to access DBM file "/var/cpanel/secdatadir/anandaob-global": Permission denied [hostname "www.anandaobauae.org"] [uri "/js/Bl4ckhOle/root/proc/thread-self/root/sys/bus/memory/devices/memory21/subsystem/devices/memory18/node0/memory121/node0/memory60/"] [unique_id "ahoZIbeo4btMrY4CbKG5PQAAABU"]
[Sat May 30 04:24:25.525593 2026] [security2:error] [pid 1657896:tid 1657896] [client 57.141.14.80:0] ModSecurity: collections_remove_stale: Failed to access DBM file "/var/cpanel/secdatadir/anandaob-ip": Permission denied [hostname "www.anandaobauae.org"] [uri "/js/Bl4ckhOle/root/proc/thread-self/root/sys/bus/memory/devices/memory21/subsystem/devices/memory18/node0/memory121/node0/memory60/"] [unique_id "ahoZIbeo4btMrY4CbKG5PQAAABU"]
[Sat May 30 04:24:25.932002 2026] [ssl:error] [pid 1647368:tid 1647368] (70014)End of file found: [client 66.85.158.91:42618] AH02013: coalesce failed to read from data bucket
[Sat May 30 04:24:26.433122 2026] [security2:error] [pid 1647536:tid 1647536] [client 216.73.216.174:0] ModSecurity: Warning. String match within ".asa/ .asax/ .ascx/ .axd/ .backup/ .bak/ .bat/ .cdx/ .cer/ .cfg/ .cmd/ .com/ .config/ .conf/ .cs/ .csproj/ .csr/ .dat/ .db/ .dbf/ .dll/ .dos/ .htr/ .htw/ .ida/ .idc/ .idq/ .inc/ .ini/ .key/ .licx/ .lnk/ .log/ .mdb/ .old/ .pass/ .pdb/ .pol/ .printer/ .pwd/ .rdb/ .resources/ .resx/ .sql/ .swp/ .sys/ .vb/ .vbs/ .vbproj/ .vsdisco/ .webinfo/ .xsd/ .xsx/" at TX:extension. [file "/etc/apache2/conf.d/modsec_vendor_configs/OWASP3/rules/REQUEST-920-PROTOCOL-ENFORCEMENT.conf"] [line "1055"] [id "920440"] [msg "URL file extension is restricted by policy"] [data ".ini"] [severity "CRITICAL"] [ver "OWASP_CRS/3.3.9"] [tag "application-multi"] [tag "language-multi"] [tag "platform-multi"] [tag "attack-protocol"] [tag "paranoia-level/1"] [tag "OWASP_CRS"] [tag "capec/1000/210/272"] [tag "PCI/6.5.10"] [hostname "anandaobauae.org"] [uri "/js/Bl4ckhOle/root/proc/thread-self/cwd/opt/alt/php70/etc/php.d.all/zmq.ini"] [unique_id "ahoZIltbNzQMBhuGcJPgvgAAAA4"]
[Sat May 30 04:24:26.433537 2026] [security2:error] [pid 1647536:tid 1647536] [client 216.73.216.174:0] ModSecurity: Warning. Operator GE matched 5 at TX:anomaly_score. [file "/etc/apache2/conf.d/modsec_vendor_configs/OWASP3/rules/REQUEST-949-BLOCKING-EVALUATION.conf"] [line "94"] [id "949110"] [msg "Inbound Anomaly Score Exceeded (Total Score: 5)"] [severity "CRITICAL"] [ver "OWASP_CRS/3.3.9"] [tag "application-multi"] [tag "language-multi"] [tag "platform-multi"] [tag "attack-generic"] [hostname "anandaobauae.org"] [uri "/js/Bl4ckhOle/root/proc/thread-self/cwd/opt/alt/php70/etc/php.d.all/zmq.ini"] [unique_id "ahoZIltbNzQMBhuGcJPgvgAAAA4"]
