[Sat May 30 04:00:18.608368 2026] [security2:error] [pid 1647472:tid 1647472] [client 216.73.216.174:0] ModSecurity: Warning. Operator GE matched 5 at TX:anomaly_score. [file "/etc/apache2/conf.d/modsec_vendor_configs/OWASP3/rules/REQUEST-949-BLOCKING-EVALUATION.conf"] [line "94"] [id "949110"] [msg "Inbound Anomaly Score Exceeded (Total Score: 5)"] [severity "CRITICAL"] [ver "OWASP_CRS/3.3.9"] [tag "application-multi"] [tag "language-multi"] [tag "platform-multi"] [tag "attack-generic"] [hostname "anandaobauae.org"] [uri "/js/Bl4ckhOle/root/proc/thread-self/cwd/opt/alt/php53/etc/php.d.all/gmagick.ini"] [unique_id "ahoTeqhcGh7LTQLwoo-LigAAAA0"]
[Sat May 30 04:00:18.626673 2026] [security2:error] [pid 1647472:tid 1647472] [client 216.73.216.174:0] ModSecurity: Warning. Operator GE matched 5 at TX:inbound_anomaly_score. [file "/etc/apache2/conf.d/modsec_vendor_configs/OWASP3/rules/RESPONSE-980-CORRELATION.conf"] [line "92"] [id "980130"] [msg "Inbound Anomaly Score Exceeded (Total Inbound Score: 5 - SQLI=0,XSS=0,RFI=0,LFI=0,RCE=0,PHPI=0,HTTP=0,SESS=0): individual paranoia level scores: 5, 0, 0, 0"] [ver "OWASP_CRS/3.3.9"] [tag "event-correlation"] [hostname "anandaobauae.org"] [uri "/js/Bl4ckhOle/root/proc/thread-self/cwd/opt/alt/php53/etc/php.d.all/gmagick.ini"] [unique_id "ahoTeqhcGh7LTQLwoo-LigAAAA0"]
[Sat May 30 04:00:18.827386 2026] [core:error] [pid 1647641:tid 1647641] (13)Permission denied: [client 216.73.216.174:0] AH00132: file permissions deny server access: /home/anandaob/public_html/js/Bl4ckhOle/root/sys/dev/char/29:0/device/graphics/fb0/subsystem/fbcon/rotate_all
[Sat May 30 04:00:19.280505 2026] [ssl:error] [pid 1647472:tid 1647472] (70014)End of file found: [client 66.85.158.91:55618] AH02013: coalesce failed to read from data bucket
[Sat May 30 04:00:19.325687 2026] [ssl:error] [pid 1647619:tid 1647619] (70014)End of file found: [client 66.85.158.91:55626] AH02013: coalesce failed to read from data bucket
[Sat May 30 04:00:19.434835 2026] [ssl:error] [pid 1647616:tid 1647616] (70014)End of file found: [client 66.85.158.91:55638] AH02013: coalesce failed to read from data bucket
[Sat May 30 04:00:19.616285 2026] [ssl:error] [pid 1647356:tid 1647356] (70014)End of file found: [client 66.85.158.91:55652] AH02013: coalesce failed to read from data bucket
[Sat May 30 04:00:20.485324 2026] [ssl:error] [pid 1647635:tid 1647635] (70014)End of file found: [client 66.85.158.91:55738] AH02013: coalesce failed to read from data bucket
[Sat May 30 04:00:20.521009 2026] [ssl:error] [pid 1647994:tid 1647994] (70014)End of file found: [client 66.85.158.91:55750] AH02013: coalesce failed to read from data bucket
[Sat May 30 04:00:20.891582 2026] [ssl:error] [pid 1647367:tid 1647367] (70014)End of file found: [client 66.85.158.91:56418] AH02013: coalesce failed to read from data bucket
[Sat May 30 04:00:21.341606 2026] [ssl:error] [pid 1647554:tid 1647554] (5)Input/output error: [client 66.85.158.91:56438] AH02013: coalesce failed to read from data bucket
[Sat May 30 04:00:21.482397 2026] [ssl:error] [pid 1647402:tid 1647402] (5)Input/output error: [client 66.85.158.91:56456] AH02013: coalesce failed to read from data bucket
[Sat May 30 04:00:21.584278 2026] [ssl:error] [pid 1649573:tid 1649573] (5)Input/output error: [client 66.85.158.91:56472] AH02013: coalesce failed to read from data bucket
[Sat May 30 04:00:21.789050 2026] [security2:error] [pid 1647351:tid 1647351] [client 216.73.216.174:0] ModSecurity: collections_remove_stale: Failed to access DBM file "/var/cpanel/secdatadir/anandaob-global": Permission denied [hostname "anandaobauae.org"] [uri "/js/Bl4ckhOle/root/proc/thread-self/cwd/usr/share/cagefs-plugins/binary/"] [unique_id "ahoTfZm-_Zwt1PUyTD9-6QAAACM"]
[Sat May 30 04:00:21.789133 2026] [security2:error] [pid 1647351:tid 1647351] [client 216.73.216.174:0] ModSecurity: collections_remove_stale: Failed to access DBM file "/var/cpanel/secdatadir/anandaob-ip": Permission denied [hostname "anandaobauae.org"] [uri "/js/Bl4ckhOle/root/proc/thread-self/cwd/usr/share/cagefs-plugins/binary/"] [unique_id "ahoTfZm-_Zwt1PUyTD9-6QAAACM"]
[Sat May 30 04:00:22.189491 2026] [core:error] [pid 1647634:tid 1647634] (13)Permission denied: [client 216.73.216.174:0] AH00132: file permissions deny server access: /home/anandaob/public_html/js/Bl4ckhOle/root/proc/self/cwd/sys/kernel/slab/biovec-max/red_zone
[Sat May 30 04:00:22.293130 2026] [ssl:error] [pid 1647351:tid 1647351] (5)Input/output error: [client 66.85.158.91:56560] AH02013: coalesce failed to read from data bucket
[Sat May 30 04:00:22.390981 2026] [ssl:error] [pid 1648345:tid 1648345] (5)Input/output error: [client 66.85.158.91:56576] AH02013: coalesce failed to read from data bucket
[Sat May 30 04:00:22.452554 2026] [security2:error] [pid 1647424:tid 1647424] [client 178.20.45.128:0] ModSecurity: Rule 55a832d768a8 [id "941160"][file "/etc/apache2/conf.d/modsec_vendor_configs/OWASP3/rules/REQUEST-941-APPLICATION-ATTACK-XSS.conf"][line "200"] - Execution error - PCRE limits exceeded (-47): (null). [hostname "maximsholdings.com"] [uri "/wp-json/contact-form-7/v1/contact-forms/54/feedback"] [unique_id "ahoTfqx5TYSnSb9L73Rb7gAAAAg"], referer: https://maximsholdings.com/
[Sat May 30 04:00:22.454595 2026] [security2:error] [pid 1647424:tid 1647424] [client 178.20.45.128:0] ModSecurity: Warning. Pattern match "\\\\xbc[^\\\\xbe>]*[\\\\xbe>]|<[^\\\\xbe]*\\\\xbe" at ARGS:your-message. [file "/etc/apache2/conf.d/modsec_vendor_configs/OWASP3/rules/REQUEST-941-APPLICATION-ATTACK-XSS.conf"] [line "547"] [id "941310"] [msg "US-ASCII Malformed Encoding XSS Filter - Attack Detected"] [data "Matched Data: \\xbc\\xd0\\xb0\\xd1\\x88\\xd0\\xb0, \\xd0\\xb4 https://zittel.ru/prigotovlenie-toppingov.html\\x0d\\x0a 2\\xe2\\x80\\x946/22 https://zittel.ru/aboutus.html\\x0d\\x0a \\x0d\\x0ae-mail: \\xd0\\x90\\xd0\\xb4\\xd1\\x80\\xd0\\xb5\\xd1\\x81 \\xd1\\x8d\\xd0\\xbb\\xd0\\xb5\\xd0\\xba\\xd1\\x82\\xd1\\x80\\xd0\\xbe found within ARGS:your-message: 344065, \\xd0\\xb3 https://zittel.ru/oborudovanie/37-oborudovanie/207-paketnyj-press-voran-avstriya-model-100p2-2-kh-paketnyj.html\\x0d\\x0a \\xd0\\xa0\\xd0\\xbe\\xd1\\x81\\xd1\\x82\\xd0\\xbe\\xd0\\xb2-\\xd0\\xbd\\x..."] [severity "CRITICAL"] [ver "OWASP_CRS/3.3.9"] [tag "application-multi"] [tag "language-multi"] [tag "platform-tomcat"] [tag "attack-xss"] [tag "paranoia-level/1"] [tag "OWASP_CRS"] [tag "capec/1000/152/242"] [hostname "maximsholdings.com"] [uri "/wp-json/contact-form-7/v1/contact-forms/54/feedback"] [unique_id "ahoTfqx5TYSnSb9L73Rb7gAAAAg"], referer: https://maximsholdings.com/
[Sat May 30 04:00:22.456217 2026] [security2:error] [pid 1647424:tid 1647424] [client 178.20.45.128:0] ModSecurity: Warning. Operator GE matched 5 at TX:anomaly_score. [file "/etc/apache2/conf.d/modsec_vendor_configs/OWASP3/rules/REQUEST-949-BLOCKING-EVALUATION.conf"] [line "94"] [id "949110"] [msg "Inbound Anomaly Score Exceeded (Total Score: 5)"] [severity "CRITICAL"] [ver "OWASP_CRS/3.3.9"] [tag "application-multi"] [tag "language-multi"] [tag "platform-multi"] [tag "attack-generic"] [hostname "maximsholdings.com"] [uri "/wp-json/contact-form-7/v1/contact-forms/54/feedback"] [unique_id "ahoTfqx5TYSnSb9L73Rb7gAAAAg"], referer: https://maximsholdings.com/
[Sat May 30 04:00:22.500828 2026] [ssl:error] [pid 1647453:tid 1647453] (70014)End of file found: [client 66.85.158.91:56636] AH02013: coalesce failed to read from data bucket
[Sat May 30 04:00:22.594904 2026] [ssl:error] [pid 1647352:tid 1647352] (70014)End of file found: [client 66.85.158.91:56642] AH02013: coalesce failed to read from data bucket
[Sat May 30 04:00:22.759878 2026] [ssl:error] [pid 1647634:tid 1647634] (70014)End of file found: [client 66.85.158.91:56658] AH02013: coalesce failed to read from data bucket
[Sat May 30 04:00:22.800085 2026] [ssl:error] [pid 1647383:tid 1647383] (70014)End of file found: [client 66.85.158.91:56670] AH02013: coalesce failed to read from data bucket
[Sat May 30 04:00:23.016429 2026] [ssl:error] [pid 1647398:tid 1647398] (70014)End of file found: [client 66.85.158.91:56700] AH02013: coalesce failed to read from data bucket
[Sat May 30 04:00:23.212250 2026] [ssl:error] [pid 1648359:tid 1648359] (70014)End of file found: [client 66.85.158.91:56716] AH02013: coalesce failed to read from data bucket
[Sat May 30 04:00:23.373915 2026] [ssl:error] [pid 1647618:tid 1647618] (70014)End of file found: [client 66.85.158.91:56734] AH02013: coalesce failed to read from data bucket
[Sat May 30 04:00:24.117102 2026] [ssl:error] [pid 1647353:tid 1647353] (70014)End of file found: [client 66.85.158.91:56798] AH02013: coalesce failed to read from data bucket
[Sat May 30 04:00:24.682588 2026] [security2:error] [pid 1647424:tid 1647424] [client 178.20.45.128:0] ModSecurity: Warning. Operator GE matched 5 at TX:inbound_anomaly_score. [file "/etc/apache2/conf.d/modsec_vendor_configs/OWASP3/rules/RESPONSE-980-CORRELATION.conf"] [line "92"] [id "980130"] [msg "Inbound Anomaly Score Exceeded (Total Inbound Score: 5 - SQLI=0,XSS=5,RFI=0,LFI=0,RCE=0,PHPI=0,HTTP=0,SESS=0): individual paranoia level scores: 5, 0, 0, 0"] [ver "OWASP_CRS/3.3.9"] [tag "event-correlation"] [hostname "maximsholdings.com"] [uri "/index.php"] [unique_id "ahoTfqx5TYSnSb9L73Rb7gAAAAg"], referer: https://maximsholdings.com/
[Sat May 30 04:00:25.053473 2026] [autoindex:error] [pid 1647472:tid 1647472] [client 20.151.134.172:0] AH01276: Cannot serve directory /home/visionsolutionsh/public_html/wp-includes/blocks/post-comments-form/: No matching DirectoryIndex (index.php,index.php8,index.php7,index.php5,index.perl,index.pl,index.plx,index.ppl,index.cgi,index.jsp,index.jp,index.phtml,index.shtml,index.xhtml,index.html,index.htm,index.js) found, and server-generated directory index forbidden by Options directive
[Sat May 30 04:00:25.481936 2026] [ssl:error] [pid 1647638:tid 1647638] (70014)End of file found: [client 66.85.158.91:56864] AH02013: coalesce failed to read from data bucket
[Sat May 30 04:00:26.836694 2026] [ssl:error] [pid 1647635:tid 1647635] (70014)End of file found: [client 66.85.158.91:56954] AH02013: coalesce failed to read from data bucket
[Sat May 30 04:00:26.983292 2026] [autoindex:error] [pid 1647424:tid 1647424] [client 20.151.134.172:0] AH01276: Cannot serve directory /home/visionsolutionsh/public_html/wp-admin/js/: No matching DirectoryIndex (index.php,index.php8,index.php7,index.php5,index.perl,index.pl,index.plx,index.ppl,index.cgi,index.jsp,index.jp,index.phtml,index.shtml,index.xhtml,index.html,index.htm,index.js) found, and server-generated directory index forbidden by Options directive
[Sat May 30 04:00:27.849024 2026] [ssl:error] [pid 1647472:tid 1647472] (70014)End of file found: [client 66.85.158.91:57036] AH02013: coalesce failed to read from data bucket
[Sat May 30 04:00:27.935882 2026] [security2:error] [pid 1647641:tid 1647641] [client 216.73.216.174:0] ModSecurity: collections_remove_stale: Failed to access DBM file "/var/cpanel/secdatadir/anandaob-global": Permission denied [hostname "anandaobauae.org"] [uri "/js/Bl4ckhOle/root/proc/self/cwd/lib/dracut/dracut-initramfs-restore"] [unique_id "ahoTgw5oVQl1UP8SRROfpgAAABs"]
[Sat May 30 04:00:27.935965 2026] [security2:error] [pid 1647641:tid 1647641] [client 216.73.216.174:0] ModSecurity: collections_remove_stale: Failed to access DBM file "/var/cpanel/secdatadir/anandaob-ip": Permission denied [hostname "anandaobauae.org"] [uri "/js/Bl4ckhOle/root/proc/self/cwd/lib/dracut/dracut-initramfs-restore"] [unique_id "ahoTgw5oVQl1UP8SRROfpgAAABs"]
[Sat May 30 04:00:28.009715 2026] [ssl:error] [pid 1647351:tid 1647351] (70014)End of file found: [client 66.85.158.91:57076] AH02013: coalesce failed to read from data bucket
[Sat May 30 04:00:28.211517 2026] [ssl:error] [pid 1647554:tid 1647554] (70014)End of file found: [client 66.85.158.91:57104] AH02013: coalesce failed to read from data bucket
[Sat May 30 04:00:28.627206 2026] [ssl:error] [pid 1647356:tid 1647356] (5)Input/output error: [client 66.85.158.91:57188] AH02013: coalesce failed to read from data bucket
[Sat May 30 04:00:28.742754 2026] [ssl:error] [pid 1648304:tid 1648304] (70014)End of file found: [client 66.85.158.91:57202] AH02013: coalesce failed to read from data bucket
[Sat May 30 04:00:28.745360 2026] [ssl:error] [pid 1647398:tid 1647398] (5)Input/output error: [client 66.85.158.91:57206] AH02013: coalesce failed to read from data bucket
[Sat May 30 04:00:28.884825 2026] [security2:error] [pid 1647616:tid 1647616] [client 216.73.216.174:0] ModSecurity: collections_remove_stale: Failed to access DBM file "/var/cpanel/secdatadir/anandaob-global": Permission denied [hostname "anandaobauae.org"] [uri "/js/Bl4ckhOle/root/usr/share/cagefs-skeleton/opt/imunify360/venv/lib64/python3.11/site-packages/im360/"] [unique_id "ahoThF1zUaK31EjJuSLf8AAAAAw"]
[Sat May 30 04:00:28.884894 2026] [security2:error] [pid 1647616:tid 1647616] [client 216.73.216.174:0] ModSecurity: collections_remove_stale: Failed to access DBM file "/var/cpanel/secdatadir/anandaob-ip": Permission denied [hostname "anandaobauae.org"] [uri "/js/Bl4ckhOle/root/usr/share/cagefs-skeleton/opt/imunify360/venv/lib64/python3.11/site-packages/im360/"] [unique_id "ahoThF1zUaK31EjJuSLf8AAAAAw"]
[Sat May 30 04:00:28.939583 2026] [ssl:error] [pid 1648345:tid 1648345] (5)Input/output error: [client 66.85.158.91:57220] AH02013: coalesce failed to read from data bucket
[Sat May 30 04:00:29.152735 2026] [ssl:error] [pid 1648359:tid 1648359] (5)Input/output error: [client 66.85.158.91:57234] AH02013: coalesce failed to read from data bucket
[Sat May 30 04:00:29.253649 2026] [core:error] [pid 1648360:tid 1648360] (13)Permission denied: [client 216.73.216.174:0] AH00132: file permissions deny server access: /home/anandaob/public_html/js/Bl4ckhOle/root/proc/self/cwd/sys/class/tty/console/subsystem/ttyS1/port
[Sat May 30 04:00:29.343017 2026] [ssl:error] [pid 1647618:tid 1647618] (70014)End of file found: [client 66.85.158.91:57260] AH02013: coalesce failed to read from data bucket
[Sat May 30 04:00:29.572773 2026] [ssl:error] [pid 1647424:tid 1647424] (70014)End of file found: [client 66.85.158.91:57280] AH02013: coalesce failed to read from data bucket
[Sat May 30 04:00:29.953520 2026] [ssl:error] [pid 1648377:tid 1648377] (70014)End of file found: [client 66.85.158.91:57322] AH02013: coalesce failed to read from data bucket
[Sat May 30 04:00:29.964368 2026] [ssl:error] [pid 1649573:tid 1649573] (70014)End of file found: [client 66.85.158.91:57332] AH02013: coalesce failed to read from data bucket
[Sat May 30 04:00:30.051381 2026] [ssl:error] [pid 1647383:tid 1647383] (70014)End of file found: [client 66.85.158.91:57352] AH02013: coalesce failed to read from data bucket
[Sat May 30 04:00:30.810332 2026] [ssl:error] [pid 1647353:tid 1647353] (70014)End of file found: [client 66.85.158.91:54520] AH02013: coalesce failed to read from data bucket
[Sat May 30 04:00:32.116279 2026] [ssl:error] [pid 1647634:tid 1647634] (70014)End of file found: [client 66.85.158.91:54592] AH02013: coalesce failed to read from data bucket
[Sat May 30 04:00:32.971819 2026] [ssl:error] [pid 1648375:tid 1648375] (70014)End of file found: [client 66.85.158.91:54666] AH02013: coalesce failed to read from data bucket
[Sat May 30 04:00:32.972074 2026] [security2:error] [pid 1648375:tid 1648375] [client 57.141.14.12:0] ModSecurity: collections_remove_stale: Failed to access DBM file "/var/cpanel/secdatadir/anandaob-global": Permission denied [hostname "www.anandaobauae.org"] [uri "/js/Bl4ckhOle/root/proc/thread-self/root/sys/devices/system/memory/memory123/node0/cpu0/driver/cpu2/subsystem/drivers_autoprobe"] [unique_id "ahoTiDY-RMYgQUMJ8aKqVQAAACI"]
[Sat May 30 04:00:32.972134 2026] [security2:error] [pid 1648375:tid 1648375] [client 57.141.14.12:0] ModSecurity: collections_remove_stale: Failed to access DBM file "/var/cpanel/secdatadir/anandaob-ip": Permission denied [hostname "www.anandaobauae.org"] [uri "/js/Bl4ckhOle/root/proc/thread-self/root/sys/devices/system/memory/memory123/node0/cpu0/driver/cpu2/subsystem/drivers_autoprobe"] [unique_id "ahoTiDY-RMYgQUMJ8aKqVQAAACI"]
[Sat May 30 04:00:33.318481 2026] [ssl:error] [pid 1647619:tid 1647619] (70014)End of file found: [client 66.85.158.91:54686] AH02013: coalesce failed to read from data bucket
[Sat May 30 04:00:33.628891 2026] [ssl:error] [pid 1647367:tid 1647367] (70014)End of file found: [client 66.85.158.91:54716] AH02013: coalesce failed to read from data bucket
[Sat May 30 04:00:34.040093 2026] [ssl:error] [pid 1647453:tid 1647453] (70014)End of file found: [client 66.85.158.91:54736] AH02013: coalesce failed to read from data bucket
[Sat May 30 04:00:34.644327 2026] [ssl:error] [pid 1647994:tid 1647994] (5)Input/output error: [client 66.85.158.91:54798] AH02013: coalesce failed to read from data bucket
[Sat May 30 04:00:34.967774 2026] [ssl:error] [pid 1647398:tid 1647398] (70014)End of file found: [client 66.85.158.91:54840] AH02013: coalesce failed to read from data bucket
[Sat May 30 04:00:35.045589 2026] [ssl:error] [pid 1648345:tid 1648345] (70014)End of file found: [client 66.85.158.91:54860] AH02013: coalesce failed to read from data bucket
[Sat May 30 04:00:35.155928 2026] [ssl:error] [pid 1647352:tid 1647352] (70014)End of file found: [client 66.85.158.91:54868] AH02013: coalesce failed to read from data bucket
[Sat May 30 04:00:35.198488 2026] [ssl:error] [pid 1648359:tid 1648359] (70014)End of file found: [client 66.85.158.91:54874] AH02013: coalesce failed to read from data bucket
[Sat May 30 04:00:35.239897 2026] [ssl:error] [pid 1647618:tid 1647618] (70014)End of file found: [client 66.85.158.91:54890] AH02013: coalesce failed to read from data bucket
[Sat May 30 04:00:35.353502 2026] [ssl:error] [pid 1647554:tid 1647554] (70014)End of file found: [client 66.85.158.91:54912] AH02013: coalesce failed to read from data bucket
[Sat May 30 04:00:35.481282 2026] [security2:error] [pid 1648376:tid 1648376] [client 85.11.167.19:0] ModSecurity: Warning. Matched phrase "/.env" at REQUEST_FILENAME. [file "/etc/apache2/conf.d/modsec_vendor_configs/OWASP3/rules/REQUEST-930-APPLICATION-ATTACK-LFI.conf"] [line "125"] [id "930130"] [msg "Restricted File Access Attempt"] [data "Matched Data: /.env found within REQUEST_FILENAME: /.env"] [severity "CRITICAL"] [ver "OWASP_CRS/3.3.9"] [tag "application-multi"] [tag "language-multi"] [tag "platform-multi"] [tag "attack-lfi"] [tag "paranoia-level/1"] [tag "OWASP_CRS"] [tag "capec/1000/255/153/126"] [tag "PCI/6.5.4"] [hostname "web.venee.lk"] [uri "/.env"] [unique_id "ahoTi2kcf4j8kpyAhqUn_wAAACQ"]
[Sat May 30 04:00:35.481563 2026] [security2:error] [pid 1648376:tid 1648376] [client 85.11.167.19:0] ModSecurity: Warning. Operator GE matched 5 at TX:anomaly_score. [file "/etc/apache2/conf.d/modsec_vendor_configs/OWASP3/rules/REQUEST-949-BLOCKING-EVALUATION.conf"] [line "94"] [id "949110"] [msg "Inbound Anomaly Score Exceeded (Total Score: 5)"] [severity "CRITICAL"] [ver "OWASP_CRS/3.3.9"] [tag "application-multi"] [tag "language-multi"] [tag "platform-multi"] [tag "attack-generic"] [hostname "web.venee.lk"] [uri "/.env"] [unique_id "ahoTi2kcf4j8kpyAhqUn_wAAACQ"]
[Sat May 30 04:00:35.481923 2026] [core:error] [pid 1648376:tid 1648376] [client 85.11.167.19:0] AH00124: Request exceeded the limit of 10 internal redirects due to probable configuration error. Use 'LimitInternalRecursion' to increase the limit if necessary. Use 'LogLevel debug' to get a backtrace.
[Sat May 30 04:00:35.481934 2026] [core:error] [pid 1648376:tid 1648376] [client 85.11.167.19:0] AH00124: Request exceeded the limit of 10 internal redirects due to probable configuration error. Use 'LimitInternalRecursion' to increase the limit if necessary. Use 'LogLevel debug' to get a backtrace.
[Sat May 30 04:00:35.482184 2026] [ssl:error] [pid 1647616:tid 1647616] (70014)End of file found: [client 66.85.158.91:54920] AH02013: coalesce failed to read from data bucket
[Sat May 30 04:00:35.482221 2026] [security2:error] [pid 1648376:tid 1648376] [client 85.11.167.19:0] ModSecurity: Warning. Operator GE matched 5 at TX:inbound_anomaly_score. [file "/etc/apache2/conf.d/modsec_vendor_configs/OWASP3/rules/RESPONSE-980-CORRELATION.conf"] [line "92"] [id "980130"] [msg "Inbound Anomaly Score Exceeded (Total Inbound Score: 5 - SQLI=0,XSS=0,RFI=0,LFI=5,RCE=0,PHPI=0,HTTP=0,SESS=0): individual paranoia level scores: 5, 0, 0, 0"] [ver "OWASP_CRS/3.3.9"] [tag "event-correlation"] [hostname "web.venee.lk"] [uri "/index.php"] [unique_id "ahoTi2kcf4j8kpyAhqUn_wAAACQ"]
[Sat May 30 04:00:35.651569 2026] [ssl:error] [pid 1647356:tid 1647356] (70014)End of file found: [client 66.85.158.91:54940] AH02013: coalesce failed to read from data bucket
[Sat May 30 04:00:35.726850 2026] [ssl:error] [pid 1648377:tid 1648377] (70014)End of file found: [client 66.85.158.91:54964] AH02013: coalesce failed to read from data bucket
[Sat May 30 04:00:35.797268 2026] [core:error] [pid 1647383:tid 1647383] (13)Permission denied: [client 57.141.14.11:0] AH00132: file permissions deny server access: /home/anandaob/public_html/js/Bl4ckhOle/root/proc/thread-self/root/sys/devices/system/memory/memory51/node0/memory127/node0/cpu3/firmware_node/eject
[Sat May 30 04:00:35.852107 2026] [ssl:error] [pid 1649780:tid 1649780] (5)Input/output error: [client 66.85.158.91:54982] AH02013: coalesce failed to read from data bucket
[Sat May 30 04:00:36.401284 2026] [ssl:error] [pid 1648376:tid 1648376] (70014)End of file found: [client 66.85.158.91:54996] AH02013: coalesce failed to read from data bucket
[Sat May 30 04:00:38.006785 2026] [ssl:error] [pid 1647368:tid 1647368] (70014)End of file found: [client 66.85.158.91:55076] AH02013: coalesce failed to read from data bucket
[Sat May 30 04:00:38.568221 2026] [ssl:error] [pid 1647350:tid 1647350] (70014)End of file found: [client 66.85.158.91:55096] AH02013: coalesce failed to read from data bucket
[Sat May 30 04:00:38.723378 2026] [ssl:error] [pid 1648304:tid 1648304] (5)Input/output error: [client 66.85.158.91:55116] AH02013: coalesce failed to read from data bucket
[Sat May 30 04:00:38.778866 2026] [ssl:error] [pid 1647634:tid 1647634] (70014)End of file found: [client 66.85.158.91:55132] AH02013: coalesce failed to read from data bucket
[Sat May 30 04:00:39.273176 2026] [ssl:error] [pid 1647372:tid 1647372] (70014)End of file found: [client 66.85.158.91:55144] AH02013: coalesce failed to read from data bucket
[Sat May 30 04:00:39.702095 2026] [ssl:error] [pid 1647472:tid 1647472] (70014)End of file found: [client 66.85.158.91:55210] AH02013: coalesce failed to read from data bucket
[Sat May 30 04:00:40.154399 2026] [ssl:error] [pid 1647367:tid 1647367] (70014)End of file found: [client 66.85.158.91:55234] AH02013: coalesce failed to read from data bucket
[Sat May 30 04:00:40.181565 2026] [ssl:error] [pid 1647351:tid 1647351] (70014)End of file found: [client 66.85.158.91:55244] AH02013: coalesce failed to read from data bucket
[Sat May 30 04:00:40.287546 2026] [ssl:error] [pid 1647640:tid 1647640] (70014)End of file found: [client 66.85.158.91:55250] AH02013: coalesce failed to read from data bucket
[Sat May 30 04:00:40.391198 2026] [ssl:error] [pid 1649573:tid 1649573] (70014)End of file found: [client 66.85.158.91:55264] AH02013: coalesce failed to read from data bucket
[Sat May 30 04:00:40.484273 2026] [ssl:error] [pid 1647424:tid 1647424] (70014)End of file found: [client 66.85.158.91:55272] AH02013: coalesce failed to read from data bucket
[Sat May 30 04:00:40.585816 2026] [ssl:error] [pid 1648360:tid 1648360] (70014)End of file found: [client 66.85.158.91:55286] AH02013: coalesce failed to read from data bucket
[Sat May 30 04:00:40.590363 2026] [core:error] [pid 1647641:tid 1647641] (13)Permission denied: [client 57.141.14.45:0] AH00132: file permissions deny server access: /home/anandaob/public_html/js/Bl4ckhOle/root/proc/thread-self/root/sys/bus/memory/devices/memory14/node0/memory23/node0/memory34/subsystem/drivers_probe
[Sat May 30 04:00:40.740413 2026] [ssl:error] [pid 1647994:tid 1647994] (70014)End of file found: [client 66.85.158.91:36626] AH02013: coalesce failed to read from data bucket
[Sat May 30 04:00:40.787846 2026] [ssl:error] [pid 1647619:tid 1647619] (70014)End of file found: [client 66.85.158.91:36642] AH02013: coalesce failed to read from data bucket
[Sat May 30 04:00:41.054063 2026] [ssl:error] [pid 1647398:tid 1647398] (70014)End of file found: [client 66.85.158.91:36670] AH02013: coalesce failed to read from data bucket
[Sat May 30 04:00:43.053098 2026] [ssl:error] [pid 1649780:tid 1649780] (70014)End of file found: [client 66.85.158.91:36790] AH02013: coalesce failed to read from data bucket
[Sat May 30 04:00:43.188135 2026] [ssl:error] [pid 1648375:tid 1648375] (70014)End of file found: [client 66.85.158.91:36792] AH02013: coalesce failed to read from data bucket
[Sat May 30 04:00:43.410123 2026] [ssl:error] [pid 1647635:tid 1647635] (70014)End of file found: [client 66.85.158.91:36816] AH02013: coalesce failed to read from data bucket
[Sat May 30 04:00:43.765879 2026] [security2:error] [pid 1647638:tid 1647638] [client 66.85.158.91:0] ModSecurity: collections_remove_stale: Failed to access DBM file "/var/cpanel/secdatadir/nsteeleng-global": Permission denied [hostname "nsteeleng.com"] [uri "/wp-cron.php"] [unique_id "ahoTkxg9Y8ymLwhZzeKpZgAAABg"]
[Sat May 30 04:00:43.765968 2026] [security2:error] [pid 1647638:tid 1647638] [client 66.85.158.91:0] ModSecurity: collections_remove_stale: Failed to access DBM file "/var/cpanel/secdatadir/nsteeleng-ip": Permission denied [hostname "nsteeleng.com"] [uri "/wp-cron.php"] [unique_id "ahoTkxg9Y8ymLwhZzeKpZgAAABg"]
[Sat May 30 04:00:43.942715 2026] [core:error] [pid 1647453:tid 1647453] (13)Permission denied: [client 216.73.216.174:0] AH00132: file permissions deny server access: /home/anandaob/public_html/js/Bl4ckhOle/root/proc/thread-self/cwd/sys/class/tty/tty38/subsystem/ttyS3/irq
[Sat May 30 04:00:43.943351 2026] [security2:error] [pid 1647453:tid 1647453] [client 216.73.216.174:0] ModSecurity: collections_remove_stale: Failed to access DBM file "/var/cpanel/secdatadir/anandaob-global": Permission denied [hostname "anandaobauae.org"] [uri "/js/Bl4ckhOle/root/proc/thread-self/cwd/sys/class/tty/tty38/subsystem/ttyS3/irq"] [unique_id "ahoTk6-QagIqVGssDFSPxAAAAAo"]
[Sat May 30 04:00:43.943406 2026] [security2:error] [pid 1647453:tid 1647453] [client 216.73.216.174:0] ModSecurity: collections_remove_stale: Failed to access DBM file "/var/cpanel/secdatadir/anandaob-ip": Permission denied [hostname "anandaobauae.org"] [uri "/js/Bl4ckhOle/root/proc/thread-self/cwd/sys/class/tty/tty38/subsystem/ttyS3/irq"] [unique_id "ahoTk6-QagIqVGssDFSPxAAAAAo"]
[Sat May 30 04:00:44.050422 2026] [ssl:error] [pid 1647536:tid 1647536] (70014)End of file found: [client 66.85.158.91:36844] AH02013: coalesce failed to read from data bucket
[Sat May 30 04:00:44.393883 2026] [ssl:error] [pid 1647352:tid 1647352] (70014)End of file found: [client 66.85.158.91:36880] AH02013: coalesce failed to read from data bucket
[Sat May 30 04:00:44.547335 2026] [ssl:error] [pid 1647554:tid 1647554] (70014)End of file found: [client 66.85.158.91:36894] AH02013: coalesce failed to read from data bucket
[Sat May 30 04:00:44.852880 2026] [ssl:error] [pid 1647638:tid 1647638] (5)Input/output error: [client 66.85.158.91:36906] AH02013: coalesce failed to read from data bucket
[Sat May 30 04:00:45.352756 2026] [ssl:error] [pid 1647453:tid 1647453] (70014)End of file found: [client 66.85.158.91:36936] AH02013: coalesce failed to read from data bucket
[Sat May 30 04:00:45.395356 2026] [core:error] [pid 1647356:tid 1647356] (13)Permission denied: [client 85.208.96.203:0] AH00132: file permissions deny server access: /home/anandaob/public_html/public_html/js/Bl4ckhOle/root/usr/tmp/20250714-083640-aHR0QMr0HfD9_YI5qIlF5AAAAAY-file-sfemU1
[Sat May 30 04:00:45.976977 2026] [ssl:error] [pid 1647353:tid 1647353] (70014)End of file found: [client 66.85.158.91:37028] AH02013: coalesce failed to read from data bucket
[Sat May 30 04:00:46.072519 2026] [ssl:error] [pid 1647640:tid 1647640] (70014)End of file found: [client 66.85.158.91:37066] AH02013: coalesce failed to read from data bucket
[Sat May 30 04:00:46.460878 2026] [ssl:error] [pid 1647368:tid 1647368] (70014)End of file found: [client 66.85.158.91:37148] AH02013: coalesce failed to read from data bucket
[Sat May 30 04:00:46.590156 2026] [autoindex:error] [pid 1647472:tid 1647472] [client 20.151.134.172:0] AH01276: Cannot serve directory /home/visionsolutionsh/public_html/wp-admin/css/: No matching DirectoryIndex (index.php,index.php8,index.php7,index.php5,index.perl,index.pl,index.plx,index.ppl,index.cgi,index.jsp,index.jp,index.phtml,index.shtml,index.xhtml,index.html,index.htm,index.js) found, and server-generated directory index forbidden by Options directive
[Sat May 30 04:00:46.669200 2026] [ssl:error] [pid 1647383:tid 1647383] (70014)End of file found: [client 66.85.158.91:37168] AH02013: coalesce failed to read from data bucket
[Sat May 30 04:00:46.825767 2026] [ssl:error] [pid 1648304:tid 1648304] (5)Input/output error: [client 66.85.158.91:37200] AH02013: coalesce failed to read from data bucket
[Sat May 30 04:00:46.884335 2026] [ssl:error] [pid 1647367:tid 1647367] (70014)End of file found: [client 66.85.158.91:37202] AH02013: coalesce failed to read from data bucket
[Sat May 30 04:00:46.971366 2026] [ssl:error] [pid 1647398:tid 1647398] (70014)End of file found: [client 66.85.158.91:37234] AH02013: coalesce failed to read from data bucket
[Sat May 30 04:00:47.075196 2026] [ssl:error] [pid 1648359:tid 1648359] (70014)End of file found: [client 66.85.158.91:37250] AH02013: coalesce failed to read from data bucket
[Sat May 30 04:00:47.163711 2026] [core:error] [pid 1647356:tid 1647356] (13)Permission denied: [client 74.7.243.216:0] AH00132: file permissions deny server access: /home/anandaob/public_html/js/Bl4ckhOle/root/sys/kernel/slab/xfs_efi_item/object_size, referer: https://www.anandaobauae.org/js/Bl4ckhOle/root/sys/kernel/slab/xfs_efi_item/
[Sat May 30 04:00:47.175361 2026] [ssl:error] [pid 1649573:tid 1649573] (70014)End of file found: [client 66.85.158.91:37260] AH02013: coalesce failed to read from data bucket
[Sat May 30 04:00:47.279015 2026] [ssl:error] [pid 1647424:tid 1647424] (70014)End of file found: [client 66.85.158.91:37274] AH02013: coalesce failed to read from data bucket
[Sat May 30 04:00:47.380414 2026] [ssl:error] [pid 1648377:tid 1648377] (70014)End of file found: [client 66.85.158.91:37296] AH02013: coalesce failed to read from data bucket
[Sat May 30 04:00:48.253651 2026] [ssl:error] [pid 1648376:tid 1648376] (70014)End of file found: [client 66.85.158.91:37360] AH02013: coalesce failed to read from data bucket
[Sat May 30 04:00:48.341847 2026] [autoindex:error] [pid 1647616:tid 1647616] [client 20.151.134.172:0] AH01276: Cannot serve directory /home/visionsolutionsh/public_html/wp-admin/css/colors/modern/: No matching DirectoryIndex (index.php,index.php8,index.php7,index.php5,index.perl,index.pl,index.plx,index.ppl,index.cgi,index.jsp,index.jp,index.phtml,index.shtml,index.xhtml,index.html,index.htm,index.js) found, and server-generated directory index forbidden by Options directive
[Sat May 30 04:00:48.664340 2026] [ssl:error] [pid 1647356:tid 1647356] (70014)End of file found: [client 66.85.158.91:37392] AH02013: coalesce failed to read from data bucket
[Sat May 30 04:00:49.278044 2026] [ssl:error] [pid 1647619:tid 1647619] (70014)End of file found: [client 66.85.158.91:37408] AH02013: coalesce failed to read from data bucket
[Sat May 30 04:00:49.296371 2026] [security2:error] [pid 1647619:tid 1647619] [client 57.141.14.38:0] ModSecurity: collections_remove_stale: Failed to access DBM file "/var/cpanel/secdatadir/anandaob-global": Permission denied [hostname "www.anandaobauae.org"] [uri "/js/Bl4ckhOle/root/proc/thread-self/root/sys/bus/memory/devices/memory122/node0/memory87/node0/memory6/valid_zones"] [unique_id "ahoTmSbmtfvzBEpSLkKVzAAAABM"]
[Sat May 30 04:00:49.296424 2026] [security2:error] [pid 1647619:tid 1647619] [client 57.141.14.38:0] ModSecurity: collections_remove_stale: Failed to access DBM file "/var/cpanel/secdatadir/anandaob-ip": Permission denied [hostname "www.anandaobauae.org"] [uri "/js/Bl4ckhOle/root/proc/thread-self/root/sys/bus/memory/devices/memory122/node0/memory87/node0/memory6/valid_zones"] [unique_id "ahoTmSbmtfvzBEpSLkKVzAAAABM"]
[Sat May 30 04:00:49.596725 2026] [ssl:error] [pid 1647472:tid 1647472] (70014)End of file found: [client 66.85.158.91:37420] AH02013: coalesce failed to read from data bucket
[Sat May 30 04:00:49.811094 2026] [ssl:error] [pid 1647635:tid 1647635] (70014)End of file found: [client 66.85.158.91:37446] AH02013: coalesce failed to read from data bucket
[Sat May 30 04:00:50.143143 2026] [core:error] [pid 1647634:tid 1647634] (13)Permission denied: [client 216.73.216.174:0] AH00132: file permissions deny server access: /home/anandaob/public_html/js/Bl4ckhOle/root/proc/thread-self/cwd/sys/module/irqbypass/holders/kvm/uevent
[Sat May 30 04:00:50.244054 2026] [ssl:error] [pid 1647618:tid 1647618] (70014)End of file found: [client 66.85.158.91:37488] AH02013: coalesce failed to read from data bucket
[Sat May 30 04:00:50.313915 2026] [ssl:error] [pid 1647994:tid 1647994] (70014)End of file found: [client 66.85.158.91:37498] AH02013: coalesce failed to read from data bucket
[Sat May 30 04:00:50.374579 2026] [mime:warn] [pid 1647554:tid 1647554] AH01599: Cannot get media type from 'txt'
[Sat May 30 04:00:50.649360 2026] [ssl:error] [pid 1647616:tid 1647616] (70014)End of file found: [client 66.85.158.91:36792] AH02013: coalesce failed to read from data bucket
[Sat May 30 04:00:51.852178 2026] [ssl:error] [pid 1647353:tid 1647353] (70014)End of file found: [client 66.85.158.91:36898] AH02013: coalesce failed to read from data bucket
[Sat May 30 04:00:52.364101 2026] [ssl:error] [pid 1648304:tid 1648304] (70014)End of file found: [client 66.85.158.91:36992] AH02013: coalesce failed to read from data bucket
[Sat May 30 04:00:52.492883 2026] [ssl:error] [pid 1647367:tid 1647367] (70014)End of file found: [client 66.85.158.91:37002] AH02013: coalesce failed to read from data bucket
[Sat May 30 04:00:52.960162 2026] [ssl:error] [pid 1647638:tid 1647638] (5)Input/output error: [client 66.85.158.91:37076] AH02013: coalesce failed to read from data bucket
[Sat May 30 04:00:53.357375 2026] [ssl:error] [pid 1648345:tid 1648345] (5)Input/output error: [client 66.85.158.91:37146] AH02013: coalesce failed to read from data bucket
[Sat May 30 04:00:53.483923 2026] [core:error] [pid 1647352:tid 1647352] (13)Permission denied: [client 216.73.216.174:0] AH00132: file permissions deny server access: /home/anandaob/public_html/js/Bl4ckhOle/root/sys/class/mdio_bus/fixed-0/device/subsystem/drivers/usb-conn-gpio/bind
[Sat May 30 04:00:53.566084 2026] [ssl:error] [pid 1647453:tid 1647453] (70014)End of file found: [client 66.85.158.91:37198] AH02013: coalesce failed to read from data bucket
[Sat May 30 04:00:53.655161 2026] [ssl:error] [pid 1647424:tid 1647424] (70014)End of file found: [client 66.85.158.91:37212] AH02013: coalesce failed to read from data bucket
[Sat May 30 04:00:53.851085 2026] [ssl:error] [pid 1648376:tid 1648376] (70014)End of file found: [client 66.85.158.91:37256] AH02013: coalesce failed to read from data bucket
[Sat May 30 04:00:53.889254 2026] [ssl:error] [pid 1649780:tid 1649780] (70014)End of file found: [client 66.85.158.91:37270] AH02013: coalesce failed to read from data bucket
[Sat May 30 04:00:54.064006 2026] [ssl:error] [pid 1649573:tid 1649573] (70014)End of file found: [client 66.85.158.91:37290] AH02013: coalesce failed to read from data bucket
[Sat May 30 04:00:55.502022 2026] [ssl:error] [pid 1648375:tid 1648375] (70014)End of file found: [client 66.85.158.91:37362] AH02013: coalesce failed to read from data bucket
[Sat May 30 04:00:55.593080 2026] [ssl:error] [pid 1647352:tid 1647352] (70014)End of file found: [client 66.85.158.91:37382] AH02013: coalesce failed to read from data bucket
[Sat May 30 04:00:55.685579 2026] [ssl:error] [pid 1647554:tid 1647554] (70014)End of file found: [client 66.85.158.91:37392] AH02013: coalesce failed to read from data bucket
[Sat May 30 04:00:55.706617 2026] [ssl:error] [pid 1647368:tid 1647368] (70014)End of file found: [client 66.85.158.91:37398] AH02013: coalesce failed to read from data bucket
[Sat May 30 04:00:57.619490 2026] [ssl:error] [pid 1647641:tid 1647641] (70014)End of file found: [client 66.85.158.91:37508] AH02013: coalesce failed to read from data bucket
[Sat May 30 04:00:57.722161 2026] [ssl:error] [pid 1647398:tid 1647398] (5)Input/output error: [client 66.85.158.91:37512] AH02013: coalesce failed to read from data bucket
[Sat May 30 04:00:58.699410 2026] [ssl:error] [pid 1647353:tid 1647353] (70014)End of file found: [client 66.85.158.91:37556] AH02013: coalesce failed to read from data bucket
[Sat May 30 04:00:58.727137 2026] [core:error] [pid 1648360:tid 1648360] (13)Permission denied: [client 57.141.14.102:0] AH00132: file permissions deny server access: /home/anandaob/public_html/js/Bl4ckhOle/root/proc/thread-self/root/sys/devices/system/memory/memory100/node0/memory49/node0/memory76/subsystem/drivers_probe
[Sat May 30 04:00:58.759763 2026] [ssl:error] [pid 1647994:tid 1647994] (70014)End of file found: [client 66.85.158.91:37578] AH02013: coalesce failed to read from data bucket
[Sat May 30 04:00:58.847877 2026] [ssl:error] [pid 1647619:tid 1647619] (5)Input/output error: [client 66.85.158.91:37586] AH02013: coalesce failed to read from data bucket
[Sat May 30 04:00:59.057363 2026] [ssl:error] [pid 1647635:tid 1647635] (70014)End of file found: [client 66.85.158.91:37620] AH02013: coalesce failed to read from data bucket
[Sat May 30 04:00:59.157144 2026] [ssl:error] [pid 1647616:tid 1647616] (5)Input/output error: [client 66.85.158.91:37634] AH02013: coalesce failed to read from data bucket
[Sat May 30 04:00:59.347327 2026] [autoindex:error] [pid 1647618:tid 1647618] [client 20.151.134.172:0] AH01276: Cannot serve directory /home/visionsolutionsh/public_html/wp-includes/blocks/details/: No matching DirectoryIndex (index.php,index.php8,index.php7,index.php5,index.perl,index.pl,index.plx,index.ppl,index.cgi,index.jsp,index.jp,index.phtml,index.shtml,index.xhtml,index.html,index.htm,index.js) found, and server-generated directory index forbidden by Options directive
[Sat May 30 04:00:59.767087 2026] [ssl:error] [pid 1648345:tid 1648345] (70014)End of file found: [client 66.85.158.91:37730] AH02013: coalesce failed to read from data bucket
[Sat May 30 04:00:59.876193 2026] [core:error] [pid 1649573:tid 1649573] (13)Permission denied: [client 216.73.216.174:0] AH00132: file permissions deny server access: /home/anandaob/public_html/js/Bl4ckhOle/root/sys/devices/pci0000:00/firmware_node/wakeup/wakeup11/device/device:0a/subsystem/uevent
[Sat May 30 04:01:00.289074 2026] [ssl:error] [pid 1647351:tid 1647351] (70014)End of file found: [client 66.85.158.91:37812] AH02013: coalesce failed to read from data bucket
[Sat May 30 04:01:00.508571 2026] [ssl:error] [pid 1647536:tid 1647536] (70014)End of file found: [client 66.85.158.91:37834] AH02013: coalesce failed to read from data bucket
[Sat May 30 04:01:00.590331 2026] [ssl:error] [pid 1649573:tid 1649573] (70014)End of file found: [client 66.85.158.91:37842] AH02013: coalesce failed to read from data bucket
[Sat May 30 04:01:01.014089 2026] [ssl:error] [pid 1647472:tid 1647472] (70014)End of file found: [client 66.85.158.91:52424] AH02013: coalesce failed to read from data bucket
[Sat May 30 04:01:01.022294 2026] [autoindex:error] [pid 1648375:tid 1648375] [client 20.151.134.172:0] AH01276: Cannot serve directory /home/visionsolutionsh/public_html/wp-includes/blocks/audio/: No matching DirectoryIndex (index.php,index.php8,index.php7,index.php5,index.perl,index.pl,index.plx,index.ppl,index.cgi,index.jsp,index.jp,index.phtml,index.shtml,index.xhtml,index.html,index.htm,index.js) found, and server-generated directory index forbidden by Options directive
[Sat May 30 04:01:02.144730 2026] [ssl:error] [pid 1647638:tid 1647638] (70014)End of file found: [client 66.85.158.91:52560] AH02013: coalesce failed to read from data bucket
[Sat May 30 04:01:02.166536 2026] [ssl:error] [pid 1648376:tid 1648376] (5)Input/output error: [client 66.85.158.91:52564] AH02013: coalesce failed to read from data bucket
[Sat May 30 04:01:02.518083 2026] [ssl:error] [pid 1647402:tid 1647402] (70014)End of file found: [client 66.85.158.91:52576] AH02013: coalesce failed to read from data bucket
[Sat May 30 04:01:03.031673 2026] [ssl:error] [pid 1647383:tid 1647383] (70014)End of file found: [client 66.85.158.91:52616] AH02013: coalesce failed to read from data bucket
[Sat May 30 04:01:03.168044 2026] [core:error] [pid 1647424:tid 1647424] (13)Permission denied: [client 216.73.216.174:0] AH00132: file permissions deny server access: /home/anandaob/public_html/js/Bl4ckhOle/root/usr/share/cagefs-skeleton/proc/thread-self/cwd/sys/kernel/slab/dmaengine-unmap-128/shrink
[Sat May 30 04:01:03.266906 2026] [ssl:error] [pid 1647356:tid 1647356] (5)Input/output error: [client 66.85.158.91:52652] AH02013: coalesce failed to read from data bucket
[Sat May 30 04:01:03.392502 2026] [ssl:error] [pid 1647367:tid 1647367] (5)Input/output error: [client 66.85.158.91:52670] AH02013: coalesce failed to read from data bucket
[Sat May 30 04:01:03.480246 2026] [ssl:error] [pid 1647640:tid 1647640] (70014)End of file found: [client 66.85.158.91:52680] AH02013: coalesce failed to read from data bucket
[Sat May 30 04:01:04.056577 2026] [ssl:error] [pid 1647424:tid 1647424] (70014)End of file found: [client 66.85.158.91:52724] AH02013: coalesce failed to read from data bucket
[Sat May 30 04:01:05.116790 2026] [ssl:error] [pid 1647616:tid 1647616] (70014)End of file found: [client 66.85.158.91:52776] AH02013: coalesce failed to read from data bucket
[Sat May 30 04:01:05.269324 2026] [security2:error] [pid 1648304:tid 1648304] [client 79.127.134.22:0] ModSecurity: Warning. detected XSS using libinjection. [file "/etc/apache2/conf.d/modsec_vendor_configs/OWASP3/rules/REQUEST-941-APPLICATION-ATTACK-XSS.conf"] [line "56"] [id "941100"] [msg "XSS Attack Detected via libinjection"] [data "Matched Data: XSS data found within ARGS:result[_msg]: "] [severity "CRITICAL"] [ver "OWASP_CRS/3.3.9"] [tag "application-multi"] [tag "language-multi"] [tag "platform-multi"] [tag "attack-xss"] [tag "paranoia-level/1"] [tag "OWASP_CRS"] [tag "capec/1000/152/242"] [hostname "jrdc.lk"] [uri "/wp-json/litespeed/v1/cdn_status"] [unique_id "ahoTqVV0znFJEUiigi-c_QAAAB4"]
[Sat May 30 04:01:05.269414 2026] [security2:error] [pid 1648304:tid 1648304] [client 79.127.134.22:0] ModSecurity: Warning. Pattern match "(?i)]*>[\\\\s\\\\S]*?" at ARGS:result[_msg]. [file "/etc/apache2/conf.d/modsec_vendor_configs/OWASP3/rules/REQUEST-941-APPLICATION-ATTACK-XSS.conf"] [line "83"] [id "941110"] [msg "XSS Filter - Category 1: Script Tag Vector"] [data "Matched Data: "] [severity "CRITICAL"] [ver "OWASP_CRS/3.3.9"] [tag "application-multi"] [tag "language-multi"] [tag "platform-multi"] [tag "attack-xss"] [tag "paranoia-level/1"] [tag "OWASP_CRS"] [tag "capec/1000/152/242"] [hostname "jrdc.lk"] [uri "/wp-json/litespeed/v1/cdn_status"] [unique_id "ahoTqVV0znFJEUiigi-c_QAAAB4"]
[Sat May 30 04:01:05.269527 2026] [security2:error] [pid 1648304:tid 1648304] [client 79.127.134.22:0] ModSecurity: Warning. Pattern match "(?i:(?:<\\\\w[\\\\s\\\\S]*[\\\\s\\\\/]|['\\"](?:[\\\\s\\\\S]*[\\\\s\\\\/])?)(?:on(?:d(?:e(?:vice(?:(?:orienta|mo)tion|proximity|found|light)|livery(?:success|error)|activate)|r(?:ag(?:e(?:n(?:ter|d)|xit)|(?:gestur|leav)e|start|drop|over)|op)|i(?:s(?:c(?:hargingtimechange ..." at ARGS:result[_msg]. [file "/etc/apache2/conf.d/modsec_vendor_configs/OWASP3/rules/REQUEST-941-APPLICATION-ATTACK-XSS.conf"] [line "200"] [id "941160"] [msg "NoScript XSS InjectionChecker: HTML Injection"] [data "Matched Data: "] [severity "CRITICAL"] [ver "OWASP_CRS/3.3.9"] [tag "application-multi"] [tag "language-multi"] [tag "platform-multi"] [tag "attack-xss"] [tag "paranoia-level/1"] [tag "OWASP_CRS"] [tag "capec/1000/152/242"] [hostname "jrdc.lk"] [uri "/wp-json/litespeed/v1/cdn_status"] [unique_id "ahoTqVV0znFJEUiigi-c_QAAAB4"]
[Sat May 30 04:01:05.269900 2026] [security2:error] [pid 1648304:tid 1648304] [client 79.127.134.22:0] ModSecurity: Warning. Operator GE matched 5 at TX:anomaly_score. [file "/etc/apache2/conf.d/modsec_vendor_configs/OWASP3/rules/REQUEST-949-BLOCKING-EVALUATION.conf"] [line "94"] [id "949110"] [msg "Inbound Anomaly Score Exceeded (Total Score: 15)"] [severity "CRITICAL"] [ver "OWASP_CRS/3.3.9"] [tag "application-multi"] [tag "language-multi"] [tag "platform-multi"] [tag "attack-generic"] [hostname "jrdc.lk"] [uri "/wp-json/litespeed/v1/cdn_status"] [unique_id "ahoTqVV0znFJEUiigi-c_QAAAB4"]
[Sat May 30 04:01:05.270293 2026] [security2:error] [pid 1648304:tid 1648304] [client 79.127.134.22:0] ModSecurity: Warning. Operator GE matched 5 at TX:inbound_anomaly_score. [file "/etc/apache2/conf.d/modsec_vendor_configs/OWASP3/rules/RESPONSE-980-CORRELATION.conf"] [line "92"] [id "980130"] [msg "Inbound Anomaly Score Exceeded (Total Inbound Score: 15 - SQLI=0,XSS=15,RFI=0,LFI=0,RCE=0,PHPI=0,HTTP=0,SESS=0): individual paranoia level scores: 15, 0, 0, 0"] [ver "OWASP_CRS/3.3.9"] [tag "event-correlation"] [hostname "jrdc.lk"] [uri "/jrdcweb/index.html"] [unique_id "ahoTqVV0znFJEUiigi-c_QAAAB4"]
[Sat May 30 04:01:05.637614 2026] [core:error] [pid 1648375:tid 1648375] (13)Permission denied: [client 57.141.14.32:0] AH00132: file permissions deny server access: /home/anandaob/public_html/js/Bl4ckhOle/root/proc/thread-self/root/sys/bus/memory/devices/memory64/node0/memory98/node0/memory17/subsystem/uevent
[Sat May 30 04:01:05.822476 2026] [ssl:error] [pid 1647453:tid 1647453] (70014)End of file found: [client 66.85.158.91:52838] AH02013: coalesce failed to read from data bucket
[Sat May 30 04:01:06.494484 2026] [ssl:error] [pid 1647351:tid 1647351] (70014)End of file found: [client 66.85.158.91:52874] AH02013: coalesce failed to read from data bucket
[Sat May 30 04:01:06.497497 2026] [ssl:error] [pid 1647372:tid 1647372] (70014)End of file found: [client 66.85.158.91:52882] AH02013: coalesce failed to read from data bucket
[Sat May 30 04:01:06.504507 2026] [ssl:error] [pid 1647618:tid 1647618] (70014)End of file found: [client 66.85.158.91:52892] AH02013: coalesce failed to read from data bucket
[Sat May 30 04:01:06.520948 2026] [ssl:error] [pid 1648375:tid 1648375] (70014)End of file found: [client 66.85.158.91:52922] AH02013: coalesce failed to read from data bucket
[Sat May 30 04:01:06.521257 2026] [core:error] [pid 1647619:tid 1647619] (13)Permission denied: [client 216.73.216.174:0] AH00132: file permissions deny server access: /home/anandaob/public_html/js/Bl4ckhOle/root/sys/class/input/input6/device/driver/pcspkr/subsystem/drivers/gpio-clk/bind
[Sat May 30 04:01:06.522904 2026] [ssl:error] [pid 1649573:tid 1649573] (70014)End of file found: [client 66.85.158.91:52918] AH02013: coalesce failed to read from data bucket
[Sat May 30 04:01:06.523190 2026] [ssl:error] [pid 1649780:tid 1649780] (70014)End of file found: [client 66.85.158.91:52934] AH02013: coalesce failed to read from data bucket
[Sat May 30 04:01:06.524677 2026] [ssl:error] [pid 1647536:tid 1647536] (70014)End of file found: [client 66.85.158.91:52910] AH02013: coalesce failed to read from data bucket
[Sat May 30 04:01:06.554283 2026] [ssl:error] [pid 1648359:tid 1648359] (70014)End of file found: [client 66.85.158.91:52948] AH02013: coalesce failed to read from data bucket
[Sat May 30 04:01:06.620719 2026] [ssl:error] [pid 1647554:tid 1647554] (70014)End of file found: [client 66.85.158.91:52956] AH02013: coalesce failed to read from data bucket
[Sat May 30 04:01:06.727477 2026] [ssl:error] [pid 1648345:tid 1648345] (70014)End of file found: [client 66.85.158.91:52968] AH02013: coalesce failed to read from data bucket
[Sat May 30 04:01:07.387564 2026] [ssl:error] [pid 1647641:tid 1647641] (70014)End of file found: [client 66.85.158.91:52986] AH02013: coalesce failed to read from data bucket
[Sat May 30 04:01:07.847691 2026] [ssl:error] [pid 1647472:tid 1647472] (5)Input/output error: [client 66.85.158.91:53006] AH02013: coalesce failed to read from data bucket
[Sat May 30 04:01:07.888816 2026] [autoindex:error] [pid 1647994:tid 1647994] [client 20.151.134.172:0] AH01276: Cannot serve directory /home/visionsolutionsh/public_html/wp-includes/blocks/buttons/: No matching DirectoryIndex (index.php,index.php8,index.php7,index.php5,index.perl,index.pl,index.plx,index.ppl,index.cgi,index.jsp,index.jp,index.phtml,index.shtml,index.xhtml,index.html,index.htm,index.js) found, and server-generated directory index forbidden by Options directive
[Sat May 30 04:01:09.493106 2026] [ssl:error] [pid 1647356:tid 1647356] (5)Input/output error: [client 66.85.158.91:53098] AH02013: coalesce failed to read from data bucket
[Sat May 30 04:01:11.149537 2026] [ssl:error] [pid 1647352:tid 1647352] (70014)End of file found: [client 66.85.158.91:49318] AH02013: coalesce failed to read from data bucket
[Sat May 30 04:01:11.659325 2026] [ssl:error] [pid 1647616:tid 1647616] (70014)End of file found: [client 66.85.158.91:49350] AH02013: coalesce failed to read from data bucket
[Sat May 30 04:01:11.873209 2026] [ssl:error] [pid 1647402:tid 1647402] (70014)End of file found: [client 66.85.158.91:49364] AH02013: coalesce failed to read from data bucket
[Sat May 30 04:01:12.072319 2026] [core:error] [pid 1647453:tid 1647453] (13)Permission denied: [client 216.73.216.174:0] AH00132: file permissions deny server access: /home/anandaob/public_html/js/Bl4ckhOle/root/sys/devices/virtual/tty/tty11/subsystem/ttyS3/device/driver/bind
