[Sat May 30 05:36:05.994580 2026] [security2:error] [pid 1696685:tid 1696685] [client 216.244.66.249:0] ModSecurity: Warning. String match within "/accept-charset/ /content-encoding/ /proxy/ /lock-token/ /content-range/ /if/" at TX:header_name_accept-charset. [file "/etc/apache2/conf.d/modsec_vendor_configs/OWASP3/rules/REQUEST-920-PROTOCOL-ENFORCEMENT.conf"] [line "1127"] [id "920450"] [msg "HTTP header is restricted by policy (/accept-charset/)"] [data "Restricted header detected: /accept-charset/"] [severity "CRITICAL"] [ver "OWASP_CRS/3.3.9"] [tag "application-multi"] [tag "language-multi"] [tag "platform-multi"] [tag "attack-protocol"] [tag "paranoia-level/1"] [tag "OWASP_CRS"] [tag "capec/1000/210/272"] [tag "PCI/12.1"] [hostname "www.epid.gov.lk"] [uri "/web/images/pdf/Circulars/Corona_virus/national-capacities-review-tool-for-a-novel-coronavirus-ncov.pdf"] [unique_id "ahop7Sf_s0l7muPNG3uBUQAAAA0"]
[Sat May 30 05:36:05.994989 2026] [security2:error] [pid 1696685:tid 1696685] [client 216.244.66.249:0] ModSecurity: Warning. Operator GE matched 5 at TX:anomaly_score. [file "/etc/apache2/conf.d/modsec_vendor_configs/OWASP3/rules/REQUEST-949-BLOCKING-EVALUATION.conf"] [line "94"] [id "949110"] [msg "Inbound Anomaly Score Exceeded (Total Score: 5)"] [severity "CRITICAL"] [ver "OWASP_CRS/3.3.9"] [tag "application-multi"] [tag "language-multi"] [tag "platform-multi"] [tag "attack-generic"] [hostname "www.epid.gov.lk"] [uri "/web/images/pdf/Circulars/Corona_virus/national-capacities-review-tool-for-a-novel-coronavirus-ncov.pdf"] [unique_id "ahop7Sf_s0l7muPNG3uBUQAAAA0"]
[Sat May 30 05:36:05.995410 2026] [security2:error] [pid 1696685:tid 1696685] [client 216.244.66.249:0] ModSecurity: Warning. Operator GE matched 5 at TX:inbound_anomaly_score. [file "/etc/apache2/conf.d/modsec_vendor_configs/OWASP3/rules/RESPONSE-980-CORRELATION.conf"] [line "92"] [id "980130"] [msg "Inbound Anomaly Score Exceeded (Total Inbound Score: 5 - SQLI=0,XSS=0,RFI=0,LFI=0,RCE=0,PHPI=0,HTTP=0,SESS=0): individual paranoia level scores: 5, 0, 0, 0"] [ver "OWASP_CRS/3.3.9"] [tag "event-correlation"] [hostname "www.epid.gov.lk"] [uri "/web/images/pdf/Circulars/Corona_virus/national-capacities-review-tool-for-a-novel-coronavirus-ncov.pdf"] [unique_id "ahop7Sf_s0l7muPNG3uBUQAAAA0"]
[Sat May 30 05:36:06.455969 2026] [ssl:error] [pid 1695001:tid 1695001] (70014)End of file found: [client 66.85.158.91:36902] AH02013: coalesce failed to read from data bucket
[Sat May 30 05:36:06.911101 2026] [security2:error] [pid 1693000:tid 1693000] [client 81.167.26.57:0] ModSecurity: collections_remove_stale: Failed to access DBM file "/var/cpanel/secdatadir/anandaob-global": Permission denied [hostname "anandaobauae.org"] [uri "/js/Bl4ckhOle/root/etc/imunify360-webshield/webshield-server.conf.d/"] [unique_id "ahop7qJanm96itmnb3Y1LwAAABg"]
[Sat May 30 05:36:06.911161 2026] [security2:error] [pid 1693000:tid 1693000] [client 81.167.26.57:0] ModSecurity: collections_remove_stale: Failed to access DBM file "/var/cpanel/secdatadir/anandaob-ip": Permission denied [hostname "anandaobauae.org"] [uri "/js/Bl4ckhOle/root/etc/imunify360-webshield/webshield-server.conf.d/"] [unique_id "ahop7qJanm96itmnb3Y1LwAAABg"]
[Sat May 30 05:36:08.237719 2026] [ssl:error] [pid 1680318:tid 1680318] (70014)End of file found: [client 66.85.158.91:37026] AH02013: coalesce failed to read from data bucket
[Sat May 30 05:36:08.311012 2026] [ssl:error] [pid 1688673:tid 1688673] (70014)End of file found: [client 66.85.158.91:37050] AH02013: coalesce failed to read from data bucket
[Sat May 30 05:36:08.617996 2026] [proxy_fcgi:error] [pid 1684878:tid 1684878] [client 20.58.186.46:0] AH01071: Got error 'Primary script unknown'
[Sat May 30 05:36:08.722299 2026] [ssl:error] [pid 1696685:tid 1696685] (70014)End of file found: [client 66.85.158.91:37104] AH02013: coalesce failed to read from data bucket
[Sat May 30 05:36:08.788475 2026] [proxy_fcgi:error] [pid 1680138:tid 1680138] [client 20.58.186.46:0] AH01071: Got error 'Primary script unknown'
[Sat May 30 05:36:08.880289 2026] [ssl:error] [pid 1680315:tid 1680315] (70014)End of file found: [client 66.85.158.91:37182] AH02013: coalesce failed to read from data bucket
[Sat May 30 05:36:09.261756 2026] [ssl:error] [pid 1690292:tid 1690292] (70014)End of file found: [client 66.85.158.91:37230] AH02013: coalesce failed to read from data bucket
[Sat May 30 05:36:09.364489 2026] [ssl:error] [pid 1680138:tid 1680138] (70014)End of file found: [client 66.85.158.91:37264] AH02013: coalesce failed to read from data bucket
[Sat May 30 05:36:09.641657 2026] [ssl:error] [pid 1680323:tid 1680323] (70014)End of file found: [client 66.85.158.91:37276] AH02013: coalesce failed to read from data bucket
[Sat May 30 05:36:09.760701 2026] [autoindex:error] [pid 1693000:tid 1693000] [client 20.58.186.46:0] AH01276: Cannot serve directory /home/veneelk/public_html/wp-includes/js/tinymce/skins/lightgray/: No matching DirectoryIndex (index.php,index.php8,index.php7,index.php5,index.perl,index.pl,index.plx,index.ppl,index.cgi,index.jsp,index.jp,index.phtml,index.shtml,index.xhtml,index.html,index.htm,index.js) found, and server-generated directory index forbidden by Options directive
[Sat May 30 05:36:09.765501 2026] [ssl:error] [pid 1694998:tid 1694998] (70014)End of file found: [client 66.85.158.91:37292] AH02013: coalesce failed to read from data bucket
[Sat May 30 05:36:10.843953 2026] [ssl:error] [pid 1692998:tid 1692998] (70014)End of file found: [client 66.85.158.91:56296] AH02013: coalesce failed to read from data bucket
[Sat May 30 05:36:10.857739 2026] [ssl:error] [pid 1686653:tid 1686653] (70014)End of file found: [client 66.85.158.91:56288] AH02013: coalesce failed to read from data bucket
[Sat May 30 05:36:11.200813 2026] [core:error] [pid 1684878:tid 1684878] (13)Permission denied: [client 216.73.216.174:0] AH00132: file permissions deny server access: /home/anandaob/public_html/js/Bl4ckhOle/root/proc/self/cwd/sys/class/tty/tty53/subsystem/ttyS2/closing_wait
[Sat May 30 05:36:11.273965 2026] [ssl:error] [pid 1692547:tid 1692547] (70014)End of file found: [client 66.85.158.91:56372] AH02013: coalesce failed to read from data bucket
[Sat May 30 05:36:11.325471 2026] [ssl:error] [pid 1694641:tid 1694641] (70014)End of file found: [client 66.85.158.91:56394] AH02013: coalesce failed to read from data bucket
[Sat May 30 05:36:11.670936 2026] [ssl:error] [pid 1690293:tid 1690293] (70014)End of file found: [client 66.85.158.91:56434] AH02013: coalesce failed to read from data bucket
[Sat May 30 05:36:11.841043 2026] [security2:error] [pid 1680273:tid 1680273] [client 216.73.216.174:0] ModSecurity: collections_remove_stale: Failed to access DBM file "/var/cpanel/secdatadir/anandaob-global": Permission denied [hostname "anandaobauae.org"] [uri "/js/Bl4ckhOle/root/sys/class/wakeup/wakeup2/subsystem/wakeup11/device/physical_node/0000:00:01.0/"] [unique_id "ahop88MDmJtJeFiH2rAESgAAAAU"], referer: https://anandaobauae.org/js/Bl4ckhOle/root/sys/class/wakeup/wakeup2/subsystem/wakeup11/device/physical_node/0000:00:01.0
[Sat May 30 05:36:11.841129 2026] [security2:error] [pid 1680273:tid 1680273] [client 216.73.216.174:0] ModSecurity: collections_remove_stale: Failed to access DBM file "/var/cpanel/secdatadir/anandaob-ip": Permission denied [hostname "anandaobauae.org"] [uri "/js/Bl4ckhOle/root/sys/class/wakeup/wakeup2/subsystem/wakeup11/device/physical_node/0000:00:01.0/"] [unique_id "ahop88MDmJtJeFiH2rAESgAAAAU"], referer: https://anandaobauae.org/js/Bl4ckhOle/root/sys/class/wakeup/wakeup2/subsystem/wakeup11/device/physical_node/0000:00:01.0
[Sat May 30 05:36:11.983607 2026] [ssl:error] [pid 1684878:tid 1684878] (70014)End of file found: [client 66.85.158.91:56452] AH02013: coalesce failed to read from data bucket
[Sat May 30 05:36:12.114605 2026] [ssl:error] [pid 1680307:tid 1680307] (70014)End of file found: [client 66.85.158.91:56474] AH02013: coalesce failed to read from data bucket
[Sat May 30 05:36:12.220720 2026] [ssl:error] [pid 1695001:tid 1695001] (5)Input/output error: [client 66.85.158.91:56488] AH02013: coalesce failed to read from data bucket
[Sat May 30 05:36:12.447097 2026] [ssl:error] [pid 1694984:tid 1694984] (70014)End of file found: [client 66.85.158.91:56506] AH02013: coalesce failed to read from data bucket
[Sat May 30 05:36:12.471873 2026] [autoindex:error] [pid 1680322:tid 1680322] [client 20.58.186.46:0] AH01276: Cannot serve directory /home/veneelk/public_html/wp-includes/js/tinymce/themes/inlite/: No matching DirectoryIndex (index.php,index.php8,index.php7,index.php5,index.perl,index.pl,index.plx,index.ppl,index.cgi,index.jsp,index.jp,index.phtml,index.shtml,index.xhtml,index.html,index.htm,index.js) found, and server-generated directory index forbidden by Options directive
[Sat May 30 05:36:12.788611 2026] [ssl:error] [pid 1694719:tid 1694719] (70014)End of file found: [client 66.85.158.91:56522] AH02013: coalesce failed to read from data bucket
[Sat May 30 05:36:13.936186 2026] [mime:warn] [pid 1695000:tid 1695000] AH01599: Cannot get media type from 'txt'
[Sat May 30 05:36:13.942609 2026] [ssl:error] [pid 1680280:tid 1680280] (70014)End of file found: [client 66.85.158.91:56660] AH02013: coalesce failed to read from data bucket
[Sat May 30 05:36:16.382978 2026] [ssl:error] [pid 1696998:tid 1696998] (70014)End of file found: [client 66.85.158.91:56676] AH02013: coalesce failed to read from data bucket
[Sat May 30 05:36:16.471769 2026] [security2:error] [pid 1696224:tid 1696224] [client 216.244.66.249:0] ModSecurity: Warning. String match within "/accept-charset/ /content-encoding/ /proxy/ /lock-token/ /content-range/ /if/" at TX:header_name_accept-charset. [file "/etc/apache2/conf.d/modsec_vendor_configs/OWASP3/rules/REQUEST-920-PROTOCOL-ENFORCEMENT.conf"] [line "1127"] [id "920450"] [msg "HTTP header is restricted by policy (/accept-charset/)"] [data "Restricted header detected: /accept-charset/"] [severity "CRITICAL"] [ver "OWASP_CRS/3.3.9"] [tag "application-multi"] [tag "language-multi"] [tag "platform-multi"] [tag "attack-protocol"] [tag "paranoia-level/1"] [tag "OWASP_CRS"] [tag "capec/1000/210/272"] [tag "PCI/12.1"] [hostname "www.epid.gov.lk"] [uri "/web/images/pdf/corona_vaccination/covid_vaccination_2021-06_24.pdf"] [unique_id "ahop-IfAe4m7XHJrfhJEwQAAABI"]
[Sat May 30 05:36:16.472284 2026] [security2:error] [pid 1696224:tid 1696224] [client 216.244.66.249:0] ModSecurity: Warning. Operator GE matched 5 at TX:anomaly_score. [file "/etc/apache2/conf.d/modsec_vendor_configs/OWASP3/rules/REQUEST-949-BLOCKING-EVALUATION.conf"] [line "94"] [id "949110"] [msg "Inbound Anomaly Score Exceeded (Total Score: 5)"] [severity "CRITICAL"] [ver "OWASP_CRS/3.3.9"] [tag "application-multi"] [tag "language-multi"] [tag "platform-multi"] [tag "attack-generic"] [hostname "www.epid.gov.lk"] [uri "/web/images/pdf/corona_vaccination/covid_vaccination_2021-06_24.pdf"] [unique_id "ahop-IfAe4m7XHJrfhJEwQAAABI"]
[Sat May 30 05:36:16.472669 2026] [security2:error] [pid 1696224:tid 1696224] [client 216.244.66.249:0] ModSecurity: Warning. Operator GE matched 5 at TX:inbound_anomaly_score. [file "/etc/apache2/conf.d/modsec_vendor_configs/OWASP3/rules/RESPONSE-980-CORRELATION.conf"] [line "92"] [id "980130"] [msg "Inbound Anomaly Score Exceeded (Total Inbound Score: 5 - SQLI=0,XSS=0,RFI=0,LFI=0,RCE=0,PHPI=0,HTTP=0,SESS=0): individual paranoia level scores: 5, 0, 0, 0"] [ver "OWASP_CRS/3.3.9"] [tag "event-correlation"] [hostname "www.epid.gov.lk"] [uri "/web/images/pdf/corona_vaccination/covid_vaccination_2021-06_24.pdf"] [unique_id "ahop-IfAe4m7XHJrfhJEwQAAABI"]
[Sat May 30 05:36:17.026168 2026] [ssl:error] [pid 1694641:tid 1694641] (70014)End of file found: [client 66.85.158.91:56802] AH02013: coalesce failed to read from data bucket
[Sat May 30 05:36:17.071988 2026] [ssl:error] [pid 1690292:tid 1690292] (70014)End of file found: [client 66.85.158.91:56732] AH02013: coalesce failed to read from data bucket
[Sat May 30 05:36:17.074181 2026] [core:error] [pid 1693000:tid 1693000] (13)Permission denied: [client 74.7.243.216:0] AH00132: file permissions deny server access: /home/anandaob/public_html/js/Bl4ckhOle/root/sys/kernel/slab/xfs_ili/usersize, referer: https://www.anandaobauae.org/js/Bl4ckhOle/root/sys/kernel/slab/xfs_ili/
[Sat May 30 05:36:17.143852 2026] [ssl:error] [pid 1690293:tid 1690293] (70014)End of file found: [client 66.85.158.91:56842] AH02013: coalesce failed to read from data bucket
[Sat May 30 05:36:17.568642 2026] [ssl:error] [pid 1694998:tid 1694998] (70014)End of file found: [client 66.85.158.91:56908] AH02013: coalesce failed to read from data bucket
[Sat May 30 05:36:17.677098 2026] [ssl:error] [pid 1680307:tid 1680307] (70014)End of file found: [client 66.85.158.91:56924] AH02013: coalesce failed to read from data bucket
[Sat May 30 05:36:17.682567 2026] [ssl:error] [pid 1695001:tid 1695001] (70014)End of file found: [client 66.85.158.91:56930] AH02013: coalesce failed to read from data bucket
[Sat May 30 05:36:17.748974 2026] [ssl:error] [pid 1694603:tid 1694603] (70014)End of file found: [client 66.85.158.91:56946] AH02013: coalesce failed to read from data bucket
[Sat May 30 05:36:18.629689 2026] [ssl:error] [pid 1680302:tid 1680302] (5)Input/output error: [client 66.85.158.91:56990] AH02013: coalesce failed to read from data bucket
[Sat May 30 05:36:18.632161 2026] [ssl:error] [pid 1690620:tid 1690620] (70014)End of file found: [client 66.85.158.91:56976] AH02013: coalesce failed to read from data bucket
[Sat May 30 05:36:18.715424 2026] [core:error] [pid 1694719:tid 1694719] (13)Permission denied: [client 57.141.14.48:0] AH00132: file permissions deny server access: /home/anandaob/public_html/js/Bl4ckhOle/root/proc/thread-self/root/sys/devices/system/memory/memory68/node0/memory109/node0/cpu2/driver/cpu1/driver/uevent
[Sat May 30 05:36:18.804671 2026] [ssl:error] [pid 1695000:tid 1695000] (70014)End of file found: [client 66.85.158.91:57048] AH02013: coalesce failed to read from data bucket
[Sat May 30 05:36:19.172763 2026] [ssl:error] [pid 1680318:tid 1680318] (70014)End of file found: [client 66.85.158.91:57078] AH02013: coalesce failed to read from data bucket
[Sat May 30 05:36:19.803844 2026] [ssl:error] [pid 1692547:tid 1692547] (70014)End of file found: [client 66.85.158.91:57204] AH02013: coalesce failed to read from data bucket
[Sat May 30 05:36:20.005152 2026] [ssl:error] [pid 1680315:tid 1680315] (70014)End of file found: [client 66.85.158.91:57290] AH02013: coalesce failed to read from data bucket
[Sat May 30 05:36:20.017496 2026] [core:error] [pid 1693000:tid 1693000] (13)Permission denied: [client 216.73.216.174:0] AH00132: file permissions deny server access: /home/anandaob/public_html/js/Bl4ckhOle/root/sys/devices/virtual/tty/tty22/subsystem/ttyS0/port
[Sat May 30 05:36:20.120160 2026] [ssl:error] [pid 1686653:tid 1686653] (5)Input/output error: [client 66.85.158.91:57306] AH02013: coalesce failed to read from data bucket
[Sat May 30 05:36:20.213821 2026] [ssl:error] [pid 1692998:tid 1692998] (5)Input/output error: [client 66.85.158.91:57318] AH02013: coalesce failed to read from data bucket
[Sat May 30 05:36:20.291426 2026] [ssl:error] [pid 1680322:tid 1680322] (70014)End of file found: [client 66.85.158.91:57334] AH02013: coalesce failed to read from data bucket
[Sat May 30 05:36:20.381613 2026] [ssl:error] [pid 1689032:tid 1689032] (70014)End of file found: [client 66.85.158.91:57348] AH02013: coalesce failed to read from data bucket
[Sat May 30 05:36:20.856663 2026] [ssl:error] [pid 1695906:tid 1695906] (70014)End of file found: [client 66.85.158.91:43842] AH02013: coalesce failed to read from data bucket
[Sat May 30 05:36:21.150157 2026] [ssl:error] [pid 1680323:tid 1680323] (70014)End of file found: [client 66.85.158.91:43868] AH02013: coalesce failed to read from data bucket
[Sat May 30 05:36:21.308996 2026] [autoindex:error] [pid 1688673:tid 1688673] [client 20.58.186.46:0] AH01276: Cannot serve directory /home/veneelk/public_html/wp-includes/sodium_compat/: No matching DirectoryIndex (index.php,index.php8,index.php7,index.php5,index.perl,index.pl,index.plx,index.ppl,index.cgi,index.jsp,index.jp,index.phtml,index.shtml,index.xhtml,index.html,index.htm,index.js) found, and server-generated directory index forbidden by Options directive
[Sat May 30 05:36:21.959176 2026] [ssl:error] [pid 1693000:tid 1693000] (70014)End of file found: [client 66.85.158.91:43908] AH02013: coalesce failed to read from data bucket
[Sat May 30 05:36:22.283423 2026] [ssl:error] [pid 1696224:tid 1696224] (70014)End of file found: [client 66.85.158.91:43946] AH02013: coalesce failed to read from data bucket
[Sat May 30 05:36:22.641321 2026] [ssl:error] [pid 1694984:tid 1694984] (70014)End of file found: [client 66.85.158.91:43962] AH02013: coalesce failed to read from data bucket
[Sat May 30 05:36:22.778106 2026] [security2:error] [pid 1680138:tid 1680138] [client 84.247.178.219:0] ModSecurity: Warning. String match within "/accept-charset/ /content-encoding/ /proxy/ /lock-token/ /content-range/ /if/" at TX:header_name_accept-charset. [file "/etc/apache2/conf.d/modsec_vendor_configs/OWASP3/rules/REQUEST-920-PROTOCOL-ENFORCEMENT.conf"] [line "1127"] [id "920450"] [msg "HTTP header is restricted by policy (/accept-charset/)"] [data "Restricted header detected: /accept-charset/"] [severity "CRITICAL"] [ver "OWASP_CRS/3.3.9"] [tag "application-multi"] [tag "language-multi"] [tag "platform-multi"] [tag "attack-protocol"] [tag "paranoia-level/1"] [tag "OWASP_CRS"] [tag "capec/1000/210/272"] [tag "PCI/12.1"] [hostname "agronatureholdings.com"] [uri "/"] [unique_id "ahop_u-ek5i-gs2viPU-UgAAABY"]
[Sat May 30 05:36:22.778585 2026] [security2:error] [pid 1680138:tid 1680138] [client 84.247.178.219:0] ModSecurity: Warning. Operator GE matched 5 at TX:anomaly_score. [file "/etc/apache2/conf.d/modsec_vendor_configs/OWASP3/rules/REQUEST-949-BLOCKING-EVALUATION.conf"] [line "94"] [id "949110"] [msg "Inbound Anomaly Score Exceeded (Total Score: 5)"] [severity "CRITICAL"] [ver "OWASP_CRS/3.3.9"] [tag "application-multi"] [tag "language-multi"] [tag "platform-multi"] [tag "attack-generic"] [hostname "agronatureholdings.com"] [uri "/"] [unique_id "ahop_u-ek5i-gs2viPU-UgAAABY"]
[Sat May 30 05:36:22.877146 2026] [ssl:error] [pid 1694641:tid 1694641] (70014)End of file found: [client 66.85.158.91:43996] AH02013: coalesce failed to read from data bucket
[Sat May 30 05:36:23.232306 2026] [security2:error] [pid 1680138:tid 1680138] [client 84.247.178.219:0] ModSecurity: Warning. Operator GE matched 5 at TX:inbound_anomaly_score. [file "/etc/apache2/conf.d/modsec_vendor_configs/OWASP3/rules/RESPONSE-980-CORRELATION.conf"] [line "92"] [id "980130"] [msg "Inbound Anomaly Score Exceeded (Total Inbound Score: 5 - SQLI=0,XSS=0,RFI=0,LFI=0,RCE=0,PHPI=0,HTTP=0,SESS=0): individual paranoia level scores: 5, 0, 0, 0"] [ver "OWASP_CRS/3.3.9"] [tag "event-correlation"] [hostname "agronatureholdings.com"] [uri "/"] [unique_id "ahop_u-ek5i-gs2viPU-UgAAABY"]
[Sat May 30 05:36:23.408041 2026] [ssl:error] [pid 1696685:tid 1696685] (5)Input/output error: [client 66.85.158.91:44044] AH02013: coalesce failed to read from data bucket
[Sat May 30 05:36:23.797382 2026] [ssl:error] [pid 1694025:tid 1694025] (70014)End of file found: [client 66.85.158.91:44074] AH02013: coalesce failed to read from data bucket
[Sat May 30 05:36:24.262704 2026] [ssl:error] [pid 1694719:tid 1694719] (70014)End of file found: [client 66.85.158.91:44130] AH02013: coalesce failed to read from data bucket
[Sat May 30 05:36:24.581320 2026] [autoindex:error] [pid 1688673:tid 1688673] [client 20.58.186.46:0] AH01276: Cannot serve directory /home/veneelk/public_html/wp-includes/theme-compat/: No matching DirectoryIndex (index.php,index.php8,index.php7,index.php5,index.perl,index.pl,index.plx,index.ppl,index.cgi,index.jsp,index.jp,index.phtml,index.shtml,index.xhtml,index.html,index.htm,index.js) found, and server-generated directory index forbidden by Options directive
[Sat May 30 05:36:24.606263 2026] [ssl:error] [pid 1680307:tid 1680307] (70014)End of file found: [client 66.85.158.91:44218] AH02013: coalesce failed to read from data bucket
[Sat May 30 05:36:24.721293 2026] [security2:error] [pid 1695000:tid 1695000] [client 216.244.66.249:0] ModSecurity: Warning. String match within "/accept-charset/ /content-encoding/ /proxy/ /lock-token/ /content-range/ /if/" at TX:header_name_accept-charset. [file "/etc/apache2/conf.d/modsec_vendor_configs/OWASP3/rules/REQUEST-920-PROTOCOL-ENFORCEMENT.conf"] [line "1127"] [id "920450"] [msg "HTTP header is restricted by policy (/accept-charset/)"] [data "Restricted header detected: /accept-charset/"] [severity "CRITICAL"] [ver "OWASP_CRS/3.3.9"] [tag "application-multi"] [tag "language-multi"] [tag "platform-multi"] [tag "attack-protocol"] [tag "paranoia-level/1"] [tag "OWASP_CRS"] [tag "capec/1000/210/272"] [tag "PCI/12.1"] [hostname "www.epid.gov.lk"] [uri "/web/images/pdf/corona_vaccination/covid_vaccination_2021-10_04.pdf"] [unique_id "ahoqAC7vpJ7_vNgdQhuEmQAAACM"]
[Sat May 30 05:36:24.721659 2026] [security2:error] [pid 1695000:tid 1695000] [client 216.244.66.249:0] ModSecurity: Warning. Operator GE matched 5 at TX:anomaly_score. [file "/etc/apache2/conf.d/modsec_vendor_configs/OWASP3/rules/REQUEST-949-BLOCKING-EVALUATION.conf"] [line "94"] [id "949110"] [msg "Inbound Anomaly Score Exceeded (Total Score: 5)"] [severity "CRITICAL"] [ver "OWASP_CRS/3.3.9"] [tag "application-multi"] [tag "language-multi"] [tag "platform-multi"] [tag "attack-generic"] [hostname "www.epid.gov.lk"] [uri "/web/images/pdf/corona_vaccination/covid_vaccination_2021-10_04.pdf"] [unique_id "ahoqAC7vpJ7_vNgdQhuEmQAAACM"]
[Sat May 30 05:36:24.721958 2026] [security2:error] [pid 1695000:tid 1695000] [client 216.244.66.249:0] ModSecurity: Warning. Operator GE matched 5 at TX:inbound_anomaly_score. [file "/etc/apache2/conf.d/modsec_vendor_configs/OWASP3/rules/RESPONSE-980-CORRELATION.conf"] [line "92"] [id "980130"] [msg "Inbound Anomaly Score Exceeded (Total Inbound Score: 5 - SQLI=0,XSS=0,RFI=0,LFI=0,RCE=0,PHPI=0,HTTP=0,SESS=0): individual paranoia level scores: 5, 0, 0, 0"] [ver "OWASP_CRS/3.3.9"] [tag "event-correlation"] [hostname "www.epid.gov.lk"] [uri "/web/images/pdf/corona_vaccination/covid_vaccination_2021-10_04.pdf"] [unique_id "ahoqAC7vpJ7_vNgdQhuEmQAAACM"]
[Sat May 30 05:36:24.796703 2026] [core:error] [pid 1690292:tid 1690292] (13)Permission denied: [client 216.73.216.174:0] AH00132: file permissions deny server access: /home/anandaob/public_html/js/Bl4ckhOle/root/proc/self/cwd/sys/class/tty/tty57/subsystem/ttyS2/closing_wait
[Sat May 30 05:36:25.080519 2026] [ssl:error] [pid 1695000:tid 1695000] (70014)End of file found: [client 66.85.158.91:44300] AH02013: coalesce failed to read from data bucket
[Sat May 30 05:36:25.081422 2026] [security2:error] [pid 1680280:tid 1680280] [client 216.73.216.174:0] ModSecurity: collections_remove_stale: Failed to access DBM file "/var/cpanel/secdatadir/anandaob-global": Permission denied [hostname "anandaobauae.org"] [uri "/js/Bl4ckhOle/root/proc/self/cwd/sys/dev/char/4:27/subsystem/tty44/power/"] [unique_id "ahoqAXMeJKNjuO0MBeTvQQAAAAY"]
[Sat May 30 05:36:25.231910 2026] [security2:error] [pid 1680280:tid 1680280] [client 216.73.216.174:0] ModSecurity: collections_remove_stale: Failed to access DBM file "/var/cpanel/secdatadir/anandaob-ip": Permission denied [hostname "anandaobauae.org"] [uri "/js/Bl4ckhOle/root/proc/self/cwd/sys/dev/char/4:27/subsystem/tty44/power/"] [unique_id "ahoqAXMeJKNjuO0MBeTvQQAAAAY"]
[Sat May 30 05:36:25.361713 2026] [ssl:error] [pid 1680315:tid 1680315] (70014)End of file found: [client 66.85.158.91:44344] AH02013: coalesce failed to read from data bucket
[Sat May 30 05:36:25.949433 2026] [ssl:error] [pid 1689032:tid 1689032] (70014)End of file found: [client 66.85.158.91:44432] AH02013: coalesce failed to read from data bucket
[Sat May 30 05:36:25.988127 2026] [ssl:error] [pid 1697689:tid 1697689] (70014)End of file found: [client 66.85.158.91:44452] AH02013: coalesce failed to read from data bucket
[Sat May 30 05:36:26.053793 2026] [ssl:error] [pid 1690620:tid 1690620] (70014)End of file found: [client 66.85.158.91:44470] AH02013: coalesce failed to read from data bucket
[Sat May 30 05:36:26.372058 2026] [ssl:error] [pid 1695906:tid 1695906] (70014)End of file found: [client 66.85.158.91:44540] AH02013: coalesce failed to read from data bucket
[Sat May 30 05:36:26.436635 2026] [ssl:error] [pid 1680322:tid 1680322] (70014)End of file found: [client 66.85.158.91:44562] AH02013: coalesce failed to read from data bucket
[Sat May 30 05:36:26.561752 2026] [ssl:error] [pid 1694998:tid 1694998] (70014)End of file found: [client 66.85.158.91:44582] AH02013: coalesce failed to read from data bucket
[Sat May 30 05:36:26.703473 2026] [ssl:error] [pid 1680323:tid 1680323] (70014)End of file found: [client 66.85.158.91:44610] AH02013: coalesce failed to read from data bucket
[Sat May 30 05:36:26.990726 2026] [ssl:error] [pid 1694999:tid 1694999] (70014)End of file found: [client 66.85.158.91:44662] AH02013: coalesce failed to read from data bucket
[Sat May 30 05:36:27.080313 2026] [ssl:error] [pid 1680302:tid 1680302] (5)Input/output error: [client 66.85.158.91:44676] AH02013: coalesce failed to read from data bucket
[Sat May 30 05:36:27.224816 2026] [ssl:error] [pid 1693000:tid 1693000] (70014)End of file found: [client 66.85.158.91:44680] AH02013: coalesce failed to read from data bucket
[Sat May 30 05:36:28.025578 2026] [ssl:error] [pid 1694984:tid 1694984] (5)Input/output error: [client 66.85.158.91:44766] AH02013: coalesce failed to read from data bucket
[Sat May 30 05:36:28.053951 2026] [ssl:error] [pid 1697791:tid 1697791] (70014)End of file found: [client 66.85.158.91:44780] AH02013: coalesce failed to read from data bucket
[Sat May 30 05:36:29.754366 2026] [core:error] [pid 1690292:tid 1690292] (13)Permission denied: [client 216.73.216.174:0] AH00132: file permissions deny server access: /home/anandaob/public_html/js/Bl4ckhOle/root/proc/self/cwd/sys/kernel/slab/ext4_free_data/sanity_checks
[Sat May 30 05:36:29.849350 2026] [ssl:error] [pid 1694603:tid 1694603] (70014)End of file found: [client 66.85.158.91:44928] AH02013: coalesce failed to read from data bucket
[Sat May 30 05:36:30.623926 2026] [ssl:error] [pid 1694641:tid 1694641] (70014)End of file found: [client 66.85.158.91:34942] AH02013: coalesce failed to read from data bucket
[Sat May 30 05:36:30.939931 2026] [ssl:error] [pid 1688673:tid 1688673] (5)Input/output error: [client 66.85.158.91:34976] AH02013: coalesce failed to read from data bucket
[Sat May 30 05:36:31.366883 2026] [security2:error] [pid 1680307:tid 1680307] [client 216.244.66.249:0] ModSecurity: Warning. String match within "/accept-charset/ /content-encoding/ /proxy/ /lock-token/ /content-range/ /if/" at TX:header_name_accept-charset. [file "/etc/apache2/conf.d/modsec_vendor_configs/OWASP3/rules/REQUEST-920-PROTOCOL-ENFORCEMENT.conf"] [line "1127"] [id "920450"] [msg "HTTP header is restricted by policy (/accept-charset/)"] [data "Restricted header detected: /accept-charset/"] [severity "CRITICAL"] [ver "OWASP_CRS/3.3.9"] [tag "application-multi"] [tag "language-multi"] [tag "platform-multi"] [tag "attack-protocol"] [tag "paranoia-level/1"] [tag "OWASP_CRS"] [tag "capec/1000/210/272"] [tag "PCI/12.1"] [hostname "www.epid.gov.lk"] [uri "/web/images/pdf/corona_vaccination/covid_vaccination_2021-10_19.pdf"] [unique_id "ahoqB27v7_U8atylQAoU9QAAAAo"]
[Sat May 30 05:36:31.367228 2026] [security2:error] [pid 1680307:tid 1680307] [client 216.244.66.249:0] ModSecurity: Warning. Operator GE matched 5 at TX:anomaly_score. [file "/etc/apache2/conf.d/modsec_vendor_configs/OWASP3/rules/REQUEST-949-BLOCKING-EVALUATION.conf"] [line "94"] [id "949110"] [msg "Inbound Anomaly Score Exceeded (Total Score: 5)"] [severity "CRITICAL"] [ver "OWASP_CRS/3.3.9"] [tag "application-multi"] [tag "language-multi"] [tag "platform-multi"] [tag "attack-generic"] [hostname "www.epid.gov.lk"] [uri "/web/images/pdf/corona_vaccination/covid_vaccination_2021-10_19.pdf"] [unique_id "ahoqB27v7_U8atylQAoU9QAAAAo"]
[Sat May 30 05:36:31.367565 2026] [security2:error] [pid 1680307:tid 1680307] [client 216.244.66.249:0] ModSecurity: Warning. Operator GE matched 5 at TX:inbound_anomaly_score. [file "/etc/apache2/conf.d/modsec_vendor_configs/OWASP3/rules/RESPONSE-980-CORRELATION.conf"] [line "92"] [id "980130"] [msg "Inbound Anomaly Score Exceeded (Total Inbound Score: 5 - SQLI=0,XSS=0,RFI=0,LFI=0,RCE=0,PHPI=0,HTTP=0,SESS=0): individual paranoia level scores: 5, 0, 0, 0"] [ver "OWASP_CRS/3.3.9"] [tag "event-correlation"] [hostname "www.epid.gov.lk"] [uri "/web/images/pdf/corona_vaccination/covid_vaccination_2021-10_19.pdf"] [unique_id "ahoqB27v7_U8atylQAoU9QAAAAo"]
[Sat May 30 05:36:31.474329 2026] [ssl:error] [pid 1692998:tid 1692998] (5)Input/output error: [client 66.85.158.91:35050] AH02013: coalesce failed to read from data bucket
[Sat May 30 05:36:31.897621 2026] [ssl:error] [pid 1696685:tid 1696685] (70014)End of file found: [client 66.85.158.91:35138] AH02013: coalesce failed to read from data bucket
[Sat May 30 05:36:32.164750 2026] [ssl:error] [pid 1694998:tid 1694998] (70014)End of file found: [client 66.85.158.91:35178] AH02013: coalesce failed to read from data bucket
[Sat May 30 05:36:32.344724 2026] [ssl:error] [pid 1680323:tid 1680323] (70014)End of file found: [client 66.85.158.91:35200] AH02013: coalesce failed to read from data bucket
[Sat May 30 05:36:32.413488 2026] [ssl:error] [pid 1684878:tid 1684878] (5)Input/output error: [client 66.85.158.91:35226] AH02013: coalesce failed to read from data bucket
[Sat May 30 05:36:32.722485 2026] [core:error] [pid 1695000:tid 1695000] (13)Permission denied: [client 216.73.216.174:0] AH00132: file permissions deny server access: /home/anandaob/public_html/js/Bl4ckhOle/root/proc/self/cwd/sys/dev/char/4:43/subsystem/ttyS3/port
[Sat May 30 05:36:32.722947 2026] [ssl:error] [pid 1680318:tid 1680318] (70014)End of file found: [client 66.85.158.91:35246] AH02013: coalesce failed to read from data bucket
[Sat May 30 05:36:32.890280 2026] [ssl:error] [pid 1686653:tid 1686653] (70014)End of file found: [client 66.85.158.91:35276] AH02013: coalesce failed to read from data bucket
[Sat May 30 05:36:33.284265 2026] [core:error] [pid 1692547:tid 1692547] (13)Permission denied: [client 216.73.216.174:0] AH00132: file permissions deny server access: /home/anandaob/public_html/js/Bl4ckhOle/root/sys/devices/virtual/tty/tty14/subsystem/ttyS3/port
[Sat May 30 05:36:33.363819 2026] [core:error] [pid 1690292:tid 1690292] (13)Permission denied: [client 216.73.216.174:0] AH00132: file permissions deny server access: /home/anandaob/public_html/js/Bl4ckhOle/root/sys/class/wakeup/wakeup4/subsystem/wakeup11/device/device:1d/subsystem/drivers_probe
[Sat May 30 05:36:33.635272 2026] [ssl:error] [pid 1695000:tid 1695000] (70014)End of file found: [client 66.85.158.91:35404] AH02013: coalesce failed to read from data bucket
[Sat May 30 05:36:33.965195 2026] [ssl:error] [pid 1690620:tid 1690620] (70014)End of file found: [client 66.85.158.91:35448] AH02013: coalesce failed to read from data bucket
[Sat May 30 05:36:33.992583 2026] [ssl:error] [pid 1697791:tid 1697791] (70014)End of file found: [client 66.85.158.91:35462] AH02013: coalesce failed to read from data bucket
[Sat May 30 05:36:35.277575 2026] [ssl:error] [pid 1689032:tid 1689032] (70014)End of file found: [client 66.85.158.91:35594] AH02013: coalesce failed to read from data bucket
[Sat May 30 05:36:35.467809 2026] [ssl:error] [pid 1694984:tid 1694984] (70014)End of file found: [client 66.85.158.91:35628] AH02013: coalesce failed to read from data bucket
[Sat May 30 05:36:35.567167 2026] [ssl:error] [pid 1680302:tid 1680302] (70014)End of file found: [client 66.85.158.91:35630] AH02013: coalesce failed to read from data bucket
[Sat May 30 05:36:35.973135 2026] [ssl:error] [pid 1680280:tid 1680280] (5)Input/output error: [client 66.85.158.91:35672] AH02013: coalesce failed to read from data bucket
[Sat May 30 05:36:36.088945 2026] [ssl:error] [pid 1697689:tid 1697689] (70014)End of file found: [client 66.85.158.91:35684] AH02013: coalesce failed to read from data bucket
[Sat May 30 05:36:37.026945 2026] [security2:error] [pid 1680315:tid 1680315] [client 216.244.66.249:0] ModSecurity: Warning. String match within "/accept-charset/ /content-encoding/ /proxy/ /lock-token/ /content-range/ /if/" at TX:header_name_accept-charset. [file "/etc/apache2/conf.d/modsec_vendor_configs/OWASP3/rules/REQUEST-920-PROTOCOL-ENFORCEMENT.conf"] [line "1127"] [id "920450"] [msg "HTTP header is restricted by policy (/accept-charset/)"] [data "Restricted header detected: /accept-charset/"] [severity "CRITICAL"] [ver "OWASP_CRS/3.3.9"] [tag "application-multi"] [tag "language-multi"] [tag "platform-multi"] [tag "attack-protocol"] [tag "paranoia-level/1"] [tag "OWASP_CRS"] [tag "capec/1000/210/272"] [tag "PCI/12.1"] [hostname "www.epid.gov.lk"] [uri "/web/images/pdf/corona_vaccination/covid_vaccination_2022-02_13.pdf"] [unique_id "ahoqDRAxUv9ykPzzuD1oRAAAAA4"]
[Sat May 30 05:36:37.129085 2026] [security2:error] [pid 1680315:tid 1680315] [client 216.244.66.249:0] ModSecurity: Warning. Operator GE matched 5 at TX:anomaly_score. [file "/etc/apache2/conf.d/modsec_vendor_configs/OWASP3/rules/REQUEST-949-BLOCKING-EVALUATION.conf"] [line "94"] [id "949110"] [msg "Inbound Anomaly Score Exceeded (Total Score: 5)"] [severity "CRITICAL"] [ver "OWASP_CRS/3.3.9"] [tag "application-multi"] [tag "language-multi"] [tag "platform-multi"] [tag "attack-generic"] [hostname "www.epid.gov.lk"] [uri "/web/images/pdf/corona_vaccination/covid_vaccination_2022-02_13.pdf"] [unique_id "ahoqDRAxUv9ykPzzuD1oRAAAAA4"]
[Sat May 30 05:36:37.129423 2026] [security2:error] [pid 1680315:tid 1680315] [client 216.244.66.249:0] ModSecurity: Warning. Operator GE matched 5 at TX:inbound_anomaly_score. [file "/etc/apache2/conf.d/modsec_vendor_configs/OWASP3/rules/RESPONSE-980-CORRELATION.conf"] [line "92"] [id "980130"] [msg "Inbound Anomaly Score Exceeded (Total Inbound Score: 5 - SQLI=0,XSS=0,RFI=0,LFI=0,RCE=0,PHPI=0,HTTP=0,SESS=0): individual paranoia level scores: 5, 0, 0, 0"] [ver "OWASP_CRS/3.3.9"] [tag "event-correlation"] [hostname "www.epid.gov.lk"] [uri "/web/images/pdf/corona_vaccination/covid_vaccination_2022-02_13.pdf"] [unique_id "ahoqDRAxUv9ykPzzuD1oRAAAAA4"]
[Sat May 30 05:36:37.271209 2026] [ssl:error] [pid 1688673:tid 1688673] (70014)End of file found: [client 66.85.158.91:35776] AH02013: coalesce failed to read from data bucket
[Sat May 30 05:36:37.458983 2026] [core:error] [pid 1692998:tid 1692998] (13)Permission denied: [client 216.73.216.174:0] AH00132: file permissions deny server access: /home/anandaob/public_html/js/Bl4ckhOle/root/proc/self/cwd/sys/dev/char/4:10/subsystem/ttyS3/irq
[Sat May 30 05:36:38.126143 2026] [security2:error] [pid 1692547:tid 1692547] [client 124.43.207.134:0] ModSecurity: collections_remove_stale: Failed to access DBM file "/var/cpanel/secdatadir/nccphealthgov-global": Permission denied [hostname "nccp.health.gov.lk"] [uri "/ta/preventionUnit/galleries/breast-cancer-awareness-banner"] [unique_id "ahoqDnlQFtZ3KVUQlGVrWAAAAAA"]
[Sat May 30 05:36:38.126205 2026] [security2:error] [pid 1692547:tid 1692547] [client 124.43.207.134:0] ModSecurity: collections_remove_stale: Failed to access DBM file "/var/cpanel/secdatadir/nccphealthgov-ip": Permission denied [hostname "nccp.health.gov.lk"] [uri "/ta/preventionUnit/galleries/breast-cancer-awareness-banner"] [unique_id "ahoqDnlQFtZ3KVUQlGVrWAAAAAA"]
[Sat May 30 05:36:38.272953 2026] [ssl:error] [pid 1696685:tid 1696685] (70014)End of file found: [client 66.85.158.91:35982] AH02013: coalesce failed to read from data bucket
[Sat May 30 05:36:38.826795 2026] [ssl:error] [pid 1694719:tid 1694719] (70014)End of file found: [client 66.85.158.91:36064] AH02013: coalesce failed to read from data bucket
[Sat May 30 05:36:38.906574 2026] [ssl:error] [pid 1696998:tid 1696998] (70014)End of file found: [client 66.85.158.91:36078] AH02013: coalesce failed to read from data bucket
[Sat May 30 05:36:38.906756 2026] [security2:error] [pid 1696998:tid 1696998] [client 216.73.216.174:0] ModSecurity: collections_remove_stale: Failed to access DBM file "/var/cpanel/secdatadir/anandaob-global": Permission denied [hostname "anandaobauae.org"] [uri "/js/Bl4ckhOle/root/proc/thread-self/cwd/sys/devices/virtual/tty/tty57/subsystem/tty49/uevent"] [unique_id "ahoqDqRn5HiYqFXWv7Fy1QAAABw"]
[Sat May 30 05:36:38.906785 2026] [security2:error] [pid 1696998:tid 1696998] [client 216.73.216.174:0] ModSecurity: collections_remove_stale: Failed to access DBM file "/var/cpanel/secdatadir/anandaob-ip": Permission denied [hostname "anandaobauae.org"] [uri "/js/Bl4ckhOle/root/proc/thread-self/cwd/sys/devices/virtual/tty/tty57/subsystem/tty49/uevent"] [unique_id "ahoqDqRn5HiYqFXWv7Fy1QAAABw"]
[Sat May 30 05:36:38.998874 2026] [ssl:error] [pid 1680323:tid 1680323] (70014)End of file found: [client 66.85.158.91:36084] AH02013: coalesce failed to read from data bucket
[Sat May 30 05:36:39.262616 2026] [ssl:error] [pid 1692998:tid 1692998] (70014)End of file found: [client 66.85.158.91:36138] AH02013: coalesce failed to read from data bucket
[Sat May 30 05:36:39.908842 2026] [ssl:error] [pid 1690293:tid 1690293] (70014)End of file found: [client 66.85.158.91:36246] AH02013: coalesce failed to read from data bucket
[Sat May 30 05:36:39.922357 2026] [security2:error] [pid 1694025:tid 1694025] [client 23.21.227.240:0] ModSecurity: collections_remove_stale: Failed to access DBM file "/var/cpanel/secdatadir/ksoftweb-global": Permission denied [hostname "www.ksoft.web.lk"] [uri "/jrdcbackend/jrdcback/storage/framework/cache/data/5e/78/"] [unique_id "ahoqD-bIy7I1wrJtxdDTTQAAAAI"]
[Sat May 30 05:36:39.922492 2026] [security2:error] [pid 1694025:tid 1694025] [client 23.21.227.240:0] ModSecurity: collections_remove_stale: Failed to access DBM file "/var/cpanel/secdatadir/ksoftweb-ip": Permission denied [hostname "www.ksoft.web.lk"] [uri "/jrdcbackend/jrdcback/storage/framework/cache/data/5e/78/"] [unique_id "ahoqD-bIy7I1wrJtxdDTTQAAAAI"]
[Sat May 30 05:36:40.057501 2026] [security2:error] [pid 1682285:tid 1682285] [client 74.7.227.60:0] ModSecurity: collections_remove_stale: Failed to access DBM file "/var/cpanel/secdatadir/epidgovl-global": Permission denied [hostname "www.epid.gov.lk"] [uri "/epid/public/index.php"] [unique_id "ahoqDzOHk148PdW3eilWuwAAAAQ"], referer: https://www.epid.gov.lk/situation-report?filter=2021&page_104=694&page_105=747
[Sat May 30 05:36:40.057590 2026] [security2:error] [pid 1682285:tid 1682285] [client 74.7.227.60:0] ModSecurity: collections_remove_stale: Failed to access DBM file "/var/cpanel/secdatadir/epidgovl-ip": Permission denied [hostname "www.epid.gov.lk"] [uri "/epid/public/index.php"] [unique_id "ahoqDzOHk148PdW3eilWuwAAAAQ"], referer: https://www.epid.gov.lk/situation-report?filter=2021&page_104=694&page_105=747
[Sat May 30 05:36:40.453590 2026] [ssl:error] [pid 1686653:tid 1686653] (70014)End of file found: [client 66.85.158.91:36322] AH02013: coalesce failed to read from data bucket
[Sat May 30 05:36:40.462286 2026] [ssl:error] [pid 1690620:tid 1690620] (70014)End of file found: [client 66.85.158.91:36334] AH02013: coalesce failed to read from data bucket
[Sat May 30 05:36:40.464132 2026] [ssl:error] [pid 1694998:tid 1694998] (70014)End of file found: [client 66.85.158.91:36350] AH02013: coalesce failed to read from data bucket
[Sat May 30 05:36:41.002996 2026] [ssl:error] [pid 1680322:tid 1680322] (70014)End of file found: [client 66.85.158.91:40180] AH02013: coalesce failed to read from data bucket
[Sat May 30 05:36:41.295104 2026] [ssl:error] [pid 1682285:tid 1682285] (70014)End of file found: [client 66.85.158.91:40212] AH02013: coalesce failed to read from data bucket
[Sat May 30 05:36:41.560355 2026] [core:error] [pid 1680302:tid 1680302] (13)Permission denied: [client 216.73.216.174:0] AH00132: file permissions deny server access: /home/anandaob/public_html/js/Bl4ckhOle/root/proc/self/cwd/sys/dev/char/4:59/subsystem/ttyS1/line
[Sat May 30 05:36:41.654170 2026] [ssl:error] [pid 1680280:tid 1680280] (70014)End of file found: [client 66.85.158.91:40262] AH02013: coalesce failed to read from data bucket
[Sat May 30 05:36:41.765168 2026] [core:error] [pid 1697689:tid 1697689] (13)Permission denied: [client 185.191.171.3:0] AH00132: file permissions deny server access: /home/anandaob/public_html/js/Bl4ckhOle/root/sys/kernel/slab/dmaengine-unmap-2/cpu_slabs
[Sat May 30 05:36:41.914477 2026] [security2:error] [pid 1694603:tid 1694603] [client 216.244.66.249:0] ModSecurity: Warning. String match within "/accept-charset/ /content-encoding/ /proxy/ /lock-token/ /content-range/ /if/" at TX:header_name_accept-charset. [file "/etc/apache2/conf.d/modsec_vendor_configs/OWASP3/rules/REQUEST-920-PROTOCOL-ENFORCEMENT.conf"] [line "1127"] [id "920450"] [msg "HTTP header is restricted by policy (/accept-charset/)"] [data "Restricted header detected: /accept-charset/"] [severity "CRITICAL"] [ver "OWASP_CRS/3.3.9"] [tag "application-multi"] [tag "language-multi"] [tag "platform-multi"] [tag "attack-protocol"] [tag "paranoia-level/1"] [tag "OWASP_CRS"] [tag "capec/1000/210/272"] [tag "PCI/12.1"] [hostname "www.epid.gov.lk"] [uri "/web/images/pdf/corona_vaccination/covid_vaccination_2022-06_20.pdf"] [unique_id "ahoqEe_o0V4OAF3On3bvRAAAAAg"]
[Sat May 30 05:36:41.914836 2026] [security2:error] [pid 1694603:tid 1694603] [client 216.244.66.249:0] ModSecurity: Warning. Operator GE matched 5 at TX:anomaly_score. [file "/etc/apache2/conf.d/modsec_vendor_configs/OWASP3/rules/REQUEST-949-BLOCKING-EVALUATION.conf"] [line "94"] [id "949110"] [msg "Inbound Anomaly Score Exceeded (Total Score: 5)"] [severity "CRITICAL"] [ver "OWASP_CRS/3.3.9"] [tag "application-multi"] [tag "language-multi"] [tag "platform-multi"] [tag "attack-generic"] [hostname "www.epid.gov.lk"] [uri "/web/images/pdf/corona_vaccination/covid_vaccination_2022-06_20.pdf"] [unique_id "ahoqEe_o0V4OAF3On3bvRAAAAAg"]
[Sat May 30 05:36:41.915152 2026] [security2:error] [pid 1694603:tid 1694603] [client 216.244.66.249:0] ModSecurity: Warning. Operator GE matched 5 at TX:inbound_anomaly_score. [file "/etc/apache2/conf.d/modsec_vendor_configs/OWASP3/rules/RESPONSE-980-CORRELATION.conf"] [line "92"] [id "980130"] [msg "Inbound Anomaly Score Exceeded (Total Inbound Score: 5 - SQLI=0,XSS=0,RFI=0,LFI=0,RCE=0,PHPI=0,HTTP=0,SESS=0): individual paranoia level scores: 5, 0, 0, 0"] [ver "OWASP_CRS/3.3.9"] [tag "event-correlation"] [hostname "www.epid.gov.lk"] [uri "/web/images/pdf/corona_vaccination/covid_vaccination_2022-06_20.pdf"] [unique_id "ahoqEe_o0V4OAF3On3bvRAAAAAg"]
[Sat May 30 05:36:42.284889 2026] [ssl:error] [pid 1695000:tid 1695000] (5)Input/output error: [client 66.85.158.91:40370] AH02013: coalesce failed to read from data bucket
[Sat May 30 05:36:42.451104 2026] [ssl:error] [pid 1694641:tid 1694641] (5)Input/output error: [client 66.85.158.91:40376] AH02013: coalesce failed to read from data bucket
[Sat May 30 05:36:42.453105 2026] [core:error] [pid 1694025:tid 1694025] (13)Permission denied: [client 216.73.216.174:0] AH00132: file permissions deny server access: /home/anandaob/public_html/js/Bl4ckhOle/root/sys/class/tty/tty58/subsystem/ttyS0/xmit_fifo_size
[Sat May 30 05:36:42.476654 2026] [ssl:error] [pid 1695001:tid 1695001] (70014)End of file found: [client 66.85.158.91:40408] AH02013: coalesce failed to read from data bucket
[Sat May 30 05:36:43.058039 2026] [ssl:error] [pid 1694999:tid 1694999] (70014)End of file found: [client 66.85.158.91:40488] AH02013: coalesce failed to read from data bucket
[Sat May 30 05:36:43.185485 2026] [ssl:error] [pid 1696224:tid 1696224] (70014)End of file found: [client 66.85.158.91:40498] AH02013: coalesce failed to read from data bucket
[Sat May 30 05:36:44.300969 2026] [ssl:error] [pid 1680318:tid 1680318] (70014)End of file found: [client 66.85.158.91:40642] AH02013: coalesce failed to read from data bucket
[Sat May 30 05:36:44.494115 2026] [ssl:error] [pid 1694025:tid 1694025] (70014)End of file found: [client 66.85.158.91:40676] AH02013: coalesce failed to read from data bucket
[Sat May 30 05:36:44.568812 2026] [ssl:error] [pid 1696998:tid 1696998] (70014)End of file found: [client 66.85.158.91:40664] AH02013: coalesce failed to read from data bucket
[Sat May 30 05:36:44.649794 2026] [ssl:error] [pid 1688673:tid 1688673] (70014)End of file found: [client 66.85.158.91:40700] AH02013: coalesce failed to read from data bucket
[Sat May 30 05:36:44.894034 2026] [ssl:error] [pid 1684878:tid 1684878] (70014)End of file found: [client 66.85.158.91:40736] AH02013: coalesce failed to read from data bucket
[Sat May 30 05:36:45.165620 2026] [ssl:error] [pid 1680323:tid 1680323] (70014)End of file found: [client 66.85.158.91:40788] AH02013: coalesce failed to read from data bucket
[Sat May 30 05:36:45.395347 2026] [ssl:error] [pid 1694603:tid 1694603] (70014)End of file found: [client 66.85.158.91:40854] AH02013: coalesce failed to read from data bucket
[Sat May 30 05:36:45.576351 2026] [security2:error] [pid 1680302:tid 1680302] [client 74.7.227.60:0] ModSecurity: collections_remove_stale: Failed to access DBM file "/var/cpanel/secdatadir/epidgovl-global": Permission denied [hostname "www.epid.gov.lk"] [uri "/epid/public/index.php"] [unique_id "ahoqFIn5jnYeajry7FHsJgAAAAk"], referer: https://www.epid.gov.lk/situation-report?filter=2021&page_104=688&page_105=755
[Sat May 30 05:36:45.576402 2026] [security2:error] [pid 1680302:tid 1680302] [client 74.7.227.60:0] ModSecurity: collections_remove_stale: Failed to access DBM file "/var/cpanel/secdatadir/epidgovl-ip": Permission denied [hostname "www.epid.gov.lk"] [uri "/epid/public/index.php"] [unique_id "ahoqFIn5jnYeajry7FHsJgAAAAk"], referer: https://www.epid.gov.lk/situation-report?filter=2021&page_104=688&page_105=755
[Sat May 30 05:36:45.649697 2026] [ssl:error] [pid 1697791:tid 1697791] (70014)End of file found: [client 66.85.158.91:40890] AH02013: coalesce failed to read from data bucket
[Sat May 30 05:36:45.938187 2026] [security2:error] [pid 1693000:tid 1693000] [client 216.244.66.249:0] ModSecurity: Warning. String match within "/accept-charset/ /content-encoding/ /proxy/ /lock-token/ /content-range/ /if/" at TX:header_name_accept-charset. [file "/etc/apache2/conf.d/modsec_vendor_configs/OWASP3/rules/REQUEST-920-PROTOCOL-ENFORCEMENT.conf"] [line "1127"] [id "920450"] [msg "HTTP header is restricted by policy (/accept-charset/)"] [data "Restricted header detected: /accept-charset/"] [severity "CRITICAL"] [ver "OWASP_CRS/3.3.9"] [tag "application-multi"] [tag "language-multi"] [tag "platform-multi"] [tag "attack-protocol"] [tag "paranoia-level/1"] [tag "OWASP_CRS"] [tag "capec/1000/210/272"] [tag "PCI/12.1"] [hostname "www.epid.gov.lk"] [uri "/web/images/pdf/corona_virus_report/sitrep-gl-en-05-02_10_21.pdf"] [unique_id "ahoqFaJanm96itmnb3Y1RAAAABg"]
[Sat May 30 05:36:46.099196 2026] [security2:error] [pid 1693000:tid 1693000] [client 216.244.66.249:0] ModSecurity: Warning. Operator GE matched 5 at TX:anomaly_score. [file "/etc/apache2/conf.d/modsec_vendor_configs/OWASP3/rules/REQUEST-949-BLOCKING-EVALUATION.conf"] [line "94"] [id "949110"] [msg "Inbound Anomaly Score Exceeded (Total Score: 5)"] [severity "CRITICAL"] [ver "OWASP_CRS/3.3.9"] [tag "application-multi"] [tag "language-multi"] [tag "platform-multi"] [tag "attack-generic"] [hostname "www.epid.gov.lk"] [uri "/web/images/pdf/corona_virus_report/sitrep-gl-en-05-02_10_21.pdf"] [unique_id "ahoqFaJanm96itmnb3Y1RAAAABg"]
[Sat May 30 05:36:46.099632 2026] [security2:error] [pid 1693000:tid 1693000] [client 216.244.66.249:0] ModSecurity: Warning. Operator GE matched 5 at TX:inbound_anomaly_score. [file "/etc/apache2/conf.d/modsec_vendor_configs/OWASP3/rules/RESPONSE-980-CORRELATION.conf"] [line "92"] [id "980130"] [msg "Inbound Anomaly Score Exceeded (Total Inbound Score: 5 - SQLI=0,XSS=0,RFI=0,LFI=0,RCE=0,PHPI=0,HTTP=0,SESS=0): individual paranoia level scores: 5, 0, 0, 0"] [ver "OWASP_CRS/3.3.9"] [tag "event-correlation"] [hostname "www.epid.gov.lk"] [uri "/web/images/pdf/corona_virus_report/sitrep-gl-en-05-02_10_21.pdf"] [unique_id "ahoqFaJanm96itmnb3Y1RAAAABg"]
[Sat May 30 05:36:46.564344 2026] [ssl:error] [pid 1686653:tid 1686653] (70014)End of file found: [client 66.85.158.91:40920] AH02013: coalesce failed to read from data bucket
[Sat May 30 05:36:46.853032 2026] [ssl:error] [pid 1694984:tid 1694984] (70014)End of file found: [client 66.85.158.91:40954] AH02013: coalesce failed to read from data bucket
[Sat May 30 05:36:47.029604 2026] [ssl:error] [pid 1680138:tid 1680138] (70014)End of file found: [client 66.85.158.91:41004] AH02013: coalesce failed to read from data bucket
[Sat May 30 05:36:47.535129 2026] [security2:error] [pid 1690293:tid 1690293] [client 193.46.218.218:0] ModSecurity: Warning. Pattern match "^[\\\\d.:]+$" at REQUEST_HEADERS:Host. [file "/etc/apache2/conf.d/modsec_vendor_configs/OWASP3/rules/REQUEST-920-PROTOCOL-ENFORCEMENT.conf"] [line "735"] [id "920350"] [msg "Host header is a numeric IP address"] [data "66.85.158.92"] [severity "WARNING"] [ver "OWASP_CRS/3.3.9"] [tag "application-multi"] [tag "language-multi"] [tag "platform-multi"] [tag "attack-protocol"] [tag "paranoia-level/1"] [tag "OWASP_CRS"] [tag "capec/1000/210/272"] [tag "PCI/6.5.10"] [hostname "66.85.158.92"] [uri "/.env"] [unique_id "ahoqF3482dbZ4ARu-s0YfgAAABM"]
