[Sat May 30 04:24:26.496141 2026] [security2:error] [pid 1647536:tid 1647536] [client 216.73.216.174:0] ModSecurity: Warning. Operator GE matched 5 at TX:inbound_anomaly_score. [file "/etc/apache2/conf.d/modsec_vendor_configs/OWASP3/rules/RESPONSE-980-CORRELATION.conf"] [line "92"] [id "980130"] [msg "Inbound Anomaly Score Exceeded (Total Inbound Score: 5 - SQLI=0,XSS=0,RFI=0,LFI=0,RCE=0,PHPI=0,HTTP=0,SESS=0): individual paranoia level scores: 5, 0, 0, 0"] [ver "OWASP_CRS/3.3.9"] [tag "event-correlation"] [hostname "anandaobauae.org"] [uri "/js/Bl4ckhOle/root/proc/thread-self/cwd/opt/alt/php70/etc/php.d.all/zmq.ini"] [unique_id "ahoZIltbNzQMBhuGcJPgvgAAAA4"]
[Sat May 30 04:24:26.913641 2026] [ssl:error] [pid 1647640:tid 1647640] (5)Input/output error: [client 66.85.158.91:42718] AH02013: coalesce failed to read from data bucket
[Sat May 30 04:24:27.009547 2026] [ssl:error] [pid 1661803:tid 1661803] (70014)End of file found: [client 66.85.158.91:42738] AH02013: coalesce failed to read from data bucket
[Sat May 30 04:24:27.210811 2026] [ssl:error] [pid 1653293:tid 1653293] (70014)End of file found: [client 66.85.158.91:42774] AH02013: coalesce failed to read from data bucket
[Sat May 30 04:24:27.308033 2026] [ssl:error] [pid 1661800:tid 1661800] (70014)End of file found: [client 66.85.158.91:42790] AH02013: coalesce failed to read from data bucket
[Sat May 30 04:24:27.775893 2026] [ssl:error] [pid 1657835:tid 1657835] (70014)End of file found: [client 66.85.158.91:42832] AH02013: coalesce failed to read from data bucket
[Sat May 30 04:24:27.816295 2026] [ssl:error] [pid 1647616:tid 1647616] (70014)End of file found: [client 66.85.158.91:42844] AH02013: coalesce failed to read from data bucket
[Sat May 30 04:24:28.326005 2026] [ssl:error] [pid 1658238:tid 1658238] (70014)End of file found: [client 66.85.158.91:42864] AH02013: coalesce failed to read from data bucket
[Sat May 30 04:24:28.490877 2026] [ssl:error] [pid 1656798:tid 1656798] (70014)End of file found: [client 66.85.158.91:42892] AH02013: coalesce failed to read from data bucket
[Sat May 30 04:24:28.593178 2026] [security2:error] [pid 1662021:tid 1662021] [client 216.73.216.174:0] ModSecurity: Warning. String match within ".asa/ .asax/ .ascx/ .axd/ .backup/ .bak/ .bat/ .cdx/ .cer/ .cfg/ .cmd/ .com/ .config/ .conf/ .cs/ .csproj/ .csr/ .dat/ .db/ .dbf/ .dll/ .dos/ .htr/ .htw/ .ida/ .idc/ .idq/ .inc/ .ini/ .key/ .licx/ .lnk/ .log/ .mdb/ .old/ .pass/ .pdb/ .pol/ .printer/ .pwd/ .rdb/ .resources/ .resx/ .sql/ .swp/ .sys/ .vb/ .vbs/ .vbproj/ .vsdisco/ .webinfo/ .xsd/ .xsx/" at TX:extension. [file "/etc/apache2/conf.d/modsec_vendor_configs/OWASP3/rules/REQUEST-920-PROTOCOL-ENFORCEMENT.conf"] [line "1055"] [id "920440"] [msg "URL file extension is restricted by policy"] [data ".ini"] [severity "CRITICAL"] [ver "OWASP_CRS/3.3.9"] [tag "application-multi"] [tag "language-multi"] [tag "platform-multi"] [tag "attack-protocol"] [tag "paranoia-level/1"] [tag "OWASP_CRS"] [tag "capec/1000/210/272"] [tag "PCI/6.5.10"] [hostname "anandaobauae.org"] [uri "/js/Bl4ckhOle/root/proc/thread-self/cwd/opt/alt/php80/etc/php.d.all/sqlsrv.ini"] [unique_id "ahoZJM8Kz7fdN1ynDM3WawAAACY"]
[Sat May 30 04:24:28.593913 2026] [security2:error] [pid 1662021:tid 1662021] [client 216.73.216.174:0] ModSecurity: Warning. Operator GE matched 5 at TX:anomaly_score. [file "/etc/apache2/conf.d/modsec_vendor_configs/OWASP3/rules/REQUEST-949-BLOCKING-EVALUATION.conf"] [line "94"] [id "949110"] [msg "Inbound Anomaly Score Exceeded (Total Score: 5)"] [severity "CRITICAL"] [ver "OWASP_CRS/3.3.9"] [tag "application-multi"] [tag "language-multi"] [tag "platform-multi"] [tag "attack-generic"] [hostname "anandaobauae.org"] [uri "/js/Bl4ckhOle/root/proc/thread-self/cwd/opt/alt/php80/etc/php.d.all/sqlsrv.ini"] [unique_id "ahoZJM8Kz7fdN1ynDM3WawAAACY"]
[Sat May 30 04:24:28.629693 2026] [core:error] [pid 1647383:tid 1647383] (13)Permission denied: [client 216.73.216.174:0] AH00132: file permissions deny server access: /home/anandaob/public_html/js/Bl4ckhOle/root/sys/class/wakeup/wakeup2/subsystem/wakeup10/device/physical_node/resource0
[Sat May 30 04:24:28.655804 2026] [security2:error] [pid 1662021:tid 1662021] [client 216.73.216.174:0] ModSecurity: Warning. Operator GE matched 5 at TX:inbound_anomaly_score. [file "/etc/apache2/conf.d/modsec_vendor_configs/OWASP3/rules/RESPONSE-980-CORRELATION.conf"] [line "92"] [id "980130"] [msg "Inbound Anomaly Score Exceeded (Total Inbound Score: 5 - SQLI=0,XSS=0,RFI=0,LFI=0,RCE=0,PHPI=0,HTTP=0,SESS=0): individual paranoia level scores: 5, 0, 0, 0"] [ver "OWASP_CRS/3.3.9"] [tag "event-correlation"] [hostname "anandaobauae.org"] [uri "/js/Bl4ckhOle/root/proc/thread-self/cwd/opt/alt/php80/etc/php.d.all/sqlsrv.ini"] [unique_id "ahoZJM8Kz7fdN1ynDM3WawAAACY"]
[Sat May 30 04:24:28.732909 2026] [core:error] [pid 1661802:tid 1661802] (13)Permission denied: [client 216.73.216.174:0] AH00132: file permissions deny server access: /home/anandaob/public_html/js/Bl4ckhOle/root/sys/class/wakeup/wakeup10/subsystem/wakeup2/device/physical_node/resource0
[Sat May 30 04:24:28.836112 2026] [ssl:error] [pid 1656123:tid 1656123] (70014)End of file found: [client 66.85.158.91:42938] AH02013: coalesce failed to read from data bucket
[Sat May 30 04:24:28.936383 2026] [core:error] [pid 1662016:tid 1662016] (13)Permission denied: [client 216.73.216.174:0] AH00132: file permissions deny server access: /home/anandaob/public_html/js/Bl4ckhOle/root/sys/dev/char/189:1/subsystem/drivers/usb/usb1/1-1/driver/bind
[Sat May 30 04:24:29.021284 2026] [ssl:error] [pid 1648304:tid 1648304] (70014)End of file found: [client 66.85.158.91:42956] AH02013: coalesce failed to read from data bucket
[Sat May 30 04:24:29.163154 2026] [ssl:error] [pid 1648376:tid 1648376] (70014)End of file found: [client 66.85.158.91:42996] AH02013: coalesce failed to read from data bucket
[Sat May 30 04:24:29.258701 2026] [cgi:error] [pid 1647372:tid 1647372] [client 216.73.216.174:0] AH01215: stderr from /home/anandaob/public_html/js/Bl4ckhOle/root/usr/share/perl5/unicore/lib/SB/ST.pl: (13)Permission denied: exec of '/home/anandaob/public_html/js/Bl4ckhOle/root/usr/share/perl5/unicore/lib/SB/ST.pl' failed
[Sat May 30 04:24:29.261339 2026] [cgi:error] [pid 1647372:tid 1647372] [client 216.73.216.174:0] End of script output before headers: ST.pl
[Sat May 30 04:24:29.345137 2026] [ssl:error] [pid 1661805:tid 1661805] (70014)End of file found: [client 66.85.158.91:43048] AH02013: coalesce failed to read from data bucket
[Sat May 30 04:24:29.359962 2026] [ssl:error] [pid 1657920:tid 1657920] (70014)End of file found: [client 66.85.158.91:43056] AH02013: coalesce failed to read from data bucket
[Sat May 30 04:24:29.447459 2026] [ssl:error] [pid 1657896:tid 1657896] (70014)End of file found: [client 66.85.158.91:43066] AH02013: coalesce failed to read from data bucket
[Sat May 30 04:24:29.510881 2026] [ssl:error] [pid 1661801:tid 1661801] (70014)End of file found: [client 66.85.158.91:43074] AH02013: coalesce failed to read from data bucket
[Sat May 30 04:24:29.570039 2026] [ssl:error] [pid 1647424:tid 1647424] (70014)End of file found: [client 66.85.158.91:43088] AH02013: coalesce failed to read from data bucket
[Sat May 30 04:24:30.173062 2026] [core:error] [pid 1662016:tid 1662016] (13)Permission denied: [client 57.141.14.39:0] AH00132: file permissions deny server access: /home/anandaob/public_html/js/Bl4ckhOle/root/proc/thread-self/root/sys/devices/system/memory/memory132/node0/memory136/node0/memory119/subsystem/uevent
[Sat May 30 04:24:30.432564 2026] [ssl:error] [pid 1647618:tid 1647618] (70014)End of file found: [client 66.85.158.91:43134] AH02013: coalesce failed to read from data bucket
[Sat May 30 04:24:30.770492 2026] [core:error] [pid 1661804:tid 1661804] (13)Permission denied: [client 57.141.14.51:0] AH00132: file permissions deny server access: /home/anandaob/public_html/js/Bl4ckhOle/root/proc/thread-self/root/sys/devices/system/memory/memory135/node0/memory54/node0/memory0/subsystem/uevent
[Sat May 30 04:24:31.069062 2026] [ssl:error] [pid 1647536:tid 1647536] (70014)End of file found: [client 66.85.158.91:39714] AH02013: coalesce failed to read from data bucket
[Sat May 30 04:24:31.609681 2026] [ssl:error] [pid 1647472:tid 1647472] (70014)End of file found: [client 66.85.158.91:39724] AH02013: coalesce failed to read from data bucket
[Sat May 30 04:24:31.656944 2026] [ssl:error] [pid 1662020:tid 1662020] (70014)End of file found: [client 66.85.158.91:39732] AH02013: coalesce failed to read from data bucket
[Sat May 30 04:24:31.749011 2026] [ssl:error] [pid 1661797:tid 1661797] (70014)End of file found: [client 66.85.158.91:39796] AH02013: coalesce failed to read from data bucket
[Sat May 30 04:24:31.749249 2026] [security2:error] [pid 1661797:tid 1661797] [client 216.73.216.174:0] ModSecurity: collections_remove_stale: Failed to access DBM file "/var/cpanel/secdatadir/anandaob-global": Permission denied [hostname "anandaobauae.org"] [uri "/js/Bl4ckhOle/root/sys/class/wakeup/wakeup8/device/subsystem/devices/PNP0F13:00/power/runtime_status"] [unique_id "ahoZJ7mdM4kbJ-M0bdo__AAAAAo"]
[Sat May 30 04:24:31.749280 2026] [security2:error] [pid 1661797:tid 1661797] [client 216.73.216.174:0] ModSecurity: collections_remove_stale: Failed to access DBM file "/var/cpanel/secdatadir/anandaob-ip": Permission denied [hostname "anandaobauae.org"] [uri "/js/Bl4ckhOle/root/sys/class/wakeup/wakeup8/device/subsystem/devices/PNP0F13:00/power/runtime_status"] [unique_id "ahoZJ7mdM4kbJ-M0bdo__AAAAAo"]
[Sat May 30 04:24:32.020899 2026] [ssl:error] [pid 1661804:tid 1661804] (5)Input/output error: [client 66.85.158.91:39804] AH02013: coalesce failed to read from data bucket
[Sat May 30 04:24:32.023359 2026] [ssl:error] [pid 1647368:tid 1647368] (70014)End of file found: [client 66.85.158.91:39812] AH02013: coalesce failed to read from data bucket
[Sat May 30 04:24:32.328211 2026] [ssl:error] [pid 1648359:tid 1648359] (5)Input/output error: [client 66.85.158.91:39856] AH02013: coalesce failed to read from data bucket
[Sat May 30 04:24:32.524327 2026] [ssl:error] [pid 1647640:tid 1647640] (70014)End of file found: [client 66.85.158.91:39886] AH02013: coalesce failed to read from data bucket
[Sat May 30 04:24:32.538551 2026] [ssl:error] [pid 1661803:tid 1661803] (5)Input/output error: [client 66.85.158.91:39890] AH02013: coalesce failed to read from data bucket
[Sat May 30 04:24:32.571260 2026] [ssl:error] [pid 1661802:tid 1661802] (70014)End of file found: [client 66.85.158.91:39898] AH02013: coalesce failed to read from data bucket
[Sat May 30 04:24:32.869053 2026] [core:error] [pid 1661800:tid 1661800] (13)Permission denied: [client 216.73.216.174:0] AH00132: file permissions deny server access: /home/anandaob/public_html/js/Bl4ckhOle/root/proc/thread-self/cwd/usr/share/doc/alt-php-internal-common/TSRM_LICENSE
[Sat May 30 04:24:32.940536 2026] [ssl:error] [pid 1662016:tid 1662016] (5)Input/output error: [client 66.85.158.91:39944] AH02013: coalesce failed to read from data bucket
[Sat May 30 04:24:33.240960 2026] [ssl:error] [pid 1647616:tid 1647616] (5)Input/output error: [client 66.85.158.91:39992] AH02013: coalesce failed to read from data bucket
[Sat May 30 04:24:33.339440 2026] [ssl:error] [pid 1661800:tid 1661800] (5)Input/output error: [client 66.85.158.91:40008] AH02013: coalesce failed to read from data bucket
[Sat May 30 04:24:33.436726 2026] [ssl:error] [pid 1662021:tid 1662021] (70014)End of file found: [client 66.85.158.91:40014] AH02013: coalesce failed to read from data bucket
[Sat May 30 04:24:33.436729 2026] [ssl:error] [pid 1647356:tid 1647356] (70014)End of file found: [client 66.85.158.91:40022] AH02013: coalesce failed to read from data bucket
[Sat May 30 04:24:33.874642 2026] [ssl:error] [pid 1647350:tid 1647350] (70014)End of file found: [client 66.85.158.91:40050] AH02013: coalesce failed to read from data bucket
[Sat May 30 04:24:34.588759 2026] [ssl:error] [pid 1647383:tid 1647383] (70014)End of file found: [client 66.85.158.91:40084] AH02013: coalesce failed to read from data bucket
[Sat May 30 04:24:34.633040 2026] [core:error] [pid 1647398:tid 1647398] (13)Permission denied: [client 57.141.14.63:0] AH00132: file permissions deny server access: /home/anandaob/public_html/js/Bl4ckhOle/root/proc/thread-self/root/sys/bus/memory/devices/memory18/node0/memory86/node0/memory60/subsystem/drivers_probe
[Sat May 30 04:24:34.929731 2026] [ssl:error] [pid 1657835:tid 1657835] (70014)End of file found: [client 66.85.158.91:40130] AH02013: coalesce failed to read from data bucket
[Sat May 30 04:24:35.420062 2026] [ssl:error] [pid 1653293:tid 1653293] (70014)End of file found: [client 66.85.158.91:40154] AH02013: coalesce failed to read from data bucket
[Sat May 30 04:24:35.476446 2026] [ssl:error] [pid 1648376:tid 1648376] (70014)End of file found: [client 66.85.158.91:40168] AH02013: coalesce failed to read from data bucket
[Sat May 30 04:24:37.513779 2026] [core:error] [pid 1647536:tid 1647536] (13)Permission denied: [client 216.73.216.174:0] AH00132: file permissions deny server access: /home/anandaob/public_html/js/Bl4ckhOle/root/sys/class/thermal/cooling_device0/device/subsystem/drivers/tpm_crb/uevent
[Sat May 30 04:24:37.666222 2026] [ssl:error] [pid 1661801:tid 1661801] (70014)End of file found: [client 66.85.158.91:40294] AH02013: coalesce failed to read from data bucket
[Sat May 30 04:24:38.256442 2026] [ssl:error] [pid 1647424:tid 1647424] (70014)End of file found: [client 66.85.158.91:40320] AH02013: coalesce failed to read from data bucket
[Sat May 30 04:24:38.459232 2026] [security2:error] [pid 1662020:tid 1662020] [client 216.244.66.237:0] ModSecurity: Warning. String match within "/accept-charset/ /content-encoding/ /proxy/ /lock-token/ /content-range/ /if/" at TX:header_name_accept-charset. [file "/etc/apache2/conf.d/modsec_vendor_configs/OWASP3/rules/REQUEST-920-PROTOCOL-ENFORCEMENT.conf"] [line "1127"] [id "920450"] [msg "HTTP header is restricted by policy (/accept-charset/)"] [data "Restricted header detected: /accept-charset/"] [severity "CRITICAL"] [ver "OWASP_CRS/3.3.9"] [tag "application-multi"] [tag "language-multi"] [tag "platform-multi"] [tag "attack-protocol"] [tag "paranoia-level/1"] [tag "OWASP_CRS"] [tag "capec/1000/210/272"] [tag "PCI/12.1"] [hostname "www.dragon.lk"] [uri "/storage/vendor/braintree/braintree_php/tests/integration/DisbursementTest.php"] [unique_id "ahoZLUGv2vz5Bh3GoIcJxwAAACU"]
[Sat May 30 04:24:40.193752 2026] [security2:error] [pid 1662020:tid 1662020] [client 216.244.66.237:0] ModSecurity: Warning. Operator GE matched 5 at TX:anomaly_score. [file "/etc/apache2/conf.d/modsec_vendor_configs/OWASP3/rules/REQUEST-949-BLOCKING-EVALUATION.conf"] [line "94"] [id "949110"] [msg "Inbound Anomaly Score Exceeded (Total Score: 5)"] [severity "CRITICAL"] [ver "OWASP_CRS/3.3.9"] [tag "application-multi"] [tag "language-multi"] [tag "platform-multi"] [tag "attack-generic"] [hostname "www.dragon.lk"] [uri "/storage/vendor/braintree/braintree_php/tests/integration/DisbursementTest.php"] [unique_id "ahoZLUGv2vz5Bh3GoIcJxwAAACU"]
[Sat May 30 04:24:40.194234 2026] [security2:error] [pid 1662020:tid 1662020] [client 216.244.66.237:0] ModSecurity: Warning. Operator GE matched 5 at TX:inbound_anomaly_score. [file "/etc/apache2/conf.d/modsec_vendor_configs/OWASP3/rules/RESPONSE-980-CORRELATION.conf"] [line "92"] [id "980130"] [msg "Inbound Anomaly Score Exceeded (Total Inbound Score: 5 - SQLI=0,XSS=0,RFI=0,LFI=0,RCE=0,PHPI=0,HTTP=0,SESS=0): individual paranoia level scores: 5, 0, 0, 0"] [ver "OWASP_CRS/3.3.9"] [tag "event-correlation"] [hostname "www.dragon.lk"] [uri "/storage/vendor/braintree/braintree_php/tests/integration/DisbursementTest.php"] [unique_id "ahoZLUGv2vz5Bh3GoIcJxwAAACU"]
[Sat May 30 04:24:39.318722 2026] [ssl:error] [pid 1661804:tid 1661804] (70014)End of file found: [client 66.85.158.91:40324] AH02013: coalesce failed to read from data bucket
[Sat May 30 04:24:40.237610 2026] [ssl:error] [pid 1648304:tid 1648304] (70014)End of file found: [client 66.85.158.91:40372] AH02013: coalesce failed to read from data bucket
[Sat May 30 04:24:40.242628 2026] [ssl:error] [pid 1647640:tid 1647640] (70014)End of file found: [client 66.85.158.91:40402] AH02013: coalesce failed to read from data bucket
[Sat May 30 04:24:40.245849 2026] [ssl:error] [pid 1661803:tid 1661803] (70014)End of file found: [client 66.85.158.91:40414] AH02013: coalesce failed to read from data bucket
[Sat May 30 04:24:40.265447 2026] [ssl:error] [pid 1647372:tid 1647372] (70014)End of file found: [client 66.85.158.91:40446] AH02013: coalesce failed to read from data bucket
[Sat May 30 04:24:40.451594 2026] [ssl:error] [pid 1656123:tid 1656123] (70014)End of file found: [client 66.85.158.91:40344] AH02013: coalesce failed to read from data bucket
[Sat May 30 04:24:40.729345 2026] [ssl:error] [pid 1662021:tid 1662021] (70014)End of file found: [client 66.85.158.91:51156] AH02013: coalesce failed to read from data bucket
[Sat May 30 04:24:40.780331 2026] [core:error] [pid 1661800:tid 1661800] (13)Permission denied: [client 216.73.216.174:0] AH00132: file permissions deny server access: /home/anandaob/public_html/js/Bl4ckhOle/root/proc/thread-self/cwd/sys/class/i2c-adapter/i2c-0/device/subsystem/rescan
[Sat May 30 04:24:41.072153 2026] [ssl:error] [pid 1647472:tid 1647472] (70014)End of file found: [client 66.85.158.91:51218] AH02013: coalesce failed to read from data bucket
[Sat May 30 04:24:41.474009 2026] [ssl:error] [pid 1662016:tid 1662016] (5)Input/output error: [client 66.85.158.91:51272] AH02013: coalesce failed to read from data bucket
[Sat May 30 04:24:41.597736 2026] [ssl:error] [pid 1656798:tid 1656798] (70014)End of file found: [client 66.85.158.91:51286] AH02013: coalesce failed to read from data bucket
[Sat May 30 04:24:41.680683 2026] [ssl:error] [pid 1647616:tid 1647616] (70014)End of file found: [client 66.85.158.91:51300] AH02013: coalesce failed to read from data bucket
[Sat May 30 04:24:41.798226 2026] [ssl:error] [pid 1657835:tid 1657835] (70014)End of file found: [client 66.85.158.91:51330] AH02013: coalesce failed to read from data bucket
[Sat May 30 04:24:42.180034 2026] [ssl:error] [pid 1658238:tid 1658238] (5)Input/output error: [client 66.85.158.91:51390] AH02013: coalesce failed to read from data bucket
[Sat May 30 04:24:42.378157 2026] [ssl:error] [pid 1657920:tid 1657920] (70014)End of file found: [client 66.85.158.91:51418] AH02013: coalesce failed to read from data bucket
[Sat May 30 04:24:42.434023 2026] [ssl:error] [pid 1647383:tid 1647383] (5)Input/output error: [client 66.85.158.91:51426] AH02013: coalesce failed to read from data bucket
[Sat May 30 04:24:42.989258 2026] [ssl:error] [pid 1662020:tid 1662020] (5)Input/output error: [client 66.85.158.91:51518] AH02013: coalesce failed to read from data bucket
[Sat May 30 04:24:43.089499 2026] [ssl:error] [pid 1647618:tid 1647618] (5)Input/output error: [client 66.85.158.91:51524] AH02013: coalesce failed to read from data bucket
[Sat May 30 04:24:44.203297 2026] [ssl:error] [pid 1661801:tid 1661801] (70014)End of file found: [client 66.85.158.91:51584] AH02013: coalesce failed to read from data bucket
[Sat May 30 04:24:44.681781 2026] [ssl:error] [pid 1657896:tid 1657896] (70014)End of file found: [client 66.85.158.91:51612] AH02013: coalesce failed to read from data bucket
[Sat May 30 04:24:45.568273 2026] [ssl:error] [pid 1647350:tid 1647350] (70014)End of file found: [client 66.85.158.91:51654] AH02013: coalesce failed to read from data bucket
[Sat May 30 04:24:46.245808 2026] [ssl:error] [pid 1661803:tid 1661803] (70014)End of file found: [client 66.85.158.91:51748] AH02013: coalesce failed to read from data bucket
[Sat May 30 04:24:46.538692 2026] [ssl:error] [pid 1647398:tid 1647398] (70014)End of file found: [client 66.85.158.91:51812] AH02013: coalesce failed to read from data bucket
[Sat May 30 04:24:46.593922 2026] [ssl:error] [pid 1647368:tid 1647368] (70014)End of file found: [client 66.85.158.91:51822] AH02013: coalesce failed to read from data bucket
[Sat May 30 04:24:46.893402 2026] [ssl:error] [pid 1661800:tid 1661800] (70014)End of file found: [client 66.85.158.91:51900] AH02013: coalesce failed to read from data bucket
[Sat May 30 04:24:47.044432 2026] [ssl:error] [pid 1656123:tid 1656123] (70014)End of file found: [client 66.85.158.91:51926] AH02013: coalesce failed to read from data bucket
[Sat May 30 04:24:47.249287 2026] [ssl:error] [pid 1647356:tid 1647356] (70014)End of file found: [client 66.85.158.91:51952] AH02013: coalesce failed to read from data bucket
[Sat May 30 04:24:47.349512 2026] [security2:error] [pid 1661797:tid 1661797] [client 216.73.216.174:0] ModSecurity: collections_remove_stale: Failed to access DBM file "/var/cpanel/secdatadir/anandaob-global": Permission denied [hostname "anandaobauae.org"] [uri "/KSoft-AnandaOBAUAE_2/js/Bl4ckhOle/root/usr/share/doc/alt-php56-sybase/LICENSE"] [unique_id "ahoZN7mdM4kbJ-M0bdpAAwAAAAo"]
[Sat May 30 04:24:47.349592 2026] [security2:error] [pid 1661797:tid 1661797] [client 216.73.216.174:0] ModSecurity: collections_remove_stale: Failed to access DBM file "/var/cpanel/secdatadir/anandaob-ip": Permission denied [hostname "anandaobauae.org"] [uri "/KSoft-AnandaOBAUAE_2/js/Bl4ckhOle/root/usr/share/doc/alt-php56-sybase/LICENSE"] [unique_id "ahoZN7mdM4kbJ-M0bdpAAwAAAAo"]
[Sat May 30 04:24:47.550138 2026] [ssl:error] [pid 1662021:tid 1662021] (70014)End of file found: [client 66.85.158.91:51976] AH02013: coalesce failed to read from data bucket
[Sat May 30 04:24:47.657302 2026] [ssl:error] [pid 1648359:tid 1648359] (70014)End of file found: [client 66.85.158.91:51996] AH02013: coalesce failed to read from data bucket
[Sat May 30 04:24:47.854570 2026] [ssl:error] [pid 1657835:tid 1657835] (5)Input/output error: [client 66.85.158.91:52028] AH02013: coalesce failed to read from data bucket
[Sat May 30 04:24:48.060274 2026] [ssl:error] [pid 1648376:tid 1648376] (5)Input/output error: [client 66.85.158.91:52046] AH02013: coalesce failed to read from data bucket
[Sat May 30 04:24:48.231377 2026] [ssl:error] [pid 1659318:tid 1659318] (70014)End of file found: [client 66.85.158.91:52064] AH02013: coalesce failed to read from data bucket
[Sat May 30 04:24:48.667592 2026] [ssl:error] [pid 1661804:tid 1661804] (70014)End of file found: [client 66.85.158.91:52166] AH02013: coalesce failed to read from data bucket
[Sat May 30 04:24:49.620693 2026] [ssl:error] [pid 1662016:tid 1662016] (70014)End of file found: [client 66.85.158.91:52280] AH02013: coalesce failed to read from data bucket
[Sat May 30 04:24:49.675052 2026] [core:error] [pid 1656798:tid 1656798] (13)Permission denied: [client 216.73.216.174:0] AH00132: file permissions deny server access: /home/anandaob/public_html/js/Bl4ckhOle/root/proc/self/cwd/sys/class/tty/tty1/subsystem/ttyS2/irq
[Sat May 30 04:24:49.922313 2026] [ssl:error] [pid 1647383:tid 1647383] (70014)End of file found: [client 66.85.158.91:52316] AH02013: coalesce failed to read from data bucket
[Sat May 30 04:24:49.979231 2026] [ssl:error] [pid 1647616:tid 1647616] (70014)End of file found: [client 66.85.158.91:52318] AH02013: coalesce failed to read from data bucket
[Sat May 30 04:24:50.469389 2026] [core:error] [pid 1662020:tid 1662020] (13)Permission denied: [client 57.141.14.111:0] AH00132: file permissions deny server access: /home/anandaob/public_html/js/Bl4ckhOle/root/proc/thread-self/root/sys/devices/system/memory/memory94/node0/memory52/node0/memory23/subsystem/uevent
[Sat May 30 04:24:51.397828 2026] [ssl:error] [pid 1661797:tid 1661797] (70014)End of file found: [client 66.85.158.91:43152] AH02013: coalesce failed to read from data bucket
[Sat May 30 04:24:51.851975 2026] [mime:warn] [pid 1656798:tid 1656798] AH01599: Cannot get media type from 'txt'
[Sat May 30 04:24:52.770257 2026] [ssl:error] [pid 1647424:tid 1647424] (5)Input/output error: [client 66.85.158.91:43314] AH02013: coalesce failed to read from data bucket
[Sat May 30 04:24:52.912665 2026] [ssl:error] [pid 1657896:tid 1657896] (5)Input/output error: [client 66.85.158.91:43356] AH02013: coalesce failed to read from data bucket
[Sat May 30 04:24:53.119423 2026] [ssl:error] [pid 1647372:tid 1647372] (70014)End of file found: [client 66.85.158.91:43380] AH02013: coalesce failed to read from data bucket
[Sat May 30 04:24:53.213313 2026] [ssl:error] [pid 1662020:tid 1662020] (70014)End of file found: [client 66.85.158.91:43416] AH02013: coalesce failed to read from data bucket
[Sat May 30 04:24:53.316720 2026] [ssl:error] [pid 1647356:tid 1647356] (5)Input/output error: [client 66.85.158.91:43424] AH02013: coalesce failed to read from data bucket
[Sat May 30 04:24:53.417003 2026] [ssl:error] [pid 1647640:tid 1647640] (70014)End of file found: [client 66.85.158.91:43436] AH02013: coalesce failed to read from data bucket
[Sat May 30 04:24:53.544080 2026] [ssl:error] [pid 1653293:tid 1653293] (70014)End of file found: [client 66.85.158.91:43462] AH02013: coalesce failed to read from data bucket
[Sat May 30 04:24:53.718947 2026] [ssl:error] [pid 1661805:tid 1661805] (70014)End of file found: [client 66.85.158.91:43512] AH02013: coalesce failed to read from data bucket
[Sat May 30 04:24:54.022106 2026] [ssl:error] [pid 1647536:tid 1647536] (70014)End of file found: [client 66.85.158.91:43568] AH02013: coalesce failed to read from data bucket
[Sat May 30 04:24:54.122499 2026] [ssl:error] [pid 1647350:tid 1647350] (70014)End of file found: [client 66.85.158.91:43582] AH02013: coalesce failed to read from data bucket
[Sat May 30 04:24:54.548834 2026] [security2:error] [pid 1647398:tid 1647398] [client 172.104.11.4:31964] ModSecurity: Warning. Pattern match "^[\\\\d.:]+$" at REQUEST_HEADERS:Host. [file "/etc/apache2/conf.d/modsec_vendor_configs/OWASP3/rules/REQUEST-920-PROTOCOL-ENFORCEMENT.conf"] [line "735"] [id "920350"] [msg "Host header is a numeric IP address"] [data "66.85.158.91:8443"] [severity "WARNING"] [ver "OWASP_CRS/3.3.9"] [tag "application-multi"] [tag "language-multi"] [tag "platform-multi"] [tag "attack-protocol"] [tag "paranoia-level/1"] [tag "OWASP_CRS"] [tag "capec/1000/210/272"] [tag "PCI/6.5.10"] [hostname "66.85.158.91"] [uri "/"] [unique_id "ahoZPmmUndPLqgk8QPcv-gAAAAA"]
[Sat May 30 04:24:54.628282 2026] [security2:error] [pid 1647398:tid 1647398] [client 172.104.11.4:31964] ModSecurity: Warning. Pattern match "^[\\\\d.:]+$" at REQUEST_HEADERS:Host. [file "/etc/apache2/conf.d/modsec_vendor_configs/OWASP3/rules/REQUEST-920-PROTOCOL-ENFORCEMENT.conf"] [line "735"] [id "920350"] [msg "Host header is a numeric IP address"] [data "66.85.158.91:8443"] [severity "WARNING"] [ver "OWASP_CRS/3.3.9"] [tag "application-multi"] [tag "language-multi"] [tag "platform-multi"] [tag "attack-protocol"] [tag "paranoia-level/1"] [tag "OWASP_CRS"] [tag "capec/1000/210/272"] [tag "PCI/6.5.10"] [hostname "66.85.158.91"] [uri "/cgi-sys/suspendedpage.cgi"] [unique_id "ahoZPmmUndPLqgk8QPcv-wAAAAA"], referer: https://66.85.158.91:8443/
[Sat May 30 04:24:54.646266 2026] [cgi:error] [pid 1647398:tid 1647398] [client 172.104.11.4:31964] AH01215: stderr from /usr/local/cpanel/cgi-sys/suspendedpage.cgi: 403 (Forbidden): 403 Forbidden, referer: https://66.85.158.91:8443/
[Sat May 30 04:24:54.646376 2026] [cgi:error] [pid 1647398:tid 1647398] [client 172.104.11.4:31964] AH01215: stderr from /usr/local/cpanel/cgi-sys/suspendedpage.cgi: Executing in an invalid environment for the supplied user at /usr/local/cpanel/Cpanel/CGI/NoForm.pm line 157., referer: https://66.85.158.91:8443/
[Sat May 30 04:24:56.166941 2026] [security2:error] [pid 1648376:tid 1648376] [client 2.56.191.97:0] ModSecurity: collections_remove_stale: Failed to access DBM file "/var/cpanel/secdatadir/trails-global": Permission denied [hostname "trails.lk"] [uri "/xmlrpc.php"] [unique_id "ahoZP2kcf4j8kpyAhqUqUQAAACQ"]
[Sat May 30 04:24:56.167008 2026] [security2:error] [pid 1648376:tid 1648376] [client 2.56.191.97:0] ModSecurity: collections_remove_stale: Failed to access DBM file "/var/cpanel/secdatadir/trails-ip": Permission denied [hostname "trails.lk"] [uri "/xmlrpc.php"] [unique_id "ahoZP2kcf4j8kpyAhqUqUQAAACQ"]
[Sat May 30 04:24:56.585794 2026] [ssl:error] [pid 1659318:tid 1659318] (70014)End of file found: [client 66.85.158.91:43698] AH02013: coalesce failed to read from data bucket
[Sat May 30 04:24:56.649942 2026] [core:error] [pid 1648359:tid 1648359] (13)Permission denied: [client 74.7.243.216:0] AH00132: file permissions deny server access: /home/anandaob/public_html/js/Bl4ckhOle/root/sys/kernel/slab/switch_data/cpu_partial, referer: https://www.anandaobauae.org/js/Bl4ckhOle/root/sys/kernel/slab/switch_data/
[Sat May 30 04:24:58.472708 2026] [ssl:error] [pid 1647398:tid 1647398] (70014)End of file found: [client 66.85.158.91:43886] AH02013: coalesce failed to read from data bucket
[Sat May 30 04:24:59.061008 2026] [core:error] [pid 1647472:tid 1647472] (13)Permission denied: [client 57.141.14.8:0] AH00132: file permissions deny server access: /home/anandaob/public_html/js/Bl4ckhOle/root/proc/thread-self/root/sys/bus/memory/devices/memory58/node0/memory1/node0/memory58/subsystem/drivers_probe
[Sat May 30 04:24:59.184717 2026] [ssl:error] [pid 1647372:tid 1647372] (70014)End of file found: [client 66.85.158.91:43988] AH02013: coalesce failed to read from data bucket
[Sat May 30 04:24:59.951992 2026] [security2:error] [pid 1661805:tid 1661805] [client 216.73.216.174:0] ModSecurity: collections_remove_stale: Failed to access DBM file "/var/cpanel/secdatadir/anandaob-global": Permission denied [hostname "anandaobauae.org"] [uri "/js/Bl4ckhOle/root/proc/self/cwd/usr/share/licenses/python3-gobject-base/"] [unique_id "ahoZQ7ru9eEgIQxGQppSxwAAACM"]
[Sat May 30 04:24:59.952086 2026] [security2:error] [pid 1661805:tid 1661805] [client 216.73.216.174:0] ModSecurity: collections_remove_stale: Failed to access DBM file "/var/cpanel/secdatadir/anandaob-ip": Permission denied [hostname "anandaobauae.org"] [uri "/js/Bl4ckhOle/root/proc/self/cwd/usr/share/licenses/python3-gobject-base/"] [unique_id "ahoZQ7ru9eEgIQxGQppSxwAAACM"]
[Sat May 30 04:25:00.307836 2026] [ssl:error] [pid 1647368:tid 1647368] (5)Input/output error: [client 66.85.158.91:44184] AH02013: coalesce failed to read from data bucket
[Sat May 30 04:25:00.521068 2026] [ssl:error] [pid 1647350:tid 1647350] (70014)End of file found: [client 66.85.158.91:44228] AH02013: coalesce failed to read from data bucket
[Sat May 30 04:25:00.878045 2026] [ssl:error] [pid 1656123:tid 1656123] (70014)End of file found: [client 66.85.158.91:60238] AH02013: coalesce failed to read from data bucket
[Sat May 30 04:25:02.094774 2026] [ssl:error] [pid 1647536:tid 1647536] (70014)End of file found: [client 66.85.158.91:60346] AH02013: coalesce failed to read from data bucket
[Sat May 30 04:25:02.095865 2026] [ssl:error] [pid 1648376:tid 1648376] (70014)End of file found: [client 66.85.158.91:60320] AH02013: coalesce failed to read from data bucket
[Sat May 30 04:25:02.097112 2026] [ssl:error] [pid 1647472:tid 1647472] (70014)End of file found: [client 66.85.158.91:60356] AH02013: coalesce failed to read from data bucket
[Sat May 30 04:25:02.100035 2026] [ssl:error] [pid 1647424:tid 1647424] (70014)End of file found: [client 66.85.158.91:60342] AH02013: coalesce failed to read from data bucket
[Sat May 30 04:25:02.101334 2026] [security2:error] [pid 1656798:tid 1656798] [client 216.73.216.174:0] ModSecurity: collections_remove_stale: Failed to access DBM file "/var/cpanel/secdatadir/anandaob-global": Permission denied [hostname "anandaobauae.org"] [uri "/js/Bl4ckhOle/root/proc/self/cwd/sys/bus/cpu/devices/cpu3/node0/memory15/"] [unique_id "ahoZRgZo9qxwUNHPD27MswAAABA"]
[Sat May 30 04:25:02.101402 2026] [security2:error] [pid 1656798:tid 1656798] [client 216.73.216.174:0] ModSecurity: collections_remove_stale: Failed to access DBM file "/var/cpanel/secdatadir/anandaob-ip": Permission denied [hostname "anandaobauae.org"] [uri "/js/Bl4ckhOle/root/proc/self/cwd/sys/bus/cpu/devices/cpu3/node0/memory15/"] [unique_id "ahoZRgZo9qxwUNHPD27MswAAABA"]
[Sat May 30 04:25:02.230640 2026] [ssl:error] [pid 1647383:tid 1647383] (70014)End of file found: [client 66.85.158.91:60380] AH02013: coalesce failed to read from data bucket
[Sat May 30 04:25:02.427548 2026] [ssl:error] [pid 1662020:tid 1662020] (70014)End of file found: [client 66.85.158.91:60412] AH02013: coalesce failed to read from data bucket
[Sat May 30 04:25:02.519050 2026] [ssl:error] [pid 1647618:tid 1647618] (70014)End of file found: [client 66.85.158.91:60414] AH02013: coalesce failed to read from data bucket
[Sat May 30 04:25:02.678183 2026] [ssl:error] [pid 1653293:tid 1653293] (70014)End of file found: [client 66.85.158.91:60426] AH02013: coalesce failed to read from data bucket
[Sat May 30 04:25:02.752893 2026] [ssl:error] [pid 1647616:tid 1647616] (70014)End of file found: [client 66.85.158.91:60430] AH02013: coalesce failed to read from data bucket
[Sat May 30 04:25:02.852824 2026] [ssl:error] [pid 1662021:tid 1662021] (70014)End of file found: [client 66.85.158.91:60444] AH02013: coalesce failed to read from data bucket
[Sat May 30 04:25:03.051537 2026] [ssl:error] [pid 1659318:tid 1659318] (70014)End of file found: [client 66.85.158.91:60472] AH02013: coalesce failed to read from data bucket
[Sat May 30 04:25:04.764334 2026] [ssl:error] [pid 1662016:tid 1662016] (70014)End of file found: [client 66.85.158.91:60540] AH02013: coalesce failed to read from data bucket
[Sat May 30 04:25:05.809800 2026] [security2:error] [pid 1661800:tid 1661800] [client 57.141.14.73:0] ModSecurity: collections_remove_stale: Failed to access DBM file "/var/cpanel/secdatadir/anandaob-global": Permission denied [hostname "www.anandaobauae.org"] [uri "/js/Bl4ckhOle/root/proc/thread-self/root/sys/devices/system/memory/memory21/subsystem/devices/memory35/node0/memory87/"] [unique_id "ahoZSQwSMqf-JkmULbjSqwAAAAs"]
[Sat May 30 04:25:05.809933 2026] [security2:error] [pid 1661800:tid 1661800] [client 57.141.14.73:0] ModSecurity: collections_remove_stale: Failed to access DBM file "/var/cpanel/secdatadir/anandaob-ip": Permission denied [hostname "www.anandaobauae.org"] [uri "/js/Bl4ckhOle/root/proc/thread-self/root/sys/devices/system/memory/memory21/subsystem/devices/memory35/node0/memory87/"] [unique_id "ahoZSQwSMqf-JkmULbjSqwAAAAs"]
[Sat May 30 04:25:06.402326 2026] [ssl:error] [pid 1657896:tid 1657896] (70014)End of file found: [client 66.85.158.91:60624] AH02013: coalesce failed to read from data bucket
[Sat May 30 04:25:07.220310 2026] [ssl:error] [pid 1647398:tid 1647398] (70014)End of file found: [client 66.85.158.91:60694] AH02013: coalesce failed to read from data bucket
[Sat May 30 04:25:07.333849 2026] [core:error] [pid 1656123:tid 1656123] (13)Permission denied: [client 216.73.216.174:0] AH00132: file permissions deny server access: /home/anandaob/public_html/js/Bl4ckhOle/root/sys/devices/pci0000:00/firmware_node/device:22/subsystem/drivers/thermal/bind
[Sat May 30 04:25:07.524540 2026] [ssl:error] [pid 1661804:tid 1661804] (70014)End of file found: [client 66.85.158.91:60730] AH02013: coalesce failed to read from data bucket
[Sat May 30 04:25:07.595961 2026] [ssl:error] [pid 1661802:tid 1661802] (70014)End of file found: [client 66.85.158.91:60744] AH02013: coalesce failed to read from data bucket
[Sat May 30 04:25:07.716078 2026] [ssl:error] [pid 1647350:tid 1647350] (70014)End of file found: [client 66.85.158.91:60776] AH02013: coalesce failed to read from data bucket
[Sat May 30 04:25:07.916795 2026] [ssl:error] [pid 1647472:tid 1647472] (70014)End of file found: [client 66.85.158.91:60802] AH02013: coalesce failed to read from data bucket
[Sat May 30 04:25:07.939240 2026] [ssl:error] [pid 1647424:tid 1647424] (70014)End of file found: [client 66.85.158.91:60806] AH02013: coalesce failed to read from data bucket
[Sat May 30 04:25:08.021358 2026] [ssl:error] [pid 1661805:tid 1661805] (70014)End of file found: [client 66.85.158.91:60808] AH02013: coalesce failed to read from data bucket
[Sat May 30 04:25:08.118990 2026] [core:error] [pid 1647383:tid 1647383] (13)Permission denied: [client 216.73.216.174:0] AH00132: file permissions deny server access: /home/anandaob/public_html/js/Bl4ckhOle/root/sys/dev/char/4:20/subsystem/ttyS3/device/tty/ttyS1/uartclk
[Sat May 30 04:25:08.220790 2026] [core:error] [pid 1647640:tid 1647640] (13)Permission denied: [client 216.73.216.174:0] AH00132: file permissions deny server access: /home/anandaob/public_html/js/Bl4ckhOle/root/proc/thread-self/cwd/sys/devices/pci0000:00/firmware_node/device:1a/eject
[Sat May 30 04:25:08.379307 2026] [ssl:error] [pid 1656123:tid 1656123] (70014)End of file found: [client 66.85.158.91:60842] AH02013: coalesce failed to read from data bucket
[Sat May 30 04:25:08.424069 2026] [ssl:error] [pid 1657835:tid 1657835] (70014)End of file found: [client 66.85.158.91:60856] AH02013: coalesce failed to read from data bucket
[Sat May 30 04:25:08.524505 2026] [ssl:error] [pid 1662020:tid 1662020] (70014)End of file found: [client 66.85.158.91:60868] AH02013: coalesce failed to read from data bucket
[Sat May 30 04:25:08.624444 2026] [core:error] [pid 1656798:tid 1656798] (13)Permission denied: [client 216.73.216.174:0] AH00132: file permissions deny server access: /home/anandaob/public_html/js/Bl4ckhOle/root/sys/class/tty/tty9/subsystem/tty5/subsystem/ttyS3/flags
[Sat May 30 04:25:08.726275 2026] [ssl:error] [pid 1647356:tid 1647356] (70014)End of file found: [client 66.85.158.91:60884] AH02013: coalesce failed to read from data bucket
[Sat May 30 04:25:09.101039 2026] [ssl:error] [pid 1661801:tid 1661801] (70014)End of file found: [client 66.85.158.91:60906] AH02013: coalesce failed to read from data bucket
[Sat May 30 04:25:09.289861 2026] [security2:error] [pid 1647536:tid 1647536] [client 216.244.66.237:0] ModSecurity: Warning. String match within "/accept-charset/ /content-encoding/ /proxy/ /lock-token/ /content-range/ /if/" at TX:header_name_accept-charset. [file "/etc/apache2/conf.d/modsec_vendor_configs/OWASP3/rules/REQUEST-920-PROTOCOL-ENFORCEMENT.conf"] [line "1127"] [id "920450"] [msg "HTTP header is restricted by policy (/accept-charset/)"] [data "Restricted header detected: /accept-charset/"] [severity "CRITICAL"] [ver "OWASP_CRS/3.3.9"] [tag "application-multi"] [tag "language-multi"] [tag "platform-multi"] [tag "attack-protocol"] [tag "paranoia-level/1"] [tag "OWASP_CRS"] [tag "capec/1000/210/272"] [tag "PCI/12.1"] [hostname "www.dragon.lk"] [uri "/index.php"] [unique_id "ahoZTVtbNzQMBhuGcJPg0AAAAA4"]
[Sat May 30 04:25:09.291021 2026] [security2:error] [pid 1647536:tid 1647536] [client 216.244.66.237:0] ModSecurity: Warning. Operator GE matched 5 at TX:anomaly_score. [file "/etc/apache2/conf.d/modsec_vendor_configs/OWASP3/rules/REQUEST-949-BLOCKING-EVALUATION.conf"] [line "94"] [id "949110"] [msg "Inbound Anomaly Score Exceeded (Total Score: 5)"] [severity "CRITICAL"] [ver "OWASP_CRS/3.3.9"] [tag "application-multi"] [tag "language-multi"] [tag "platform-multi"] [tag "attack-generic"] [hostname "www.dragon.lk"] [uri "/index.php"] [unique_id "ahoZTVtbNzQMBhuGcJPg0AAAAA4"]
[Sat May 30 04:25:09.291573 2026] [security2:error] [pid 1647536:tid 1647536] [client 216.244.66.237:0] ModSecurity: Warning. Operator GE matched 5 at TX:inbound_anomaly_score. [file "/etc/apache2/conf.d/modsec_vendor_configs/OWASP3/rules/RESPONSE-980-CORRELATION.conf"] [line "92"] [id "980130"] [msg "Inbound Anomaly Score Exceeded (Total Inbound Score: 5 - SQLI=0,XSS=0,RFI=0,LFI=0,RCE=0,PHPI=0,HTTP=0,SESS=0): individual paranoia level scores: 5, 0, 0, 0"] [ver "OWASP_CRS/3.3.9"] [tag "event-correlation"] [hostname "www.dragon.lk"] [uri "/index.php"] [unique_id "ahoZTVtbNzQMBhuGcJPg0AAAAA4"]
[Sat May 30 04:25:09.524061 2026] [ssl:error] [pid 1659318:tid 1659318] (70014)End of file found: [client 66.85.158.91:60936] AH02013: coalesce failed to read from data bucket
[Sat May 30 04:25:10.011655 2026] [security2:error] [pid 1647640:tid 1647640] [client 57.141.14.85:0] ModSecurity: collections_remove_stale: Failed to access DBM file "/var/cpanel/secdatadir/anandaob-global": Permission denied [hostname "www.anandaobauae.org"] [uri "/KSoft-AnandaOBAUAE_2/js/Bl4ckhOle/root/proc/thread-self/root/sys/bus/memory/devices/memory114/node0/memory35/node0/memory125/node0/cpu5/subsystem/"] [unique_id "ahoZTjyqFxKLJFls8Q-x6gAAABo"]
[Sat May 30 04:25:10.011711 2026] [security2:error] [pid 1647640:tid 1647640] [client 57.141.14.85:0] ModSecurity: collections_remove_stale: Failed to access DBM file "/var/cpanel/secdatadir/anandaob-ip": Permission denied [hostname "www.anandaobauae.org"] [uri "/KSoft-AnandaOBAUAE_2/js/Bl4ckhOle/root/proc/thread-self/root/sys/bus/memory/devices/memory114/node0/memory35/node0/memory125/node0/cpu5/subsystem/"] [unique_id "ahoZTjyqFxKLJFls8Q-x6gAAABo"]
[Sat May 30 04:25:11.572853 2026] [ssl:error] [pid 1662016:tid 1662016] (70014)End of file found: [client 66.85.158.91:34680] AH02013: coalesce failed to read from data bucket
[Sat May 30 04:25:11.853904 2026] [ssl:error] [pid 1647640:tid 1647640] (70014)End of file found: [client 66.85.158.91:34706] AH02013: coalesce failed to read from data bucket
[Sat May 30 04:25:11.982993 2026] [security2:error] [pid 1656798:tid 1656798] [client 216.244.66.235:0] ModSecurity: Warning. String match within "/accept-charset/ /content-encoding/ /proxy/ /lock-token/ /content-range/ /if/" at TX:header_name_accept-charset. [file "/etc/apache2/conf.d/modsec_vendor_configs/OWASP3/rules/REQUEST-920-PROTOCOL-ENFORCEMENT.conf"] [line "1127"] [id "920450"] [msg "HTTP header is restricted by policy (/accept-charset/)"] [data "Restricted header detected: /accept-charset/"] [severity "CRITICAL"] [ver "OWASP_CRS/3.3.9"] [tag "application-multi"] [tag "language-multi"] [tag "platform-multi"] [tag "attack-protocol"] [tag "paranoia-level/1"] [tag "OWASP_CRS"] [tag "capec/1000/210/272"] [tag "PCI/12.1"] [hostname "bostonlanka.com"] [uri "/\\xe0\\xb7\\x84\\xe0\\xb7\\x92\\xe0\\xb6\\xa7\\xe0\\xb6\\xb4\\xe0\\xb7\\x94-npp-\\xe0\\xb6\\xb8\\xe0\\xb6\\xb1\\xe0\\xb7\\x8a\\xe0\\xb6\\xad\\xe0\\xb7\\x8a\\xe2\\x80\\x8d\\xe0\\xb6\\xbb\\xe0\\xb7\\x92\\xe0\\xb6\\xb1\\xe0\\xb7\\x92\\xe0\\xb6\\xba\\xe0\\xb6\\x9c\\xe0\\xb7\\x9a-\\xe0\\xb7\\x80\\xe0\\xb7\\x92\\xe0\\xb6\\xaf/feed/"] [unique_id "ahoZTwZo9qxwUNHPD27MuQAAABA"]
[Sat May 30 04:25:11.983364 2026] [security2:error] [pid 1656798:tid 1656798] [client 216.244.66.235:0] ModSecurity: Warning. Operator GE matched 5 at TX:anomaly_score. [file "/etc/apache2/conf.d/modsec_vendor_configs/OWASP3/rules/REQUEST-949-BLOCKING-EVALUATION.conf"] [line "94"] [id "949110"] [msg "Inbound Anomaly Score Exceeded (Total Score: 5)"] [severity "CRITICAL"] [ver "OWASP_CRS/3.3.9"] [tag "application-multi"] [tag "language-multi"] [tag "platform-multi"] [tag "attack-generic"] [hostname "bostonlanka.com"] [uri "/\\xe0\\xb7\\x84\\xe0\\xb7\\x92\\xe0\\xb6\\xa7\\xe0\\xb6\\xb4\\xe0\\xb7\\x94-npp-\\xe0\\xb6\\xb8\\xe0\\xb6\\xb1\\xe0\\xb7\\x8a\\xe0\\xb6\\xad\\xe0\\xb7\\x8a\\xe2\\x80\\x8d\\xe0\\xb6\\xbb\\xe0\\xb7\\x92\\xe0\\xb6\\xb1\\xe0\\xb7\\x92\\xe0\\xb6\\xba\\xe0\\xb6\\x9c\\xe0\\xb7\\x9a-\\xe0\\xb7\\x80\\xe0\\xb7\\x92\\xe0\\xb6\\xaf/feed/"] [unique_id "ahoZTwZo9qxwUNHPD27MuQAAABA"]
[Sat May 30 04:25:12.237854 2026] [ssl:error] [pid 1647368:tid 1647368] (70014)End of file found: [client 66.85.158.91:34718] AH02013: coalesce failed to read from data bucket
[Sat May 30 04:25:12.290655 2026] [security2:error] [pid 1656798:tid 1656798] [client 216.244.66.235:0] ModSecurity: Warning. Operator GE matched 5 at TX:inbound_anomaly_score. [file "/etc/apache2/conf.d/modsec_vendor_configs/OWASP3/rules/RESPONSE-980-CORRELATION.conf"] [line "92"] [id "980130"] [msg "Inbound Anomaly Score Exceeded (Total Inbound Score: 5 - SQLI=0,XSS=0,RFI=0,LFI=0,RCE=0,PHPI=0,HTTP=0,SESS=0): individual paranoia level scores: 5, 0, 0, 0"] [ver "OWASP_CRS/3.3.9"] [tag "event-correlation"] [hostname "bostonlanka.com"] [uri "/index.php"] [unique_id "ahoZTwZo9qxwUNHPD27MuQAAABA"]
[Sat May 30 04:25:12.678426 2026] [ssl:error] [pid 1653293:tid 1653293] (70014)End of file found: [client 66.85.158.91:34746] AH02013: coalesce failed to read from data bucket
[Sat May 30 04:25:12.778772 2026] [ssl:error] [pid 1647536:tid 1647536] (70014)End of file found: [client 66.85.158.91:34762] AH02013: coalesce failed to read from data bucket
[Sat May 30 04:25:12.897332 2026] [ssl:error] [pid 1647383:tid 1647383] (70014)End of file found: [client 66.85.158.91:34764] AH02013: coalesce failed to read from data bucket
[Sat May 30 04:25:13.100612 2026] [ssl:error] [pid 1662021:tid 1662021] (70014)End of file found: [client 66.85.158.91:34776] AH02013: coalesce failed to read from data bucket
[Sat May 30 04:25:13.404148 2026] [ssl:error] [pid 1647618:tid 1647618] (70014)End of file found: [client 66.85.158.91:34826] AH02013: coalesce failed to read from data bucket
[Sat May 30 04:25:13.507066 2026] [ssl:error] [pid 1661802:tid 1661802] (70014)End of file found: [client 66.85.158.91:34846] AH02013: coalesce failed to read from data bucket
[Sat May 30 04:25:13.610140 2026] [ssl:error] [pid 1647350:tid 1647350] (70014)End of file found: [client 66.85.158.91:34852] AH02013: coalesce failed to read from data bucket
[Sat May 30 04:25:13.819938 2026] [core:error] [pid 1647424:tid 1647424] (13)Permission denied: [client 216.73.216.174:0] AH00132: file permissions deny server access: /home/anandaob/public_html/js/Bl4ckhOle/root/proc/thread-self/cwd/usr/share/cagefs-skeleton/bin/c++
[Sat May 30 04:25:14.225278 2026] [ssl:error] [pid 1647398:tid 1647398] (70014)End of file found: [client 66.85.158.91:34934] AH02013: coalesce failed to read from data bucket
[Sat May 30 04:25:14.301989 2026] [ssl:error] [pid 1656123:tid 1656123] (70014)End of file found: [client 66.85.158.91:34942] AH02013: coalesce failed to read from data bucket
[Sat May 30 04:25:14.326134 2026] [core:error] [pid 1657835:tid 1657835] (13)Permission denied: [client 216.73.216.174:0] AH00132: file permissions deny server access: /home/anandaob/public_html/js/Bl4ckhOle/root/sys/devices/virtual/tty/tty48/subsystem/ttyS3/uartclk
[Sat May 30 04:25:14.632506 2026] [ssl:error] [pid 1647372:tid 1647372] (70014)End of file found: [client 66.85.158.91:35010] AH02013: coalesce failed to read from data bucket
[Sat May 30 04:25:17.715304 2026] [ssl:error] [pid 1661805:tid 1661805] (70014)End of file found: [client 66.85.158.91:35148] AH02013: coalesce failed to read from data bucket
[Sat May 30 04:25:17.889714 2026] [ssl:error] [pid 1657835:tid 1657835] (70014)End of file found: [client 66.85.158.91:35182] AH02013: coalesce failed to read from data bucket
[Sat May 30 04:25:18.050815 2026] [core:error] [pid 1647640:tid 1647640] (13)Permission denied: [client 34.231.118.144:0] AH00132: file permissions deny server access: /home/anandaob/public_html/js/Bl4ckhOle/root/sys/module/ata_piix/drivers/pci:ata_piix/0000:00:01.1/firmware_node/physical_node/firmware_node/physical_node/firmware_node/subsystem/devices/device:0a/physical_node/subsystem/drivers_probe
[Sat May 30 04:25:18.077710 2026] [ssl:error] [pid 1647616:tid 1647616] (70014)End of file found: [client 66.85.158.91:35220] AH02013: coalesce failed to read from data bucket
[Sat May 30 04:25:18.087586 2026] [ssl:error] [pid 1657896:tid 1657896] (70014)End of file found: [client 66.85.158.91:35226] AH02013: coalesce failed to read from data bucket
[Sat May 30 04:25:18.190970 2026] [ssl:error] [pid 1647368:tid 1647368] (70014)End of file found: [client 66.85.158.91:35238] AH02013: coalesce failed to read from data bucket
[Sat May 30 04:25:18.694987 2026] [ssl:error] [pid 1653293:tid 1653293] (70014)End of file found: [client 66.85.158.91:35294] AH02013: coalesce failed to read from data bucket
[Sat May 30 04:25:18.897360 2026] [core:error] [pid 1647536:tid 1647536] (13)Permission denied: [client 216.73.216.174:0] AH00132: file permissions deny server access: /home/anandaob/public_html/js/Bl4ckhOle/root/sys/dev/char/4:20/subsystem/ttyS0/iomem_reg_shift
[Sat May 30 04:25:19.003096 2026] [core:error] [pid 1648376:tid 1648376] (13)Permission denied: [client 216.73.216.174:0] AH00132: file permissions deny server access: /home/anandaob/public_html/js/Bl4ckhOle/root/proc/thread-self/cwd/sys/kernel/slab/Acpi-Namespace/destroy_by_rcu
[Sat May 30 04:25:19.209535 2026] [ssl:error] [pid 1647472:tid 1647472] (70014)End of file found: [client 66.85.158.91:35368] AH02013: coalesce failed to read from data bucket
[Sat May 30 04:25:19.295440 2026] [ssl:error] [pid 1662021:tid 1662021] (70014)End of file found: [client 66.85.158.91:35404] AH02013: coalesce failed to read from data bucket
[Sat May 30 04:25:19.409247 2026] [ssl:error] [pid 1661801:tid 1661801] (70014)End of file found: [client 66.85.158.91:35434] AH02013: coalesce failed to read from data bucket
[Sat May 30 04:25:19.511959 2026] [ssl:error] [pid 1647618:tid 1647618] (70014)End of file found: [client 66.85.158.91:35436] AH02013: coalesce failed to read from data bucket
[Sat May 30 04:25:19.813669 2026] [ssl:error] [pid 1647350:tid 1647350] (70014)End of file found: [client 66.85.158.91:35462] AH02013: coalesce failed to read from data bucket
[Sat May 30 04:25:20.014395 2026] [ssl:error] [pid 1661804:tid 1661804] (70014)End of file found: [client 66.85.158.91:35470] AH02013: coalesce failed to read from data bucket
