[Sat May 30 04:01:12.389184 2026] [ssl:error] [pid 1647383:tid 1647383] (70014)End of file found: [client 66.85.158.91:49394] AH02013: coalesce failed to read from data bucket
[Sat May 30 04:01:14.092404 2026] [ssl:error] [pid 1647554:tid 1647554] (70014)End of file found: [client 66.85.158.91:49514] AH02013: coalesce failed to read from data bucket
[Sat May 30 04:01:14.886121 2026] [autoindex:error] [pid 1647634:tid 1647634] [client 20.151.134.172:0] AH01276: Cannot serve directory /home/visionsolutionsh/public_html/wp-admin/js/: No matching DirectoryIndex (index.php,index.php8,index.php7,index.php5,index.perl,index.pl,index.plx,index.ppl,index.cgi,index.jsp,index.jp,index.phtml,index.shtml,index.xhtml,index.html,index.htm,index.js) found, and server-generated directory index forbidden by Options directive
[Sat May 30 04:01:15.844331 2026] [ssl:error] [pid 1648375:tid 1648375] (70014)End of file found: [client 66.85.158.91:49644] AH02013: coalesce failed to read from data bucket
[Sat May 30 04:01:15.850504 2026] [ssl:error] [pid 1649573:tid 1649573] (70014)End of file found: [client 66.85.158.91:49630] AH02013: coalesce failed to read from data bucket
[Sat May 30 04:01:16.971979 2026] [ssl:error] [pid 1648359:tid 1648359] (70014)End of file found: [client 66.85.158.91:49698] AH02013: coalesce failed to read from data bucket
[Sat May 30 04:01:17.371149 2026] [core:error] [pid 1647640:tid 1647640] (13)Permission denied: [client 216.73.216.174:0] AH00132: file permissions deny server access: /home/anandaob/public_html/js/Bl4ckhOle/root/sys/bus/acpi/devices/LNXCPU:02/physical_node/crash_notes
[Sat May 30 04:01:18.295445 2026] [ssl:error] [pid 1648376:tid 1648376] (70014)End of file found: [client 66.85.158.91:49778] AH02013: coalesce failed to read from data bucket
[Sat May 30 04:01:18.974223 2026] [ssl:error] [pid 1647402:tid 1647402] (70014)End of file found: [client 66.85.158.91:49812] AH02013: coalesce failed to read from data bucket
[Sat May 30 04:01:19.145332 2026] [ssl:error] [pid 1647398:tid 1647398] (70014)End of file found: [client 66.85.158.91:49826] AH02013: coalesce failed to read from data bucket
[Sat May 30 04:01:20.734600 2026] [ssl:error] [pid 1647536:tid 1647536] (70014)End of file found: [client 66.85.158.91:49058] AH02013: coalesce failed to read from data bucket
[Sat May 30 04:01:21.751987 2026] [ssl:error] [pid 1647634:tid 1647634] (70014)End of file found: [client 66.85.158.91:49138] AH02013: coalesce failed to read from data bucket
[Sat May 30 04:01:21.752165 2026] [security2:error] [pid 1647634:tid 1647634] [client 54.225.81.20:0] ModSecurity: collections_remove_stale: Failed to access DBM file "/var/cpanel/secdatadir/anandaob-global": Permission denied [hostname "anandaobauae.org"] [uri "/js/Bl4ckhOle/root/sys/devices/system/cpu/cpu3/node0/memory80/node0/memory78/node0/memory122/subsystem/devices/memory50/state"] [unique_id "ahoTuaTq-oqwQisnJq2C9wAAABQ"]
[Sat May 30 04:01:21.752199 2026] [security2:error] [pid 1647634:tid 1647634] [client 54.225.81.20:0] ModSecurity: collections_remove_stale: Failed to access DBM file "/var/cpanel/secdatadir/anandaob-ip": Permission denied [hostname "anandaobauae.org"] [uri "/js/Bl4ckhOle/root/sys/devices/system/cpu/cpu3/node0/memory80/node0/memory78/node0/memory122/subsystem/devices/memory50/state"] [unique_id "ahoTuaTq-oqwQisnJq2C9wAAABQ"]
[Sat May 30 04:01:23.384620 2026] [ssl:error] [pid 1648304:tid 1648304] (70014)End of file found: [client 66.85.158.91:49194] AH02013: coalesce failed to read from data bucket
[Sat May 30 04:01:23.834031 2026] [ssl:error] [pid 1647472:tid 1647472] (70014)End of file found: [client 66.85.158.91:49224] AH02013: coalesce failed to read from data bucket
[Sat May 30 04:01:24.056393 2026] [ssl:error] [pid 1647353:tid 1647353] (70014)End of file found: [client 66.85.158.91:49236] AH02013: coalesce failed to read from data bucket
[Sat May 30 04:01:24.200686 2026] [core:error] [pid 1647994:tid 1647994] (13)Permission denied: [client 216.73.216.174:0] AH00132: file permissions deny server access: /home/anandaob/public_html/js/Bl4ckhOle/root/sys/devices/virtual/tty/tty33/subsystem/ttyS1/device/driver/bind
[Sat May 30 04:01:24.229619 2026] [core:error] [pid 1648359:tid 1648359] (13)Permission denied: [client 184.73.195.18:0] AH00132: file permissions deny server access: /home/anandaob/public_html/public_html/backup/js/Bl4ckhOle/root/proc/thread-self/root/sys/devices/system/node/node0/memory8/node0/memory51/subsystem/devices/memory115/subsystem/devices/memory132/subsystem/devices/memory138/node0/memory72/node0/subsystem/drivers_probe
[Sat May 30 04:01:24.603119 2026] [ssl:error] [pid 1647350:tid 1647350] (70014)End of file found: [client 66.85.158.91:49278] AH02013: coalesce failed to read from data bucket
[Sat May 30 04:01:24.647217 2026] [ssl:error] [pid 1647640:tid 1647640] (70014)End of file found: [client 66.85.158.91:49280] AH02013: coalesce failed to read from data bucket
[Sat May 30 04:01:25.002695 2026] [ssl:error] [pid 1648376:tid 1648376] (70014)End of file found: [client 66.85.158.91:49322] AH02013: coalesce failed to read from data bucket
[Sat May 30 04:01:26.368950 2026] [ssl:error] [pid 1647994:tid 1647994] (70014)End of file found: [client 66.85.158.91:49376] AH02013: coalesce failed to read from data bucket
[Sat May 30 04:01:27.636763 2026] [ssl:error] [pid 1647352:tid 1647352] (70014)End of file found: [client 66.85.158.91:49448] AH02013: coalesce failed to read from data bucket
[Sat May 30 04:01:27.767545 2026] [security2:error] [pid 1647398:tid 1647398] [client 20.151.134.172:0] ModSecurity: collections_remove_stale: Failed to access DBM file "/var/cpanel/secdatadir/visionsolutionsh-global": Permission denied [hostname "visionsolutionshospital.com"] [uri "/index.php"] [unique_id "ahoTvmmUndPLqgk8QPctlQAAAAA"]
[Sat May 30 04:01:27.767647 2026] [security2:error] [pid 1647398:tid 1647398] [client 20.151.134.172:0] ModSecurity: collections_remove_stale: Failed to access DBM file "/var/cpanel/secdatadir/visionsolutionsh-ip": Permission denied [hostname "visionsolutionshospital.com"] [uri "/index.php"] [unique_id "ahoTvmmUndPLqgk8QPctlQAAAAA"]
[Sat May 30 04:01:28.207023 2026] [autoindex:error] [pid 1647402:tid 1647402] [client 20.151.134.172:0] AH01276: Cannot serve directory /home/visionsolutionsh/public_html/wp-includes/Requests/: No matching DirectoryIndex (index.php,index.php8,index.php7,index.php5,index.perl,index.pl,index.plx,index.ppl,index.cgi,index.jsp,index.jp,index.phtml,index.shtml,index.xhtml,index.html,index.htm,index.js) found, and server-generated directory index forbidden by Options directive
[Sat May 30 04:01:28.405588 2026] [ssl:error] [pid 1647424:tid 1647424] (70014)End of file found: [client 66.85.158.91:49522] AH02013: coalesce failed to read from data bucket
[Sat May 30 04:01:29.375806 2026] [autoindex:error] [pid 1647372:tid 1647372] [client 20.151.134.172:0] AH01276: Cannot serve directory /home/visionsolutionsh/public_html/wp-includes/Requests/: No matching DirectoryIndex (index.php,index.php8,index.php7,index.php5,index.perl,index.pl,index.plx,index.ppl,index.cgi,index.jsp,index.jp,index.phtml,index.shtml,index.xhtml,index.html,index.htm,index.js) found, and server-generated directory index forbidden by Options directive
[Sat May 30 04:01:30.314914 2026] [ssl:error] [pid 1647618:tid 1647618] (70014)End of file found: [client 66.85.158.91:49590] AH02013: coalesce failed to read from data bucket
[Sat May 30 04:01:30.586359 2026] [ssl:error] [pid 1647536:tid 1647536] (70014)End of file found: [client 66.85.158.91:49602] AH02013: coalesce failed to read from data bucket
[Sat May 30 04:01:30.633967 2026] [ssl:error] [pid 1647383:tid 1647383] (70014)End of file found: [client 66.85.158.91:34342] AH02013: coalesce failed to read from data bucket
[Sat May 30 04:01:31.036111 2026] [ssl:error] [pid 1647353:tid 1647353] (70014)End of file found: [client 66.85.158.91:34368] AH02013: coalesce failed to read from data bucket
[Sat May 30 04:01:31.457371 2026] [ssl:error] [pid 1647640:tid 1647640] (70014)End of file found: [client 66.85.158.91:34406] AH02013: coalesce failed to read from data bucket
[Sat May 30 04:01:32.093794 2026] [core:error] [pid 1648304:tid 1648304] (13)Permission denied: [client 57.141.14.105:0] AH00132: file permissions deny server access: /home/anandaob/public_html/js/Bl4ckhOle/root/proc/thread-self/root/sys/devices/system/memory/memory50/node0/memory136/node0/cpu0/subsystem/uevent
[Sat May 30 04:01:33.055796 2026] [ssl:error] [pid 1647350:tid 1647350] (70014)End of file found: [client 66.85.158.91:34542] AH02013: coalesce failed to read from data bucket
[Sat May 30 04:01:33.736732 2026] [ssl:error] [pid 1647372:tid 1647372] (70014)End of file found: [client 66.85.158.91:34580] AH02013: coalesce failed to read from data bucket
[Sat May 30 04:01:33.741575 2026] [ssl:error] [pid 1648304:tid 1648304] (70014)End of file found: [client 66.85.158.91:34588] AH02013: coalesce failed to read from data bucket
[Sat May 30 04:01:35.041091 2026] [ssl:error] [pid 1647453:tid 1647453] (70014)End of file found: [client 66.85.158.91:34678] AH02013: coalesce failed to read from data bucket
[Sat May 30 04:01:35.198541 2026] [ssl:error] [pid 1647616:tid 1647616] (70014)End of file found: [client 66.85.158.91:34682] AH02013: coalesce failed to read from data bucket
[Sat May 30 04:01:35.690236 2026] [ssl:error] [pid 1649573:tid 1649573] (70014)End of file found: [client 66.85.158.91:34724] AH02013: coalesce failed to read from data bucket
[Sat May 30 04:01:36.087807 2026] [ssl:error] [pid 1647398:tid 1647398] (70014)End of file found: [client 66.85.158.91:34748] AH02013: coalesce failed to read from data bucket
[Sat May 30 04:01:37.852676 2026] [ssl:error] [pid 1647424:tid 1647424] (70014)End of file found: [client 66.85.158.91:34854] AH02013: coalesce failed to read from data bucket
[Sat May 30 04:01:37.989727 2026] [ssl:error] [pid 1647554:tid 1647554] (70014)End of file found: [client 66.85.158.91:34864] AH02013: coalesce failed to read from data bucket
[Sat May 30 04:01:38.491904 2026] [ssl:error] [pid 1647472:tid 1647472] (70014)End of file found: [client 66.85.158.91:34878] AH02013: coalesce failed to read from data bucket
[Sat May 30 04:01:38.823418 2026] [security2:error] [pid 1647994:tid 1647994] [client 183.253.75.114:0] ModSecurity: Warning. Matched phrase "user-agent:" at REQUEST_HEADERS:user-agent. [file "/etc/apache2/conf.d/modsec_vendor_configs/OWASP3/rules/REQUEST-913-SCANNER-DETECTION.conf"] [line "55"] [id "913100"] [msg "Found User-Agent associated with security scanner"] [data "Matched Data: user-agent: found within REQUEST_HEADERS:user-agent: user-agent:mozilla/5.0 (windows nt 6.1; wow64) applewebkit/537.36 (khtml, like gecko) chrome/50.0.2661.102 safari/537.36"] [severity "CRITICAL"] [ver "OWASP_CRS/3.3.9"] [tag "application-multi"] [tag "language-multi"] [tag "platform-multi"] [tag "attack-reputation-scanner"] [tag "paranoia-level/1"] [tag "OWASP_CRS"] [tag "capec/1000/118/224/541/310"] [tag "PCI/6.5.10"] [hostname "www.nccp.health.gov.lk"] [uri "/en"] [unique_id "ahoTyjqOfr7aQSV8EjVpRgAAAB0"], referer: https://www.nccp.health.gov.lk/en
[Sat May 30 04:01:38.823998 2026] [security2:error] [pid 1647994:tid 1647994] [client 183.253.75.114:0] ModSecurity: Warning. Operator GE matched 5 at TX:anomaly_score. [file "/etc/apache2/conf.d/modsec_vendor_configs/OWASP3/rules/REQUEST-949-BLOCKING-EVALUATION.conf"] [line "94"] [id "949110"] [msg "Inbound Anomaly Score Exceeded (Total Score: 5)"] [severity "CRITICAL"] [ver "OWASP_CRS/3.3.9"] [tag "application-multi"] [tag "language-multi"] [tag "platform-multi"] [tag "attack-generic"] [hostname "www.nccp.health.gov.lk"] [uri "/en"] [unique_id "ahoTyjqOfr7aQSV8EjVpRgAAAB0"], referer: https://www.nccp.health.gov.lk/en
[Sat May 30 04:01:38.984720 2026] [ssl:error] [pid 1647634:tid 1647634] (70014)End of file found: [client 66.85.158.91:34932] AH02013: coalesce failed to read from data bucket
[Sat May 30 04:01:38.993944 2026] [ssl:error] [pid 1647351:tid 1647351] (70014)End of file found: [client 66.85.158.91:34942] AH02013: coalesce failed to read from data bucket
[Sat May 30 04:01:39.027467 2026] [security2:error] [pid 1647994:tid 1647994] [client 183.253.75.114:0] ModSecurity: Warning. Operator GE matched 5 at TX:inbound_anomaly_score. [file "/etc/apache2/conf.d/modsec_vendor_configs/OWASP3/rules/RESPONSE-980-CORRELATION.conf"] [line "92"] [id "980130"] [msg "Inbound Anomaly Score Exceeded (Total Inbound Score: 5 - SQLI=0,XSS=0,RFI=0,LFI=0,RCE=0,PHPI=0,HTTP=0,SESS=0): individual paranoia level scores: 5, 0, 0, 0"] [ver "OWASP_CRS/3.3.9"] [tag "event-correlation"] [hostname "www.nccp.health.gov.lk"] [uri "/nccp/public/index.php"] [unique_id "ahoTyjqOfr7aQSV8EjVpRgAAAB0"], referer: https://www.nccp.health.gov.lk/en
[Sat May 30 04:01:39.027585 2026] [security2:error] [pid 1647994:tid 1647994] [client 183.253.75.114:0] ModSecurity: collection_store: Failed to access DBM file "/var/cpanel/secdatadir/nccphealthgov-ip": Permission denied [hostname "www.nccp.health.gov.lk"] [uri "/nccp/public/index.php"] [unique_id "ahoTyjqOfr7aQSV8EjVpRgAAAB0"], referer: https://www.nccp.health.gov.lk/en
[Sat May 30 04:01:41.337781 2026] [core:error] [pid 1647536:tid 1647536] (13)Permission denied: [client 216.73.216.174:0] AH00132: file permissions deny server access: /home/anandaob/public_html/js/Bl4ckhOle/root/sys/dev/char/29:0/device/firmware_node/subsystem/drivers/pvpanic/unbind
[Sat May 30 04:01:41.751144 2026] [core:error] [pid 1647368:tid 1647368] (13)Permission denied: [client 216.73.216.174:0] AH00132: file permissions deny server access: /home/anandaob/public_html/js/Bl4ckhOle/root/proc/thread-self/cwd/sys/kernel/slab/kmalloc-4k/object_size
[Sat May 30 04:01:42.281712 2026] [ssl:error] [pid 1647616:tid 1647616] (70014)End of file found: [client 66.85.158.91:37508] AH02013: coalesce failed to read from data bucket
[Sat May 30 04:01:42.335538 2026] [ssl:error] [pid 1648376:tid 1648376] (70014)End of file found: [client 66.85.158.91:37510] AH02013: coalesce failed to read from data bucket
[Sat May 30 04:01:42.941653 2026] [ssl:error] [pid 1648375:tid 1648375] (70014)End of file found: [client 66.85.158.91:37550] AH02013: coalesce failed to read from data bucket
[Sat May 30 04:01:43.352210 2026] [ssl:error] [pid 1647640:tid 1647640] (70014)End of file found: [client 66.85.158.91:37562] AH02013: coalesce failed to read from data bucket
[Sat May 30 04:01:43.458409 2026] [core:error] [pid 1647368:tid 1647368] (13)Permission denied: [client 57.141.14.2:0] AH00132: file permissions deny server access: /home/anandaob/public_html/js/Bl4ckhOle/root/proc/thread-self/root/sys/devices/system/memory/memory128/node0/memory124/node0/memory124/subsystem/drivers_probe
[Sat May 30 04:01:43.520057 2026] [mime:warn] [pid 1647350:tid 1647350] AH01599: Cannot get media type from 'txt'
[Sat May 30 04:01:43.634544 2026] [ssl:error] [pid 1647383:tid 1647383] (70014)End of file found: [client 66.85.158.91:37568] AH02013: coalesce failed to read from data bucket
[Sat May 30 04:01:43.634868 2026] [security2:error] [pid 1647383:tid 1647383] [client 57.141.14.103:0] ModSecurity: collections_remove_stale: Failed to access DBM file "/var/cpanel/secdatadir/anandaob-global": Permission denied [hostname "www.anandaobauae.org"] [uri "/js/Bl4ckhOle/root/proc/thread-self/root/sys/devices/system/memory/memory132/subsystem/devices/memory138/node0/memory103/node0/numastat"] [unique_id "ahoTz20IiHer87OJTTjYvQAAAAY"]
[Sat May 30 04:01:43.634922 2026] [security2:error] [pid 1647383:tid 1647383] [client 57.141.14.103:0] ModSecurity: collections_remove_stale: Failed to access DBM file "/var/cpanel/secdatadir/anandaob-ip": Permission denied [hostname "www.anandaobauae.org"] [uri "/js/Bl4ckhOle/root/proc/thread-self/root/sys/devices/system/memory/memory132/subsystem/devices/memory138/node0/memory103/node0/numastat"] [unique_id "ahoTz20IiHer87OJTTjYvQAAAAY"]
[Sat May 30 04:01:44.599390 2026] [mime:warn] [pid 1647352:tid 1647352] AH01599: Cannot get media type from 'txt'
[Sat May 30 04:01:45.130278 2026] [ssl:error] [pid 1647398:tid 1647398] (70014)End of file found: [client 66.85.158.91:37664] AH02013: coalesce failed to read from data bucket
[Sat May 30 04:01:45.650911 2026] [ssl:error] [pid 1647472:tid 1647472] (70014)End of file found: [client 66.85.158.91:37678] AH02013: coalesce failed to read from data bucket
[Sat May 30 04:01:46.326436 2026] [ssl:error] [pid 1647351:tid 1647351] (70014)End of file found: [client 66.85.158.91:37714] AH02013: coalesce failed to read from data bucket
[Sat May 30 04:01:46.970586 2026] [ssl:error] [pid 1648304:tid 1648304] (70014)End of file found: [client 66.85.158.91:37754] AH02013: coalesce failed to read from data bucket
[Sat May 30 04:01:46.970822 2026] [security2:error] [pid 1648304:tid 1648304] [client 74.7.227.151:0] ModSecurity: collections_remove_stale: Failed to access DBM file "/var/cpanel/secdatadir/anandaob-global": Permission denied [hostname "anandaobauae.org"] [uri "/js/Bl4ckhOle/root/sys/bus/acpi/devices/ACPI0010:00/LNXCPU:00/physical_node/node0/memory0/subsystem/drivers_autoprobe"] [unique_id "ahoT0lV0znFJEUiigi-dDQAAAB4"], referer: https://anandaobauae.org/js/Bl4ckhOle/root/sys/bus/acpi/devices/ACPI0010:00/LNXCPU:00/physical_node/node0/memory0/subsystem/
[Sat May 30 04:01:46.970862 2026] [security2:error] [pid 1648304:tid 1648304] [client 74.7.227.151:0] ModSecurity: collections_remove_stale: Failed to access DBM file "/var/cpanel/secdatadir/anandaob-ip": Permission denied [hostname "anandaobauae.org"] [uri "/js/Bl4ckhOle/root/sys/bus/acpi/devices/ACPI0010:00/LNXCPU:00/physical_node/node0/memory0/subsystem/drivers_autoprobe"] [unique_id "ahoT0lV0znFJEUiigi-dDQAAAB4"], referer: https://anandaobauae.org/js/Bl4ckhOle/root/sys/bus/acpi/devices/ACPI0010:00/LNXCPU:00/physical_node/node0/memory0/subsystem/
[Sat May 30 04:01:47.629102 2026] [ssl:error] [pid 1647424:tid 1647424] (70014)End of file found: [client 66.85.158.91:37774] AH02013: coalesce failed to read from data bucket
[Sat May 30 04:01:47.795280 2026] [ssl:error] [pid 1648359:tid 1648359] (70014)End of file found: [client 66.85.158.91:37800] AH02013: coalesce failed to read from data bucket
[Sat May 30 04:01:48.579100 2026] [ssl:error] [pid 1647453:tid 1647453] (70014)End of file found: [client 66.85.158.91:37862] AH02013: coalesce failed to read from data bucket
[Sat May 30 04:01:49.325305 2026] [ssl:error] [pid 1647634:tid 1647634] (70014)End of file found: [client 66.85.158.91:37924] AH02013: coalesce failed to read from data bucket
[Sat May 30 04:01:50.188522 2026] [ssl:error] [pid 1647536:tid 1647536] (70014)End of file found: [client 66.85.158.91:38000] AH02013: coalesce failed to read from data bucket
[Sat May 30 04:01:50.489969 2026] [ssl:error] [pid 1648375:tid 1648375] (70014)End of file found: [client 66.85.158.91:38016] AH02013: coalesce failed to read from data bucket
[Sat May 30 04:01:50.642720 2026] [ssl:error] [pid 1647994:tid 1647994] (70014)End of file found: [client 66.85.158.91:56370] AH02013: coalesce failed to read from data bucket
[Sat May 30 04:01:50.642923 2026] [security2:error] [pid 1647994:tid 1647994] [client 57.141.14.13:0] ModSecurity: collections_remove_stale: Failed to access DBM file "/var/cpanel/secdatadir/anandaob-global": Permission denied [hostname "www.anandaobauae.org"] [uri "/js/Bl4ckhOle/root/proc/thread-self/root/sys/devices/system/memory/memory141/node0/memory106/node0/memory112/subsystem/devices/memory96/uevent"] [unique_id "ahoT1jqOfr7aQSV8EjVpTAAAAB0"]
[Sat May 30 04:01:50.642959 2026] [security2:error] [pid 1647994:tid 1647994] [client 57.141.14.13:0] ModSecurity: collections_remove_stale: Failed to access DBM file "/var/cpanel/secdatadir/anandaob-ip": Permission denied [hostname "www.anandaobauae.org"] [uri "/js/Bl4ckhOle/root/proc/thread-self/root/sys/devices/system/memory/memory141/node0/memory106/node0/memory112/subsystem/devices/memory96/uevent"] [unique_id "ahoT1jqOfr7aQSV8EjVpTAAAAB0"]
[Sat May 30 04:01:50.846125 2026] [ssl:error] [pid 1647640:tid 1647640] (70014)End of file found: [client 66.85.158.91:56374] AH02013: coalesce failed to read from data bucket
[Sat May 30 04:01:50.863295 2026] [ssl:error] [pid 1647554:tid 1647554] (70014)End of file found: [client 66.85.158.91:56388] AH02013: coalesce failed to read from data bucket
[Sat May 30 04:01:51.925867 2026] [ssl:error] [pid 1647472:tid 1647472] (70014)End of file found: [client 66.85.158.91:56450] AH02013: coalesce failed to read from data bucket
[Sat May 30 04:01:52.589077 2026] [ssl:error] [pid 1647616:tid 1647616] (70014)End of file found: [client 66.85.158.91:56508] AH02013: coalesce failed to read from data bucket
[Sat May 30 04:01:52.759731 2026] [ssl:error] [pid 1647350:tid 1647350] (70014)End of file found: [client 66.85.158.91:56524] AH02013: coalesce failed to read from data bucket
[Sat May 30 04:01:52.838923 2026] [ssl:error] [pid 1649573:tid 1649573] (70014)End of file found: [client 66.85.158.91:56526] AH02013: coalesce failed to read from data bucket
[Sat May 30 04:01:53.070592 2026] [ssl:error] [pid 1647618:tid 1647618] (70014)End of file found: [client 66.85.158.91:56544] AH02013: coalesce failed to read from data bucket
[Sat May 30 04:01:54.035592 2026] [ssl:error] [pid 1647351:tid 1647351] (70014)End of file found: [client 66.85.158.91:56606] AH02013: coalesce failed to read from data bucket
[Sat May 30 04:01:55.903818 2026] [ssl:error] [pid 1647536:tid 1647536] (70014)End of file found: [client 66.85.158.91:56718] AH02013: coalesce failed to read from data bucket
[Sat May 30 04:01:57.273129 2026] [ssl:error] [pid 1647994:tid 1647994] (70014)End of file found: [client 66.85.158.91:56776] AH02013: coalesce failed to read from data bucket
[Sat May 30 04:01:57.281655 2026] [ssl:error] [pid 1647640:tid 1647640] (70014)End of file found: [client 66.85.158.91:56788] AH02013: coalesce failed to read from data bucket
[Sat May 30 04:01:57.457218 2026] [ssl:error] [pid 1647398:tid 1647398] (70014)End of file found: [client 66.85.158.91:56804] AH02013: coalesce failed to read from data bucket
[Sat May 30 04:01:57.903961 2026] [ssl:error] [pid 1648376:tid 1648376] (70014)End of file found: [client 66.85.158.91:56828] AH02013: coalesce failed to read from data bucket
[Sat May 30 04:01:58.204392 2026] [ssl:error] [pid 1648304:tid 1648304] (70014)End of file found: [client 66.85.158.91:56836] AH02013: coalesce failed to read from data bucket
[Sat May 30 04:01:58.261786 2026] [ssl:error] [pid 1647353:tid 1647353] (70014)End of file found: [client 66.85.158.91:56846] AH02013: coalesce failed to read from data bucket
[Sat May 30 04:01:58.330427 2026] [core:error] [pid 1647424:tid 1647424] (13)Permission denied: [client 74.7.243.216:0] AH00132: file permissions deny server access: /home/anandaob/public_html/js/Bl4ckhOle/root/sys/kernel/slab/xfs_rud_item/free_calls, referer: https://www.anandaobauae.org/js/Bl4ckhOle/root/sys/kernel/slab/xfs_rud_item/
[Sat May 30 04:01:58.551925 2026] [ssl:error] [pid 1647634:tid 1647634] (70014)End of file found: [client 66.85.158.91:56880] AH02013: coalesce failed to read from data bucket
[Sat May 30 04:02:00.669316 2026] [autoindex:error] [pid 1647351:tid 1647351] [client 20.151.134.172:0] AH01276: Cannot serve directory /home/visionsolutionsh/public_html/wp-includes/js/jquery/: No matching DirectoryIndex (index.php,index.php8,index.php7,index.php5,index.perl,index.pl,index.plx,index.ppl,index.cgi,index.jsp,index.jp,index.phtml,index.shtml,index.xhtml,index.html,index.htm,index.js) found, and server-generated directory index forbidden by Options directive
[Sat May 30 04:02:01.818463 2026] [autoindex:error] [pid 1647352:tid 1647352] [client 20.151.134.172:0] AH01276: Cannot serve directory /home/visionsolutionsh/public_html/wp-includes/js/jquery/: No matching DirectoryIndex (index.php,index.php8,index.php7,index.php5,index.perl,index.pl,index.plx,index.ppl,index.cgi,index.jsp,index.jp,index.phtml,index.shtml,index.xhtml,index.html,index.htm,index.js) found, and server-generated directory index forbidden by Options directive
[Sat May 30 04:02:02.391160 2026] [ssl:error] [pid 1647453:tid 1647453] (70014)End of file found: [client 66.85.158.91:38354] AH02013: coalesce failed to read from data bucket
[Sat May 30 04:02:02.695892 2026] [ssl:error] [pid 1647472:tid 1647472] (70014)End of file found: [client 66.85.158.91:38362] AH02013: coalesce failed to read from data bucket
[Sat May 30 04:02:03.101320 2026] [ssl:error] [pid 1647536:tid 1647536] (5)Input/output error: [client 66.85.158.91:38382] AH02013: coalesce failed to read from data bucket
[Sat May 30 04:02:03.380937 2026] [ssl:error] [pid 1647616:tid 1647616] (70014)End of file found: [client 66.85.158.91:38412] AH02013: coalesce failed to read from data bucket
[Sat May 30 04:02:03.388384 2026] [ssl:error] [pid 1648345:tid 1648345] (70014)End of file found: [client 66.85.158.91:38426] AH02013: coalesce failed to read from data bucket
[Sat May 30 04:02:03.668073 2026] [ssl:error] [pid 1649573:tid 1649573] (70014)End of file found: [client 66.85.158.91:38436] AH02013: coalesce failed to read from data bucket
[Sat May 30 04:02:04.294851 2026] [ssl:error] [pid 1647640:tid 1647640] (70014)End of file found: [client 66.85.158.91:38466] AH02013: coalesce failed to read from data bucket
[Sat May 30 04:02:05.088937 2026] [ssl:error] [pid 1647402:tid 1647402] (70014)End of file found: [client 66.85.158.91:38490] AH02013: coalesce failed to read from data bucket
[Sat May 30 04:02:05.574251 2026] [ssl:error] [pid 1647352:tid 1647352] (70014)End of file found: [client 66.85.158.91:38508] AH02013: coalesce failed to read from data bucket
[Sat May 30 04:02:06.157899 2026] [ssl:error] [pid 1647634:tid 1647634] (70014)End of file found: [client 66.85.158.91:38538] AH02013: coalesce failed to read from data bucket
[Sat May 30 04:02:07.474189 2026] [ssl:error] [pid 1647383:tid 1647383] (70014)End of file found: [client 66.85.158.91:38630] AH02013: coalesce failed to read from data bucket
[Sat May 30 04:02:07.556817 2026] [security2:error] [pid 1647351:tid 1647351] [client 57.141.14.77:0] ModSecurity: collections_remove_stale: Failed to access DBM file "/var/cpanel/secdatadir/anandaob-global": Permission denied [hostname "www.anandaobauae.org"] [uri "/js/Bl4ckhOle/root/proc/thread-self/root/sys/devices/system/memory/memory62/subsystem/devices/memory74/node0/memory142/node0/memory55/"] [unique_id "ahoT55m-_Zwt1PUyTD9_DAAAACM"]
[Sat May 30 04:02:07.556878 2026] [security2:error] [pid 1647351:tid 1647351] [client 57.141.14.77:0] ModSecurity: collections_remove_stale: Failed to access DBM file "/var/cpanel/secdatadir/anandaob-ip": Permission denied [hostname "www.anandaobauae.org"] [uri "/js/Bl4ckhOle/root/proc/thread-self/root/sys/devices/system/memory/memory62/subsystem/devices/memory74/node0/memory142/node0/memory55/"] [unique_id "ahoT55m-_Zwt1PUyTD9_DAAAACM"]
[Sat May 30 04:02:08.869337 2026] [ssl:error] [pid 1648375:tid 1648375] (70014)End of file found: [client 66.85.158.91:38722] AH02013: coalesce failed to read from data bucket
[Sat May 30 04:02:10.014494 2026] [ssl:error] [pid 1647368:tid 1647368] (70014)End of file found: [client 66.85.158.91:38778] AH02013: coalesce failed to read from data bucket
[Sat May 30 04:02:10.722611 2026] [ssl:error] [pid 1647994:tid 1647994] (70014)End of file found: [client 66.85.158.91:40392] AH02013: coalesce failed to read from data bucket
[Sat May 30 04:02:10.892761 2026] [security2:error] [pid 1649573:tid 1649573] [client 74.7.227.60:0] ModSecurity: collections_remove_stale: Failed to access DBM file "/var/cpanel/secdatadir/epidgovl-global": Permission denied [hostname "www.epid.gov.lk"] [uri "/epid/public/index.php"] [unique_id "ahoT6p4XuI0qsWWn9byrZQAAAAc"], referer: https://www.epid.gov.lk/situation-report?filter=2021&page_104=780&page_105=847
[Sat May 30 04:02:10.892816 2026] [security2:error] [pid 1649573:tid 1649573] [client 74.7.227.60:0] ModSecurity: collections_remove_stale: Failed to access DBM file "/var/cpanel/secdatadir/epidgovl-ip": Permission denied [hostname "www.epid.gov.lk"] [uri "/epid/public/index.php"] [unique_id "ahoT6p4XuI0qsWWn9byrZQAAAAc"], referer: https://www.epid.gov.lk/situation-report?filter=2021&page_104=780&page_105=847
[Sat May 30 04:02:11.044110 2026] [ssl:error] [pid 1647398:tid 1647398] (70014)End of file found: [client 66.85.158.91:40430] AH02013: coalesce failed to read from data bucket
[Sat May 30 04:02:11.607285 2026] [ssl:error] [pid 1647353:tid 1647353] (70014)End of file found: [client 66.85.158.91:40456] AH02013: coalesce failed to read from data bucket
[Sat May 30 04:02:12.650866 2026] [ssl:error] [pid 1647402:tid 1647402] (70014)End of file found: [client 66.85.158.91:40508] AH02013: coalesce failed to read from data bucket
[Sat May 30 04:02:13.647480 2026] [ssl:error] [pid 1648359:tid 1648359] (70014)End of file found: [client 66.85.158.91:40570] AH02013: coalesce failed to read from data bucket
[Sat May 30 04:02:15.494566 2026] [ssl:error] [pid 1647554:tid 1647554] (70014)End of file found: [client 66.85.158.91:40678] AH02013: coalesce failed to read from data bucket
[Sat May 30 04:02:15.703943 2026] [autoindex:error] [pid 1647356:tid 1647356] [client 20.151.134.172:0] AH01276: Cannot serve directory /home/visionsolutionsh/public_html/wp-includes/css/dist/: No matching DirectoryIndex (index.php,index.php8,index.php7,index.php5,index.perl,index.pl,index.plx,index.ppl,index.cgi,index.jsp,index.jp,index.phtml,index.shtml,index.xhtml,index.html,index.htm,index.js) found, and server-generated directory index forbidden by Options directive
[Sat May 30 04:02:16.044650 2026] [core:error] [pid 1647383:tid 1647383] (13)Permission denied: [client 216.73.216.174:0] AH00132: file permissions deny server access: /home/anandaob/public_html/js/Bl4ckhOle/root/sys/dev/char/4:22/subsystem/ttyS1/device/tty/ttyS2/close_delay
[Sat May 30 04:02:16.651643 2026] [ssl:error] [pid 1647618:tid 1647618] (70014)End of file found: [client 66.85.158.91:40746] AH02013: coalesce failed to read from data bucket
[Sat May 30 04:02:16.920318 2026] [autoindex:error] [pid 1648375:tid 1648375] [client 20.151.134.172:0] AH01276: Cannot serve directory /home/visionsolutionsh/public_html/wp-includes/css/dist/: No matching DirectoryIndex (index.php,index.php8,index.php7,index.php5,index.perl,index.pl,index.plx,index.ppl,index.cgi,index.jsp,index.jp,index.phtml,index.shtml,index.xhtml,index.html,index.htm,index.js) found, and server-generated directory index forbidden by Options directive
[Sat May 30 04:02:19.657639 2026] [ssl:error] [pid 1648376:tid 1648376] (70014)End of file found: [client 66.85.158.91:40938] AH02013: coalesce failed to read from data bucket
[Sat May 30 04:02:20.115275 2026] [ssl:error] [pid 1648375:tid 1648375] (70014)End of file found: [client 66.85.158.91:40980] AH02013: coalesce failed to read from data bucket
[Sat May 30 04:02:20.243586 2026] [autoindex:error] [pid 1647383:tid 1647383] [client 20.151.134.172:0] AH01276: Cannot serve directory /home/visionsolutionsh/public_html/wp-includes/l10n/: No matching DirectoryIndex (index.php,index.php8,index.php7,index.php5,index.perl,index.pl,index.plx,index.ppl,index.cgi,index.jsp,index.jp,index.phtml,index.shtml,index.xhtml,index.html,index.htm,index.js) found, and server-generated directory index forbidden by Options directive
[Sat May 30 04:02:20.689180 2026] [ssl:error] [pid 1647372:tid 1647372] (70014)End of file found: [client 66.85.158.91:57382] AH02013: coalesce failed to read from data bucket
[Sat May 30 04:02:20.753952 2026] [security2:error] [pid 1647368:tid 1647368] [client 57.141.14.100:0] ModSecurity: collections_remove_stale: Failed to access DBM file "/var/cpanel/secdatadir/anandaob-global": Permission denied [hostname "www.anandaobauae.org"] [uri "/js/Bl4ckhOle/root/proc/thread-self/root/sys/devices/system/memory/memory91/subsystem/devices/memory0/node0/"] [unique_id "ahoT9BZJuurfaX8ujxHFdgAAAAM"]
[Sat May 30 04:02:20.754330 2026] [security2:error] [pid 1647368:tid 1647368] [client 57.141.14.100:0] ModSecurity: collections_remove_stale: Failed to access DBM file "/var/cpanel/secdatadir/anandaob-ip": Permission denied [hostname "www.anandaobauae.org"] [uri "/js/Bl4ckhOle/root/proc/thread-self/root/sys/devices/system/memory/memory91/subsystem/devices/memory0/node0/"] [unique_id "ahoT9BZJuurfaX8ujxHFdgAAAAM"]
[Sat May 30 04:02:21.336570 2026] [ssl:error] [pid 1647453:tid 1647453] (70014)End of file found: [client 66.85.158.91:57420] AH02013: coalesce failed to read from data bucket
[Sat May 30 04:02:21.659526 2026] [autoindex:error] [pid 1647472:tid 1647472] [client 20.151.134.172:0] AH01276: Cannot serve directory /home/visionsolutionsh/public_html/wp-includes/l10n/: No matching DirectoryIndex (index.php,index.php8,index.php7,index.php5,index.perl,index.pl,index.plx,index.ppl,index.cgi,index.jsp,index.jp,index.phtml,index.shtml,index.xhtml,index.html,index.htm,index.js) found, and server-generated directory index forbidden by Options directive
[Sat May 30 04:02:22.082118 2026] [ssl:error] [pid 1647634:tid 1647634] (70014)End of file found: [client 66.85.158.91:57436] AH02013: coalesce failed to read from data bucket
[Sat May 30 04:02:23.132029 2026] [ssl:error] [pid 1647554:tid 1647554] (70014)End of file found: [client 66.85.158.91:57466] AH02013: coalesce failed to read from data bucket
[Sat May 30 04:02:23.193733 2026] [autoindex:error] [pid 1649573:tid 1649573] [client 20.151.134.172:0] AH01276: Cannot serve directory /home/visionsolutionsh/public_html/wp-content/uploads/: No matching DirectoryIndex (index.php,index.php8,index.php7,index.php5,index.perl,index.pl,index.plx,index.ppl,index.cgi,index.jsp,index.jp,index.phtml,index.shtml,index.xhtml,index.html,index.htm,index.js) found, and server-generated directory index forbidden by Options directive
[Sat May 30 04:02:23.428754 2026] [ssl:error] [pid 1647536:tid 1647536] (70014)End of file found: [client 66.85.158.91:57474] AH02013: coalesce failed to read from data bucket
[Sat May 30 04:02:23.444621 2026] [ssl:error] [pid 1647383:tid 1647383] (70014)End of file found: [client 66.85.158.91:57484] AH02013: coalesce failed to read from data bucket
[Sat May 30 04:02:24.821998 2026] [ssl:error] [pid 1648345:tid 1648345] (70014)End of file found: [client 66.85.158.91:57570] AH02013: coalesce failed to read from data bucket
[Sat May 30 04:02:25.206361 2026] [ssl:error] [pid 1647351:tid 1647351] (70014)End of file found: [client 66.85.158.91:57608] AH02013: coalesce failed to read from data bucket
[Sat May 30 04:02:26.472337 2026] [ssl:error] [pid 1647640:tid 1647640] (70014)End of file found: [client 66.85.158.91:57646] AH02013: coalesce failed to read from data bucket
[Sat May 30 04:02:26.737449 2026] [ssl:error] [pid 1649573:tid 1649573] (70014)End of file found: [client 66.85.158.91:57672] AH02013: coalesce failed to read from data bucket
[Sat May 30 04:02:27.135662 2026] [ssl:error] [pid 1647350:tid 1647350] (70014)End of file found: [client 66.85.158.91:57684] AH02013: coalesce failed to read from data bucket
[Sat May 30 04:02:27.785552 2026] [ssl:error] [pid 1647616:tid 1647616] (70014)End of file found: [client 66.85.158.91:57740] AH02013: coalesce failed to read from data bucket
[Sat May 30 04:02:28.147284 2026] [ssl:error] [pid 1647424:tid 1647424] (70014)End of file found: [client 66.85.158.91:57766] AH02013: coalesce failed to read from data bucket
[Sat May 30 04:02:29.078271 2026] [ssl:error] [pid 1647356:tid 1647356] (70014)End of file found: [client 66.85.158.91:57812] AH02013: coalesce failed to read from data bucket
[Sat May 30 04:02:29.857276 2026] [core:error] [pid 1647994:tid 1647994] (13)Permission denied: [client 74.7.243.216:0] AH00132: file permissions deny server access: /home/anandaob/public_html/js/Bl4ckhOle/root/sys/kernel/slab/ip_dst_cache/cpu_partial, referer: https://www.anandaobauae.org/js/Bl4ckhOle/root/sys/kernel/slab/ip_dst_cache/
[Sat May 30 04:02:30.829734 2026] [ssl:error] [pid 1647383:tid 1647383] (70014)End of file found: [client 66.85.158.91:56432] AH02013: coalesce failed to read from data bucket
[Sat May 30 04:02:31.084921 2026] [ssl:error] [pid 1647453:tid 1647453] (70014)End of file found: [client 66.85.158.91:56480] AH02013: coalesce failed to read from data bucket
[Sat May 30 04:02:32.547426 2026] [ssl:error] [pid 1647351:tid 1647351] (70014)End of file found: [client 66.85.158.91:56554] AH02013: coalesce failed to read from data bucket
[Sat May 30 04:02:32.881333 2026] [ssl:error] [pid 1647352:tid 1647352] (5)Input/output error: [client 66.85.158.91:56588] AH02013: coalesce failed to read from data bucket
[Sat May 30 04:02:33.476253 2026] [ssl:error] [pid 1647353:tid 1647353] (70014)End of file found: [client 66.85.158.91:56622] AH02013: coalesce failed to read from data bucket
[Sat May 30 04:02:33.565758 2026] [ssl:error] [pid 1649573:tid 1649573] (70014)End of file found: [client 66.85.158.91:56634] AH02013: coalesce failed to read from data bucket
[Sat May 30 04:02:34.260093 2026] [ssl:error] [pid 1647994:tid 1647994] (70014)End of file found: [client 66.85.158.91:56658] AH02013: coalesce failed to read from data bucket
[Sat May 30 04:02:34.654462 2026] [proxy_fcgi:error] [pid 1647616:tid 1647616] [client 20.104.200.136:0] AH01071: Got error 'Primary script unknown'
[Sat May 30 04:02:36.888790 2026] [ssl:error] [pid 1647368:tid 1647368] (70014)End of file found: [client 66.85.158.91:56792] AH02013: coalesce failed to read from data bucket
[Sat May 30 04:02:36.978317 2026] [ssl:error] [pid 1647634:tid 1647634] (70014)End of file found: [client 66.85.158.91:56810] AH02013: coalesce failed to read from data bucket
[Sat May 30 04:02:38.874134 2026] [ssl:error] [pid 1647402:tid 1647402] (70014)End of file found: [client 66.85.158.91:56898] AH02013: coalesce failed to read from data bucket
[Sat May 30 04:02:38.882524 2026] [ssl:error] [pid 1647372:tid 1647372] (70014)End of file found: [client 66.85.158.91:56910] AH02013: coalesce failed to read from data bucket
[Sat May 30 04:02:38.997501 2026] [ssl:error] [pid 1647616:tid 1647616] (70014)End of file found: [client 66.85.158.91:56948] AH02013: coalesce failed to read from data bucket
[Sat May 30 04:02:40.255906 2026] [mime:warn] [pid 1647350:tid 1647350] AH01599: Cannot get media type from 'txt'
[Sat May 30 04:02:40.758280 2026] [ssl:error] [pid 1647994:tid 1647994] (70014)End of file found: [client 66.85.158.91:46148] AH02013: coalesce failed to read from data bucket
[Sat May 30 04:02:40.793015 2026] [ssl:error] [pid 1648304:tid 1648304] (70014)End of file found: [client 66.85.158.91:46164] AH02013: coalesce failed to read from data bucket
[Sat May 30 04:02:41.160845 2026] [ssl:error] [pid 1647352:tid 1647352] (70014)End of file found: [client 66.85.158.91:46188] AH02013: coalesce failed to read from data bucket
[Sat May 30 04:02:42.486303 2026] [ssl:error] [pid 1647351:tid 1647351] (70014)End of file found: [client 66.85.158.91:46236] AH02013: coalesce failed to read from data bucket
[Sat May 30 04:02:43.994134 2026] [core:error] [pid 1647536:tid 1647536] (13)Permission denied: [client 74.7.227.151:0] AH00132: file permissions deny server access: /home/anandaob/public_html/js/Bl4ckhOle/root/sys/bus/acpi/devices/ACPI0010:00/LNXCPU:00/physical_node/node0/memory0/subsystem/drivers_probe, referer: https://anandaobauae.org/js/Bl4ckhOle/root/sys/bus/acpi/devices/ACPI0010:00/LNXCPU:00/physical_node/node0/memory0/subsystem/
[Sat May 30 04:02:44.429219 2026] [ssl:error] [pid 1647424:tid 1647424] (70014)End of file found: [client 66.85.158.91:46346] AH02013: coalesce failed to read from data bucket
[Sat May 30 04:02:44.451811 2026] [ssl:error] [pid 1647350:tid 1647350] (70014)End of file found: [client 66.85.158.91:46354] AH02013: coalesce failed to read from data bucket
[Sat May 30 04:02:45.658621 2026] [ssl:error] [pid 1647353:tid 1647353] (70014)End of file found: [client 66.85.158.91:46450] AH02013: coalesce failed to read from data bucket
[Sat May 30 04:02:46.078132 2026] [ssl:error] [pid 1647356:tid 1647356] (70014)End of file found: [client 66.85.158.91:46464] AH02013: coalesce failed to read from data bucket
[Sat May 30 04:02:46.130854 2026] [core:error] [pid 1647402:tid 1647402] (13)Permission denied: [client 57.141.14.26:0] AH00132: file permissions deny server access: /home/anandaob/public_html/js/Bl4ckhOle/root/proc/thread-self/root/sys/devices/system/memory/memory19/node0/memory0/node0/memory141/subsystem/uevent
[Sat May 30 04:02:47.219320 2026] [ssl:error] [pid 1648359:tid 1648359] (70014)End of file found: [client 66.85.158.91:46570] AH02013: coalesce failed to read from data bucket
[Sat May 30 04:02:48.623903 2026] [autoindex:error] [pid 1647640:tid 1647640] [client 20.151.134.172:0] AH01276: Cannot serve directory /home/visionsolutionsh/public_html/wp-admin/css/colors/blue/: No matching DirectoryIndex (index.php,index.php8,index.php7,index.php5,index.perl,index.pl,index.plx,index.ppl,index.cgi,index.jsp,index.jp,index.phtml,index.shtml,index.xhtml,index.html,index.htm,index.js) found, and server-generated directory index forbidden by Options directive
[Sat May 30 04:02:48.973419 2026] [ssl:error] [pid 1648345:tid 1648345] (70014)End of file found: [client 66.85.158.91:46682] AH02013: coalesce failed to read from data bucket
[Sat May 30 04:02:49.875782 2026] [core:error] [pid 1647554:tid 1647554] (13)Permission denied: [client 216.73.216.174:0] AH00132: file permissions deny server access: /home/anandaob/public_html/js/Bl4ckhOle/root/sys/dev/char/4:57/subsystem/ttyS0/device/driver/uevent
[Sat May 30 04:02:50.495715 2026] [ssl:error] [pid 1647453:tid 1647453] (70014)End of file found: [client 66.85.158.91:46724] AH02013: coalesce failed to read from data bucket
[Sat May 30 04:02:50.688542 2026] [ssl:error] [pid 1649573:tid 1649573] (70014)End of file found: [client 66.85.158.91:38792] AH02013: coalesce failed to read from data bucket
[Sat May 30 04:02:51.988297 2026] [autoindex:error] [pid 1647350:tid 1647350] [client 20.151.134.172:0] AH01276: Cannot serve directory /home/visionsolutionsh/public_html/wp-includes/block-bindings/: No matching DirectoryIndex (index.php,index.php8,index.php7,index.php5,index.perl,index.pl,index.plx,index.ppl,index.cgi,index.jsp,index.jp,index.phtml,index.shtml,index.xhtml,index.html,index.htm,index.js) found, and server-generated directory index forbidden by Options directive
[Sat May 30 04:02:52.130213 2026] [ssl:error] [pid 1647352:tid 1647352] (5)Input/output error: [client 66.85.158.91:38862] AH02013: coalesce failed to read from data bucket
[Sat May 30 04:02:53.705594 2026] [ssl:error] [pid 1647618:tid 1647618] (70014)End of file found: [client 66.85.158.91:38938] AH02013: coalesce failed to read from data bucket
[Sat May 30 04:02:53.978404 2026] [ssl:error] [pid 1647356:tid 1647356] (70014)End of file found: [client 66.85.158.91:38952] AH02013: coalesce failed to read from data bucket
[Sat May 30 04:02:54.717897 2026] [autoindex:error] [pid 1647472:tid 1647472] [client 20.151.134.172:0] AH01276: Cannot serve directory /home/visionsolutionsh/public_html/wp-includes/block-bindings/: No matching DirectoryIndex (index.php,index.php8,index.php7,index.php5,index.perl,index.pl,index.plx,index.ppl,index.cgi,index.jsp,index.jp,index.phtml,index.shtml,index.xhtml,index.html,index.htm,index.js) found, and server-generated directory index forbidden by Options directive
[Sat May 30 04:02:55.106876 2026] [core:error] [pid 1648359:tid 1648359] (13)Permission denied: [client 85.208.96.206:0] AH00132: file permissions deny server access: /home/anandaob/public_html/uploads/img/news/m-iraq/root/sys/module/tpm_crb/uevent
[Sat May 30 04:02:55.840303 2026] [core:error] [pid 1647536:tid 1647536] (13)Permission denied: [client 57.141.14.44:0] AH00132: file permissions deny server access: /home/anandaob/public_html/js/Bl4ckhOle/root/proc/thread-self/root/sys/bus/memory/devices/memory109/node0/memory126/node0/memory58/node0/subsystem/drivers_probe
[Sat May 30 04:02:56.462280 2026] [ssl:error] [pid 1648376:tid 1648376] (70014)End of file found: [client 66.85.158.91:39104] AH02013: coalesce failed to read from data bucket
[Sat May 30 04:02:56.503115 2026] [core:error] [pid 1648304:tid 1648304] (13)Permission denied: [client 216.73.216.174:0] AH00132: file permissions deny server access: /home/anandaob/public_html/js/Bl4ckhOle/root/proc/self/cwd/sys/dev/char/4:55/subsystem/ttyS2/flags
[Sat May 30 04:02:57.117181 2026] [ssl:error] [pid 1647351:tid 1647351] (70014)End of file found: [client 66.85.158.91:39148] AH02013: coalesce failed to read from data bucket
[Sat May 30 04:02:59.665608 2026] [core:error] [pid 1647383:tid 1647383] (13)Permission denied: [client 57.141.14.110:0] AH00132: file permissions deny server access: /home/anandaob/public_html/js/Bl4ckhOle/root/proc/thread-self/root/sys/devices/system/memory/memory133/node0/memory8/node0/memory126/subsystem/drivers_probe
[Sat May 30 04:03:00.191485 2026] [ssl:error] [pid 1647398:tid 1647398] (70014)End of file found: [client 66.85.158.91:39286] AH02013: coalesce failed to read from data bucket
[Sat May 30 04:03:00.361221 2026] [ssl:error] [pid 1647372:tid 1647372] (70014)End of file found: [client 66.85.158.91:39328] AH02013: coalesce failed to read from data bucket
[Sat May 30 04:03:00.396480 2026] [ssl:error] [pid 1647618:tid 1647618] (70014)End of file found: [client 66.85.158.91:39332] AH02013: coalesce failed to read from data bucket
[Sat May 30 04:03:02.435687 2026] [ssl:error] [pid 1647383:tid 1647383] (70014)End of file found: [client 66.85.158.91:58024] AH02013: coalesce failed to read from data bucket
[Sat May 30 04:03:03.622797 2026] [ssl:error] [pid 1648345:tid 1648345] (70014)End of file found: [client 66.85.158.91:58098] AH02013: coalesce failed to read from data bucket
[Sat May 30 04:03:05.205060 2026] [ssl:error] [pid 1647352:tid 1647352] (70014)End of file found: [client 66.85.158.91:58182] AH02013: coalesce failed to read from data bucket
[Sat May 30 04:03:06.468214 2026] [ssl:error] [pid 1647640:tid 1647640] (70014)End of file found: [client 66.85.158.91:58254] AH02013: coalesce failed to read from data bucket
[Sat May 30 04:03:06.805359 2026] [ssl:error] [pid 1647453:tid 1647453] (70014)End of file found: [client 66.85.158.91:58280] AH02013: coalesce failed to read from data bucket
[Sat May 30 04:03:06.990028 2026] [ssl:error] [pid 1647634:tid 1647634] (70014)End of file found: [client 66.85.158.91:58298] AH02013: coalesce failed to read from data bucket
[Sat May 30 04:03:07.458998 2026] [ssl:error] [pid 1647554:tid 1647554] (70014)End of file found: [client 66.85.158.91:58348] AH02013: coalesce failed to read from data bucket
[Sat May 30 04:03:08.689260 2026] [ssl:error] [pid 1649573:tid 1649573] (70014)End of file found: [client 66.85.158.91:58422] AH02013: coalesce failed to read from data bucket
[Sat May 30 04:03:09.066404 2026] [ssl:error] [pid 1647372:tid 1647372] (70014)End of file found: [client 66.85.158.91:58430] AH02013: coalesce failed to read from data bucket
[Sat May 30 04:03:09.920596 2026] [ssl:error] [pid 1647536:tid 1647536] (70014)End of file found: [client 66.85.158.91:58480] AH02013: coalesce failed to read from data bucket
[Sat May 30 04:03:10.650017 2026] [ssl:error] [pid 1647398:tid 1647398] (70014)End of file found: [client 66.85.158.91:38950] AH02013: coalesce failed to read from data bucket
[Sat May 30 04:03:11.025664 2026] [core:error] [pid 1647616:tid 1647616] (13)Permission denied: [client 57.141.14.19:0] AH00132: file permissions deny server access: /home/anandaob/public_html/js/Bl4ckhOle/root/proc/thread-self/root/sys/devices/system/memory/memory55/node0/memory88/node0/memory109/node0/memory97/subsystem/uevent
[Sat May 30 04:03:12.060815 2026] [ssl:error] [pid 1648376:tid 1648376] (70014)End of file found: [client 66.85.158.91:39102] AH02013: coalesce failed to read from data bucket
[Sat May 30 04:03:12.975469 2026] [ssl:error] [pid 1647424:tid 1647424] (70014)End of file found: [client 66.85.158.91:39174] AH02013: coalesce failed to read from data bucket
[Sat May 30 04:03:13.215314 2026] [ssl:error] [pid 1648359:tid 1648359] (70014)End of file found: [client 66.85.158.91:39194] AH02013: coalesce failed to read from data bucket
[Sat May 30 04:03:14.092045 2026] [ssl:error] [pid 1647352:tid 1647352] (70014)End of file found: [client 66.85.158.91:39254] AH02013: coalesce failed to read from data bucket
[Sat May 30 04:03:14.487981 2026] [core:error] [pid 1648345:tid 1648345] (13)Permission denied: [client 57.141.14.41:0] AH00132: file permissions deny server access: /home/anandaob/public_html/js/Bl4ckhOle/root/proc/thread-self/root/sys/bus/memory/devices/memory82/node0/memory41/node0/memory43/node0/memory45/subsystem/drivers_probe
[Sat May 30 04:03:15.442328 2026] [ssl:error] [pid 1647351:tid 1647351] (70014)End of file found: [client 66.85.158.91:39326] AH02013: coalesce failed to read from data bucket
[Sat May 30 04:03:15.442538 2026] [security2:error] [pid 1647351:tid 1647351] [client 57.141.14.7:0] ModSecurity: collections_remove_stale: Failed to access DBM file "/var/cpanel/secdatadir/anandaob-global": Permission denied [hostname "www.anandaobauae.org"] [uri "/js/Bl4ckhOle/root/proc/thread-self/root/sys/bus/memory/devices/memory129/subsystem/devices/memory61/node0/memory133/node0/memory100/phys_device"] [unique_id "ahoUK5m-_Zwt1PUyTD9_IgAAACM"]
[Sat May 30 04:03:15.442651 2026] [security2:error] [pid 1647351:tid 1647351] [client 57.141.14.7:0] ModSecurity: collections_remove_stale: Failed to access DBM file "/var/cpanel/secdatadir/anandaob-ip": Permission denied [hostname "www.anandaobauae.org"] [uri "/js/Bl4ckhOle/root/proc/thread-self/root/sys/bus/memory/devices/memory129/subsystem/devices/memory61/node0/memory133/node0/memory100/phys_device"] [unique_id "ahoUK5m-_Zwt1PUyTD9_IgAAACM"]
