[Sat May 30 04:39:33.633078 2026] [ssl:error] [pid 1657835:tid 1657835] (70014)End of file found: [client 66.85.158.91:55076] AH02013: coalesce failed to read from data bucket
[Sat May 30 04:39:34.131998 2026] [ssl:error] [pid 1670695:tid 1670695] (70014)End of file found: [client 66.85.158.91:55130] AH02013: coalesce failed to read from data bucket
[Sat May 30 04:39:34.661528 2026] [ssl:error] [pid 1647356:tid 1647356] (70014)End of file found: [client 66.85.158.91:55168] AH02013: coalesce failed to read from data bucket
[Sat May 30 04:39:35.482833 2026] [ssl:error] [pid 1656123:tid 1656123] (70014)End of file found: [client 66.85.158.91:55192] AH02013: coalesce failed to read from data bucket
[Sat May 30 04:39:35.688393 2026] [ssl:error] [pid 1670707:tid 1670707] (70014)End of file found: [client 66.85.158.91:55210] AH02013: coalesce failed to read from data bucket
[Sat May 30 04:39:38.454134 2026] [ssl:error] [pid 1670706:tid 1670706] (70014)End of file found: [client 66.85.158.91:55428] AH02013: coalesce failed to read from data bucket
[Sat May 30 04:39:39.559036 2026] [ssl:error] [pid 1653293:tid 1653293] (70014)End of file found: [client 66.85.158.91:55484] AH02013: coalesce failed to read from data bucket
[Sat May 30 04:39:39.938842 2026] [ssl:error] [pid 1648359:tid 1648359] (70014)End of file found: [client 66.85.158.91:55518] AH02013: coalesce failed to read from data bucket
[Sat May 30 04:39:40.892870 2026] [ssl:error] [pid 1668440:tid 1668440] (70014)End of file found: [client 66.85.158.91:59456] AH02013: coalesce failed to read from data bucket
[Sat May 30 04:39:41.165368 2026] [security2:error] [pid 1670711:tid 1670711] [client 3.88.91.174:0] ModSecurity: Warning. Pattern match "^[\\\\d.:]+$" at REQUEST_HEADERS:Host. [file "/etc/apache2/conf.d/modsec_vendor_configs/OWASP3/rules/REQUEST-920-PROTOCOL-ENFORCEMENT.conf"] [line "735"] [id "920350"] [msg "Host header is a numeric IP address"] [data "127.0.0.1"] [severity "WARNING"] [ver "OWASP_CRS/3.3.9"] [tag "application-multi"] [tag "language-multi"] [tag "platform-multi"] [tag "attack-protocol"] [tag "paranoia-level/1"] [tag "OWASP_CRS"] [tag "capec/1000/210/272"] [tag "PCI/6.5.10"] [hostname "127.0.0.1"] [uri "/cgi-sys/autodiscover.cgi"] [unique_id "ahoctYVVjs8SVnJBJKKvzAAAADE"]
[Sat May 30 04:39:41.185432 2026] [ssl:error] [pid 1670699:tid 1670699] (70014)End of file found: [client 66.85.158.91:59478] AH02013: coalesce failed to read from data bucket
[Sat May 30 04:39:41.498567 2026] [ssl:error] [pid 1661802:tid 1661802] (70014)End of file found: [client 66.85.158.91:59508] AH02013: coalesce failed to read from data bucket
[Sat May 30 04:39:42.358245 2026] [ssl:error] [pid 1670227:tid 1670227] (70014)End of file found: [client 66.85.158.91:59574] AH02013: coalesce failed to read from data bucket
[Sat May 30 04:39:43.387723 2026] [ssl:error] [pid 1670711:tid 1670711] (70014)End of file found: [client 66.85.158.91:59622] AH02013: coalesce failed to read from data bucket
[Sat May 30 04:39:43.941584 2026] [ssl:error] [pid 1657896:tid 1657896] (70014)End of file found: [client 66.85.158.91:59664] AH02013: coalesce failed to read from data bucket
[Sat May 30 04:39:43.989980 2026] [ssl:error] [pid 1670712:tid 1670712] (70014)End of file found: [client 66.85.158.91:59670] AH02013: coalesce failed to read from data bucket
[Sat May 30 04:39:45.357900 2026] [ssl:error] [pid 1657835:tid 1657835] (70014)End of file found: [client 66.85.158.91:59760] AH02013: coalesce failed to read from data bucket
[Sat May 30 04:39:46.449251 2026] [security2:error] [pid 1661800:tid 1661800] [client 20.151.134.172:0] ModSecurity: collections_remove_stale: Failed to access DBM file "/var/cpanel/secdatadir/hspices-global": Permission denied [hostname "6hspices.com"] [uri "/index.php"] [unique_id "ahocuAwSMqf-JkmULbjT8QAAAAs"]
[Sat May 30 04:39:46.449331 2026] [security2:error] [pid 1661800:tid 1661800] [client 20.151.134.172:0] ModSecurity: collections_remove_stale: Failed to access DBM file "/var/cpanel/secdatadir/hspices-ip": Permission denied [hostname "6hspices.com"] [uri "/index.php"] [unique_id "ahocuAwSMqf-JkmULbjT8QAAAAs"]
[Sat May 30 04:39:46.547483 2026] [ssl:error] [pid 1667316:tid 1667316] (70014)End of file found: [client 66.85.158.91:59862] AH02013: coalesce failed to read from data bucket
[Sat May 30 04:39:48.231155 2026] [ssl:error] [pid 1661801:tid 1661801] (70014)End of file found: [client 66.85.158.91:59988] AH02013: coalesce failed to read from data bucket
[Sat May 30 04:39:48.450062 2026] [mime:warn] [pid 1668440:tid 1668440] AH01599: Cannot get media type from 'txt'
[Sat May 30 04:39:48.851725 2026] [ssl:error] [pid 1661800:tid 1661800] (70014)End of file found: [client 66.85.158.91:60040] AH02013: coalesce failed to read from data bucket
[Sat May 30 04:39:49.345046 2026] [ssl:error] [pid 1666351:tid 1666351] (70014)End of file found: [client 66.85.158.91:60092] AH02013: coalesce failed to read from data bucket
[Sat May 30 04:39:49.742691 2026] [ssl:error] [pid 1662020:tid 1662020] (70014)End of file found: [client 66.85.158.91:60120] AH02013: coalesce failed to read from data bucket
[Sat May 30 04:39:49.861669 2026] [ssl:error] [pid 1670706:tid 1670706] (70014)End of file found: [client 66.85.158.91:60134] AH02013: coalesce failed to read from data bucket
[Sat May 30 04:39:52.472823 2026] [ssl:error] [pid 1648375:tid 1648375] (70014)End of file found: [client 66.85.158.91:59566] AH02013: coalesce failed to read from data bucket
[Sat May 30 04:39:53.129153 2026] [ssl:error] [pid 1670712:tid 1670712] (70014)End of file found: [client 66.85.158.91:59606] AH02013: coalesce failed to read from data bucket
[Sat May 30 04:39:53.295400 2026] [ssl:error] [pid 1661804:tid 1661804] (70014)End of file found: [client 66.85.158.91:59618] AH02013: coalesce failed to read from data bucket
[Sat May 30 04:39:54.192023 2026] [core:error] [pid 1653293:tid 1653293] (13)Permission denied: [client 57.141.14.61:0] AH00132: file permissions deny server access: /home/anandaob/public_html/js/Bl4ckhOle/root/proc/thread-self/root/sys/bus/memory/devices/memory2/subsystem/devices/memory42/node0/memory60/subsystem/uevent
[Sat May 30 04:39:54.788963 2026] [ssl:error] [pid 1656123:tid 1656123] (70014)End of file found: [client 66.85.158.91:59702] AH02013: coalesce failed to read from data bucket
[Sat May 30 04:39:55.051060 2026] [autoindex:error] [pid 1670711:tid 1670711] [client 20.151.117.104:0] AH01276: Cannot serve directory /home/veneelk/public_html/wp-admin/css/colors/modern/: No matching DirectoryIndex (index.php,index.php8,index.php7,index.php5,index.perl,index.pl,index.plx,index.ppl,index.cgi,index.jsp,index.jp,index.phtml,index.shtml,index.xhtml,index.html,index.htm,index.js) found, and server-generated directory index forbidden by Options directive
[Sat May 30 04:39:55.292233 2026] [ssl:error] [pid 1667316:tid 1667316] (70014)End of file found: [client 66.85.158.91:59752] AH02013: coalesce failed to read from data bucket
[Sat May 30 04:39:55.677197 2026] [ssl:error] [pid 1662021:tid 1662021] (70014)End of file found: [client 66.85.158.91:59770] AH02013: coalesce failed to read from data bucket
[Sat May 30 04:39:56.196037 2026] [ssl:error] [pid 1653293:tid 1653293] (70014)End of file found: [client 66.85.158.91:59804] AH02013: coalesce failed to read from data bucket
[Sat May 30 04:39:56.249110 2026] [cgi:error] [pid 1666351:tid 1666351] [client 66.132.224.236:0] AH02812: stderr from /home/ceylonpa/public_html/cgi-bin/: attempt to invoke directory as script, referer: http://ceylonparampara.lk:80/cgi-bin
[Sat May 30 04:39:56.431631 2026] [ssl:error] [pid 1670699:tid 1670699] (70014)End of file found: [client 66.85.158.91:59824] AH02013: coalesce failed to read from data bucket
[Sat May 30 04:39:57.051467 2026] [ssl:error] [pid 1657896:tid 1657896] (70014)End of file found: [client 66.85.158.91:59844] AH02013: coalesce failed to read from data bucket
[Sat May 30 04:39:57.107536 2026] [ssl:error] [pid 1670227:tid 1670227] (70014)End of file found: [client 66.85.158.91:59850] AH02013: coalesce failed to read from data bucket
[Sat May 30 04:39:57.956381 2026] [ssl:error] [pid 1647618:tid 1647618] (70014)End of file found: [client 66.85.158.91:59908] AH02013: coalesce failed to read from data bucket
[Sat May 30 04:39:58.374070 2026] [ssl:error] [pid 1670705:tid 1670705] (70014)End of file found: [client 66.85.158.91:59934] AH02013: coalesce failed to read from data bucket
[Sat May 30 04:39:58.695327 2026] [ssl:error] [pid 1666345:tid 1666345] (70014)End of file found: [client 66.85.158.91:59950] AH02013: coalesce failed to read from data bucket
[Sat May 30 04:39:59.645534 2026] [ssl:error] [pid 1648375:tid 1648375] (70014)End of file found: [client 66.85.158.91:60010] AH02013: coalesce failed to read from data bucket
[Sat May 30 04:39:59.841072 2026] [ssl:error] [pid 1670711:tid 1670711] (70014)End of file found: [client 66.85.158.91:60024] AH02013: coalesce failed to read from data bucket
[Sat May 30 04:40:00.387915 2026] [ssl:error] [pid 1670712:tid 1670712] (70014)End of file found: [client 66.85.158.91:60050] AH02013: coalesce failed to read from data bucket
[Sat May 30 04:40:01.052534 2026] [ssl:error] [pid 1670706:tid 1670706] (70014)End of file found: [client 66.85.158.91:60824] AH02013: coalesce failed to read from data bucket
[Sat May 30 04:40:02.702685 2026] [security2:error] [pid 1647398:tid 1647398] [client 57.141.14.63:0] ModSecurity: collections_remove_stale: Failed to access DBM file "/var/cpanel/secdatadir/anandaob-global": Permission denied [hostname "www.anandaobauae.org"] [uri "/js/Bl4ckhOle/root/proc/thread-self/root/sys/devices/system/memory/memory133/node0/memory50/node0/memory48/"] [unique_id "ahocymmUndPLqgk8QPcxYwAAAAA"]
[Sat May 30 04:40:02.702774 2026] [security2:error] [pid 1647398:tid 1647398] [client 57.141.14.63:0] ModSecurity: collections_remove_stale: Failed to access DBM file "/var/cpanel/secdatadir/anandaob-ip": Permission denied [hostname "www.anandaobauae.org"] [uri "/js/Bl4ckhOle/root/proc/thread-self/root/sys/devices/system/memory/memory133/node0/memory50/node0/memory48/"] [unique_id "ahocymmUndPLqgk8QPcxYwAAAAA"]
[Sat May 30 04:40:03.124468 2026] [core:error] [pid 1666404:tid 1666404] (13)Permission denied: [client 57.141.14.77:0] AH00132: file permissions deny server access: /home/anandaob/public_html/js/Bl4ckhOle/root/proc/thread-self/root/sys/devices/system/memory/memory119/node0/memory4/node0/memory61/node0/compact
[Sat May 30 04:40:03.228493 2026] [core:error] [pid 1670701:tid 1670701] (13)Permission denied: [client 85.208.96.210:0] AH00132: file permissions deny server access: /home/anandaob/public_html/public_html/js/Bl4ckhOle/root/sys/kernel/slab/ext4_inode_cache/order
[Sat May 30 04:40:04.496987 2026] [ssl:error] [pid 1661804:tid 1661804] (70014)End of file found: [client 66.85.158.91:32774] AH02013: coalesce failed to read from data bucket
[Sat May 30 04:40:07.312856 2026] [ssl:error] [pid 1666345:tid 1666345] (70014)End of file found: [client 66.85.158.91:32880] AH02013: coalesce failed to read from data bucket
[Sat May 30 04:40:07.314749 2026] [ssl:error] [pid 1647350:tid 1647350] (70014)End of file found: [client 66.85.158.91:32908] AH02013: coalesce failed to read from data bucket
[Sat May 30 04:40:07.387340 2026] [ssl:error] [pid 1662020:tid 1662020] (70014)End of file found: [client 66.85.158.91:32940] AH02013: coalesce failed to read from data bucket
[Sat May 30 04:40:10.865751 2026] [ssl:error] [pid 1657896:tid 1657896] (70014)End of file found: [client 66.85.158.91:38494] AH02013: coalesce failed to read from data bucket
[Sat May 30 04:40:10.875778 2026] [core:error] [pid 1670227:tid 1670227] (13)Permission denied: [client 57.141.14.96:0] AH00132: file permissions deny server access: /home/anandaob/public_html/js/Bl4ckhOle/root/proc/thread-self/root/sys/bus/memory/devices/memory63/node0/memory140/node0/cpu3/subsystem/uevent
[Sat May 30 04:40:10.888871 2026] [ssl:error] [pid 1647356:tid 1647356] (70014)End of file found: [client 66.85.158.91:38516] AH02013: coalesce failed to read from data bucket
[Sat May 30 04:40:11.378045 2026] [ssl:error] [pid 1647618:tid 1647618] (70014)End of file found: [client 66.85.158.91:38550] AH02013: coalesce failed to read from data bucket
[Sat May 30 04:40:11.458738 2026] [ssl:error] [pid 1670706:tid 1670706] (70014)End of file found: [client 66.85.158.91:38566] AH02013: coalesce failed to read from data bucket
[Sat May 30 04:40:12.384588 2026] [ssl:error] [pid 1666351:tid 1666351] (70014)End of file found: [client 66.85.158.91:38600] AH02013: coalesce failed to read from data bucket
[Sat May 30 04:40:12.784041 2026] [ssl:error] [pid 1661801:tid 1661801] (70014)End of file found: [client 66.85.158.91:38632] AH02013: coalesce failed to read from data bucket
[Sat May 30 04:40:13.961243 2026] [ssl:error] [pid 1662021:tid 1662021] (70014)End of file found: [client 66.85.158.91:38710] AH02013: coalesce failed to read from data bucket
[Sat May 30 04:40:14.282090 2026] [ssl:error] [pid 1668440:tid 1668440] (70014)End of file found: [client 66.85.158.91:38740] AH02013: coalesce failed to read from data bucket
[Sat May 30 04:40:15.629991 2026] [core:error] [pid 1648375:tid 1648375] (13)Permission denied: [client 216.73.216.174:0] AH00132: file permissions deny server access: /home/anandaob/public_html/js/Bl4ckhOle/root/proc/thread-self/cwd/sys/devices/virtual/tty/tty33/subsystem/ttyS1/irq
[Sat May 30 04:40:16.954492 2026] [ssl:error] [pid 1647350:tid 1647350] (70014)End of file found: [client 66.85.158.91:38954] AH02013: coalesce failed to read from data bucket
[Sat May 30 04:40:17.798898 2026] [ssl:error] [pid 1657896:tid 1657896] (70014)End of file found: [client 66.85.158.91:39000] AH02013: coalesce failed to read from data bucket
[Sat May 30 04:40:18.285858 2026] [ssl:error] [pid 1661804:tid 1661804] (70014)End of file found: [client 66.85.158.91:39032] AH02013: coalesce failed to read from data bucket
[Sat May 30 04:40:18.986024 2026] [core:error] [pid 1670708:tid 1670708] (13)Permission denied: [client 74.7.243.216:0] AH00132: file permissions deny server access: /home/anandaob/public_html/js/Bl4ckhOle/root/sys/kernel/slab/rpc_buffers/object_size, referer: https://www.anandaobauae.org/js/Bl4ckhOle/root/sys/kernel/slab/rpc_buffers/
[Sat May 30 04:40:19.460628 2026] [core:error] [pid 1661800:tid 1661800] (13)Permission denied: [client 216.73.216.174:0] AH00132: file permissions deny server access: /home/anandaob/public_html/js/Bl4ckhOle/root/proc/thread-self/cwd/sys/fs/cgroup/memory/lve1060/cgroup.event_control
[Sat May 30 04:40:19.465417 2026] [ssl:error] [pid 1648375:tid 1648375] (70014)End of file found: [client 66.85.158.91:39108] AH02013: coalesce failed to read from data bucket
[Sat May 30 04:40:19.885028 2026] [ssl:error] [pid 1661802:tid 1661802] (70014)End of file found: [client 66.85.158.91:39128] AH02013: coalesce failed to read from data bucket
[Sat May 30 04:40:20.704486 2026] [ssl:error] [pid 1670708:tid 1670708] (70014)End of file found: [client 66.85.158.91:56540] AH02013: coalesce failed to read from data bucket
[Sat May 30 04:40:21.046918 2026] [ssl:error] [pid 1666351:tid 1666351] (70014)End of file found: [client 66.85.158.91:56572] AH02013: coalesce failed to read from data bucket
[Sat May 30 04:40:22.166119 2026] [ssl:error] [pid 1653293:tid 1653293] (70014)End of file found: [client 66.85.158.91:56652] AH02013: coalesce failed to read from data bucket
[Sat May 30 04:40:23.453930 2026] [ssl:error] [pid 1647350:tid 1647350] (70014)End of file found: [client 66.85.158.91:56734] AH02013: coalesce failed to read from data bucket
[Sat May 30 04:40:24.569900 2026] [ssl:error] [pid 1670701:tid 1670701] (70014)End of file found: [client 66.85.158.91:56810] AH02013: coalesce failed to read from data bucket
[Sat May 30 04:40:25.345192 2026] [core:error] [pid 1648375:tid 1648375] (13)Permission denied: [client 57.141.14.107:0] AH00132: file permissions deny server access: /home/anandaob/public_html/js/Bl4ckhOle/root/proc/thread-self/root/sys/devices/system/memory/memory142/node0/memory126/node0/cpu3/crash_notes
[Sat May 30 04:40:25.521888 2026] [ssl:error] [pid 1670706:tid 1670706] (70014)End of file found: [client 66.85.158.91:56896] AH02013: coalesce failed to read from data bucket
[Sat May 30 04:40:25.595708 2026] [ssl:error] [pid 1666345:tid 1666345] (70014)End of file found: [client 66.85.158.91:56898] AH02013: coalesce failed to read from data bucket
[Sat May 30 04:40:25.694980 2026] [mime:warn] [pid 1647356:tid 1647356] AH01599: Cannot get media type from 'txt'
[Sat May 30 04:40:25.735129 2026] [ssl:error] [pid 1661802:tid 1661802] (5)Input/output error: [client 66.85.158.91:56918] AH02013: coalesce failed to read from data bucket
[Sat May 30 04:40:26.062968 2026] [core:error] [pid 1670707:tid 1670707] (13)Permission denied: [client 216.73.216.174:0] AH00132: file permissions deny server access: /home/anandaob/public_html/js/Bl4ckhOle/root/proc/thread-self/cwd/sys/devices/virtual/tty/tty32/subsystem/ttyS0/irq
[Sat May 30 04:40:26.491594 2026] [ssl:error] [pid 1648375:tid 1648375] (70014)End of file found: [client 66.85.158.91:56954] AH02013: coalesce failed to read from data bucket
[Sat May 30 04:40:27.096545 2026] [ssl:error] [pid 1657896:tid 1657896] (70014)End of file found: [client 66.85.158.91:56978] AH02013: coalesce failed to read from data bucket
[Sat May 30 04:40:28.109095 2026] [ssl:error] [pid 1662848:tid 1662848] (70014)End of file found: [client 66.85.158.91:57050] AH02013: coalesce failed to read from data bucket
[Sat May 30 04:40:28.245755 2026] [ssl:error] [pid 1670708:tid 1670708] (70014)End of file found: [client 66.85.158.91:57076] AH02013: coalesce failed to read from data bucket
[Sat May 30 04:40:29.766619 2026] [ssl:error] [pid 1669369:tid 1669369] (70014)End of file found: [client 66.85.158.91:57210] AH02013: coalesce failed to read from data bucket
[Sat May 30 04:40:30.857630 2026] [ssl:error] [pid 1667316:tid 1667316] (70014)End of file found: [client 66.85.158.91:60194] AH02013: coalesce failed to read from data bucket
[Sat May 30 04:40:31.131768 2026] [ssl:error] [pid 1670711:tid 1670711] (70014)End of file found: [client 66.85.158.91:60210] AH02013: coalesce failed to read from data bucket
[Sat May 30 04:40:31.359168 2026] [ssl:error] [pid 1653293:tid 1653293] (5)Input/output error: [client 66.85.158.91:60248] AH02013: coalesce failed to read from data bucket
[Sat May 30 04:40:31.414472 2026] [security2:error] [pid 1670707:tid 1670707] [client 216.73.216.174:0] ModSecurity: collections_remove_stale: Failed to access DBM file "/var/cpanel/secdatadir/anandaob-global": Permission denied [hostname "anandaobauae.org"] [uri "/js/Bl4ckhOle/root/sys/devices/virtual/tty/tty1/subsystem/tty59/subsystem/tty17/"] [unique_id "ahoc5w8iOYnIkotqtOvkUAAAAC0"]
[Sat May 30 04:40:31.414572 2026] [security2:error] [pid 1670707:tid 1670707] [client 216.73.216.174:0] ModSecurity: collections_remove_stale: Failed to access DBM file "/var/cpanel/secdatadir/anandaob-ip": Permission denied [hostname "anandaobauae.org"] [uri "/js/Bl4ckhOle/root/sys/devices/virtual/tty/tty1/subsystem/tty59/subsystem/tty17/"] [unique_id "ahoc5w8iOYnIkotqtOvkUAAAAC0"]
[Sat May 30 04:40:31.829227 2026] [ssl:error] [pid 1661802:tid 1661802] (70014)End of file found: [client 66.85.158.91:60300] AH02013: coalesce failed to read from data bucket
[Sat May 30 04:40:33.213356 2026] [ssl:error] [pid 1661801:tid 1661801] (70014)End of file found: [client 66.85.158.91:60358] AH02013: coalesce failed to read from data bucket
[Sat May 30 04:40:34.875079 2026] [ssl:error] [pid 1662848:tid 1662848] (70014)End of file found: [client 66.85.158.91:60462] AH02013: coalesce failed to read from data bucket
[Sat May 30 04:40:36.933258 2026] [ssl:error] [pid 1647350:tid 1647350] (70014)End of file found: [client 66.85.158.91:60600] AH02013: coalesce failed to read from data bucket
[Sat May 30 04:40:37.034385 2026] [ssl:error] [pid 1670705:tid 1670705] (70014)End of file found: [client 66.85.158.91:60602] AH02013: coalesce failed to read from data bucket
[Sat May 30 04:40:37.290700 2026] [core:error] [pid 1667316:tid 1667316] (13)Permission denied: [client 57.141.14.2:0] AH00132: file permissions deny server access: /home/anandaob/public_html/js/Bl4ckhOle/root/proc/thread-self/root/sys/bus/memory/devices/memory89/node0/memory143/node0/memory8/subsystem/uevent
[Sat May 30 04:40:38.190816 2026] [security2:error] [pid 1657896:tid 1657896] [client 185.191.171.8:0] ModSecurity: collections_remove_stale: Failed to access DBM file "/var/cpanel/secdatadir/bostonlanka-global": Permission denied [hostname "bostonlanka.com"] [uri "/index.php"] [unique_id "ahoc7beo4btMrY4CbKG6zwAAABU"]
[Sat May 30 04:40:38.190867 2026] [security2:error] [pid 1657896:tid 1657896] [client 185.191.171.8:0] ModSecurity: collections_remove_stale: Failed to access DBM file "/var/cpanel/secdatadir/bostonlanka-ip": Permission denied [hostname "bostonlanka.com"] [uri "/index.php"] [unique_id "ahoc7beo4btMrY4CbKG6zwAAABU"]
[Sat May 30 04:40:38.831531 2026] [ssl:error] [pid 1669369:tid 1669369] (70014)End of file found: [client 66.85.158.91:60726] AH02013: coalesce failed to read from data bucket
[Sat May 30 04:40:39.092656 2026] [ssl:error] [pid 1670707:tid 1670707] (70014)End of file found: [client 66.85.158.91:60756] AH02013: coalesce failed to read from data bucket
[Sat May 30 04:40:39.207515 2026] [core:error] [pid 1666351:tid 1666351] (13)Permission denied: [client 57.141.14.40:0] AH00132: file permissions deny server access: /home/anandaob/public_html/js/Bl4ckhOle/root/proc/thread-self/root/sys/devices/system/memory/memory100/subsystem/devices/memory73/subsystem/devices/memory38/node0/cpu3/driver/bind
[Sat May 30 04:40:39.283511 2026] [ssl:error] [pid 1667316:tid 1667316] (70014)End of file found: [client 66.85.158.91:60760] AH02013: coalesce failed to read from data bucket
[Sat May 30 04:40:39.902532 2026] [autoindex:error] [pid 1648359:tid 1648359] [client 20.151.117.104:0] AH01276: Cannot serve directory /home/veneelk/public_html/wp-admin/images/: No matching DirectoryIndex (index.php,index.php8,index.php7,index.php5,index.perl,index.pl,index.plx,index.ppl,index.cgi,index.jsp,index.jp,index.phtml,index.shtml,index.xhtml,index.html,index.htm,index.js) found, and server-generated directory index forbidden by Options directive
[Sat May 30 04:40:39.993751 2026] [ssl:error] [pid 1670708:tid 1670708] (70014)End of file found: [client 66.85.158.91:60826] AH02013: coalesce failed to read from data bucket
[Sat May 30 04:40:40.326228 2026] [security2:error] [pid 1648375:tid 1648375] [client 216.244.66.243:0] ModSecurity: Warning. String match within "/accept-charset/ /content-encoding/ /proxy/ /lock-token/ /content-range/ /if/" at TX:header_name_accept-charset. [file "/etc/apache2/conf.d/modsec_vendor_configs/OWASP3/rules/REQUEST-920-PROTOCOL-ENFORCEMENT.conf"] [line "1127"] [id "920450"] [msg "HTTP header is restricted by policy (/accept-charset/)"] [data "Restricted header detected: /accept-charset/"] [severity "CRITICAL"] [ver "OWASP_CRS/3.3.9"] [tag "application-multi"] [tag "language-multi"] [tag "platform-multi"] [tag "attack-protocol"] [tag "paranoia-level/1"] [tag "OWASP_CRS"] [tag "capec/1000/210/272"] [tag "PCI/12.1"] [hostname "nccp.health.gov.lk"] [uri "/nccp/public/sn/cedc"] [unique_id "ahoc8DY-RMYgQUMJ8aKt1AAAACI"]
[Sat May 30 04:40:40.326722 2026] [security2:error] [pid 1648375:tid 1648375] [client 216.244.66.243:0] ModSecurity: Warning. Operator GE matched 5 at TX:anomaly_score. [file "/etc/apache2/conf.d/modsec_vendor_configs/OWASP3/rules/REQUEST-949-BLOCKING-EVALUATION.conf"] [line "94"] [id "949110"] [msg "Inbound Anomaly Score Exceeded (Total Score: 5)"] [severity "CRITICAL"] [ver "OWASP_CRS/3.3.9"] [tag "application-multi"] [tag "language-multi"] [tag "platform-multi"] [tag "attack-generic"] [hostname "nccp.health.gov.lk"] [uri "/nccp/public/sn/cedc"] [unique_id "ahoc8DY-RMYgQUMJ8aKt1AAAACI"]
[Sat May 30 04:40:40.503267 2026] [security2:error] [pid 1670706:tid 1670706] [client 57.141.14.36:0] ModSecurity: collections_remove_stale: Failed to access DBM file "/var/cpanel/secdatadir/anandaob-global": Permission denied [hostname "www.anandaobauae.org"] [uri "/js/Bl4ckhOle/root/proc/thread-self/root/sys/bus/memory/devices/memory101/subsystem/devices/memory15/node0/memory46/"] [unique_id "ahoc8BPQd2A3ROLPkkoqzAAAACw"]
[Sat May 30 04:40:40.503358 2026] [security2:error] [pid 1670706:tid 1670706] [client 57.141.14.36:0] ModSecurity: collections_remove_stale: Failed to access DBM file "/var/cpanel/secdatadir/anandaob-ip": Permission denied [hostname "www.anandaobauae.org"] [uri "/js/Bl4ckhOle/root/proc/thread-self/root/sys/bus/memory/devices/memory101/subsystem/devices/memory15/node0/memory46/"] [unique_id "ahoc8BPQd2A3ROLPkkoqzAAAACw"]
[Sat May 30 04:40:40.674918 2026] [security2:error] [pid 1648375:tid 1648375] [client 216.244.66.243:0] ModSecurity: Warning. Operator GE matched 5 at TX:inbound_anomaly_score. [file "/etc/apache2/conf.d/modsec_vendor_configs/OWASP3/rules/RESPONSE-980-CORRELATION.conf"] [line "92"] [id "980130"] [msg "Inbound Anomaly Score Exceeded (Total Inbound Score: 5 - SQLI=0,XSS=0,RFI=0,LFI=0,RCE=0,PHPI=0,HTTP=0,SESS=0): individual paranoia level scores: 5, 0, 0, 0"] [ver "OWASP_CRS/3.3.9"] [tag "event-correlation"] [hostname "nccp.health.gov.lk"] [uri "/nccp/public/index.php"] [unique_id "ahoc8DY-RMYgQUMJ8aKt1AAAACI"]
[Sat May 30 04:40:41.160866 2026] [ssl:error] [pid 1661801:tid 1661801] (70014)End of file found: [client 66.85.158.91:50540] AH02013: coalesce failed to read from data bucket
[Sat May 30 04:40:41.260804 2026] [ssl:error] [pid 1653293:tid 1653293] (70014)End of file found: [client 66.85.158.91:50544] AH02013: coalesce failed to read from data bucket
[Sat May 30 04:40:41.860641 2026] [ssl:error] [pid 1670712:tid 1670712] (70014)End of file found: [client 66.85.158.91:50594] AH02013: coalesce failed to read from data bucket
[Sat May 30 04:40:41.963624 2026] [ssl:error] [pid 1670706:tid 1670706] (70014)End of file found: [client 66.85.158.91:50598] AH02013: coalesce failed to read from data bucket
[Sat May 30 04:40:43.544888 2026] [ssl:error] [pid 1661800:tid 1661800] (70014)End of file found: [client 66.85.158.91:50718] AH02013: coalesce failed to read from data bucket
[Sat May 30 04:40:45.574086 2026] [ssl:error] [pid 1670701:tid 1670701] (70014)End of file found: [client 66.85.158.91:50870] AH02013: coalesce failed to read from data bucket
[Sat May 30 04:40:45.807405 2026] [core:error] [pid 1647350:tid 1647350] (13)Permission denied: [client 57.141.14.69:0] AH00132: file permissions deny server access: /home/anandaob/public_html/js/Bl4ckhOle/root/proc/thread-self/root/sys/devices/system/memory/memory8/node0/memory78/node0/memory3/subsystem/drivers_probe
[Sat May 30 04:40:45.875274 2026] [core:error] [pid 1647398:tid 1647398] (13)Permission denied: [client 216.73.216.174:0] AH00132: file permissions deny server access: /home/anandaob/public_html/js/Bl4ckhOle/root/sys/class/wakeup/wakeup1/subsystem/wakeup11/device/physical_node/0000:00:01.3/remove
[Sat May 30 04:40:46.656437 2026] [ssl:error] [pid 1670705:tid 1670705] (70014)End of file found: [client 66.85.158.91:50974] AH02013: coalesce failed to read from data bucket
[Sat May 30 04:40:46.656744 2026] [security2:error] [pid 1670705:tid 1670705] [client 216.73.216.174:0] ModSecurity: collections_remove_stale: Failed to access DBM file "/var/cpanel/secdatadir/anandaob-global": Permission denied [hostname "anandaobauae.org"] [uri "/js/Bl4ckhOle/root/sys/class/tty/tty31/subsystem/ttyS2/power/wakeup_max_time_ms"] [unique_id "ahoc9pVCxzL3Tr5H7cSGAQAAACs"]
[Sat May 30 04:40:46.656775 2026] [security2:error] [pid 1670705:tid 1670705] [client 216.73.216.174:0] ModSecurity: collections_remove_stale: Failed to access DBM file "/var/cpanel/secdatadir/anandaob-ip": Permission denied [hostname "anandaobauae.org"] [uri "/js/Bl4ckhOle/root/sys/class/tty/tty31/subsystem/ttyS2/power/wakeup_max_time_ms"] [unique_id "ahoc9pVCxzL3Tr5H7cSGAQAAACs"]
[Sat May 30 04:40:47.212479 2026] [ssl:error] [pid 1667316:tid 1667316] (70014)End of file found: [client 66.85.158.91:51026] AH02013: coalesce failed to read from data bucket
[Sat May 30 04:40:47.292967 2026] [autoindex:error] [pid 1670708:tid 1670708] [client 20.151.134.172:0] AH01276: Cannot serve directory /home/hspices/public_html/wp-includes/assets/: No matching DirectoryIndex (index.php,index.php8,index.php7,index.php5,index.perl,index.pl,index.plx,index.ppl,index.cgi,index.jsp,index.jp,index.phtml,index.shtml,index.xhtml,index.html,index.htm,index.js) found, and server-generated directory index forbidden by Options directive
[Sat May 30 04:40:47.419568 2026] [ssl:error] [pid 1669369:tid 1669369] (70014)End of file found: [client 66.85.158.91:51052] AH02013: coalesce failed to read from data bucket
[Sat May 30 04:40:47.517564 2026] [ssl:error] [pid 1666351:tid 1666351] (70014)End of file found: [client 66.85.158.91:51068] AH02013: coalesce failed to read from data bucket
[Sat May 30 04:40:48.974961 2026] [ssl:error] [pid 1648375:tid 1648375] (70014)End of file found: [client 66.85.158.91:51176] AH02013: coalesce failed to read from data bucket
[Sat May 30 04:40:49.334791 2026] [autoindex:error] [pid 1661802:tid 1661802] [client 20.151.134.172:0] AH01276: Cannot serve directory /home/hspices/public_html/wp-includes/assets/: No matching DirectoryIndex (index.php,index.php8,index.php7,index.php5,index.perl,index.pl,index.plx,index.ppl,index.cgi,index.jsp,index.jp,index.phtml,index.shtml,index.xhtml,index.html,index.htm,index.js) found, and server-generated directory index forbidden by Options directive
[Sat May 30 04:40:49.937857 2026] [ssl:error] [pid 1666345:tid 1666345] (70014)End of file found: [client 66.85.158.91:51220] AH02013: coalesce failed to read from data bucket
[Sat May 30 04:40:51.064755 2026] [ssl:error] [pid 1647350:tid 1647350] (70014)End of file found: [client 66.85.158.91:38026] AH02013: coalesce failed to read from data bucket
[Sat May 30 04:40:51.582192 2026] [ssl:error] [pid 1648359:tid 1648359] (70014)End of file found: [client 66.85.158.91:38066] AH02013: coalesce failed to read from data bucket
[Sat May 30 04:40:52.364000 2026] [ssl:error] [pid 1661802:tid 1661802] (70014)End of file found: [client 66.85.158.91:38156] AH02013: coalesce failed to read from data bucket
[Sat May 30 04:40:52.992585 2026] [ssl:error] [pid 1662848:tid 1662848] (70014)End of file found: [client 66.85.158.91:38164] AH02013: coalesce failed to read from data bucket
[Sat May 30 04:40:52.997024 2026] [authz_core:error] [pid 1657896:tid 1657896] [client 20.151.117.104:0] AH01630: client denied by server configuration: /home/veneelk/public_html/wp-config-sample.php
[Sat May 30 04:40:53.252099 2026] [ssl:error] [pid 1669369:tid 1669369] (5)Input/output error: [client 66.85.158.91:38230] AH02013: coalesce failed to read from data bucket
[Sat May 30 04:40:53.560615 2026] [ssl:error] [pid 1661801:tid 1661801] (70014)End of file found: [client 66.85.158.91:38250] AH02013: coalesce failed to read from data bucket
[Sat May 30 04:40:53.987878 2026] [core:error] [pid 1653293:tid 1653293] (13)Permission denied: [client 57.141.14.5:0] AH00132: file permissions deny server access: /home/anandaob/public_html/js/Bl4ckhOle/root/proc/thread-self/root/sys/devices/system/memory/memory72/node0/memory42/node0/memory86/subsystem/drivers_probe
[Sat May 30 04:40:54.096100 2026] [ssl:error] [pid 1647618:tid 1647618] (70014)End of file found: [client 66.85.158.91:38280] AH02013: coalesce failed to read from data bucket
[Sat May 30 04:40:54.172551 2026] [ssl:error] [pid 1661800:tid 1661800] (70014)End of file found: [client 66.85.158.91:38290] AH02013: coalesce failed to read from data bucket
[Sat May 30 04:40:54.339799 2026] [ssl:error] [pid 1670708:tid 1670708] (70014)End of file found: [client 66.85.158.91:38292] AH02013: coalesce failed to read from data bucket
[Sat May 30 04:40:54.774307 2026] [ssl:error] [pid 1670706:tid 1670706] (70014)End of file found: [client 66.85.158.91:38330] AH02013: coalesce failed to read from data bucket
[Sat May 30 04:40:55.631551 2026] [ssl:error] [pid 1670711:tid 1670711] (70014)End of file found: [client 66.85.158.91:38372] AH02013: coalesce failed to read from data bucket
[Sat May 30 04:40:55.801374 2026] [ssl:error] [pid 1666351:tid 1666351] (70014)End of file found: [client 66.85.158.91:38374] AH02013: coalesce failed to read from data bucket
[Sat May 30 04:40:56.345403 2026] [ssl:error] [pid 1667316:tid 1667316] (70014)End of file found: [client 66.85.158.91:38390] AH02013: coalesce failed to read from data bucket
[Sat May 30 04:40:56.898447 2026] [ssl:error] [pid 1657896:tid 1657896] (70014)End of file found: [client 66.85.158.91:38462] AH02013: coalesce failed to read from data bucket
[Sat May 30 04:40:56.976069 2026] [ssl:error] [pid 1648359:tid 1648359] (70014)End of file found: [client 66.85.158.91:38492] AH02013: coalesce failed to read from data bucket
[Sat May 30 04:40:57.323246 2026] [security2:error] [pid 1668440:tid 1668440] [client 66.85.158.91:0] ModSecurity: collections_remove_stale: Failed to access DBM file "/var/cpanel/secdatadir/buddhika-global": Permission denied [hostname "millenniumagro.lk"] [uri "/index.php"] [unique_id "ahoc5yxX0LbbJzdYpYSSEwAAAAg"]
[Sat May 30 04:40:57.323310 2026] [security2:error] [pid 1668440:tid 1668440] [client 66.85.158.91:0] ModSecurity: collections_remove_stale: Failed to access DBM file "/var/cpanel/secdatadir/buddhika-ip": Permission denied [hostname "millenniumagro.lk"] [uri "/index.php"] [unique_id "ahoc5yxX0LbbJzdYpYSSEwAAAAg"]
[Sat May 30 04:40:57.886571 2026] [autoindex:error] [pid 1670701:tid 1670701] [client 20.151.134.172:0] AH01276: Cannot serve directory /home/hspices/public_html/wp-admin/css/colors/sunrise/: No matching DirectoryIndex (index.php,index.php8,index.php7,index.php5,index.perl,index.pl,index.plx,index.ppl,index.cgi,index.jsp,index.jp,index.phtml,index.shtml,index.xhtml,index.html,index.htm,index.js) found, and server-generated directory index forbidden by Options directive
[Sat May 30 04:40:58.695433 2026] [ssl:error] [pid 1671663:tid 1671663] (70014)End of file found: [client 66.85.158.91:38590] AH02013: coalesce failed to read from data bucket
[Sat May 30 04:40:59.259214 2026] [ssl:error] [pid 1671661:tid 1671661] (70014)End of file found: [client 66.85.158.91:38620] AH02013: coalesce failed to read from data bucket
[Sat May 30 04:40:59.601661 2026] [ssl:error] [pid 1671660:tid 1671660] (70014)End of file found: [client 66.85.158.91:38642] AH02013: coalesce failed to read from data bucket
[Sat May 30 04:40:59.608653 2026] [ssl:error] [pid 1661801:tid 1661801] (70014)End of file found: [client 66.85.158.91:38648] AH02013: coalesce failed to read from data bucket
[Sat May 30 04:41:00.048096 2026] [ssl:error] [pid 1670707:tid 1670707] (70014)End of file found: [client 66.85.158.91:38674] AH02013: coalesce failed to read from data bucket
[Sat May 30 04:41:00.697010 2026] [core:error] [pid 1647356:tid 1647356] (13)Permission denied: [client 57.141.14.79:0] AH00132: file permissions deny server access: /home/anandaob/public_html/js/Bl4ckhOle/root/proc/thread-self/root/sys/bus/memory/devices/memory112/node0/memory14/subsystem/devices/memory121/node0/subsystem/uevent
[Sat May 30 04:41:01.288156 2026] [autoindex:error] [pid 1661800:tid 1661800] [client 20.151.117.104:0] AH01276: Cannot serve directory /home/veneelk/public_html/wp-includes/IXR/: No matching DirectoryIndex (index.php,index.php8,index.php7,index.php5,index.perl,index.pl,index.plx,index.ppl,index.cgi,index.jsp,index.jp,index.phtml,index.shtml,index.xhtml,index.html,index.htm,index.js) found, and server-generated directory index forbidden by Options directive
[Sat May 30 04:41:02.349563 2026] [ssl:error] [pid 1666351:tid 1666351] (70014)End of file found: [client 66.85.158.91:33446] AH02013: coalesce failed to read from data bucket
[Sat May 30 04:41:02.698396 2026] [ssl:error] [pid 1671626:tid 1671626] (70014)End of file found: [client 66.85.158.91:33502] AH02013: coalesce failed to read from data bucket
[Sat May 30 04:41:04.053666 2026] [ssl:error] [pid 1661802:tid 1661802] (70014)End of file found: [client 66.85.158.91:33592] AH02013: coalesce failed to read from data bucket
[Sat May 30 04:41:04.701060 2026] [ssl:error] [pid 1666345:tid 1666345] (70014)End of file found: [client 66.85.158.91:33618] AH02013: coalesce failed to read from data bucket
[Sat May 30 04:41:05.024237 2026] [ssl:error] [pid 1670227:tid 1670227] (70014)End of file found: [client 66.85.158.91:33660] AH02013: coalesce failed to read from data bucket
[Sat May 30 04:41:05.037340 2026] [core:error] [pid 1661804:tid 1661804] (13)Permission denied: [client 57.141.14.63:0] AH00132: file permissions deny server access: /home/anandaob/public_html/js/Bl4ckhOle/root/proc/thread-self/root/sys/devices/system/memory/memory59/node0/cpu1/node0/compact
[Sat May 30 04:41:05.259929 2026] [autoindex:error] [pid 1647356:tid 1647356] [client 20.151.117.104:0] AH01276: Cannot serve directory /home/veneelk/public_html/wp-includes/Text/Diff/: No matching DirectoryIndex (index.php,index.php8,index.php7,index.php5,index.perl,index.pl,index.plx,index.ppl,index.cgi,index.jsp,index.jp,index.phtml,index.shtml,index.xhtml,index.html,index.htm,index.js) found, and server-generated directory index forbidden by Options directive
[Sat May 30 04:41:05.584651 2026] [ssl:error] [pid 1667316:tid 1667316] (70014)End of file found: [client 66.85.158.91:33762] AH02013: coalesce failed to read from data bucket
[Sat May 30 04:41:05.733895 2026] [ssl:error] [pid 1671660:tid 1671660] (70014)End of file found: [client 66.85.158.91:33780] AH02013: coalesce failed to read from data bucket
[Sat May 30 04:41:06.131194 2026] [security2:error] [pid 1661804:tid 1661804] [client 216.73.216.174:0] ModSecurity: collections_remove_stale: Failed to access DBM file "/var/cpanel/secdatadir/anandaob-global": Permission denied [hostname "anandaobauae.org"] [uri "/js/Bl4ckhOle/root/proc/self/cwd/sys/class/tty/tty39/subsystem/tty28/subsystem/"] [unique_id "ahodCsLFAYy0pU6LO7GtUgAAAB0"]
[Sat May 30 04:41:06.131252 2026] [security2:error] [pid 1661804:tid 1661804] [client 216.73.216.174:0] ModSecurity: collections_remove_stale: Failed to access DBM file "/var/cpanel/secdatadir/anandaob-ip": Permission denied [hostname "anandaobauae.org"] [uri "/js/Bl4ckhOle/root/proc/self/cwd/sys/class/tty/tty39/subsystem/tty28/subsystem/"] [unique_id "ahodCsLFAYy0pU6LO7GtUgAAAB0"]
[Sat May 30 04:41:06.644776 2026] [ssl:error] [pid 1647350:tid 1647350] (70014)End of file found: [client 66.85.158.91:33828] AH02013: coalesce failed to read from data bucket
[Sat May 30 04:41:07.057705 2026] [ssl:error] [pid 1671662:tid 1671662] (70014)End of file found: [client 66.85.158.91:33862] AH02013: coalesce failed to read from data bucket
[Sat May 30 04:41:07.988155 2026] [ssl:error] [pid 1647618:tid 1647618] (5)Input/output error: [client 66.85.158.91:33958] AH02013: coalesce failed to read from data bucket
[Sat May 30 04:41:08.148655 2026] [ssl:error] [pid 1661801:tid 1661801] (5)Input/output error: [client 66.85.158.91:33986] AH02013: coalesce failed to read from data bucket
[Sat May 30 04:41:08.484648 2026] [ssl:error] [pid 1662021:tid 1662021] (70014)End of file found: [client 66.85.158.91:33992] AH02013: coalesce failed to read from data bucket
[Sat May 30 04:41:08.506137 2026] [ssl:error] [pid 1648359:tid 1648359] (70014)End of file found: [client 66.85.158.91:34008] AH02013: coalesce failed to read from data bucket
[Sat May 30 04:41:08.532579 2026] [ssl:error] [pid 1661804:tid 1661804] (70014)End of file found: [client 66.85.158.91:34020] AH02013: coalesce failed to read from data bucket
[Sat May 30 04:41:08.715808 2026] [ssl:error] [pid 1666351:tid 1666351] (70014)End of file found: [client 66.85.158.91:34028] AH02013: coalesce failed to read from data bucket
[Sat May 30 04:41:09.129930 2026] [core:error] [pid 1671661:tid 1671661] (13)Permission denied: [client 57.141.14.26:0] AH00132: file permissions deny server access: /home/anandaob/public_html/js/Bl4ckhOle/root/proc/thread-self/root/sys/bus/memory/devices/memory2/subsystem/devices/memory119/node0/memory124/subsystem/uevent
[Sat May 30 04:41:09.219156 2026] [ssl:error] [pid 1653293:tid 1653293] (70014)End of file found: [client 66.85.158.91:34066] AH02013: coalesce failed to read from data bucket
[Sat May 30 04:41:10.805047 2026] [ssl:error] [pid 1670711:tid 1670711] (70014)End of file found: [client 66.85.158.91:48634] AH02013: coalesce failed to read from data bucket
[Sat May 30 04:41:11.141838 2026] [security2:error] [pid 1670707:tid 1670707] [client 57.141.14.85:0] ModSecurity: collections_remove_stale: Failed to access DBM file "/var/cpanel/secdatadir/anandaob-global": Permission denied [hostname "www.anandaobauae.org"] [uri "/js/Bl4ckhOle/root/proc/thread-self/root/sys/devices/system/memory/memory68/node0/memory84/node0/memory132/node0/memory13/subsystem/"] [unique_id "ahodDw8iOYnIkotqtOvkYQAAAC0"]
[Sat May 30 04:41:11.631264 2026] [security2:error] [pid 1670707:tid 1670707] [client 57.141.14.85:0] ModSecurity: collections_remove_stale: Failed to access DBM file "/var/cpanel/secdatadir/anandaob-ip": Permission denied [hostname "www.anandaobauae.org"] [uri "/js/Bl4ckhOle/root/proc/thread-self/root/sys/devices/system/memory/memory68/node0/memory84/node0/memory132/node0/memory13/subsystem/"] [unique_id "ahodDw8iOYnIkotqtOvkYQAAAC0"]
[Sat May 30 04:41:11.569338 2026] [ssl:error] [pid 1670708:tid 1670708] (70014)End of file found: [client 66.85.158.91:48672] AH02013: coalesce failed to read from data bucket
[Sat May 30 04:41:12.206502 2026] [ssl:error] [pid 1671626:tid 1671626] (70014)End of file found: [client 66.85.158.91:48732] AH02013: coalesce failed to read from data bucket
[Sat May 30 04:41:13.051221 2026] [security2:error] [pid 1670706:tid 1670706] [client 3.88.91.174:0] ModSecurity: Warning. Matched phrase "/.env" at REQUEST_FILENAME. [file "/etc/apache2/conf.d/modsec_vendor_configs/OWASP3/rules/REQUEST-930-APPLICATION-ATTACK-LFI.conf"] [line "125"] [id "930130"] [msg "Restricted File Access Attempt"] [data "Matched Data: /.env found within REQUEST_FILENAME: /.env"] [severity "CRITICAL"] [ver "OWASP_CRS/3.3.9"] [tag "application-multi"] [tag "language-multi"] [tag "platform-multi"] [tag "attack-lfi"] [tag "paranoia-level/1"] [tag "OWASP_CRS"] [tag "capec/1000/255/153/126"] [tag "PCI/6.5.4"] [hostname "2s-travels.com"] [uri "/.env"] [unique_id "ahodERPQd2A3ROLPkkoq2AAAACw"], referer: http://2s-travels.com//.env
[Sat May 30 04:41:14.403665 2026] [security2:error] [pid 1670706:tid 1670706] [client 3.88.91.174:0] ModSecurity: Warning. Operator GE matched 5 at TX:anomaly_score. [file "/etc/apache2/conf.d/modsec_vendor_configs/OWASP3/rules/REQUEST-949-BLOCKING-EVALUATION.conf"] [line "94"] [id "949110"] [msg "Inbound Anomaly Score Exceeded (Total Score: 5)"] [severity "CRITICAL"] [ver "OWASP_CRS/3.3.9"] [tag "application-multi"] [tag "language-multi"] [tag "platform-multi"] [tag "attack-generic"] [hostname "2s-travels.com"] [uri "/.env"] [unique_id "ahodERPQd2A3ROLPkkoq2AAAACw"], referer: http://2s-travels.com//.env
[Sat May 30 04:41:13.166440 2026] [security2:error] [pid 1661800:tid 1661800] [client 57.141.14.109:0] ModSecurity: collections_remove_stale: Failed to access DBM file "/var/cpanel/secdatadir/anandaob-global": Permission denied [hostname "www.anandaobauae.org"] [uri "/js/Bl4ckhOle/root/proc/thread-self/root/sys/devices/system/memory/memory33/node0/memory44/subsystem/devices/memory39/node0/memory52/"] [unique_id "ahodEQwSMqf-JkmULbjUDgAAAAs"]
[Sat May 30 04:41:14.404042 2026] [security2:error] [pid 1661800:tid 1661800] [client 57.141.14.109:0] ModSecurity: collections_remove_stale: Failed to access DBM file "/var/cpanel/secdatadir/anandaob-ip": Permission denied [hostname "www.anandaobauae.org"] [uri "/js/Bl4ckhOle/root/proc/thread-self/root/sys/devices/system/memory/memory33/node0/memory44/subsystem/devices/memory39/node0/memory52/"] [unique_id "ahodEQwSMqf-JkmULbjUDgAAAAs"]
[Sat May 30 04:41:13.464726 2026] [ssl:error] [pid 1668440:tid 1668440] (70014)End of file found: [client 66.85.158.91:48824] AH02013: coalesce failed to read from data bucket
[Sat May 30 04:41:13.827110 2026] [ssl:error] [pid 1671638:tid 1671638] (70014)End of file found: [client 66.85.158.91:48834] AH02013: coalesce failed to read from data bucket
[Sat May 30 04:41:14.433112 2026] [ssl:error] [pid 1661802:tid 1661802] (5)Input/output error: [client 66.85.158.91:48878] AH02013: coalesce failed to read from data bucket
[Sat May 30 04:41:14.437404 2026] [ssl:error] [pid 1666345:tid 1666345] (70014)End of file found: [client 66.85.158.91:48874] AH02013: coalesce failed to read from data bucket
[Sat May 30 04:41:14.438084 2026] [ssl:error] [pid 1667316:tid 1667316] (70014)End of file found: [client 66.85.158.91:48812] AH02013: coalesce failed to read from data bucket
[Sat May 30 04:41:14.629288 2026] [ssl:error] [pid 1661800:tid 1661800] (5)Input/output error: [client 66.85.158.91:48932] AH02013: coalesce failed to read from data bucket
[Sat May 30 04:41:16.532834 2026] [ssl:error] [pid 1648375:tid 1648375] (70014)End of file found: [client 66.85.158.91:49046] AH02013: coalesce failed to read from data bucket
[Sat May 30 04:41:16.958736 2026] [ssl:error] [pid 1647356:tid 1647356] (70014)End of file found: [client 66.85.158.91:49076] AH02013: coalesce failed to read from data bucket
[Sat May 30 04:41:16.750540 2026] [ssl:error] [pid 1657896:tid 1657896] (70014)End of file found: [client 66.85.158.91:49066] AH02013: coalesce failed to read from data bucket
[Sat May 30 04:41:17.349956 2026] [ssl:error] [pid 1661804:tid 1661804] (70014)End of file found: [client 66.85.158.91:49096] AH02013: coalesce failed to read from data bucket
[Sat May 30 04:41:18.814307 2026] [security2:error] [pid 1670706:tid 1670706] [client 3.88.91.174:0] ModSecurity: Warning. Operator GE matched 5 at TX:inbound_anomaly_score. [file "/etc/apache2/conf.d/modsec_vendor_configs/OWASP3/rules/RESPONSE-980-CORRELATION.conf"] [line "92"] [id "980130"] [msg "Inbound Anomaly Score Exceeded (Total Inbound Score: 5 - SQLI=0,XSS=0,RFI=0,LFI=5,RCE=0,PHPI=0,HTTP=0,SESS=0): individual paranoia level scores: 5, 0, 0, 0"] [ver "OWASP_CRS/3.3.9"] [tag "event-correlation"] [hostname "2s-travels.com"] [uri "/index.php"] [unique_id "ahodERPQd2A3ROLPkkoq2AAAACw"], referer: http://2s-travels.com//.env
[Sat May 30 04:41:20.123293 2026] [ssl:error] [pid 1670708:tid 1670708] (70014)End of file found: [client 66.85.158.91:49308] AH02013: coalesce failed to read from data bucket
[Sat May 30 04:41:20.495747 2026] [ssl:error] [pid 1667316:tid 1667316] (70014)End of file found: [client 66.85.158.91:49364] AH02013: coalesce failed to read from data bucket
[Sat May 30 04:41:21.104622 2026] [ssl:error] [pid 1671660:tid 1671660] (70014)End of file found: [client 66.85.158.91:50332] AH02013: coalesce failed to read from data bucket
[Sat May 30 04:41:21.198177 2026] [ssl:error] [pid 1671639:tid 1671639] (70014)End of file found: [client 66.85.158.91:50358] AH02013: coalesce failed to read from data bucket
[Sat May 30 04:41:21.310831 2026] [ssl:error] [pid 1647398:tid 1647398] (5)Input/output error: [client 66.85.158.91:50362] AH02013: coalesce failed to read from data bucket
[Sat May 30 04:41:21.492856 2026] [core:error] [pid 1671626:tid 1671626] (13)Permission denied: [client 216.73.216.174:0] AH00132: file permissions deny server access: /home/anandaob/public_html/js/Bl4ckhOle/root/proc/self/cwd/sys/dev/char/4:65/subsystem/ttyS0/irq
[Sat May 30 04:41:21.701845 2026] [core:error] [pid 1666351:tid 1666351] (13)Permission denied: [client 216.73.216.174:0] AH00132: file permissions deny server access: /home/anandaob/public_html/js/Bl4ckhOle/root/sys/kernel/slab/kmalloc-rcl-96/reclaim_account
[Sat May 30 04:41:22.268577 2026] [ssl:error] [pid 1648359:tid 1648359] (70014)End of file found: [client 66.85.158.91:50432] AH02013: coalesce failed to read from data bucket
[Sat May 30 04:41:22.396982 2026] [ssl:error] [pid 1671626:tid 1671626] (5)Input/output error: [client 66.85.158.91:50472] AH02013: coalesce failed to read from data bucket
[Sat May 30 04:41:22.669005 2026] [ssl:error] [pid 1657896:tid 1657896] (70014)End of file found: [client 66.85.158.91:50496] AH02013: coalesce failed to read from data bucket
[Sat May 30 04:41:22.709327 2026] [ssl:error] [pid 1671661:tid 1671661] (70014)End of file found: [client 66.85.158.91:50510] AH02013: coalesce failed to read from data bucket
[Sat May 30 04:41:22.878554 2026] [ssl:error] [pid 1671638:tid 1671638] (70014)End of file found: [client 66.85.158.91:50526] AH02013: coalesce failed to read from data bucket
[Sat May 30 04:41:24.033873 2026] [ssl:error] [pid 1670227:tid 1670227] (70014)End of file found: [client 66.85.158.91:50598] AH02013: coalesce failed to read from data bucket
[Sat May 30 04:41:24.180036 2026] [ssl:error] [pid 1662848:tid 1662848] (70014)End of file found: [client 66.85.158.91:50616] AH02013: coalesce failed to read from data bucket
[Sat May 30 04:41:24.691659 2026] [ssl:error] [pid 1647618:tid 1647618] (70014)End of file found: [client 66.85.158.91:50664] AH02013: coalesce failed to read from data bucket
[Sat May 30 04:41:26.532284 2026] [ssl:error] [pid 1670701:tid 1670701] (70014)End of file found: [client 66.85.158.91:50766] AH02013: coalesce failed to read from data bucket
[Sat May 30 04:41:26.776551 2026] [ssl:error] [pid 1662020:tid 1662020] (70014)End of file found: [client 66.85.158.91:50772] AH02013: coalesce failed to read from data bucket
