[Sat May 30 04:33:49.883559 2026] [core:crit] [pid 1647356:tid 1647356] (13)Permission denied: [client 51.83.5.74:0] AH00529: /home/anandaob/public_html/js/Bl4ckhOle/root/etc/imunify360/user_config/buddhika/.htaccess pcfg_openfile: unable to check htaccess file, ensure it is readable and that '/home/anandaob/public_html/js/Bl4ckhOle/root/etc/imunify360/user_config/buddhika/' is executable
[Sat May 30 04:33:49.883573 2026] [core:crit] [pid 1647356:tid 1647356] (13)Permission denied: [client 51.83.5.74:0] AH00529: /home/anandaob/public_html/js/Bl4ckhOle/root/etc/imunify360/user_config/gemtrails/.htaccess pcfg_openfile: unable to check htaccess file, ensure it is readable and that '/home/anandaob/public_html/js/Bl4ckhOle/root/etc/imunify360/user_config/gemtrails/' is executable
[Sat May 30 04:33:49.883585 2026] [core:crit] [pid 1647356:tid 1647356] (13)Permission denied: [client 51.83.5.74:0] AH00529: /home/anandaob/public_html/js/Bl4ckhOle/root/etc/imunify360/user_config/fhbhealt/.htaccess pcfg_openfile: unable to check htaccess file, ensure it is readable and that '/home/anandaob/public_html/js/Bl4ckhOle/root/etc/imunify360/user_config/fhbhealt/' is executable
[Sat May 30 04:33:49.883600 2026] [core:crit] [pid 1647356:tid 1647356] (13)Permission denied: [client 51.83.5.74:0] AH00529: /home/anandaob/public_html/js/Bl4ckhOle/root/etc/imunify360/user_config/sivagnanamfounda/.htaccess pcfg_openfile: unable to check htaccess file, ensure it is readable and that '/home/anandaob/public_html/js/Bl4ckhOle/root/etc/imunify360/user_config/sivagnanamfounda/' is executable
[Sat May 30 04:33:50.591185 2026] [ssl:error] [pid 1661802:tid 1661802] (70014)End of file found: [client 66.85.158.91:40974] AH02013: coalesce failed to read from data bucket
[Sat May 30 04:33:50.873904 2026] [ssl:error] [pid 1647368:tid 1647368] (70014)End of file found: [client 66.85.158.91:58546] AH02013: coalesce failed to read from data bucket
[Sat May 30 04:33:50.969334 2026] [ssl:error] [pid 1647383:tid 1647383] (70014)End of file found: [client 66.85.158.91:58550] AH02013: coalesce failed to read from data bucket
[Sat May 30 04:33:51.084690 2026] [ssl:error] [pid 1648359:tid 1648359] (70014)End of file found: [client 66.85.158.91:58560] AH02013: coalesce failed to read from data bucket
[Sat May 30 04:33:51.288351 2026] [ssl:error] [pid 1648375:tid 1648375] (70014)End of file found: [client 66.85.158.91:58582] AH02013: coalesce failed to read from data bucket
[Sat May 30 04:33:51.409486 2026] [ssl:error] [pid 1657835:tid 1657835] (70014)End of file found: [client 66.85.158.91:58586] AH02013: coalesce failed to read from data bucket
[Sat May 30 04:33:51.984311 2026] [core:error] [pid 1667316:tid 1667316] (13)Permission denied: [client 57.141.14.83:0] AH00132: file permissions deny server access: /home/anandaob/public_html/js/Bl4ckhOle/root/proc/thread-self/root/sys/bus/memory/devices/memory81/node0/memory109/node0/memory125/node0/memory143/subsystem/uevent
[Sat May 30 04:33:52.446552 2026] [ssl:error] [pid 1662016:tid 1662016] (70014)End of file found: [client 66.85.158.91:58642] AH02013: coalesce failed to read from data bucket
[Sat May 30 04:33:52.867552 2026] [ssl:error] [pid 1667418:tid 1667418] (70014)End of file found: [client 66.85.158.91:58678] AH02013: coalesce failed to read from data bucket
[Sat May 30 04:33:52.920225 2026] [core:error] [pid 1661800:tid 1661800] (13)Permission denied: [client 216.73.216.174:0] AH00132: file permissions deny server access: /home/anandaob/public_html/js/Bl4ckhOle/root/proc/thread-self/cwd/sys/class/tty/tty29/subsystem/ttyS3/line
[Sat May 30 04:33:53.000106 2026] [ssl:error] [pid 1666345:tid 1666345] (70014)End of file found: [client 66.85.158.91:58702] AH02013: coalesce failed to read from data bucket
[Sat May 30 04:33:53.094965 2026] [ssl:error] [pid 1653293:tid 1653293] (70014)End of file found: [client 66.85.158.91:58726] AH02013: coalesce failed to read from data bucket
[Sat May 30 04:33:53.182197 2026] [core:error] [pid 1667430:tid 1667430] (13)Permission denied: [client 216.73.216.174:0] AH00132: file permissions deny server access: /home/anandaob/public_html/js/Bl4ckhOle/root/sys/devices/virtual/tty/tty55/subsystem/ttyS0/custom_divisor
[Sat May 30 04:33:53.286188 2026] [ssl:error] [pid 1661801:tid 1661801] (70014)End of file found: [client 66.85.158.91:58758] AH02013: coalesce failed to read from data bucket
[Sat May 30 04:33:53.407018 2026] [ssl:error] [pid 1647616:tid 1647616] (70014)End of file found: [client 66.85.158.91:58762] AH02013: coalesce failed to read from data bucket
[Sat May 30 04:33:53.564687 2026] [ssl:error] [pid 1667429:tid 1667429] (70014)End of file found: [client 66.85.158.91:58798] AH02013: coalesce failed to read from data bucket
[Sat May 30 04:33:53.737789 2026] [ssl:error] [pid 1662020:tid 1662020] (70014)End of file found: [client 66.85.158.91:58820] AH02013: coalesce failed to read from data bucket
[Sat May 30 04:33:53.798039 2026] [ssl:error] [pid 1648376:tid 1648376] (70014)End of file found: [client 66.85.158.91:58832] AH02013: coalesce failed to read from data bucket
[Sat May 30 04:33:54.089099 2026] [core:error] [pid 1662021:tid 1662021] (13)Permission denied: [client 57.141.14.49:0] AH00132: file permissions deny server access: /home/anandaob/public_html/js/Bl4ckhOle/root/proc/thread-self/root/sys/bus/memory/devices/memory109/node0/memory15/node0/memory0/subsystem/drivers_probe
[Sat May 30 04:33:55.495950 2026] [ssl:error] [pid 1666404:tid 1666404] (70014)End of file found: [client 66.85.158.91:58936] AH02013: coalesce failed to read from data bucket
[Sat May 30 04:33:55.756197 2026] [ssl:error] [pid 1662021:tid 1662021] (70014)End of file found: [client 66.85.158.91:58976] AH02013: coalesce failed to read from data bucket
[Sat May 30 04:33:55.859681 2026] [ssl:error] [pid 1647618:tid 1647618] (70014)End of file found: [client 66.85.158.91:58978] AH02013: coalesce failed to read from data bucket
[Sat May 30 04:33:56.146997 2026] [ssl:error] [pid 1647398:tid 1647398] (70014)End of file found: [client 66.85.158.91:59002] AH02013: coalesce failed to read from data bucket
[Sat May 30 04:33:56.166818 2026] [ssl:error] [pid 1647372:tid 1647372] (70014)End of file found: [client 66.85.158.91:59010] AH02013: coalesce failed to read from data bucket
[Sat May 30 04:33:56.224683 2026] [ssl:error] [pid 1666350:tid 1666350] (70014)End of file found: [client 66.85.158.91:59036] AH02013: coalesce failed to read from data bucket
[Sat May 30 04:33:56.819473 2026] [ssl:error] [pid 1647368:tid 1647368] (70014)End of file found: [client 66.85.158.91:59084] AH02013: coalesce failed to read from data bucket
[Sat May 30 04:33:58.150172 2026] [ssl:error] [pid 1657835:tid 1657835] (70014)End of file found: [client 66.85.158.91:59144] AH02013: coalesce failed to read from data bucket
[Sat May 30 04:33:58.292715 2026] [ssl:error] [pid 1647350:tid 1647350] (70014)End of file found: [client 66.85.158.91:59176] AH02013: coalesce failed to read from data bucket
[Sat May 30 04:33:58.395028 2026] [security2:error] [pid 1667316:tid 1667316] [client 216.244.66.243:0] ModSecurity: Warning. String match within "/accept-charset/ /content-encoding/ /proxy/ /lock-token/ /content-range/ /if/" at TX:header_name_accept-charset. [file "/etc/apache2/conf.d/modsec_vendor_configs/OWASP3/rules/REQUEST-920-PROTOCOL-ENFORCEMENT.conf"] [line "1127"] [id "920450"] [msg "HTTP header is restricted by policy (/accept-charset/)"] [data "Restricted header detected: /accept-charset/"] [severity "CRITICAL"] [ver "OWASP_CRS/3.3.9"] [tag "application-multi"] [tag "language-multi"] [tag "platform-multi"] [tag "attack-protocol"] [tag "paranoia-level/1"] [tag "OWASP_CRS"] [tag "capec/1000/210/272"] [tag "PCI/12.1"] [hostname "www.nccp.health.gov.lk"] [uri "/storage/post/pdfs/Trainer Manual on Cancer Prevention book.pdf"] [unique_id "ahobXksYEZ5ZLH14oTEeBAAAABg"]
[Sat May 30 04:33:58.395486 2026] [security2:error] [pid 1667316:tid 1667316] [client 216.244.66.243:0] ModSecurity: Warning. Operator GE matched 5 at TX:anomaly_score. [file "/etc/apache2/conf.d/modsec_vendor_configs/OWASP3/rules/REQUEST-949-BLOCKING-EVALUATION.conf"] [line "94"] [id "949110"] [msg "Inbound Anomaly Score Exceeded (Total Score: 5)"] [severity "CRITICAL"] [ver "OWASP_CRS/3.3.9"] [tag "application-multi"] [tag "language-multi"] [tag "platform-multi"] [tag "attack-generic"] [hostname "www.nccp.health.gov.lk"] [uri "/storage/post/pdfs/Trainer Manual on Cancer Prevention book.pdf"] [unique_id "ahobXksYEZ5ZLH14oTEeBAAAABg"]
[Sat May 30 04:33:58.395930 2026] [security2:error] [pid 1667316:tid 1667316] [client 216.244.66.243:0] ModSecurity: Warning. Operator GE matched 5 at TX:inbound_anomaly_score. [file "/etc/apache2/conf.d/modsec_vendor_configs/OWASP3/rules/RESPONSE-980-CORRELATION.conf"] [line "92"] [id "980130"] [msg "Inbound Anomaly Score Exceeded (Total Inbound Score: 5 - SQLI=0,XSS=0,RFI=0,LFI=0,RCE=0,PHPI=0,HTTP=0,SESS=0): individual paranoia level scores: 5, 0, 0, 0"] [ver "OWASP_CRS/3.3.9"] [tag "event-correlation"] [hostname "www.nccp.health.gov.lk"] [uri "/storage/post/pdfs/Trainer Manual on Cancer Prevention book.pdf"] [unique_id "ahobXksYEZ5ZLH14oTEeBAAAABg"]
[Sat May 30 04:33:58.482112 2026] [ssl:error] [pid 1661804:tid 1661804] (70014)End of file found: [client 66.85.158.91:59196] AH02013: coalesce failed to read from data bucket
[Sat May 30 04:33:58.533932 2026] [ssl:error] [pid 1662016:tid 1662016] (70014)End of file found: [client 66.85.158.91:59204] AH02013: coalesce failed to read from data bucket
[Sat May 30 04:33:58.562418 2026] [ssl:error] [pid 1648359:tid 1648359] (70014)End of file found: [client 66.85.158.91:59210] AH02013: coalesce failed to read from data bucket
[Sat May 30 04:33:58.692109 2026] [ssl:error] [pid 1656123:tid 1656123] (70014)End of file found: [client 66.85.158.91:59218] AH02013: coalesce failed to read from data bucket
[Sat May 30 04:33:59.139082 2026] [ssl:error] [pid 1653293:tid 1653293] (70014)End of file found: [client 66.85.158.91:59256] AH02013: coalesce failed to read from data bucket
[Sat May 30 04:33:59.612792 2026] [ssl:error] [pid 1647616:tid 1647616] (70014)End of file found: [client 66.85.158.91:59310] AH02013: coalesce failed to read from data bucket
[Sat May 30 04:34:01.716513 2026] [ssl:error] [pid 1667430:tid 1667430] (70014)End of file found: [client 66.85.158.91:44502] AH02013: coalesce failed to read from data bucket
[Sat May 30 04:34:02.051326 2026] [ssl:error] [pid 1657896:tid 1657896] (70014)End of file found: [client 66.85.158.91:44584] AH02013: coalesce failed to read from data bucket
[Sat May 30 04:34:02.240956 2026] [ssl:error] [pid 1666350:tid 1666350] (70014)End of file found: [client 66.85.158.91:44596] AH02013: coalesce failed to read from data bucket
[Sat May 30 04:34:02.366776 2026] [ssl:error] [pid 1659318:tid 1659318] (70014)End of file found: [client 66.85.158.91:44624] AH02013: coalesce failed to read from data bucket
[Sat May 30 04:34:02.614399 2026] [core:error] [pid 1647368:tid 1647368] (13)Permission denied: [client 216.73.216.174:0] AH00132: file permissions deny server access: /home/anandaob/public_html/js/Bl4ckhOle/root/sys/devices/virtual/tty/tty53/subsystem/ttyS2/port
[Sat May 30 04:34:02.729006 2026] [ssl:error] [pid 1667418:tid 1667418] (70014)End of file found: [client 66.85.158.91:44728] AH02013: coalesce failed to read from data bucket
[Sat May 30 04:34:02.921577 2026] [ssl:error] [pid 1662020:tid 1662020] (70014)End of file found: [client 66.85.158.91:44760] AH02013: coalesce failed to read from data bucket
[Sat May 30 04:34:03.664676 2026] [ssl:error] [pid 1647356:tid 1647356] (70014)End of file found: [client 66.85.158.91:44846] AH02013: coalesce failed to read from data bucket
[Sat May 30 04:34:04.095098 2026] [ssl:error] [pid 1647368:tid 1647368] (70014)End of file found: [client 66.85.158.91:44896] AH02013: coalesce failed to read from data bucket
[Sat May 30 04:34:04.500984 2026] [ssl:error] [pid 1656123:tid 1656123] (70014)End of file found: [client 66.85.158.91:44988] AH02013: coalesce failed to read from data bucket
[Sat May 30 04:34:04.516816 2026] [ssl:error] [pid 1661805:tid 1661805] (70014)End of file found: [client 66.85.158.91:44996] AH02013: coalesce failed to read from data bucket
[Sat May 30 04:34:04.719119 2026] [ssl:error] [pid 1667429:tid 1667429] (70014)End of file found: [client 66.85.158.91:45044] AH02013: coalesce failed to read from data bucket
[Sat May 30 04:34:04.829370 2026] [ssl:error] [pid 1647398:tid 1647398] (70014)End of file found: [client 66.85.158.91:45054] AH02013: coalesce failed to read from data bucket
[Sat May 30 04:34:05.127309 2026] [ssl:error] [pid 1648375:tid 1648375] (70014)End of file found: [client 66.85.158.91:45088] AH02013: coalesce failed to read from data bucket
[Sat May 30 04:34:06.997554 2026] [mime:warn] [pid 1666792:tid 1666792] AH01599: Cannot get media type from 'txt'
[Sat May 30 04:34:07.246236 2026] [core:error] [pid 1648359:tid 1648359] (13)Permission denied: [client 216.73.216.174:0] AH00132: file permissions deny server access: /home/anandaob/public_html/js/Bl4ckhOle/root/proc/self/cwd/sys/kernel/slab/ext4_pending_reservation/cpu_slabs
[Sat May 30 04:34:07.501590 2026] [security2:error] [pid 1667430:tid 1667430] [client 52.44.174.136:0] ModSecurity: collections_remove_stale: Failed to access DBM file "/var/cpanel/secdatadir/anandaob-global": Permission denied [hostname "www.anandaobauae.org"] [uri "/public_html/backup/js/Bl4ckhOle/root/proc/thread-self/root/sys/class/drm/card0/device/firmware_node/subsystem/devices/device:05/subsystem/devices/PNP0501:00/physical_node/firmware_node/subsystem/devices/LNXCPU:03/physical_node/node0/memory52/node0/memory37/node0/memory52/subsystem/devices/memory131/node0/memory19/"] [unique_id "ahobZ-2QGYfRjcV8uBdhCgAAAB4"]
[Sat May 30 04:34:07.501686 2026] [security2:error] [pid 1667430:tid 1667430] [client 52.44.174.136:0] ModSecurity: collections_remove_stale: Failed to access DBM file "/var/cpanel/secdatadir/anandaob-ip": Permission denied [hostname "www.anandaobauae.org"] [uri "/public_html/backup/js/Bl4ckhOle/root/proc/thread-self/root/sys/class/drm/card0/device/firmware_node/subsystem/devices/device:05/subsystem/devices/PNP0501:00/physical_node/firmware_node/subsystem/devices/LNXCPU:03/physical_node/node0/memory52/node0/memory37/node0/memory52/subsystem/devices/memory131/node0/memory19/"] [unique_id "ahobZ-2QGYfRjcV8uBdhCgAAAB4"]
[Sat May 30 04:34:07.879549 2026] [security2:error] [pid 1648376:tid 1648376] [client 57.141.14.61:0] ModSecurity: collections_remove_stale: Failed to access DBM file "/var/cpanel/secdatadir/anandaob-global": Permission denied [hostname "www.anandaobauae.org"] [uri "/js/Bl4ckhOle/root/proc/thread-self/root/sys/bus/memory/devices/memory78/node0/memory100/node0/memory3/subsystem/devices/memory2/power/"] [unique_id "ahobZ2kcf4j8kpyAhqUrMQAAACQ"]
[Sat May 30 04:34:07.879646 2026] [security2:error] [pid 1648376:tid 1648376] [client 57.141.14.61:0] ModSecurity: collections_remove_stale: Failed to access DBM file "/var/cpanel/secdatadir/anandaob-ip": Permission denied [hostname "www.anandaobauae.org"] [uri "/js/Bl4ckhOle/root/proc/thread-self/root/sys/bus/memory/devices/memory78/node0/memory100/node0/memory3/subsystem/devices/memory2/power/"] [unique_id "ahobZ2kcf4j8kpyAhqUrMQAAACQ"]
[Sat May 30 04:34:08.081208 2026] [ssl:error] [pid 1647536:tid 1647536] (70014)End of file found: [client 66.85.158.91:45464] AH02013: coalesce failed to read from data bucket
[Sat May 30 04:34:08.280106 2026] [core:error] [pid 1647372:tid 1647372] (13)Permission denied: [client 216.73.216.174:0] AH00132: file permissions deny server access: /home/anandaob/public_html/js/Bl4ckhOle/root/sys/devices/virtual/tty/tty8/subsystem/ttyS1/device/driver/uevent
[Sat May 30 04:34:08.791507 2026] [ssl:error] [pid 1666350:tid 1666350] (70014)End of file found: [client 66.85.158.91:45610] AH02013: coalesce failed to read from data bucket
[Sat May 30 04:34:08.834176 2026] [ssl:error] [pid 1666404:tid 1666404] (70014)End of file found: [client 66.85.158.91:45622] AH02013: coalesce failed to read from data bucket
[Sat May 30 04:34:08.857380 2026] [ssl:error] [pid 1659318:tid 1659318] (70014)End of file found: [client 66.85.158.91:45638] AH02013: coalesce failed to read from data bucket
[Sat May 30 04:34:09.008741 2026] [security2:error] [pid 1667430:tid 1667430] [client 216.73.216.174:0] ModSecurity: Warning. String match within ".asa/ .asax/ .ascx/ .axd/ .backup/ .bak/ .bat/ .cdx/ .cer/ .cfg/ .cmd/ .com/ .config/ .conf/ .cs/ .csproj/ .csr/ .dat/ .db/ .dbf/ .dll/ .dos/ .htr/ .htw/ .ida/ .idc/ .idq/ .inc/ .ini/ .key/ .licx/ .lnk/ .log/ .mdb/ .old/ .pass/ .pdb/ .pol/ .printer/ .pwd/ .rdb/ .resources/ .resx/ .sql/ .swp/ .sys/ .vb/ .vbs/ .vbproj/ .vsdisco/ .webinfo/ .xsd/ .xsx/" at TX:extension. [file "/etc/apache2/conf.d/modsec_vendor_configs/OWASP3/rules/REQUEST-920-PROTOCOL-ENFORCEMENT.conf"] [line "1055"] [id "920440"] [msg "URL file extension is restricted by policy"] [data ".ini"] [severity "CRITICAL"] [ver "OWASP_CRS/3.3.9"] [tag "application-multi"] [tag "language-multi"] [tag "platform-multi"] [tag "attack-protocol"] [tag "paranoia-level/1"] [tag "OWASP_CRS"] [tag "capec/1000/210/272"] [tag "PCI/6.5.10"] [hostname "anandaobauae.org"] [uri "/js/Bl4ckhOle/root/usr/share/cagefs-skeleton/opt/alt/php54/etc/php.d.all/uri_template.ini"] [unique_id "ahobaO2QGYfRjcV8uBdhDAAAAB4"]
[Sat May 30 04:34:09.009153 2026] [security2:error] [pid 1667430:tid 1667430] [client 216.73.216.174:0] ModSecurity: Warning. Operator GE matched 5 at TX:anomaly_score. [file "/etc/apache2/conf.d/modsec_vendor_configs/OWASP3/rules/REQUEST-949-BLOCKING-EVALUATION.conf"] [line "94"] [id "949110"] [msg "Inbound Anomaly Score Exceeded (Total Score: 5)"] [severity "CRITICAL"] [ver "OWASP_CRS/3.3.9"] [tag "application-multi"] [tag "language-multi"] [tag "platform-multi"] [tag "attack-generic"] [hostname "anandaobauae.org"] [uri "/js/Bl4ckhOle/root/usr/share/cagefs-skeleton/opt/alt/php54/etc/php.d.all/uri_template.ini"] [unique_id "ahobaO2QGYfRjcV8uBdhDAAAAB4"]
[Sat May 30 04:34:09.014748 2026] [security2:error] [pid 1667430:tid 1667430] [client 216.73.216.174:0] ModSecurity: Warning. Operator GE matched 5 at TX:inbound_anomaly_score. [file "/etc/apache2/conf.d/modsec_vendor_configs/OWASP3/rules/RESPONSE-980-CORRELATION.conf"] [line "92"] [id "980130"] [msg "Inbound Anomaly Score Exceeded (Total Inbound Score: 5 - SQLI=0,XSS=0,RFI=0,LFI=0,RCE=0,PHPI=0,HTTP=0,SESS=0): individual paranoia level scores: 5, 0, 0, 0"] [ver "OWASP_CRS/3.3.9"] [tag "event-correlation"] [hostname "anandaobauae.org"] [uri "/js/Bl4ckhOle/root/usr/share/cagefs-skeleton/opt/alt/php54/etc/php.d.all/uri_template.ini"] [unique_id "ahobaO2QGYfRjcV8uBdhDAAAAB4"]
[Sat May 30 04:34:09.116685 2026] [core:error] [pid 1647383:tid 1647383] (13)Permission denied: [client 216.73.216.174:0] AH00132: file permissions deny server access: /home/anandaob/public_html/js/Bl4ckhOle/root/proc/self/cwd/sys/class/tty/tty23/subsystem/ttyS1/flags
[Sat May 30 04:34:09.272083 2026] [ssl:error] [pid 1647372:tid 1647372] (70014)End of file found: [client 66.85.158.91:45708] AH02013: coalesce failed to read from data bucket
[Sat May 30 04:34:09.801999 2026] [ssl:error] [pid 1666792:tid 1666792] (70014)End of file found: [client 66.85.158.91:45822] AH02013: coalesce failed to read from data bucket
[Sat May 30 04:34:10.009135 2026] [ssl:error] [pid 1661802:tid 1661802] (70014)End of file found: [client 66.85.158.91:45870] AH02013: coalesce failed to read from data bucket
[Sat May 30 04:34:10.143078 2026] [ssl:error] [pid 1657896:tid 1657896] (70014)End of file found: [client 66.85.158.91:45886] AH02013: coalesce failed to read from data bucket
[Sat May 30 04:34:10.322526 2026] [ssl:error] [pid 1647616:tid 1647616] (70014)End of file found: [client 66.85.158.91:45912] AH02013: coalesce failed to read from data bucket
[Sat May 30 04:34:10.710006 2026] [core:error] [pid 1647383:tid 1647383] (13)Permission denied: [client 216.73.216.174:0] AH00132: file permissions deny server access: /home/anandaob/public_html/js/Bl4ckhOle/root/proc/self/cwd/sys/kernel/slab/dma-kmalloc-128/poison
[Sat May 30 04:34:10.815776 2026] [ssl:error] [pid 1647618:tid 1647618] (70014)End of file found: [client 66.85.158.91:35794] AH02013: coalesce failed to read from data bucket
[Sat May 30 04:34:11.191766 2026] [ssl:error] [pid 1647356:tid 1647356] (70014)End of file found: [client 66.85.158.91:35858] AH02013: coalesce failed to read from data bucket
[Sat May 30 04:34:11.549004 2026] [ssl:error] [pid 1667316:tid 1667316] (70014)End of file found: [client 66.85.158.91:35970] AH02013: coalesce failed to read from data bucket
[Sat May 30 04:34:11.888765 2026] [ssl:error] [pid 1666351:tid 1666351] (70014)End of file found: [client 66.85.158.91:36032] AH02013: coalesce failed to read from data bucket
[Sat May 30 04:34:13.290659 2026] [core:error] [pid 1662020:tid 1662020] (13)Permission denied: [client 57.141.14.11:0] AH00132: file permissions deny server access: /home/anandaob/public_html/js/Bl4ckhOle/root/proc/thread-self/root/sys/bus/memory/devices/memory133/node0/memory60/node0/subsystem/uevent
[Sat May 30 04:34:13.564481 2026] [ssl:error] [pid 1662016:tid 1662016] (70014)End of file found: [client 66.85.158.91:36180] AH02013: coalesce failed to read from data bucket
[Sat May 30 04:34:13.669251 2026] [security2:error] [pid 1667429:tid 1667429] [client 85.11.167.19:0] ModSecurity: Warning. Matched phrase "/.env" at REQUEST_FILENAME. [file "/etc/apache2/conf.d/modsec_vendor_configs/OWASP3/rules/REQUEST-930-APPLICATION-ATTACK-LFI.conf"] [line "125"] [id "930130"] [msg "Restricted File Access Attempt"] [data "Matched Data: /.env found within REQUEST_FILENAME: /.env"] [severity "CRITICAL"] [ver "OWASP_CRS/3.3.9"] [tag "application-multi"] [tag "language-multi"] [tag "platform-multi"] [tag "attack-lfi"] [tag "paranoia-level/1"] [tag "OWASP_CRS"] [tag "capec/1000/255/153/126"] [tag "PCI/6.5.4"] [hostname "2s-travels.com"] [uri "/.env"] [unique_id "ahobbU8B8sTaO0L2TRZG3gAAABw"]
[Sat May 30 04:34:13.669590 2026] [security2:error] [pid 1667429:tid 1667429] [client 85.11.167.19:0] ModSecurity: Warning. Operator GE matched 5 at TX:anomaly_score. [file "/etc/apache2/conf.d/modsec_vendor_configs/OWASP3/rules/REQUEST-949-BLOCKING-EVALUATION.conf"] [line "94"] [id "949110"] [msg "Inbound Anomaly Score Exceeded (Total Score: 5)"] [severity "CRITICAL"] [ver "OWASP_CRS/3.3.9"] [tag "application-multi"] [tag "language-multi"] [tag "platform-multi"] [tag "attack-generic"] [hostname "2s-travels.com"] [uri "/.env"] [unique_id "ahobbU8B8sTaO0L2TRZG3gAAABw"]
[Sat May 30 04:34:13.775751 2026] [ssl:error] [pid 1666345:tid 1666345] (70014)End of file found: [client 66.85.158.91:36210] AH02013: coalesce failed to read from data bucket
[Sat May 30 04:34:14.084529 2026] [ssl:error] [pid 1647368:tid 1647368] (70014)End of file found: [client 66.85.158.91:36266] AH02013: coalesce failed to read from data bucket
[Sat May 30 04:34:14.197185 2026] [ssl:error] [pid 1657835:tid 1657835] (70014)End of file found: [client 66.85.158.91:36274] AH02013: coalesce failed to read from data bucket
[Sat May 30 04:34:14.401534 2026] [core:error] [pid 1661805:tid 1661805] (13)Permission denied: [client 85.208.96.195:0] AH00132: file permissions deny server access: /home/anandaob/public_html/js/Bl4ckhOle/root/sys/firmware/qemu_fw_cfg/by_key/42/name
[Sat May 30 04:34:15.257340 2026] [ssl:error] [pid 1666350:tid 1666350] (70014)End of file found: [client 66.85.158.91:36442] AH02013: coalesce failed to read from data bucket
[Sat May 30 04:34:15.452194 2026] [ssl:error] [pid 1661801:tid 1661801] (70014)End of file found: [client 66.85.158.91:36476] AH02013: coalesce failed to read from data bucket
[Sat May 30 04:34:15.463668 2026] [ssl:error] [pid 1667418:tid 1667418] (70014)End of file found: [client 66.85.158.91:36478] AH02013: coalesce failed to read from data bucket
[Sat May 30 04:34:15.562745 2026] [ssl:error] [pid 1647350:tid 1647350] (70014)End of file found: [client 66.85.158.91:36508] AH02013: coalesce failed to read from data bucket
[Sat May 30 04:34:15.683902 2026] [ssl:error] [pid 1647398:tid 1647398] (70014)End of file found: [client 66.85.158.91:36526] AH02013: coalesce failed to read from data bucket
[Sat May 30 04:34:15.954990 2026] [core:error] [pid 1647536:tid 1647536] (13)Permission denied: [client 3.223.134.5:0] AH00132: file permissions deny server access: /home/anandaob/public_html/js/Bl4ckhOle/root/sys/devices/system/cpu/cpu3/node0/memory69/node0/memory80/node0/memory70/node0/memory6/subsystem/drivers_probe
[Sat May 30 04:34:16.153657 2026] [ssl:error] [pid 1647383:tid 1647383] (70014)End of file found: [client 66.85.158.91:36578] AH02013: coalesce failed to read from data bucket
[Sat May 30 04:34:16.267172 2026] [ssl:error] [pid 1648359:tid 1648359] (5)Input/output error: [client 66.85.158.91:36596] AH02013: coalesce failed to read from data bucket
[Sat May 30 04:34:16.267570 2026] [security2:error] [pid 1648359:tid 1648359] [client 216.73.216.174:0] ModSecurity: collections_remove_stale: Failed to access DBM file "/var/cpanel/secdatadir/anandaob-global": Permission denied [hostname "anandaobauae.org"] [uri "/js/Bl4ckhOle/root/sys/dev/char/4:58/subsystem/tty12/power/autosuspend_delay_ms"] [unique_id "ahobcHF9w37fHd7i9vY6zwAAACA"]
[Sat May 30 04:34:16.267695 2026] [security2:error] [pid 1648359:tid 1648359] [client 216.73.216.174:0] ModSecurity: collections_remove_stale: Failed to access DBM file "/var/cpanel/secdatadir/anandaob-ip": Permission denied [hostname "anandaobauae.org"] [uri "/js/Bl4ckhOle/root/sys/dev/char/4:58/subsystem/tty12/power/autosuspend_delay_ms"] [unique_id "ahobcHF9w37fHd7i9vY6zwAAACA"]
[Sat May 30 04:34:16.335534 2026] [security2:error] [pid 1667429:tid 1667429] [client 85.11.167.19:0] ModSecurity: Warning. Operator GE matched 5 at TX:inbound_anomaly_score. [file "/etc/apache2/conf.d/modsec_vendor_configs/OWASP3/rules/RESPONSE-980-CORRELATION.conf"] [line "92"] [id "980130"] [msg "Inbound Anomaly Score Exceeded (Total Inbound Score: 5 - SQLI=0,XSS=0,RFI=0,LFI=5,RCE=0,PHPI=0,HTTP=0,SESS=0): individual paranoia level scores: 5, 0, 0, 0"] [ver "OWASP_CRS/3.3.9"] [tag "event-correlation"] [hostname "2s-travels.com"] [uri "/index.php"] [unique_id "ahobbU8B8sTaO0L2TRZG3gAAABw"]
[Sat May 30 04:34:16.370276 2026] [ssl:error] [pid 1648376:tid 1648376] (70014)End of file found: [client 66.85.158.91:36610] AH02013: coalesce failed to read from data bucket
[Sat May 30 04:34:18.230531 2026] [ssl:error] [pid 1661804:tid 1661804] (70014)End of file found: [client 66.85.158.91:36806] AH02013: coalesce failed to read from data bucket
[Sat May 30 04:34:19.199180 2026] [ssl:error] [pid 1647618:tid 1647618] (70014)End of file found: [client 66.85.158.91:36904] AH02013: coalesce failed to read from data bucket
[Sat May 30 04:34:19.297701 2026] [ssl:error] [pid 1667316:tid 1667316] (70014)End of file found: [client 66.85.158.91:36930] AH02013: coalesce failed to read from data bucket
[Sat May 30 04:34:19.430743 2026] [ssl:error] [pid 1661805:tid 1661805] (70014)End of file found: [client 66.85.158.91:36952] AH02013: coalesce failed to read from data bucket
[Sat May 30 04:34:19.556539 2026] [core:error] [pid 1666792:tid 1666792] (13)Permission denied: [client 216.73.216.174:0] AH00132: file permissions deny server access: /home/anandaob/public_html/js/Bl4ckhOle/root/sys/class/wakeup/wakeup1/device/physical_node/subsystem/drivers/ohci-pci/bind
[Sat May 30 04:34:19.668918 2026] [core:error] [pid 1662016:tid 1662016] (13)Permission denied: [client 216.73.216.174:0] AH00132: file permissions deny server access: /home/anandaob/public_html/js/Bl4ckhOle/root/sys/devices/virtual/tty/tty42/subsystem/ttyS3/custom_divisor
[Sat May 30 04:34:19.788344 2026] [ssl:error] [pid 1667430:tid 1667430] (70014)End of file found: [client 66.85.158.91:37032] AH02013: coalesce failed to read from data bucket
[Sat May 30 04:34:19.889798 2026] [ssl:error] [pid 1648375:tid 1648375] (70014)End of file found: [client 66.85.158.91:37062] AH02013: coalesce failed to read from data bucket
[Sat May 30 04:34:20.452980 2026] [ssl:error] [pid 1666792:tid 1666792] (70014)End of file found: [client 66.85.158.91:37094] AH02013: coalesce failed to read from data bucket
[Sat May 30 04:34:20.606599 2026] [ssl:error] [pid 1662021:tid 1662021] (70014)End of file found: [client 66.85.158.91:37116] AH02013: coalesce failed to read from data bucket
[Sat May 30 04:34:20.851782 2026] [ssl:error] [pid 1656123:tid 1656123] (70014)End of file found: [client 66.85.158.91:54926] AH02013: coalesce failed to read from data bucket
[Sat May 30 04:34:20.906624 2026] [ssl:error] [pid 1666350:tid 1666350] (70014)End of file found: [client 66.85.158.91:54948] AH02013: coalesce failed to read from data bucket
[Sat May 30 04:34:21.253748 2026] [core:error] [pid 1666351:tid 1666351] (13)Permission denied: [client 216.73.216.174:0] AH00132: file permissions deny server access: /home/anandaob/public_html/js/Bl4ckhOle/root/sys/class/tty/tty34/subsystem/ttyS1/xmit_fifo_size
[Sat May 30 04:34:21.707685 2026] [core:error] [pid 1661801:tid 1661801] (13)Permission denied: [client 216.73.216.174:0] AH00132: file permissions deny server access: /home/anandaob/public_html/js/Bl4ckhOle/root/sys/devices/pci0000:00/firmware_node/device:17/subsystem/drivers/pvpanic/uevent
[Sat May 30 04:34:21.832207 2026] [ssl:error] [pid 1647383:tid 1647383] (70014)End of file found: [client 66.85.158.91:55092] AH02013: coalesce failed to read from data bucket
[Sat May 30 04:34:22.041929 2026] [ssl:error] [pid 1647356:tid 1647356] (70014)End of file found: [client 66.85.158.91:55112] AH02013: coalesce failed to read from data bucket
[Sat May 30 04:34:22.593134 2026] [ssl:error] [pid 1653293:tid 1653293] (70014)End of file found: [client 66.85.158.91:55178] AH02013: coalesce failed to read from data bucket
[Sat May 30 04:34:22.831711 2026] [ssl:error] [pid 1647536:tid 1647536] (70014)End of file found: [client 66.85.158.91:55212] AH02013: coalesce failed to read from data bucket
[Sat May 30 04:34:22.887811 2026] [ssl:error] [pid 1666351:tid 1666351] (70014)End of file found: [client 66.85.158.91:55228] AH02013: coalesce failed to read from data bucket
[Sat May 30 04:34:23.276354 2026] [ssl:error] [pid 1648376:tid 1648376] (70014)End of file found: [client 66.85.158.91:55254] AH02013: coalesce failed to read from data bucket
[Sat May 30 04:34:23.518012 2026] [core:error] [pid 1667429:tid 1667429] (13)Permission denied: [client 216.73.216.174:0] AH00132: file permissions deny server access: /home/anandaob/public_html/js/Bl4ckhOle/root/sys/class/wakeup/wakeup17/subsystem/wakeup11/device/device:10/eject
[Sat May 30 04:34:23.688795 2026] [ssl:error] [pid 1657896:tid 1657896] (5)Input/output error: [client 66.85.158.91:55318] AH02013: coalesce failed to read from data bucket
[Sat May 30 04:34:24.293777 2026] [ssl:error] [pid 1666404:tid 1666404] (70014)End of file found: [client 66.85.158.91:55420] AH02013: coalesce failed to read from data bucket
[Sat May 30 04:34:24.425374 2026] [ssl:error] [pid 1661801:tid 1661801] (70014)End of file found: [client 66.85.158.91:55424] AH02013: coalesce failed to read from data bucket
[Sat May 30 04:34:24.557465 2026] [core:error] [pid 1648359:tid 1648359] (13)Permission denied: [client 216.73.216.174:0] AH00132: file permissions deny server access: /home/anandaob/public_html/js/Bl4ckhOle/root/sys/dev/char/4:66/device/tty/ttyS3/subsystem/ttyS1/port
[Sat May 30 04:34:24.777912 2026] [core:error] [pid 1647618:tid 1647618] (13)Permission denied: [client 216.73.216.174:0] AH00132: file permissions deny server access: /home/anandaob/public_html/js/Bl4ckhOle/root/sys/dev/char/4:66/device/tty/ttyS1/subsystem/ttyS3/port
[Sat May 30 04:34:24.891146 2026] [core:error] [pid 1662016:tid 1662016] (13)Permission denied: [client 216.73.216.174:0] AH00132: file permissions deny server access: /home/anandaob/public_html/js/Bl4ckhOle/root/proc/thread-self/cwd/etc/demodomains
[Sat May 30 04:34:24.994422 2026] [core:error] [pid 1647372:tid 1647372] (13)Permission denied: [client 216.73.216.174:0] AH00132: file permissions deny server access: /home/anandaob/public_html/js/Bl4ckhOle/root/sys/dev/char/4:66/subsystem/ttyS1/device/tty/ttyS3/port
[Sat May 30 04:34:25.341354 2026] [ssl:error] [pid 1648359:tid 1648359] (70014)End of file found: [client 66.85.158.91:55580] AH02013: coalesce failed to read from data bucket
[Sat May 30 04:34:25.466793 2026] [ssl:error] [pid 1667430:tid 1667430] (5)Input/output error: [client 66.85.158.91:55606] AH02013: coalesce failed to read from data bucket
[Sat May 30 04:34:25.574294 2026] [core:error] [pid 1647398:tid 1647398] (13)Permission denied: [client 216.73.216.174:0] AH00132: file permissions deny server access: /home/anandaob/public_html/js/Bl4ckhOle/root/sys/devices/virtual/tty/tty36/subsystem/ttyS2/port
[Sat May 30 04:34:25.791671 2026] [ssl:error] [pid 1647368:tid 1647368] (70014)End of file found: [client 66.85.158.91:55670] AH02013: coalesce failed to read from data bucket
[Sat May 30 04:34:26.143759 2026] [ssl:error] [pid 1667316:tid 1667316] (70014)End of file found: [client 66.85.158.91:55722] AH02013: coalesce failed to read from data bucket
[Sat May 30 04:34:26.571625 2026] [core:error] [pid 1661804:tid 1661804] (13)Permission denied: [client 74.7.243.216:0] AH00132: file permissions deny server access: /home/anandaob/public_html/js/Bl4ckhOle/root/sys/kernel/slab/switch_data/min_partial, referer: https://www.anandaobauae.org/js/Bl4ckhOle/root/sys/kernel/slab/switch_data/
[Sat May 30 04:34:26.700371 2026] [core:error] [pid 1666792:tid 1666792] (13)Permission denied: [client 216.73.216.174:0] AH00132: file permissions deny server access: /home/anandaob/public_html/js/Bl4ckhOle/root/sys/devices/virtual/tty/tty57/subsystem/ttyS3/custom_divisor
[Sat May 30 04:34:26.904824 2026] [security2:error] [pid 1667429:tid 1667429] [client 74.7.227.60:0] ModSecurity: collections_remove_stale: Failed to access DBM file "/var/cpanel/secdatadir/epidgovl-global": Permission denied [hostname "www.epid.gov.lk"] [uri "/epid/public/index.php"] [unique_id "ahobeU8B8sTaO0L2TRZG5AAAABw"], referer: https://www.epid.gov.lk/situation-report?filter=2021&page_104=667&page_105=754
[Sat May 30 04:34:26.904877 2026] [security2:error] [pid 1667429:tid 1667429] [client 74.7.227.60:0] ModSecurity: collections_remove_stale: Failed to access DBM file "/var/cpanel/secdatadir/epidgovl-ip": Permission denied [hostname "www.epid.gov.lk"] [uri "/epid/public/index.php"] [unique_id "ahobeU8B8sTaO0L2TRZG5AAAABw"], referer: https://www.epid.gov.lk/situation-report?filter=2021&page_104=667&page_105=754
[Sat May 30 04:34:26.964731 2026] [ssl:error] [pid 1662020:tid 1662020] (70014)End of file found: [client 66.85.158.91:55876] AH02013: coalesce failed to read from data bucket
[Sat May 30 04:34:27.009420 2026] [security2:error] [pid 1647350:tid 1647350] [client 94.26.106.167:0] ModSecurity: collections_remove_stale: Failed to access DBM file "/var/cpanel/secdatadir/fhbhealt-global": Permission denied [hostname "fhb.health.gov.lk"] [uri "/wp-admin/index.php"] [unique_id "ahobeUZE6rouK20DG1BSTwAAAAk"], referer: https://fhb.health.gov.lk/wp-login.php
[Sat May 30 04:34:27.009532 2026] [security2:error] [pid 1647350:tid 1647350] [client 94.26.106.167:0] ModSecurity: collections_remove_stale: Failed to access DBM file "/var/cpanel/secdatadir/fhbhealt-ip": Permission denied [hostname "fhb.health.gov.lk"] [uri "/wp-admin/index.php"] [unique_id "ahobeUZE6rouK20DG1BSTwAAAAk"], referer: https://fhb.health.gov.lk/wp-login.php
[Sat May 30 04:34:27.039091 2026] [core:error] [pid 1662021:tid 1662021] (13)Permission denied: [client 216.73.216.174:0] AH00132: file permissions deny server access: /home/anandaob/public_html/js/Bl4ckhOle/root/proc/self/cwd/sys/dev/char/4:49/subsystem/ttyS1/port
[Sat May 30 04:34:27.099598 2026] [ssl:error] [pid 1647372:tid 1647372] (70014)End of file found: [client 66.85.158.91:55900] AH02013: coalesce failed to read from data bucket
[Sat May 30 04:34:27.176119 2026] [core:error] [pid 1657835:tid 1657835] (13)Permission denied: [client 216.73.216.174:0] AH00132: file permissions deny server access: /home/anandaob/public_html/js/Bl4ckhOle/root/sys/class/wakeup/wakeup15/device/subsystem/drivers/serial/uevent
[Sat May 30 04:34:27.176552 2026] [ssl:error] [pid 1661800:tid 1661800] (70014)End of file found: [client 66.85.158.91:55922] AH02013: coalesce failed to read from data bucket
[Sat May 30 04:34:28.187012 2026] [ssl:error] [pid 1661802:tid 1661802] (70014)End of file found: [client 66.85.158.91:56056] AH02013: coalesce failed to read from data bucket
[Sat May 30 04:34:28.589896 2026] [core:error] [pid 1647536:tid 1647536] (13)Permission denied: [client 216.73.216.174:0] AH00132: file permissions deny server access: /home/anandaob/public_html/js/Bl4ckhOle/root/proc/thread-self/cwd/sys/kernel/slab/kmalloc-rcl-64/destroy_by_rcu
[Sat May 30 04:34:28.666916 2026] [ssl:error] [pid 1666351:tid 1666351] (70014)End of file found: [client 66.85.158.91:56138] AH02013: coalesce failed to read from data bucket
[Sat May 30 04:34:28.766131 2026] [core:error] [pid 1647383:tid 1647383] (13)Permission denied: [client 216.73.216.174:0] AH00132: file permissions deny server access: /home/anandaob/public_html/js/Bl4ckhOle/root/sys/class/tty/tty31/subsystem/ttyS0/iomem_reg_shift
[Sat May 30 04:34:29.000584 2026] [ssl:error] [pid 1666792:tid 1666792] (70014)End of file found: [client 66.85.158.91:56206] AH02013: coalesce failed to read from data bucket
[Sat May 30 04:34:29.430258 2026] [ssl:error] [pid 1647398:tid 1647398] (70014)End of file found: [client 66.85.158.91:56260] AH02013: coalesce failed to read from data bucket
[Sat May 30 04:34:30.491990 2026] [ssl:error] [pid 1648376:tid 1648376] (70014)End of file found: [client 66.85.158.91:56388] AH02013: coalesce failed to read from data bucket
[Sat May 30 04:34:30.850082 2026] [ssl:error] [pid 1666350:tid 1666350] (70014)End of file found: [client 66.85.158.91:46988] AH02013: coalesce failed to read from data bucket
[Sat May 30 04:34:31.562926 2026] [security2:error] [pid 1657896:tid 1657896] [client 74.7.241.174:0] ModSecurity: Warning. Pattern match "^[\\\\d.:]+$" at REQUEST_HEADERS:Host. [file "/etc/apache2/conf.d/modsec_vendor_configs/OWASP3/rules/REQUEST-920-PROTOCOL-ENFORCEMENT.conf"] [line "735"] [id "920350"] [msg "Host header is a numeric IP address"] [data "127.0.0.1"] [severity "WARNING"] [ver "OWASP_CRS/3.3.9"] [tag "application-multi"] [tag "language-multi"] [tag "platform-multi"] [tag "attack-protocol"] [tag "paranoia-level/1"] [tag "OWASP_CRS"] [tag "capec/1000/210/272"] [tag "PCI/6.5.10"] [hostname "127.0.0.1"] [uri "/cgi-sys/autodiscover.cgi"] [unique_id "ahobf7eo4btMrY4CbKG6SgAAABU"]
[Sat May 30 04:34:32.061383 2026] [ssl:error] [pid 1653293:tid 1653293] (70014)End of file found: [client 66.85.158.91:47090] AH02013: coalesce failed to read from data bucket
[Sat May 30 04:34:32.170079 2026] [ssl:error] [pid 1647368:tid 1647368] (70014)End of file found: [client 66.85.158.91:47098] AH02013: coalesce failed to read from data bucket
[Sat May 30 04:34:32.381046 2026] [ssl:error] [pid 1667418:tid 1667418] (70014)End of file found: [client 66.85.158.91:47126] AH02013: coalesce failed to read from data bucket
[Sat May 30 04:34:32.489992 2026] [ssl:error] [pid 1647350:tid 1647350] (70014)End of file found: [client 66.85.158.91:47154] AH02013: coalesce failed to read from data bucket
[Sat May 30 04:34:32.621150 2026] [ssl:error] [pid 1662021:tid 1662021] (70014)End of file found: [client 66.85.158.91:47162] AH02013: coalesce failed to read from data bucket
[Sat May 30 04:34:32.740697 2026] [ssl:error] [pid 1647640:tid 1647640] (70014)End of file found: [client 66.85.158.91:47168] AH02013: coalesce failed to read from data bucket
[Sat May 30 04:34:33.691192 2026] [ssl:error] [pid 1661801:tid 1661801] (70014)End of file found: [client 66.85.158.91:47196] AH02013: coalesce failed to read from data bucket
[Sat May 30 04:34:33.969257 2026] [ssl:error] [pid 1662848:tid 1662848] (70014)End of file found: [client 66.85.158.91:47218] AH02013: coalesce failed to read from data bucket
[Sat May 30 04:34:33.998093 2026] [ssl:error] [pid 1661805:tid 1661805] (70014)End of file found: [client 66.85.158.91:47232] AH02013: coalesce failed to read from data bucket
[Sat May 30 04:34:34.078822 2026] [ssl:error] [pid 1647618:tid 1647618] (70014)End of file found: [client 66.85.158.91:47252] AH02013: coalesce failed to read from data bucket
[Sat May 30 04:34:34.186883 2026] [ssl:error] [pid 1647536:tid 1647536] (70014)End of file found: [client 66.85.158.91:47268] AH02013: coalesce failed to read from data bucket
[Sat May 30 04:34:34.769092 2026] [ssl:error] [pid 1647372:tid 1647372] (70014)End of file found: [client 66.85.158.91:47334] AH02013: coalesce failed to read from data bucket
[Sat May 30 04:34:34.867906 2026] [ssl:error] [pid 1667429:tid 1667429] (70014)End of file found: [client 66.85.158.91:47358] AH02013: coalesce failed to read from data bucket
[Sat May 30 04:34:34.878934 2026] [ssl:error] [pid 1666792:tid 1666792] (70014)End of file found: [client 66.85.158.91:47366] AH02013: coalesce failed to read from data bucket
[Sat May 30 04:34:34.984752 2026] [ssl:error] [pid 1647616:tid 1647616] (70014)End of file found: [client 66.85.158.91:47404] AH02013: coalesce failed to read from data bucket
[Sat May 30 04:34:35.182931 2026] [autoindex:error] [pid 1648375:tid 1648375] [client 20.151.134.172:0] AH01276: Cannot serve directory /home/hspices/public_html/wp-includes/blocks/post-comments-form/: No matching DirectoryIndex (index.php,index.php8,index.php7,index.php5,index.perl,index.pl,index.plx,index.ppl,index.cgi,index.jsp,index.jp,index.phtml,index.shtml,index.xhtml,index.html,index.htm,index.js) found, and server-generated directory index forbidden by Options directive
[Sat May 30 04:34:35.955271 2026] [ssl:error] [pid 1657835:tid 1657835] (70014)End of file found: [client 66.85.158.91:47446] AH02013: coalesce failed to read from data bucket
[Sat May 30 04:34:36.060679 2026] [ssl:error] [pid 1659318:tid 1659318] (70014)End of file found: [client 66.85.158.91:47460] AH02013: coalesce failed to read from data bucket
[Sat May 30 04:34:37.357892 2026] [autoindex:error] [pid 1667430:tid 1667430] [client 20.151.134.172:0] AH01276: Cannot serve directory /home/hspices/public_html/wp-admin/js/: No matching DirectoryIndex (index.php,index.php8,index.php7,index.php5,index.perl,index.pl,index.plx,index.ppl,index.cgi,index.jsp,index.jp,index.phtml,index.shtml,index.xhtml,index.html,index.htm,index.js) found, and server-generated directory index forbidden by Options directive
[Sat May 30 04:34:37.486417 2026] [ssl:error] [pid 1647398:tid 1647398] (70014)End of file found: [client 66.85.158.91:47544] AH02013: coalesce failed to read from data bucket
[Sat May 30 04:34:37.708589 2026] [ssl:error] [pid 1666351:tid 1666351] (70014)End of file found: [client 66.85.158.91:47574] AH02013: coalesce failed to read from data bucket
[Sat May 30 04:34:37.839249 2026] [ssl:error] [pid 1653293:tid 1653293] (70014)End of file found: [client 66.85.158.91:47584] AH02013: coalesce failed to read from data bucket
[Sat May 30 04:34:37.952341 2026] [core:error] [pid 1648375:tid 1648375] (13)Permission denied: [client 216.73.216.174:0] AH00132: file permissions deny server access: /home/anandaob/public_html/js/Bl4ckhOle/root/sys/dev/char/4:26/subsystem/tty26/subsystem/ttyS3/iomem_reg_shift
[Sat May 30 04:34:38.061707 2026] [ssl:error] [pid 1647368:tid 1647368] (70014)End of file found: [client 66.85.158.91:47602] AH02013: coalesce failed to read from data bucket
[Sat May 30 04:34:38.391101 2026] [ssl:error] [pid 1647350:tid 1647350] (70014)End of file found: [client 66.85.158.91:47656] AH02013: coalesce failed to read from data bucket
[Sat May 30 04:34:39.298409 2026] [core:error] [pid 1662020:tid 1662020] (13)Permission denied: [client 216.73.216.174:0] AH00132: file permissions deny server access: /home/anandaob/public_html/js/Bl4ckhOle/root/proc/self/cwd/sys/class/tty/tty24/subsystem/ttyS0/flags
[Sat May 30 04:34:39.429517 2026] [ssl:error] [pid 1647640:tid 1647640] (70014)End of file found: [client 66.85.158.91:47782] AH02013: coalesce failed to read from data bucket
[Sat May 30 04:34:39.868963 2026] [ssl:error] [pid 1667418:tid 1667418] (70014)End of file found: [client 66.85.158.91:47842] AH02013: coalesce failed to read from data bucket
[Sat May 30 04:34:40.088503 2026] [ssl:error] [pid 1667316:tid 1667316] (70014)End of file found: [client 66.85.158.91:47868] AH02013: coalesce failed to read from data bucket
[Sat May 30 04:34:40.218363 2026] [core:crit] [pid 1656123:tid 1656123] (13)Permission denied: [client 216.73.216.174:0] AH00529: /home/anandaob/public_html/js/Bl4ckhOle/root/lib64/mysql/plugin/auth_pam_tool_dir/.htaccess pcfg_openfile: unable to check htaccess file, ensure it is readable and that '/home/anandaob/public_html/js/Bl4ckhOle/root/lib64/mysql/plugin/auth_pam_tool_dir/' is executable
[Sat May 30 04:34:40.459226 2026] [ssl:error] [pid 1662021:tid 1662021] (70014)End of file found: [client 66.85.158.91:47922] AH02013: coalesce failed to read from data bucket
[Sat May 30 04:34:40.505015 2026] [ssl:error] [pid 1647356:tid 1647356] (70014)End of file found: [client 66.85.158.91:47932] AH02013: coalesce failed to read from data bucket
[Sat May 30 04:34:40.827826 2026] [ssl:error] [pid 1666792:tid 1666792] (70014)End of file found: [client 66.85.158.91:33722] AH02013: coalesce failed to read from data bucket
[Sat May 30 04:34:41.488617 2026] [ssl:error] [pid 1662848:tid 1662848] (70014)End of file found: [client 66.85.158.91:33840] AH02013: coalesce failed to read from data bucket
[Sat May 30 04:34:41.704239 2026] [ssl:error] [pid 1661800:tid 1661800] (70014)End of file found: [client 66.85.158.91:33864] AH02013: coalesce failed to read from data bucket
[Sat May 30 04:34:41.720147 2026] [ssl:error] [pid 1647536:tid 1647536] (70014)End of file found: [client 66.85.158.91:33872] AH02013: coalesce failed to read from data bucket
[Sat May 30 04:34:43.041998 2026] [ssl:error] [pid 1647618:tid 1647618] (70014)End of file found: [client 66.85.158.91:33976] AH02013: coalesce failed to read from data bucket
[Sat May 30 04:34:43.153830 2026] [ssl:error] [pid 1656123:tid 1656123] (70014)End of file found: [client 66.85.158.91:34006] AH02013: coalesce failed to read from data bucket
[Sat May 30 04:34:43.265276 2026] [ssl:error] [pid 1667430:tid 1667430] (70014)End of file found: [client 66.85.158.91:34026] AH02013: coalesce failed to read from data bucket
[Sat May 30 04:34:43.369874 2026] [ssl:error] [pid 1647372:tid 1647372] (70014)End of file found: [client 66.85.158.91:34050] AH02013: coalesce failed to read from data bucket
[Sat May 30 04:34:43.613651 2026] [ssl:error] [pid 1661805:tid 1661805] (70014)End of file found: [client 66.85.158.91:34066] AH02013: coalesce failed to read from data bucket
[Sat May 30 04:34:43.648497 2026] [ssl:error] [pid 1657896:tid 1657896] (70014)End of file found: [client 66.85.158.91:34080] AH02013: coalesce failed to read from data bucket
[Sat May 30 04:34:44.285087 2026] [ssl:error] [pid 1647368:tid 1647368] (70014)End of file found: [client 66.85.158.91:34126] AH02013: coalesce failed to read from data bucket
[Sat May 30 04:34:45.285220 2026] [ssl:error] [pid 1662016:tid 1662016] (70014)End of file found: [client 66.85.158.91:34204] AH02013: coalesce failed to read from data bucket
[Sat May 30 04:34:45.587132 2026] [security2:error] [pid 1653293:tid 1653293] [client 5.133.192.212:0] ModSecurity: collections_remove_stale: Failed to access DBM file "/var/cpanel/secdatadir/sivagnanamfounda-global": Permission denied [hostname "sivagnanamfoundation.com"] [uri "/index.php"] [unique_id "ahobi_WVrZ1N0-iPO5EMFAAAAAI"]
[Sat May 30 04:34:45.587211 2026] [security2:error] [pid 1653293:tid 1653293] [client 5.133.192.212:0] ModSecurity: collections_remove_stale: Failed to access DBM file "/var/cpanel/secdatadir/sivagnanamfounda-ip": Permission denied [hostname "sivagnanamfoundation.com"] [uri "/index.php"] [unique_id "ahobi_WVrZ1N0-iPO5EMFAAAAAI"]
[Sat May 30 04:34:45.643986 2026] [ssl:error] [pid 1661804:tid 1661804] (70014)End of file found: [client 66.85.158.91:34278] AH02013: coalesce failed to read from data bucket
[Sat May 30 04:34:45.655963 2026] [ssl:error] [pid 1667418:tid 1667418] (70014)End of file found: [client 66.85.158.91:34286] AH02013: coalesce failed to read from data bucket
[Sat May 30 04:34:45.873730 2026] [core:error] [pid 1662020:tid 1662020] (13)Permission denied: [client 216.73.216.174:0] AH00132: file permissions deny server access: /home/anandaob/public_html/js/Bl4ckhOle/root/sys/class/wakeup/wakeup1/device/PNP0B00:00/physical_node/subsystem/drivers_probe
[Sat May 30 04:34:46.029389 2026] [ssl:error] [pid 1647356:tid 1647356] (70014)End of file found: [client 66.85.158.91:34348] AH02013: coalesce failed to read from data bucket
[Sat May 30 04:34:46.126250 2026] [ssl:error] [pid 1661802:tid 1661802] (70014)End of file found: [client 66.85.158.91:34370] AH02013: coalesce failed to read from data bucket
[Sat May 30 04:34:46.207196 2026] [core:error] [pid 1647398:tid 1647398] (13)Permission denied: [client 216.73.216.174:0] AH00132: file permissions deny server access: /home/anandaob/public_html/js/Bl4ckhOle/root/sys/bus/acpi/devices/PNP0A03:00/device:09/physical_node/remove
[Sat May 30 04:34:46.265180 2026] [ssl:error] [pid 1666792:tid 1666792] (5)Input/output error: [client 66.85.158.91:34390] AH02013: coalesce failed to read from data bucket
[Sat May 30 04:34:46.886245 2026] [ssl:error] [pid 1666351:tid 1666351] (70014)End of file found: [client 66.85.158.91:34438] AH02013: coalesce failed to read from data bucket
