[Sat May 30 04:33:03.083860 2026] [core:error] [pid 1647640:tid 1647640] (13)Permission denied: [client 216.73.216.174:0] AH00132: file permissions deny server access: /home/anandaob/public_html/js/Bl4ckhOle/root/sys/devices/virtual/tty/tty11/subsystem/ttyS2/custom_divisor
[Sat May 30 04:33:03.169661 2026] [ssl:error] [pid 1647424:tid 1647424] (70014)End of file found: [client 66.85.158.91:39028] AH02013: coalesce failed to read from data bucket
[Sat May 30 04:33:03.261008 2026] [security2:error] [pid 1647356:tid 1647356] [client 69.12.57.107:0] ModSecurity: collections_remove_stale: Failed to access DBM file "/var/cpanel/secdatadir/ceylondigest-global": Permission denied [hostname "www.ceylondigest.com"] [uri "/wp-content/themes/jannah/assets/css/plugins/taqyeem.min.css"] [unique_id "ahobJzUqKtVU0dNco7ktNAAAAAE"], referer: https://www.ceylondigest.com/dive-to-the-past-with-maritime-archaeology-unit-galle/
[Sat May 30 04:33:03.261103 2026] [security2:error] [pid 1647356:tid 1647356] [client 69.12.57.107:0] ModSecurity: collections_remove_stale: Failed to access DBM file "/var/cpanel/secdatadir/ceylondigest-ip": Permission denied [hostname "www.ceylondigest.com"] [uri "/wp-content/themes/jannah/assets/css/plugins/taqyeem.min.css"] [unique_id "ahobJzUqKtVU0dNco7ktNAAAAAE"], referer: https://www.ceylondigest.com/dive-to-the-past-with-maritime-archaeology-unit-galle/
[Sat May 30 04:33:03.284074 2026] [ssl:error] [pid 1647640:tid 1647640] (70014)End of file found: [client 66.85.158.91:39132] AH02013: coalesce failed to read from data bucket
[Sat May 30 04:33:03.666445 2026] [ssl:error] [pid 1661801:tid 1661801] (70014)End of file found: [client 66.85.158.91:39252] AH02013: coalesce failed to read from data bucket
[Sat May 30 04:33:03.783564 2026] [ssl:error] [pid 1661802:tid 1661802] (70014)End of file found: [client 66.85.158.91:39268] AH02013: coalesce failed to read from data bucket
[Sat May 30 04:33:03.961565 2026] [ssl:error] [pid 1662020:tid 1662020] (70014)End of file found: [client 66.85.158.91:39288] AH02013: coalesce failed to read from data bucket
[Sat May 30 04:33:04.015386 2026] [ssl:error] [pid 1656123:tid 1656123] (70014)End of file found: [client 66.85.158.91:39296] AH02013: coalesce failed to read from data bucket
[Sat May 30 04:33:04.462969 2026] [ssl:error] [pid 1662021:tid 1662021] (70014)End of file found: [client 66.85.158.91:39302] AH02013: coalesce failed to read from data bucket
[Sat May 30 04:33:04.554557 2026] [autoindex:error] [pid 1647616:tid 1647616] [client 20.151.117.104:0] AH01276: Cannot serve directory /home/veneelk/public_html/wp-admin/css/: No matching DirectoryIndex (index.php,index.php8,index.php7,index.php5,index.perl,index.pl,index.plx,index.ppl,index.cgi,index.jsp,index.jp,index.phtml,index.shtml,index.xhtml,index.html,index.htm,index.js) found, and server-generated directory index forbidden by Options directive
[Sat May 30 04:33:04.700429 2026] [ssl:error] [pid 1661804:tid 1661804] (70014)End of file found: [client 66.85.158.91:39328] AH02013: coalesce failed to read from data bucket
[Sat May 30 04:33:05.664345 2026] [security2:error] [pid 1657896:tid 1657896] [client 57.141.14.64:0] ModSecurity: collections_remove_stale: Failed to access DBM file "/var/cpanel/secdatadir/anandaob-global": Permission denied [hostname "www.anandaobauae.org"] [uri "/js/Bl4ckhOle/root/proc/thread-self/root/sys/bus/memory/devices/memory55/node0/memory106/node0/memory100/subsystem/devices/memory84/"] [unique_id "ahobKbeo4btMrY4CbKG6HQAAABU"]
[Sat May 30 04:33:05.664413 2026] [security2:error] [pid 1657896:tid 1657896] [client 57.141.14.64:0] ModSecurity: collections_remove_stale: Failed to access DBM file "/var/cpanel/secdatadir/anandaob-ip": Permission denied [hostname "www.anandaobauae.org"] [uri "/js/Bl4ckhOle/root/proc/thread-self/root/sys/bus/memory/devices/memory55/node0/memory106/node0/memory100/subsystem/devices/memory84/"] [unique_id "ahobKbeo4btMrY4CbKG6HQAAABU"]
[Sat May 30 04:33:06.205669 2026] [ssl:error] [pid 1666404:tid 1666404] (70014)End of file found: [client 66.85.158.91:39550] AH02013: coalesce failed to read from data bucket
[Sat May 30 04:33:07.375033 2026] [ssl:error] [pid 1662016:tid 1662016] (70014)End of file found: [client 66.85.158.91:39610] AH02013: coalesce failed to read from data bucket
[Sat May 30 04:33:07.544176 2026] [ssl:error] [pid 1648376:tid 1648376] (70014)End of file found: [client 66.85.158.91:39642] AH02013: coalesce failed to read from data bucket
[Sat May 30 04:33:07.607804 2026] [ssl:error] [pid 1661800:tid 1661800] (70014)End of file found: [client 66.85.158.91:39664] AH02013: coalesce failed to read from data bucket
[Sat May 30 04:33:08.094930 2026] [ssl:error] [pid 1647383:tid 1647383] (70014)End of file found: [client 66.85.158.91:39730] AH02013: coalesce failed to read from data bucket
[Sat May 30 04:33:08.239618 2026] [ssl:error] [pid 1648375:tid 1648375] (70014)End of file found: [client 66.85.158.91:39760] AH02013: coalesce failed to read from data bucket
[Sat May 30 04:33:08.357696 2026] [ssl:error] [pid 1647368:tid 1647368] (70014)End of file found: [client 66.85.158.91:39788] AH02013: coalesce failed to read from data bucket
[Sat May 30 04:33:08.418195 2026] [security2:error] [pid 1666345:tid 1666345] [client 51.75.128.94:0] ModSecurity: collections_remove_stale: Failed to access DBM file "/var/cpanel/secdatadir/epidgovl-global": Permission denied [hostname "www.epid.gov.lk"] [uri "/epid/public/index.php"] [unique_id "ahobKwqHrvoi2mfBUr_SmQAAAAo"]
[Sat May 30 04:33:08.418271 2026] [security2:error] [pid 1666345:tid 1666345] [client 51.75.128.94:0] ModSecurity: collections_remove_stale: Failed to access DBM file "/var/cpanel/secdatadir/epidgovl-ip": Permission denied [hostname "www.epid.gov.lk"] [uri "/epid/public/index.php"] [unique_id "ahobKwqHrvoi2mfBUr_SmQAAAAo"]
[Sat May 30 04:33:08.431019 2026] [ssl:error] [pid 1657835:tid 1657835] (70014)End of file found: [client 66.85.158.91:39800] AH02013: coalesce failed to read from data bucket
[Sat May 30 04:33:08.607118 2026] [ssl:error] [pid 1647398:tid 1647398] (70014)End of file found: [client 66.85.158.91:39822] AH02013: coalesce failed to read from data bucket
[Sat May 30 04:33:08.701809 2026] [ssl:error] [pid 1657896:tid 1657896] (70014)End of file found: [client 66.85.158.91:39846] AH02013: coalesce failed to read from data bucket
[Sat May 30 04:33:09.194963 2026] [ssl:error] [pid 1647372:tid 1647372] (70014)End of file found: [client 66.85.158.91:39866] AH02013: coalesce failed to read from data bucket
[Sat May 30 04:33:09.643209 2026] [core:error] [pid 1662848:tid 1662848] (13)Permission denied: [client 216.73.216.174:0] AH00132: file permissions deny server access: /home/anandaob/public_html/js/Bl4ckhOle/root/proc/self/cwd/sys/kernel/slab/sgpool-16/red_zone
[Sat May 30 04:33:09.898524 2026] [ssl:error] [pid 1656123:tid 1656123] (70014)End of file found: [client 66.85.158.91:39962] AH02013: coalesce failed to read from data bucket
[Sat May 30 04:33:10.294256 2026] [autoindex:error] [pid 1647536:tid 1647536] [client 20.151.117.104:0] AH01276: Cannot serve directory /home/veneelk/public_html/wp-admin/css/colors/blue/: No matching DirectoryIndex (index.php,index.php8,index.php7,index.php5,index.perl,index.pl,index.plx,index.ppl,index.cgi,index.jsp,index.jp,index.phtml,index.shtml,index.xhtml,index.html,index.htm,index.js) found, and server-generated directory index forbidden by Options directive
[Sat May 30 04:33:10.471386 2026] [ssl:error] [pid 1661802:tid 1661802] (70014)End of file found: [client 66.85.158.91:40066] AH02013: coalesce failed to read from data bucket
[Sat May 30 04:33:10.548108 2026] [ssl:error] [pid 1647616:tid 1647616] (70014)End of file found: [client 66.85.158.91:40076] AH02013: coalesce failed to read from data bucket
[Sat May 30 04:33:10.566419 2026] [ssl:error] [pid 1667316:tid 1667316] (70014)End of file found: [client 66.85.158.91:40070] AH02013: coalesce failed to read from data bucket
[Sat May 30 04:33:10.753999 2026] [ssl:error] [pid 1661801:tid 1661801] (70014)End of file found: [client 66.85.158.91:46060] AH02013: coalesce failed to read from data bucket
[Sat May 30 04:33:11.556896 2026] [mime:warn] [pid 1666351:tid 1666351] AH01599: Cannot get media type from 'txt'
[Sat May 30 04:33:12.888984 2026] [ssl:error] [pid 1661804:tid 1661804] (70014)End of file found: [client 66.85.158.91:46204] AH02013: coalesce failed to read from data bucket
[Sat May 30 04:33:13.016872 2026] [ssl:error] [pid 1662021:tid 1662021] (70014)End of file found: [client 66.85.158.91:46224] AH02013: coalesce failed to read from data bucket
[Sat May 30 04:33:13.356055 2026] [ssl:error] [pid 1666350:tid 1666350] (70014)End of file found: [client 66.85.158.91:46260] AH02013: coalesce failed to read from data bucket
[Sat May 30 04:33:13.837097 2026] [ssl:error] [pid 1666404:tid 1666404] (70014)End of file found: [client 66.85.158.91:46308] AH02013: coalesce failed to read from data bucket
[Sat May 30 04:33:13.874248 2026] [ssl:error] [pid 1662020:tid 1662020] (70014)End of file found: [client 66.85.158.91:46316] AH02013: coalesce failed to read from data bucket
[Sat May 30 04:33:14.004286 2026] [ssl:error] [pid 1647640:tid 1647640] (70014)End of file found: [client 66.85.158.91:46334] AH02013: coalesce failed to read from data bucket
[Sat May 30 04:33:14.075128 2026] [ssl:error] [pid 1648359:tid 1648359] (70014)End of file found: [client 66.85.158.91:46346] AH02013: coalesce failed to read from data bucket
[Sat May 30 04:33:14.182091 2026] [core:error] [pid 1647383:tid 1647383] (13)Permission denied: [client 216.73.216.174:0] AH00132: file permissions deny server access: /home/anandaob/public_html/js/Bl4ckhOle/root/sys/class/wakeup/wakeup6/subsystem/wakeup11/device/device:0c/eject
[Sat May 30 04:33:14.266295 2026] [ssl:error] [pid 1648375:tid 1648375] (70014)End of file found: [client 66.85.158.91:46374] AH02013: coalesce failed to read from data bucket
[Sat May 30 04:33:14.540861 2026] [ssl:error] [pid 1648376:tid 1648376] (70014)End of file found: [client 66.85.158.91:46402] AH02013: coalesce failed to read from data bucket
[Sat May 30 04:33:15.637143 2026] [ssl:error] [pid 1647372:tid 1647372] (70014)End of file found: [client 66.85.158.91:46510] AH02013: coalesce failed to read from data bucket
[Sat May 30 04:33:15.805336 2026] [security2:error] [pid 1662848:tid 1662848] [client 216.73.216.174:0] ModSecurity: collections_remove_stale: Failed to access DBM file "/var/cpanel/secdatadir/anandaob-global": Permission denied [hostname "anandaobauae.org"] [uri "/js/Bl4ckhOle/root/proc/self/cwd/sbin/lveps"] [unique_id "ahobM5QTGYfL-oORWiz99wAAAA8"]
[Sat May 30 04:33:15.805401 2026] [security2:error] [pid 1662848:tid 1662848] [client 216.73.216.174:0] ModSecurity: collections_remove_stale: Failed to access DBM file "/var/cpanel/secdatadir/anandaob-ip": Permission denied [hostname "anandaobauae.org"] [uri "/js/Bl4ckhOle/root/proc/self/cwd/sbin/lveps"] [unique_id "ahobM5QTGYfL-oORWiz99wAAAA8"]
[Sat May 30 04:33:15.893668 2026] [ssl:error] [pid 1656123:tid 1656123] (70014)End of file found: [client 66.85.158.91:46578] AH02013: coalesce failed to read from data bucket
[Sat May 30 04:33:15.912076 2026] [ssl:error] [pid 1647424:tid 1647424] (70014)End of file found: [client 66.85.158.91:46582] AH02013: coalesce failed to read from data bucket
[Sat May 30 04:33:16.078164 2026] [ssl:error] [pid 1666345:tid 1666345] (70014)End of file found: [client 66.85.158.91:46604] AH02013: coalesce failed to read from data bucket
[Sat May 30 04:33:16.497588 2026] [ssl:error] [pid 1647616:tid 1647616] (70014)End of file found: [client 66.85.158.91:46642] AH02013: coalesce failed to read from data bucket
[Sat May 30 04:33:18.079935 2026] [ssl:error] [pid 1647536:tid 1647536] (70014)End of file found: [client 66.85.158.91:46712] AH02013: coalesce failed to read from data bucket
[Sat May 30 04:33:18.272096 2026] [ssl:error] [pid 1657835:tid 1657835] (70014)End of file found: [client 66.85.158.91:46728] AH02013: coalesce failed to read from data bucket
[Sat May 30 04:33:18.834113 2026] [core:error] [pid 1647398:tid 1647398] (13)Permission denied: [client 57.141.14.7:0] AH00132: file permissions deny server access: /home/anandaob/public_html/js/Bl4ckhOle/root/proc/thread-self/root/sys/devices/system/memory/memory51/node0/memory15/node0/memory44/subsystem/uevent
[Sat May 30 04:33:19.089438 2026] [ssl:error] [pid 1661802:tid 1661802] (70014)End of file found: [client 66.85.158.91:46810] AH02013: coalesce failed to read from data bucket
[Sat May 30 04:33:19.184789 2026] [ssl:error] [pid 1661804:tid 1661804] (70014)End of file found: [client 66.85.158.91:46812] AH02013: coalesce failed to read from data bucket
[Sat May 30 04:33:19.187406 2026] [ssl:error] [pid 1662021:tid 1662021] (70014)End of file found: [client 66.85.158.91:46824] AH02013: coalesce failed to read from data bucket
[Sat May 30 04:33:19.273905 2026] [ssl:error] [pid 1662016:tid 1662016] (70014)End of file found: [client 66.85.158.91:46856] AH02013: coalesce failed to read from data bucket
[Sat May 30 04:33:19.393201 2026] [ssl:error] [pid 1647618:tid 1647618] (70014)End of file found: [client 66.85.158.91:46874] AH02013: coalesce failed to read from data bucket
[Sat May 30 04:33:19.434109 2026] [ssl:error] [pid 1647398:tid 1647398] (70014)End of file found: [client 66.85.158.91:46892] AH02013: coalesce failed to read from data bucket
[Sat May 30 04:33:19.472247 2026] [ssl:error] [pid 1666404:tid 1666404] (5)Input/output error: [client 66.85.158.91:46900] AH02013: coalesce failed to read from data bucket
[Sat May 30 04:33:19.552845 2026] [ssl:error] [pid 1662020:tid 1662020] (70014)End of file found: [client 66.85.158.91:46906] AH02013: coalesce failed to read from data bucket
[Sat May 30 04:33:20.064477 2026] [ssl:error] [pid 1667316:tid 1667316] (70014)End of file found: [client 66.85.158.91:46946] AH02013: coalesce failed to read from data bucket
[Sat May 30 04:33:20.655928 2026] [ssl:error] [pid 1661805:tid 1661805] (70014)End of file found: [client 66.85.158.91:47200] AH02013: coalesce failed to read from data bucket
[Sat May 30 04:33:20.785657 2026] [ssl:error] [pid 1647356:tid 1647356] (5)Input/output error: [client 66.85.158.91:47216] AH02013: coalesce failed to read from data bucket
[Sat May 30 04:33:20.907834 2026] [ssl:error] [pid 1661800:tid 1661800] (70014)End of file found: [client 66.85.158.91:47220] AH02013: coalesce failed to read from data bucket
[Sat May 30 04:33:20.991427 2026] [ssl:error] [pid 1647372:tid 1647372] (70014)End of file found: [client 66.85.158.91:47236] AH02013: coalesce failed to read from data bucket
[Sat May 30 04:33:21.106166 2026] [ssl:error] [pid 1647640:tid 1647640] (70014)End of file found: [client 66.85.158.91:47248] AH02013: coalesce failed to read from data bucket
[Sat May 30 04:33:22.058171 2026] [ssl:error] [pid 1647616:tid 1647616] (70014)End of file found: [client 66.85.158.91:47366] AH02013: coalesce failed to read from data bucket
[Sat May 30 04:33:22.378086 2026] [ssl:error] [pid 1666350:tid 1666350] (70014)End of file found: [client 66.85.158.91:47390] AH02013: coalesce failed to read from data bucket
[Sat May 30 04:33:22.916005 2026] [ssl:error] [pid 1647424:tid 1647424] (70014)End of file found: [client 66.85.158.91:47420] AH02013: coalesce failed to read from data bucket
[Sat May 30 04:33:23.019734 2026] [ssl:error] [pid 1648375:tid 1648375] (70014)End of file found: [client 66.85.158.91:47430] AH02013: coalesce failed to read from data bucket
[Sat May 30 04:33:23.090429 2026] [ssl:error] [pid 1662848:tid 1662848] (70014)End of file found: [client 66.85.158.91:47442] AH02013: coalesce failed to read from data bucket
[Sat May 30 04:33:23.156985 2026] [ssl:error] [pid 1666345:tid 1666345] (70014)End of file found: [client 66.85.158.91:47448] AH02013: coalesce failed to read from data bucket
[Sat May 30 04:33:23.246244 2026] [ssl:error] [pid 1647368:tid 1647368] (70014)End of file found: [client 66.85.158.91:47452] AH02013: coalesce failed to read from data bucket
[Sat May 30 04:33:23.516838 2026] [ssl:error] [pid 1648359:tid 1648359] (70014)End of file found: [client 66.85.158.91:47498] AH02013: coalesce failed to read from data bucket
[Sat May 30 04:33:23.702260 2026] [ssl:error] [pid 1653293:tid 1653293] (70014)End of file found: [client 66.85.158.91:47516] AH02013: coalesce failed to read from data bucket
[Sat May 30 04:33:23.822481 2026] [ssl:error] [pid 1657835:tid 1657835] (70014)End of file found: [client 66.85.158.91:47530] AH02013: coalesce failed to read from data bucket
[Sat May 30 04:33:24.051625 2026] [ssl:error] [pid 1647350:tid 1647350] (70014)End of file found: [client 66.85.158.91:47552] AH02013: coalesce failed to read from data bucket
[Sat May 30 04:33:24.172048 2026] [ssl:error] [pid 1661802:tid 1661802] (70014)End of file found: [client 66.85.158.91:47572] AH02013: coalesce failed to read from data bucket
[Sat May 30 04:33:24.208279 2026] [ssl:error] [pid 1662021:tid 1662021] (70014)End of file found: [client 66.85.158.91:47590] AH02013: coalesce failed to read from data bucket
[Sat May 30 04:33:24.630803 2026] [core:error] [pid 1662016:tid 1662016] (13)Permission denied: [client 216.73.216.174:0] AH00132: file permissions deny server access: /home/anandaob/public_html/js/Bl4ckhOle/root/sys/devices/virtual/tty/tty3/subsystem/ttyS3/port
[Sat May 30 04:33:24.708753 2026] [ssl:error] [pid 1666351:tid 1666351] (70014)End of file found: [client 66.85.158.91:47648] AH02013: coalesce failed to read from data bucket
[Sat May 30 04:33:24.976307 2026] [core:error] [pid 1661804:tid 1661804] (13)Permission denied: [client 216.73.216.174:0] AH00132: file permissions deny server access: /home/anandaob/public_html/js/Bl4ckhOle/root/proc/self/cwd/sys/class/tty/tty1/subsystem/ttyS3/close_delay
[Sat May 30 04:33:25.266680 2026] [ssl:error] [pid 1661804:tid 1661804] (70014)End of file found: [client 66.85.158.91:47772] AH02013: coalesce failed to read from data bucket
[Sat May 30 04:33:25.964256 2026] [ssl:error] [pid 1647618:tid 1647618] (70014)End of file found: [client 66.85.158.91:47818] AH02013: coalesce failed to read from data bucket
[Sat May 30 04:33:26.377862 2026] [core:error] [pid 1647398:tid 1647398] (13)Permission denied: [client 107.23.62.75:0] AH00132: file permissions deny server access: /home/anandaob/public_html/js/Bl4ckhOle/root/sys/devices/system/cpu/cpu3/node0/memory98/subsystem/devices/memory18/node0/memory12/node0/memory6/node0/cpu0/crash_notes_size
[Sat May 30 04:33:26.488624 2026] [ssl:error] [pid 1667418:tid 1667418] (70014)End of file found: [client 66.85.158.91:47840] AH02013: coalesce failed to read from data bucket
[Sat May 30 04:33:27.307520 2026] [ssl:error] [pid 1647372:tid 1647372] (70014)End of file found: [client 66.85.158.91:47886] AH02013: coalesce failed to read from data bucket
[Sat May 30 04:33:28.270993 2026] [security2:error] [pid 1661800:tid 1661800] [client 216.73.216.174:0] ModSecurity: collections_remove_stale: Failed to access DBM file "/var/cpanel/secdatadir/anandaob-global": Permission denied [hostname "anandaobauae.org"] [uri "/js/Bl4ckhOle/root/sys/devices/virtual/tty/tty57/subsystem/tty9/power/"] [unique_id "ahobQAwSMqf-JkmULbjTXwAAAAs"]
[Sat May 30 04:33:28.271042 2026] [security2:error] [pid 1661800:tid 1661800] [client 216.73.216.174:0] ModSecurity: collections_remove_stale: Failed to access DBM file "/var/cpanel/secdatadir/anandaob-ip": Permission denied [hostname "anandaobauae.org"] [uri "/js/Bl4ckhOle/root/sys/devices/virtual/tty/tty57/subsystem/tty9/power/"] [unique_id "ahobQAwSMqf-JkmULbjTXwAAAAs"]
[Sat May 30 04:33:28.363313 2026] [ssl:error] [pid 1667430:tid 1667430] (70014)End of file found: [client 66.85.158.91:48000] AH02013: coalesce failed to read from data bucket
[Sat May 30 04:33:28.544524 2026] [ssl:error] [pid 1661801:tid 1661801] (70014)End of file found: [client 66.85.158.91:48052] AH02013: coalesce failed to read from data bucket
[Sat May 30 04:33:28.674061 2026] [ssl:error] [pid 1662848:tid 1662848] (70014)End of file found: [client 66.85.158.91:48076] AH02013: coalesce failed to read from data bucket
[Sat May 30 04:33:28.707394 2026] [core:error] [pid 1647616:tid 1647616] (13)Permission denied: [client 216.73.216.174:0] AH00132: file permissions deny server access: /home/anandaob/public_html/js/Bl4ckhOle/root/proc/self/cwd/sys/devices/system/cpu/cpu1/subsystem/uevent
[Sat May 30 04:33:28.890884 2026] [ssl:error] [pid 1667316:tid 1667316] (70014)End of file found: [client 66.85.158.91:48130] AH02013: coalesce failed to read from data bucket
[Sat May 30 04:33:29.022039 2026] [ssl:error] [pid 1647424:tid 1647424] (70014)End of file found: [client 66.85.158.91:48160] AH02013: coalesce failed to read from data bucket
[Sat May 30 04:33:29.073026 2026] [ssl:error] [pid 1667429:tid 1667429] (70014)End of file found: [client 66.85.158.91:48176] AH02013: coalesce failed to read from data bucket
[Sat May 30 04:33:29.179251 2026] [ssl:error] [pid 1659318:tid 1659318] (70014)End of file found: [client 66.85.158.91:48180] AH02013: coalesce failed to read from data bucket
[Sat May 30 04:33:29.180937 2026] [ssl:error] [pid 1647356:tid 1647356] (70014)End of file found: [client 66.85.158.91:48192] AH02013: coalesce failed to read from data bucket
[Sat May 30 04:33:29.181273 2026] [security2:error] [pid 1647356:tid 1647356] [client 216.73.216.174:0] ModSecurity: collections_remove_stale: Failed to access DBM file "/var/cpanel/secdatadir/anandaob-global": Permission denied [hostname "anandaobauae.org"] [uri "/js/Bl4ckhOle/root/sys/class/wakeup/wakeup10/device/subsystem/devices/LNXSYBUS:01/path"] [unique_id "ahobQTUqKtVU0dNco7ktRgAAAAE"]
[Sat May 30 04:33:29.181329 2026] [security2:error] [pid 1647356:tid 1647356] [client 216.73.216.174:0] ModSecurity: collections_remove_stale: Failed to access DBM file "/var/cpanel/secdatadir/anandaob-ip": Permission denied [hostname "anandaobauae.org"] [uri "/js/Bl4ckhOle/root/sys/class/wakeup/wakeup10/device/subsystem/devices/LNXSYBUS:01/path"] [unique_id "ahobQTUqKtVU0dNco7ktRgAAAAE"]
[Sat May 30 04:33:29.444732 2026] [ssl:error] [pid 1657835:tid 1657835] (70014)End of file found: [client 66.85.158.91:48236] AH02013: coalesce failed to read from data bucket
[Sat May 30 04:33:29.542738 2026] [ssl:error] [pid 1666350:tid 1666350] (70014)End of file found: [client 66.85.158.91:48252] AH02013: coalesce failed to read from data bucket
[Sat May 30 04:33:29.594124 2026] [security2:error] [pid 1648359:tid 1648359] [client 57.141.14.72:0] ModSecurity: collections_remove_stale: Failed to access DBM file "/var/cpanel/secdatadir/anandaob-global": Permission denied [hostname "www.anandaobauae.org"] [uri "/js/Bl4ckhOle/root/proc/thread-self/root/sys/devices/system/memory/memory53/subsystem/devices/memory106/node0/memory59/node0/memory57/"] [unique_id "ahobQXF9w37fHd7i9vY6sAAAACA"]
[Sat May 30 04:33:29.594213 2026] [security2:error] [pid 1648359:tid 1648359] [client 57.141.14.72:0] ModSecurity: collections_remove_stale: Failed to access DBM file "/var/cpanel/secdatadir/anandaob-ip": Permission denied [hostname "www.anandaobauae.org"] [uri "/js/Bl4ckhOle/root/proc/thread-self/root/sys/devices/system/memory/memory53/subsystem/devices/memory106/node0/memory59/node0/memory57/"] [unique_id "ahobQXF9w37fHd7i9vY6sAAAACA"]
[Sat May 30 04:33:29.618900 2026] [ssl:error] [pid 1647350:tid 1647350] (70014)End of file found: [client 66.85.158.91:48268] AH02013: coalesce failed to read from data bucket
[Sat May 30 04:33:30.151342 2026] [ssl:error] [pid 1662016:tid 1662016] (70014)End of file found: [client 66.85.158.91:48302] AH02013: coalesce failed to read from data bucket
[Sat May 30 04:33:30.364032 2026] [ssl:error] [pid 1647398:tid 1647398] (70014)End of file found: [client 66.85.158.91:48324] AH02013: coalesce failed to read from data bucket
[Sat May 30 04:33:30.461412 2026] [ssl:error] [pid 1656123:tid 1656123] (70014)End of file found: [client 66.85.158.91:48342] AH02013: coalesce failed to read from data bucket
[Sat May 30 04:33:30.550383 2026] [ssl:error] [pid 1647536:tid 1647536] (70014)End of file found: [client 66.85.158.91:48356] AH02013: coalesce failed to read from data bucket
[Sat May 30 04:33:31.788363 2026] [core:error] [pid 1648376:tid 1648376] (13)Permission denied: [client 57.141.14.16:0] AH00132: file permissions deny server access: /home/anandaob/public_html/js/Bl4ckhOle/root/proc/thread-self/root/sys/devices/system/memory/memory132/node0/memory121/node0/memory85/subsystem/uevent
[Sat May 30 04:33:32.233471 2026] [ssl:error] [pid 1647368:tid 1647368] (70014)End of file found: [client 66.85.158.91:50598] AH02013: coalesce failed to read from data bucket
[Sat May 30 04:33:33.653168 2026] [ssl:error] [pid 1647616:tid 1647616] (70014)End of file found: [client 66.85.158.91:50660] AH02013: coalesce failed to read from data bucket
[Sat May 30 04:33:33.673278 2026] [ssl:error] [pid 1647618:tid 1647618] (70014)End of file found: [client 66.85.158.91:50670] AH02013: coalesce failed to read from data bucket
[Sat May 30 04:33:33.717040 2026] [ssl:error] [pid 1666345:tid 1666345] (70014)End of file found: [client 66.85.158.91:50686] AH02013: coalesce failed to read from data bucket
[Sat May 30 04:33:34.266446 2026] [ssl:error] [pid 1667430:tid 1667430] (70014)End of file found: [client 66.85.158.91:50736] AH02013: coalesce failed to read from data bucket
[Sat May 30 04:33:34.357775 2026] [core:error] [pid 1648376:tid 1648376] (13)Permission denied: [client 216.73.216.174:0] AH00132: file permissions deny server access: /home/anandaob/public_html/js/Bl4ckhOle/root/proc/self/cwd/sys/class/tty/tty14/subsystem/ttyS1/flags
[Sat May 30 04:33:34.475238 2026] [ssl:error] [pid 1661801:tid 1661801] (70014)End of file found: [client 66.85.158.91:50764] AH02013: coalesce failed to read from data bucket
[Sat May 30 04:33:34.556206 2026] [ssl:error] [pid 1661804:tid 1661804] (70014)End of file found: [client 66.85.158.91:50778] AH02013: coalesce failed to read from data bucket
[Sat May 30 04:33:34.596207 2026] [ssl:error] [pid 1662021:tid 1662021] (70014)End of file found: [client 66.85.158.91:50800] AH02013: coalesce failed to read from data bucket
[Sat May 30 04:33:34.659012 2026] [ssl:error] [pid 1667429:tid 1667429] (70014)End of file found: [client 66.85.158.91:50830] AH02013: coalesce failed to read from data bucket
[Sat May 30 04:33:34.759909 2026] [ssl:error] [pid 1666404:tid 1666404] (70014)End of file found: [client 66.85.158.91:50852] AH02013: coalesce failed to read from data bucket
[Sat May 30 04:33:34.799353 2026] [ssl:error] [pid 1659318:tid 1659318] (70014)End of file found: [client 66.85.158.91:50866] AH02013: coalesce failed to read from data bucket
[Sat May 30 04:33:34.911493 2026] [ssl:error] [pid 1648376:tid 1648376] (70014)End of file found: [client 66.85.158.91:50878] AH02013: coalesce failed to read from data bucket
[Sat May 30 04:33:34.994780 2026] [security2:error] [pid 1661800:tid 1661800] [client 74.7.227.60:0] ModSecurity: collections_remove_stale: Failed to access DBM file "/var/cpanel/secdatadir/epidgovl-global": Permission denied [hostname "www.epid.gov.lk"] [uri "/epid/public/index.php"] [unique_id "ahobRQwSMqf-JkmULbjTZQAAAAs"], referer: https://www.epid.gov.lk/situation-report?filter=2021&page_104=614&page_105=756
[Sat May 30 04:33:34.994833 2026] [security2:error] [pid 1661800:tid 1661800] [client 74.7.227.60:0] ModSecurity: collections_remove_stale: Failed to access DBM file "/var/cpanel/secdatadir/epidgovl-ip": Permission denied [hostname "www.epid.gov.lk"] [uri "/epid/public/index.php"] [unique_id "ahobRQwSMqf-JkmULbjTZQAAAAs"], referer: https://www.epid.gov.lk/situation-report?filter=2021&page_104=614&page_105=756
[Sat May 30 04:33:35.372597 2026] [ssl:error] [pid 1647350:tid 1647350] (70014)End of file found: [client 66.85.158.91:50928] AH02013: coalesce failed to read from data bucket
[Sat May 30 04:33:35.555655 2026] [ssl:error] [pid 1647372:tid 1647372] (70014)End of file found: [client 66.85.158.91:50938] AH02013: coalesce failed to read from data bucket
[Sat May 30 04:33:35.652639 2026] [security2:error] [pid 1657835:tid 1657835] [client 216.73.216.174:0] ModSecurity: collections_remove_stale: Failed to access DBM file "/var/cpanel/secdatadir/anandaob-global": Permission denied [hostname "anandaobauae.org"] [uri "/js/Bl4ckhOle/root/sys/devices/virtual/tty/tty54/subsystem/tty25/power"] [unique_id "ahobR1sBF3csAIqvBbcjbAAAABE"]
[Sat May 30 04:33:35.652706 2026] [security2:error] [pid 1657835:tid 1657835] [client 216.73.216.174:0] ModSecurity: collections_remove_stale: Failed to access DBM file "/var/cpanel/secdatadir/anandaob-ip": Permission denied [hostname "anandaobauae.org"] [uri "/js/Bl4ckhOle/root/sys/devices/virtual/tty/tty54/subsystem/tty25/power"] [unique_id "ahobR1sBF3csAIqvBbcjbAAAABE"]
[Sat May 30 04:33:35.836930 2026] [core:error] [pid 1662020:tid 1662020] (13)Permission denied: [client 216.73.216.174:0] AH00132: file permissions deny server access: /home/anandaob/public_html/js/Bl4ckhOle/root/sys/dev/char/4:17/subsystem/ttyS3/device/tty/ttyS1/irq
[Sat May 30 04:33:35.904447 2026] [ssl:error] [pid 1661802:tid 1661802] (70014)End of file found: [client 66.85.158.91:50974] AH02013: coalesce failed to read from data bucket
[Sat May 30 04:33:35.960485 2026] [ssl:error] [pid 1648375:tid 1648375] (70014)End of file found: [client 66.85.158.91:50988] AH02013: coalesce failed to read from data bucket
[Sat May 30 04:33:36.273821 2026] [core:crit] [pid 1647536:tid 1647536] (13)Permission denied: [client 51.83.5.74:0] AH00529: /home/anandaob/public_html/js/Bl4ckhOle/root/etc/imunify360/blacklist/.htaccess pcfg_openfile: unable to check htaccess file, ensure it is readable and that '/home/anandaob/public_html/js/Bl4ckhOle/root/etc/imunify360/blacklist/' is executable
[Sat May 30 04:33:36.273885 2026] [core:crit] [pid 1647536:tid 1647536] (13)Permission denied: [client 51.83.5.74:0] AH00529: /home/anandaob/public_html/js/Bl4ckhOle/root/etc/imunify360/whitelist/.htaccess pcfg_openfile: unable to check htaccess file, ensure it is readable and that '/home/anandaob/public_html/js/Bl4ckhOle/root/etc/imunify360/whitelist/' is executable
[Sat May 30 04:33:36.642875 2026] [ssl:error] [pid 1647398:tid 1647398] (70014)End of file found: [client 66.85.158.91:51030] AH02013: coalesce failed to read from data bucket
[Sat May 30 04:33:36.988099 2026] [ssl:error] [pid 1647424:tid 1647424] (5)Input/output error: [client 66.85.158.91:51072] AH02013: coalesce failed to read from data bucket
[Sat May 30 04:33:37.704752 2026] [ssl:error] [pid 1661805:tid 1661805] (70014)End of file found: [client 66.85.158.91:51092] AH02013: coalesce failed to read from data bucket
[Sat May 30 04:33:38.953809 2026] [core:error] [pid 1657896:tid 1657896] (13)Permission denied: [client 216.73.216.174:0] AH00132: file permissions deny server access: /home/anandaob/public_html/js/Bl4ckhOle/root/sys/class/wakeup/wakeup14/subsystem/wakeup11/device/device:02/physical_node/resource0
[Sat May 30 04:33:38.955574 2026] [ssl:error] [pid 1666351:tid 1666351] (70014)End of file found: [client 66.85.158.91:51196] AH02013: coalesce failed to read from data bucket
[Sat May 30 04:33:39.278835 2026] [ssl:error] [pid 1647640:tid 1647640] (5)Input/output error: [client 66.85.158.91:51268] AH02013: coalesce failed to read from data bucket
[Sat May 30 04:33:39.375978 2026] [ssl:error] [pid 1647536:tid 1647536] (70014)End of file found: [client 66.85.158.91:51278] AH02013: coalesce failed to read from data bucket
[Sat May 30 04:33:39.764787 2026] [ssl:error] [pid 1647356:tid 1647356] (70014)End of file found: [client 66.85.158.91:51348] AH02013: coalesce failed to read from data bucket
[Sat May 30 04:33:40.000169 2026] [ssl:error] [pid 1661801:tid 1661801] (70014)End of file found: [client 66.85.158.91:51408] AH02013: coalesce failed to read from data bucket
[Sat May 30 04:33:40.090712 2026] [core:error] [pid 1661804:tid 1661804] (13)Permission denied: [client 216.73.216.174:0] AH00132: file permissions deny server access: /home/anandaob/public_html/js/Bl4ckhOle/root/sys/class/tty/tty62/subsystem/ttyS0/iomem_reg_shift
[Sat May 30 04:33:40.135011 2026] [ssl:error] [pid 1647616:tid 1647616] (70014)End of file found: [client 66.85.158.91:51438] AH02013: coalesce failed to read from data bucket
[Sat May 30 04:33:40.179885 2026] [core:error] [pid 1667429:tid 1667429] (13)Permission denied: [client 216.73.216.174:0] AH00132: file permissions deny server access: /home/anandaob/public_html/js/Bl4ckhOle/root/sys/class/usbmon/usbmon1/device/driver/0000:00:01.2/subsystem/drivers/serial/bind
[Sat May 30 04:33:40.278699 2026] [ssl:error] [pid 1666404:tid 1666404] (70014)End of file found: [client 66.85.158.91:51454] AH02013: coalesce failed to read from data bucket
[Sat May 30 04:33:40.341360 2026] [ssl:error] [pid 1662016:tid 1662016] (70014)End of file found: [client 66.85.158.91:51470] AH02013: coalesce failed to read from data bucket
[Sat May 30 04:33:40.828080 2026] [core:error] [pid 1666345:tid 1666345] (13)Permission denied: [client 216.73.216.174:0] AH00132: file permissions deny server access: /home/anandaob/public_html/js/Bl4ckhOle/root/sys/class/graphics/fb0/device/subsystem/drivers/piix4_smbus/module/uevent
[Sat May 30 04:33:41.269850 2026] [core:error] [pid 1647368:tid 1647368] (13)Permission denied: [client 216.73.216.174:0] AH00132: file permissions deny server access: /home/anandaob/public_html/js/Bl4ckhOle/root/sys/devices/virtual/tty/tty22/subsystem/ttyS2/irq
[Sat May 30 04:33:41.387225 2026] [ssl:error] [pid 1659318:tid 1659318] (70014)End of file found: [client 66.85.158.91:39940] AH02013: coalesce failed to read from data bucket
[Sat May 30 04:33:42.077425 2026] [authz_core:error] [pid 1647350:tid 1647350] [client 216.73.216.174:0] AH01630: client denied by server configuration: /home/anandaob/public_html/js/Bl4ckhOle/root/usr/share/cagefs-skeleton/proc/thread-self/cwd/opt/alt/php71/etc/php.ini, referer: https://anandaobauae.org/js/Bl4ckhOle/root/usr/share/cagefs-skeleton/proc/thread-self/cwd/opt/alt/php71/etc
[Sat May 30 04:33:42.395165 2026] [core:error] [pid 1656123:tid 1656123] (13)Permission denied: [client 216.73.216.174:0] AH00132: file permissions deny server access: /home/anandaob/public_html/js/Bl4ckhOle/root/sys/class/wakeup/wakeup1/subsystem/wakeup11/device/device:07/physical_node/resource0
[Sat May 30 04:33:42.617610 2026] [ssl:error] [pid 1647618:tid 1647618] (70014)End of file found: [client 66.85.158.91:40146] AH02013: coalesce failed to read from data bucket
[Sat May 30 04:33:42.692468 2026] [ssl:error] [pid 1647424:tid 1647424] (5)Input/output error: [client 66.85.158.91:40150] AH02013: coalesce failed to read from data bucket
[Sat May 30 04:33:42.774151 2026] [autoindex:error] [pid 1648376:tid 1648376] [client 20.151.117.104:0] AH01276: Cannot serve directory /home/veneelk/public_html/wp-admin/js/widgets/: No matching DirectoryIndex (index.php,index.php8,index.php7,index.php5,index.perl,index.pl,index.plx,index.ppl,index.cgi,index.jsp,index.jp,index.phtml,index.shtml,index.xhtml,index.html,index.htm,index.js) found, and server-generated directory index forbidden by Options directive
[Sat May 30 04:33:42.784362 2026] [ssl:error] [pid 1647350:tid 1647350] (70014)End of file found: [client 66.85.158.91:40160] AH02013: coalesce failed to read from data bucket
[Sat May 30 04:33:42.983334 2026] [security2:error] [pid 1648359:tid 1648359] [client 216.73.216.174:0] ModSecurity: Warning. String match within ".asa/ .asax/ .ascx/ .axd/ .backup/ .bak/ .bat/ .cdx/ .cer/ .cfg/ .cmd/ .com/ .config/ .conf/ .cs/ .csproj/ .csr/ .dat/ .db/ .dbf/ .dll/ .dos/ .htr/ .htw/ .ida/ .idc/ .idq/ .inc/ .ini/ .key/ .licx/ .lnk/ .log/ .mdb/ .old/ .pass/ .pdb/ .pol/ .printer/ .pwd/ .rdb/ .resources/ .resx/ .sql/ .swp/ .sys/ .vb/ .vbs/ .vbproj/ .vsdisco/ .webinfo/ .xsd/ .xsx/" at TX:extension. [file "/etc/apache2/conf.d/modsec_vendor_configs/OWASP3/rules/REQUEST-920-PROTOCOL-ENFORCEMENT.conf"] [line "1055"] [id "920440"] [msg "URL file extension is restricted by policy"] [data ".ini"] [severity "CRITICAL"] [ver "OWASP_CRS/3.3.9"] [tag "application-multi"] [tag "language-multi"] [tag "platform-multi"] [tag "attack-protocol"] [tag "paranoia-level/1"] [tag "OWASP_CRS"] [tag "capec/1000/210/272"] [tag "PCI/6.5.10"] [hostname "anandaobauae.org"] [uri "/js/Bl4ckhOle/root/usr/share/cagefs-skeleton/opt/alt/php73/etc/php.d.all/oci8.ini"] [unique_id "ahobTnF9w37fHd7i9vY6vgAAACA"]
[Sat May 30 04:33:42.983986 2026] [security2:error] [pid 1648359:tid 1648359] [client 216.73.216.174:0] ModSecurity: Warning. Operator GE matched 5 at TX:anomaly_score. [file "/etc/apache2/conf.d/modsec_vendor_configs/OWASP3/rules/REQUEST-949-BLOCKING-EVALUATION.conf"] [line "94"] [id "949110"] [msg "Inbound Anomaly Score Exceeded (Total Score: 5)"] [severity "CRITICAL"] [ver "OWASP_CRS/3.3.9"] [tag "application-multi"] [tag "language-multi"] [tag "platform-multi"] [tag "attack-generic"] [hostname "anandaobauae.org"] [uri "/js/Bl4ckhOle/root/usr/share/cagefs-skeleton/opt/alt/php73/etc/php.d.all/oci8.ini"] [unique_id "ahobTnF9w37fHd7i9vY6vgAAACA"]
[Sat May 30 04:33:42.993092 2026] [security2:error] [pid 1648359:tid 1648359] [client 216.73.216.174:0] ModSecurity: Warning. Operator GE matched 5 at TX:inbound_anomaly_score. [file "/etc/apache2/conf.d/modsec_vendor_configs/OWASP3/rules/RESPONSE-980-CORRELATION.conf"] [line "92"] [id "980130"] [msg "Inbound Anomaly Score Exceeded (Total Inbound Score: 5 - SQLI=0,XSS=0,RFI=0,LFI=0,RCE=0,PHPI=0,HTTP=0,SESS=0): individual paranoia level scores: 5, 0, 0, 0"] [ver "OWASP_CRS/3.3.9"] [tag "event-correlation"] [hostname "anandaobauae.org"] [uri "/js/Bl4ckhOle/root/usr/share/cagefs-skeleton/opt/alt/php73/etc/php.d.all/oci8.ini"] [unique_id "ahobTnF9w37fHd7i9vY6vgAAACA"]
[Sat May 30 04:33:43.048363 2026] [ssl:error] [pid 1666350:tid 1666350] (70014)End of file found: [client 66.85.158.91:40224] AH02013: coalesce failed to read from data bucket
[Sat May 30 04:33:43.048986 2026] [ssl:error] [pid 1657835:tid 1657835] (70014)End of file found: [client 66.85.158.91:40220] AH02013: coalesce failed to read from data bucket
[Sat May 30 04:33:43.135946 2026] [ssl:error] [pid 1661805:tid 1661805] (70014)End of file found: [client 66.85.158.91:40254] AH02013: coalesce failed to read from data bucket
[Sat May 30 04:33:43.384694 2026] [ssl:error] [pid 1647372:tid 1647372] (70014)End of file found: [client 66.85.158.91:40272] AH02013: coalesce failed to read from data bucket
[Sat May 30 04:33:43.876567 2026] [ssl:error] [pid 1647383:tid 1647383] (70014)End of file found: [client 66.85.158.91:40278] AH02013: coalesce failed to read from data bucket
[Sat May 30 04:33:44.189130 2026] [ssl:error] [pid 1666345:tid 1666345] (70014)End of file found: [client 66.85.158.91:40304] AH02013: coalesce failed to read from data bucket
[Sat May 30 04:33:44.466422 2026] [ssl:error] [pid 1661804:tid 1661804] (70014)End of file found: [client 66.85.158.91:40330] AH02013: coalesce failed to read from data bucket
[Sat May 30 04:33:44.907965 2026] [ssl:error] [pid 1662020:tid 1662020] (70014)End of file found: [client 66.85.158.91:40380] AH02013: coalesce failed to read from data bucket
[Sat May 30 04:33:45.077345 2026] [ssl:error] [pid 1647368:tid 1647368] (70014)End of file found: [client 66.85.158.91:40422] AH02013: coalesce failed to read from data bucket
[Sat May 30 04:33:45.372581 2026] [core:crit] [pid 1648359:tid 1648359] (13)Permission denied: [client 51.83.5.74:0] AH00529: /home/anandaob/public_html/js/Bl4ckhOle/root/etc/imunify360/user_config/visionsolutionsh/.htaccess pcfg_openfile: unable to check htaccess file, ensure it is readable and that '/home/anandaob/public_html/js/Bl4ckhOle/root/etc/imunify360/user_config/visionsolutionsh/' is executable
[Sat May 30 04:33:45.372646 2026] [core:crit] [pid 1648359:tid 1648359] (13)Permission denied: [client 51.83.5.74:0] AH00529: /home/anandaob/public_html/js/Bl4ckhOle/root/etc/imunify360/user_config/colperlk/.htaccess pcfg_openfile: unable to check htaccess file, ensure it is readable and that '/home/anandaob/public_html/js/Bl4ckhOle/root/etc/imunify360/user_config/colperlk/' is executable
[Sat May 30 04:33:45.372672 2026] [core:crit] [pid 1648359:tid 1648359] (13)Permission denied: [client 51.83.5.74:0] AH00529: /home/anandaob/public_html/js/Bl4ckhOle/root/etc/imunify360/user_config/melanifinefood/.htaccess pcfg_openfile: unable to check htaccess file, ensure it is readable and that '/home/anandaob/public_html/js/Bl4ckhOle/root/etc/imunify360/user_config/melanifinefood/' is executable
[Sat May 30 04:33:45.372698 2026] [core:crit] [pid 1648359:tid 1648359] (13)Permission denied: [client 51.83.5.74:0] AH00529: /home/anandaob/public_html/js/Bl4ckhOle/root/etc/imunify360/user_config/kamechot/.htaccess pcfg_openfile: unable to check htaccess file, ensure it is readable and that '/home/anandaob/public_html/js/Bl4ckhOle/root/etc/imunify360/user_config/kamechot/' is executable
[Sat May 30 04:33:45.372730 2026] [core:crit] [pid 1648359:tid 1648359] (13)Permission denied: [client 51.83.5.74:0] AH00529: /home/anandaob/public_html/js/Bl4ckhOle/root/etc/imunify360/user_config/simpurit/.htaccess pcfg_openfile: unable to check htaccess file, ensure it is readable and that '/home/anandaob/public_html/js/Bl4ckhOle/root/etc/imunify360/user_config/simpurit/' is executable
[Sat May 30 04:33:45.372755 2026] [core:crit] [pid 1648359:tid 1648359] (13)Permission denied: [client 51.83.5.74:0] AH00529: /home/anandaob/public_html/js/Bl4ckhOle/root/etc/imunify360/user_config/colourmarklabels/.htaccess pcfg_openfile: unable to check htaccess file, ensure it is readable and that '/home/anandaob/public_html/js/Bl4ckhOle/root/etc/imunify360/user_config/colourmarklabels/' is executable
[Sat May 30 04:33:45.372775 2026] [core:crit] [pid 1648359:tid 1648359] (13)Permission denied: [client 51.83.5.74:0] AH00529: /home/anandaob/public_html/js/Bl4ckhOle/root/etc/imunify360/user_config/nirmalsa/.htaccess pcfg_openfile: unable to check htaccess file, ensure it is readable and that '/home/anandaob/public_html/js/Bl4ckhOle/root/etc/imunify360/user_config/nirmalsa/' is executable
[Sat May 30 04:33:45.372797 2026] [core:crit] [pid 1648359:tid 1648359] (13)Permission denied: [client 51.83.5.74:0] AH00529: /home/anandaob/public_html/js/Bl4ckhOle/root/etc/imunify360/user_config/vdeploy/.htaccess pcfg_openfile: unable to check htaccess file, ensure it is readable and that '/home/anandaob/public_html/js/Bl4ckhOle/root/etc/imunify360/user_config/vdeploy/' is executable
[Sat May 30 04:33:45.372821 2026] [core:crit] [pid 1648359:tid 1648359] (13)Permission denied: [client 51.83.5.74:0] AH00529: /home/anandaob/public_html/js/Bl4ckhOle/root/etc/imunify360/user_config/linayast/.htaccess pcfg_openfile: unable to check htaccess file, ensure it is readable and that '/home/anandaob/public_html/js/Bl4ckhOle/root/etc/imunify360/user_config/linayast/' is executable
[Sat May 30 04:33:45.372844 2026] [core:crit] [pid 1648359:tid 1648359] (13)Permission denied: [client 51.83.5.74:0] AH00529: /home/anandaob/public_html/js/Bl4ckhOle/root/etc/imunify360/user_config/bostonlanka/.htaccess pcfg_openfile: unable to check htaccess file, ensure it is readable and that '/home/anandaob/public_html/js/Bl4ckhOle/root/etc/imunify360/user_config/bostonlanka/' is executable
[Sat May 30 04:33:45.372866 2026] [core:crit] [pid 1648359:tid 1648359] (13)Permission denied: [client 51.83.5.74:0] AH00529: /home/anandaob/public_html/js/Bl4ckhOle/root/etc/imunify360/user_config/saara/.htaccess pcfg_openfile: unable to check htaccess file, ensure it is readable and that '/home/anandaob/public_html/js/Bl4ckhOle/root/etc/imunify360/user_config/saara/' is executable
[Sat May 30 04:33:45.372889 2026] [core:crit] [pid 1648359:tid 1648359] (13)Permission denied: [client 51.83.5.74:0] AH00529: /home/anandaob/public_html/js/Bl4ckhOle/root/etc/imunify360/user_config/nsclatex/.htaccess pcfg_openfile: unable to check htaccess file, ensure it is readable and that '/home/anandaob/public_html/js/Bl4ckhOle/root/etc/imunify360/user_config/nsclatex/' is executable
[Sat May 30 04:33:45.372913 2026] [core:crit] [pid 1648359:tid 1648359] (13)Permission denied: [client 51.83.5.74:0] AH00529: /home/anandaob/public_html/js/Bl4ckhOle/root/etc/imunify360/user_config/jrdclk/.htaccess pcfg_openfile: unable to check htaccess file, ensure it is readable and that '/home/anandaob/public_html/js/Bl4ckhOle/root/etc/imunify360/user_config/jrdclk/' is executable
[Sat May 30 04:33:45.372947 2026] [core:crit] [pid 1648359:tid 1648359] (13)Permission denied: [client 51.83.5.74:0] AH00529: /home/anandaob/public_html/js/Bl4ckhOle/root/etc/imunify360/user_config/trails/.htaccess pcfg_openfile: unable to check htaccess file, ensure it is readable and that '/home/anandaob/public_html/js/Bl4ckhOle/root/etc/imunify360/user_config/trails/' is executable
[Sat May 30 04:33:45.372991 2026] [core:crit] [pid 1648359:tid 1648359] (13)Permission denied: [client 51.83.5.74:0] AH00529: /home/anandaob/public_html/js/Bl4ckhOle/root/etc/imunify360/user_config/webitran/.htaccess pcfg_openfile: unable to check htaccess file, ensure it is readable and that '/home/anandaob/public_html/js/Bl4ckhOle/root/etc/imunify360/user_config/webitran/' is executable
[Sat May 30 04:33:45.373030 2026] [core:crit] [pid 1648359:tid 1648359] (13)Permission denied: [client 51.83.5.74:0] AH00529: /home/anandaob/public_html/js/Bl4ckhOle/root/etc/imunify360/user_config/nccphealthgov/.htaccess pcfg_openfile: unable to check htaccess file, ensure it is readable and that '/home/anandaob/public_html/js/Bl4ckhOle/root/etc/imunify360/user_config/nccphealthgov/' is executable
[Sat May 30 04:33:45.373054 2026] [core:crit] [pid 1648359:tid 1648359] (13)Permission denied: [client 51.83.5.74:0] AH00529: /home/anandaob/public_html/js/Bl4ckhOle/root/etc/imunify360/user_config/happypuppyvet/.htaccess pcfg_openfile: unable to check htaccess file, ensure it is readable and that '/home/anandaob/public_html/js/Bl4ckhOle/root/etc/imunify360/user_config/happypuppyvet/' is executable
[Sat May 30 04:33:45.373075 2026] [core:crit] [pid 1648359:tid 1648359] (13)Permission denied: [client 51.83.5.74:0] AH00529: /home/anandaob/public_html/js/Bl4ckhOle/root/etc/imunify360/user_config/ksoftlk1/.htaccess pcfg_openfile: unable to check htaccess file, ensure it is readable and that '/home/anandaob/public_html/js/Bl4ckhOle/root/etc/imunify360/user_config/ksoftlk1/' is executable
[Sat May 30 04:33:45.373095 2026] [core:crit] [pid 1648359:tid 1648359] (13)Permission denied: [client 51.83.5.74:0] AH00529: /home/anandaob/public_html/js/Bl4ckhOle/root/etc/imunify360/user_config/ceylonplantation/.htaccess pcfg_openfile: unable to check htaccess file, ensure it is readable and that '/home/anandaob/public_html/js/Bl4ckhOle/root/etc/imunify360/user_config/ceylonplantation/' is executable
[Sat May 30 04:33:45.373115 2026] [core:crit] [pid 1648359:tid 1648359] (13)Permission denied: [client 51.83.5.74:0] AH00529: /home/anandaob/public_html/js/Bl4ckhOle/root/etc/imunify360/user_config/stravel1/.htaccess pcfg_openfile: unable to check htaccess file, ensure it is readable and that '/home/anandaob/public_html/js/Bl4ckhOle/root/etc/imunify360/user_config/stravel1/' is executable
[Sat May 30 04:33:45.373135 2026] [core:crit] [pid 1648359:tid 1648359] (13)Permission denied: [client 51.83.5.74:0] AH00529: /home/anandaob/public_html/js/Bl4ckhOle/root/etc/imunify360/user_config/idealist/.htaccess pcfg_openfile: unable to check htaccess file, ensure it is readable and that '/home/anandaob/public_html/js/Bl4ckhOle/root/etc/imunify360/user_config/idealist/' is executable
[Sat May 30 04:33:45.373155 2026] [core:crit] [pid 1648359:tid 1648359] (13)Permission denied: [client 51.83.5.74:0] AH00529: /home/anandaob/public_html/js/Bl4ckhOle/root/etc/imunify360/user_config/asllogistics/.htaccess pcfg_openfile: unable to check htaccess file, ensure it is readable and that '/home/anandaob/public_html/js/Bl4ckhOle/root/etc/imunify360/user_config/asllogistics/' is executable
[Sat May 30 04:33:45.373179 2026] [core:crit] [pid 1648359:tid 1648359] (13)Permission denied: [client 51.83.5.74:0] AH00529: /home/anandaob/public_html/js/Bl4ckhOle/root/etc/imunify360/user_config/partsfinder/.htaccess pcfg_openfile: unable to check htaccess file, ensure it is readable and that '/home/anandaob/public_html/js/Bl4ckhOle/root/etc/imunify360/user_config/partsfinder/' is executable
[Sat May 30 04:33:45.373201 2026] [core:crit] [pid 1648359:tid 1648359] (13)Permission denied: [client 51.83.5.74:0] AH00529: /home/anandaob/public_html/js/Bl4ckhOle/root/etc/imunify360/user_config/seyawinc/.htaccess pcfg_openfile: unable to check htaccess file, ensure it is readable and that '/home/anandaob/public_html/js/Bl4ckhOle/root/etc/imunify360/user_config/seyawinc/' is executable
[Sat May 30 04:33:45.373230 2026] [core:crit] [pid 1648359:tid 1648359] (13)Permission denied: [client 51.83.5.74:0] AH00529: /home/anandaob/public_html/js/Bl4ckhOle/root/etc/imunify360/user_config/asrgroup/.htaccess pcfg_openfile: unable to check htaccess file, ensure it is readable and that '/home/anandaob/public_html/js/Bl4ckhOle/root/etc/imunify360/user_config/asrgroup/' is executable
[Sat May 30 04:33:45.373254 2026] [core:crit] [pid 1648359:tid 1648359] (13)Permission denied: [client 51.83.5.74:0] AH00529: /home/anandaob/public_html/js/Bl4ckhOle/root/etc/imunify360/user_config/danishlk/.htaccess pcfg_openfile: unable to check htaccess file, ensure it is readable and that '/home/anandaob/public_html/js/Bl4ckhOle/root/etc/imunify360/user_config/danishlk/' is executable
