[Sat May 30 03:57:46.901278 2026] [hostinglimits:notice] [pid 789576:tid 789576] mod_hostinglimits: use Min UID 1000
[Sat May 30 03:57:46.901332 2026] [hostinglimits:notice] [pid 789576:tid 789576] mod_hostinglimits: version 1.0-39. LVE mechanism enabled
[Sat May 30 03:57:46.901340 2026] [hostinglimits:notice] [pid 789576:tid 789576] mod_hostinglimits: found apr extention version 3
[Sat May 30 03:57:46.901349 2026] [hostinglimits:notice] [pid 789576:tid 789576] mod_hostinglimits: apr_lve_environment_init_group_minuid check ok
[Sat May 30 03:57:46.930335 2026] [ssl:warn] [pid 789576:tid 789576] AH01909: colombobss.com.seyawin.com:443:0 server certificate does NOT include an ID which matches the server name
[Sat May 30 03:57:46.942730 2026] [ssl:warn] [pid 789576:tid 789576] AH01909: slnewsonline.lk.seyawin.com:443:0 server certificate does NOT include an ID which matches the server name
[Sat May 30 03:57:46.956090 2026] [ssl:warn] [pid 789576:tid 789576] AH01909: stanthonys.biz.buddhika.xyz:443:0 server certificate does NOT include an ID which matches the server name
[Sat May 30 03:57:46.956561 2026] [ssl:warn] [pid 789576:tid 789576] AH01909: emlproperties.lk.buddhika.xyz:443:0 server certificate does NOT include an ID which matches the server name
[Sat May 30 03:57:46.957046 2026] [ssl:warn] [pid 789576:tid 789576] AH01909: millenniumagro.lk.buddhika.xyz:443:0 server certificate does NOT include an ID which matches the server name
[Sat May 30 03:57:46.957499 2026] [ssl:warn] [pid 789576:tid 789576] AH01909: greentaraceylon.com.buddhika.xyz:443:0 server certificate does NOT include an ID which matches the server name
[Sat May 30 03:57:46.957983 2026] [ssl:warn] [pid 789576:tid 789576] AH01909: manaharasupercenter.lk.buddhika.xyz:443:0 server certificate does NOT include an ID which matches the server name
[Sat May 30 03:57:46.960565 2026] [ssl:warn] [pid 789576:tid 789576] AH01909: yummykingdom.lk:443:0 server certificate does NOT include an ID which matches the server name
[Sat May 30 03:57:46.961425 2026] [ssl:warn] [pid 789576:tid 789576] AH01909: webitra.net:443:0 server certificate does NOT include an ID which matches the server name
[Sat May 30 03:57:46.967322 2026] [ssl:warn] [pid 789576:tid 789576] AH01909: topview.lk:443:0 server certificate does NOT include an ID which matches the server name
[Sat May 30 03:57:46.969970 2026] [ssl:warn] [pid 789576:tid 789576] AH01909: smartenglish.lk:443:0 server certificate does NOT include an ID which matches the server name
[Sat May 30 03:57:46.970893 2026] [ssl:warn] [pid 789576:tid 789576] AH01909: sirimayura.com:443:0 server certificate does NOT include an ID which matches the server name
[Sat May 30 03:57:46.972202 2026] [ssl:warn] [pid 789576:tid 789576] AH01909: seyawin.com:443:0 server certificate does NOT include an ID which matches the server name
[Sat May 30 03:57:46.973202 2026] [ssl:warn] [pid 789576:tid 789576] AH01909: sadaroexports.com:443:0 server certificate does NOT include an ID which matches the server name
[Sat May 30 03:57:46.973722 2026] [ssl:warn] [pid 789576:tid 789576] AH01909: saara.lk:443:0 server certificate does NOT include an ID which matches the server name
[Sat May 30 03:57:46.974174 2026] [ssl:warn] [pid 789576:tid 789576] AH01909: royalguardian.net:443:0 server certificate does NOT include an ID which matches the server name
[Sat May 30 03:57:46.975544 2026] [ssl:warn] [pid 789576:tid 789576] AH01909: priyankaramahagammullage.com:443:0 server certificate does NOT include an ID which matches the server name
[Sat May 30 03:57:46.975970 2026] [ssl:warn] [pid 789576:tid 789576] AH01909: partsfinder.lk:443:0 server certificate does NOT include an ID which matches the server name
[Sat May 30 03:57:46.976434 2026] [ssl:warn] [pid 789576:tid 789576] AH01909: onur.gov.lk:443:0 server certificate does NOT include an ID which matches the server name
[Sat May 30 03:57:46.984531 2026] [ssl:warn] [pid 789576:tid 789576] AH01909: lakwelholdings.com:443:0 server certificate does NOT include an ID which matches the server name
[Sat May 30 03:57:46.988909 2026] [ssl:warn] [pid 789576:tid 789576] AH01909: idealist.lk:443:0 server certificate does NOT include an ID which matches the server name
[Sat May 30 03:57:46.990780 2026] [ssl:warn] [pid 789576:tid 789576] AH01909: gemtrails.com:443:0 server certificate does NOT include an ID which matches the server name
[Sat May 30 03:57:46.998855 2026] [ssl:warn] [pid 789576:tid 789576] AH01909: dataesite.com:443:0 server certificate does NOT include an ID which matches the server name
[Sat May 30 03:57:46.999346 2026] [ssl:warn] [pid 789576:tid 789576] AH01909: danishlk.com:443:0 server certificate does NOT include an ID which matches the server name
[Sat May 30 03:57:47.001065 2026] [ssl:warn] [pid 789576:tid 789576] AH01909: colper.lk:443:0 server certificate does NOT include an ID which matches the server name
[Sat May 30 03:57:47.004672 2026] [ssl:warn] [pid 789576:tid 789576] AH01909: buildbywebitra.site:443:0 server certificate does NOT include an ID which matches the server name
[Sat May 30 03:57:47.005104 2026] [ssl:warn] [pid 789576:tid 789576] AH01909: buddhika.xyz:443:0 server certificate does NOT include an ID which matches the server name
[Sat May 30 03:57:47.006014 2026] [ssl:warn] [pid 789576:tid 789576] AH01909: bbicecreams.com:443:0 server certificate does NOT include an ID which matches the server name
[Sat May 30 03:57:47.014257 2026] [:notice] [pid 789576:tid 789576] mod_ruid2/0.9.8 enabled
[Sat May 30 03:57:47.016394 2026] [mpm_prefork:notice] [pid 789576:tid 789576] AH00163: Apache/2.4.67 (cPanel) OpenSSL/1.1.1k mod_bwlimited/1.4 configured -- resuming normal operations
[Sat May 30 03:57:47.016424 2026] [core:notice] [pid 789576:tid 789576] AH00094: Command line: '/usr/sbin/httpd'
[Sat May 30 03:57:47.236897 2026] [ssl:error] [pid 1647351:tid 1647351] (70014)End of file found: [client 66.85.158.91:43882] AH02013: coalesce failed to read from data bucket
[Sat May 30 03:57:48.186498 2026] [ssl:error] [pid 1647367:tid 1647367] (70014)End of file found: [client 66.85.158.91:43954] AH02013: coalesce failed to read from data bucket
[Sat May 30 03:57:49.599866 2026] [proxy_fcgi:error] [pid 1647352:tid 1647352] [client 20.226.124.83:0] AH01071: Got error 'Primary script unknown'
[Sat May 30 03:57:49.782972 2026] [proxy_fcgi:error] [pid 1647368:tid 1647368] [client 20.226.124.83:0] AH01071: Got error 'Primary script unknown'
[Sat May 30 03:57:49.869702 2026] [ssl:error] [pid 1647352:tid 1647352] (70014)End of file found: [client 66.85.158.91:44008] AH02013: coalesce failed to read from data bucket
[Sat May 30 03:57:49.964650 2026] [proxy_fcgi:error] [pid 1647368:tid 1647368] [client 20.226.124.83:0] AH01071: Got error 'Primary script unknown'
[Sat May 30 03:57:50.135973 2026] [proxy_fcgi:error] [pid 1647368:tid 1647368] [client 20.226.124.83:0] AH01071: Got error 'Primary script unknown'
[Sat May 30 03:57:50.319968 2026] [proxy_fcgi:error] [pid 1647368:tid 1647368] [client 20.226.124.83:0] AH01071: Got error 'Primary script unknown'
[Sat May 30 03:57:50.488867 2026] [proxy_fcgi:error] [pid 1647353:tid 1647353] [client 20.226.124.83:0] AH01071: Got error 'Primary script unknown'
[Sat May 30 03:57:50.665130 2026] [proxy_fcgi:error] [pid 1647372:tid 1647372] [client 20.226.124.83:0] AH01071: Got error 'Primary script unknown'
[Sat May 30 03:57:50.765833 2026] [ssl:error] [pid 1647356:tid 1647356] (70014)End of file found: [client 66.85.158.91:54008] AH02013: coalesce failed to read from data bucket
[Sat May 30 03:57:50.839286 2026] [proxy_fcgi:error] [pid 1647350:tid 1647350] [client 20.226.124.83:0] AH01071: Got error 'Primary script unknown'
[Sat May 30 03:57:51.051639 2026] [proxy_fcgi:error] [pid 1647353:tid 1647353] [client 20.226.124.83:0] AH01071: Got error 'Primary script unknown'
[Sat May 30 03:57:51.237528 2026] [proxy_fcgi:error] [pid 1647353:tid 1647353] [client 20.226.124.83:0] AH01071: Got error 'Primary script unknown'
[Sat May 30 03:57:51.415751 2026] [proxy_fcgi:error] [pid 1647353:tid 1647353] [client 20.226.124.83:0] AH01071: Got error 'Primary script unknown'
[Sat May 30 03:57:51.729040 2026] [proxy_fcgi:error] [pid 1647368:tid 1647368] [client 20.226.124.83:0] AH01071: Got error 'Primary script unknown'
[Sat May 30 03:57:51.837290 2026] [core:error] [pid 1647383:tid 1647383] (13)Permission denied: [client 216.73.216.174:0] AH00132: file permissions deny server access: /home/anandaob/public_html/js/Bl4ckhOle/root/proc/self/cwd/usr/tmp/AGrisoWxDQ
[Sat May 30 03:57:51.918975 2026] [proxy_fcgi:error] [pid 1647368:tid 1647368] [client 20.226.124.83:0] AH01071: Got error 'Primary script unknown'
[Sat May 30 03:57:51.921195 2026] [security2:error] [pid 1647368:tid 1647368] [client 34.206.212.24:0] ModSecurity: Warning. String match within ".asa/ .asax/ .ascx/ .axd/ .backup/ .bak/ .bat/ .cdx/ .cer/ .cfg/ .cmd/ .com/ .config/ .conf/ .cs/ .csproj/ .csr/ .dat/ .db/ .dbf/ .dll/ .dos/ .htr/ .htw/ .ida/ .idc/ .idq/ .inc/ .ini/ .key/ .licx/ .lnk/ .log/ .mdb/ .old/ .pass/ .pdb/ .pol/ .printer/ .pwd/ .rdb/ .resources/ .resx/ .sql/ .swp/ .sys/ .vb/ .vbs/ .vbproj/ .vsdisco/ .webinfo/ .xsd/ .xsx/" at TX:extension. [file "/etc/apache2/conf.d/modsec_vendor_configs/OWASP3/rules/REQUEST-920-PROTOCOL-ENFORCEMENT.conf"] [line "1055"] [id "920440"] [msg "URL file extension is restricted by policy"] [data ".ini"] [severity "CRITICAL"] [ver "OWASP_CRS/3.3.9"] [tag "application-multi"] [tag "language-multi"] [tag "platform-multi"] [tag "attack-protocol"] [tag "paranoia-level/1"] [tag "OWASP_CRS"] [tag "capec/1000/210/272"] [tag "PCI/6.5.10"] [hostname "anandaobauae.org"] [uri "/public_html/uploads/img/news/m-iraq/root/opt/cloudlinux/alt-php74/root/etc/php.d.all/bitset.ini"] [unique_id "ahoS5xZJuurfaX8ujxHFAAAAAAM"]
[Sat May 30 03:57:51.921605 2026] [security2:error] [pid 1647368:tid 1647368] [client 34.206.212.24:0] ModSecurity: Warning. Operator GE matched 5 at TX:anomaly_score. [file "/etc/apache2/conf.d/modsec_vendor_configs/OWASP3/rules/REQUEST-949-BLOCKING-EVALUATION.conf"] [line "94"] [id "949110"] [msg "Inbound Anomaly Score Exceeded (Total Score: 5)"] [severity "CRITICAL"] [ver "OWASP_CRS/3.3.9"] [tag "application-multi"] [tag "language-multi"] [tag "platform-multi"] [tag "attack-generic"] [hostname "anandaobauae.org"] [uri "/public_html/uploads/img/news/m-iraq/root/opt/cloudlinux/alt-php74/root/etc/php.d.all/bitset.ini"] [unique_id "ahoS5xZJuurfaX8ujxHFAAAAAAM"]
[Sat May 30 03:57:51.937116 2026] [cgi:error] [pid 1647383:tid 1647383] [client 216.73.216.174:0] AH01215: stderr from /home/anandaob/public_html/js/Bl4ckhOle/root/usr/share/perl5/unicore/lib/Nv/17.pl: (13)Permission denied: exec of '/home/anandaob/public_html/js/Bl4ckhOle/root/usr/share/perl5/unicore/lib/Nv/17.pl' failed
[Sat May 30 03:57:51.937169 2026] [cgi:error] [pid 1647383:tid 1647383] [client 216.73.216.174:0] End of script output before headers: 17.pl
[Sat May 30 03:57:51.938327 2026] [security2:error] [pid 1647368:tid 1647368] [client 34.206.212.24:0] ModSecurity: Warning. Operator GE matched 5 at TX:inbound_anomaly_score. [file "/etc/apache2/conf.d/modsec_vendor_configs/OWASP3/rules/RESPONSE-980-CORRELATION.conf"] [line "92"] [id "980130"] [msg "Inbound Anomaly Score Exceeded (Total Inbound Score: 5 - SQLI=0,XSS=0,RFI=0,LFI=0,RCE=0,PHPI=0,HTTP=0,SESS=0): individual paranoia level scores: 5, 0, 0, 0"] [ver "OWASP_CRS/3.3.9"] [tag "event-correlation"] [hostname "anandaobauae.org"] [uri "/public_html/uploads/img/news/m-iraq/root/opt/cloudlinux/alt-php74/root/etc/php.d.all/bitset.ini"] [unique_id "ahoS5xZJuurfaX8ujxHFAAAAAAM"]
[Sat May 30 03:57:52.017013 2026] [ssl:error] [pid 1647368:tid 1647368] (70014)End of file found: [client 66.85.158.91:54160] AH02013: coalesce failed to read from data bucket
[Sat May 30 03:57:52.084847 2026] [proxy_fcgi:error] [pid 1647383:tid 1647383] [client 20.226.124.83:0] AH01071: Got error 'Primary script unknown'
[Sat May 30 03:57:52.214717 2026] [ssl:error] [pid 1647394:tid 1647394] (70014)End of file found: [client 66.85.158.91:54170] AH02013: coalesce failed to read from data bucket
[Sat May 30 03:57:52.312022 2026] [proxy_fcgi:error] [pid 1647383:tid 1647383] [client 20.226.124.83:0] AH01071: Got error 'Primary script unknown'
[Sat May 30 03:57:52.314102 2026] [core:error] [pid 1647353:tid 1647353] (13)Permission denied: [client 216.73.216.174:0] AH00132: file permissions deny server access: /home/anandaob/public_html/js/Bl4ckhOle/root/proc/thread-self/cwd/sys/kernel/slab/xfs_rud_item/cpu_slabs
[Sat May 30 03:57:52.477434 2026] [proxy_fcgi:error] [pid 1647351:tid 1647351] [client 20.226.124.83:0] AH01071: Got error 'Primary script unknown'
[Sat May 30 03:57:52.519953 2026] [ssl:error] [pid 1647353:tid 1647353] (70014)End of file found: [client 66.85.158.91:54226] AH02013: coalesce failed to read from data bucket
[Sat May 30 03:57:52.616270 2026] [ssl:error] [pid 1647372:tid 1647372] (70014)End of file found: [client 66.85.158.91:54234] AH02013: coalesce failed to read from data bucket
[Sat May 30 03:57:52.648424 2026] [proxy_fcgi:error] [pid 1647351:tid 1647351] [client 20.226.124.83:0] AH01071: Got error 'Primary script unknown'
[Sat May 30 03:57:52.733122 2026] [ssl:error] [pid 1647351:tid 1647351] (70014)End of file found: [client 66.85.158.91:54254] AH02013: coalesce failed to read from data bucket
[Sat May 30 03:57:52.954351 2026] [proxy_fcgi:error] [pid 1647350:tid 1647350] [client 20.226.124.83:0] AH01071: Got error 'Primary script unknown'
[Sat May 30 03:57:52.958884 2026] [ssl:error] [pid 1647350:tid 1647350] (5)Input/output error: [client 66.85.158.91:54260] AH02013: coalesce failed to read from data bucket
[Sat May 30 03:57:53.074533 2026] [ssl:error] [pid 1647398:tid 1647398] (70014)End of file found: [client 66.85.158.91:54276] AH02013: coalesce failed to read from data bucket
[Sat May 30 03:57:53.196718 2026] [proxy_fcgi:error] [pid 1647367:tid 1647367] [client 20.226.124.83:0] AH01071: Got error 'Primary script unknown'
[Sat May 30 03:57:53.230707 2026] [core:error] [pid 1647367:tid 1647367] (13)Permission denied: [client 216.73.216.174:0] AH00132: file permissions deny server access: /home/anandaob/public_html/js/Bl4ckhOle/root/proc/self/cwd/sys/dev/char/4:22/subsystem/ttyS0/port
[Sat May 30 03:57:53.236952 2026] [ssl:error] [pid 1647367:tid 1647367] (5)Input/output error: [client 66.85.158.91:54286] AH02013: coalesce failed to read from data bucket
[Sat May 30 03:57:53.962884 2026] [proxy_fcgi:error] [pid 1647383:tid 1647383] [client 20.226.124.83:0] AH01071: Got error 'Primary script unknown'
[Sat May 30 03:57:53.970655 2026] [ssl:error] [pid 1647383:tid 1647383] (5)Input/output error: [client 66.85.158.91:54298] AH02013: coalesce failed to read from data bucket
[Sat May 30 03:57:54.095280 2026] [ssl:error] [pid 1647402:tid 1647402] (70014)End of file found: [client 66.85.158.91:54328] AH02013: coalesce failed to read from data bucket
[Sat May 30 03:57:54.880984 2026] [proxy_fcgi:error] [pid 1647352:tid 1647352] [client 20.226.124.83:0] AH01071: Got error 'Primary script unknown'
[Sat May 30 03:57:55.090275 2026] [proxy_fcgi:error] [pid 1647424:tid 1647424] [client 20.226.124.83:0] AH01071: Got error 'Primary script unknown'
[Sat May 30 03:57:55.845791 2026] [proxy_fcgi:error] [pid 1647356:tid 1647356] [client 20.226.124.83:0] AH01071: Got error 'Primary script unknown'
[Sat May 30 03:57:55.864609 2026] [core:error] [pid 1647356:tid 1647356] (13)Permission denied: [client 74.7.243.216:0] AH00132: file permissions deny server access: /home/anandaob/public_html/js/Bl4ckhOle/root/sys/module/drm/sections/__ksymtab_strings, referer: https://www.anandaobauae.org/js/Bl4ckhOle/root/sys/module/drm/sections/
[Sat May 30 03:57:55.953632 2026] [ssl:error] [pid 1647424:tid 1647424] (70014)End of file found: [client 66.85.158.91:54410] AH02013: coalesce failed to read from data bucket
[Sat May 30 03:57:56.156524 2026] [proxy_fcgi:error] [pid 1647352:tid 1647352] [client 20.226.124.83:0] AH01071: Got error 'Primary script unknown'
[Sat May 30 03:57:56.177253 2026] [core:error] [pid 1647352:tid 1647352] (13)Permission denied: [client 57.141.14.64:0] AH00132: file permissions deny server access: /home/anandaob/public_html/js/Bl4ckhOle/root/proc/thread-self/root/sys/devices/system/memory/memory128/node0/memory88/node0/memory143/node0/memory90/subsystem/drivers_probe
[Sat May 30 03:57:56.809498 2026] [proxy_fcgi:error] [pid 1647356:tid 1647356] [client 20.226.124.83:0] AH01071: Got error 'Primary script unknown'
[Sat May 30 03:57:57.033446 2026] [security2:error] [pid 1647368:tid 1647368] [client 18.209.137.234:0] ModSecurity: Warning. String match within ".asa/ .asax/ .ascx/ .axd/ .backup/ .bak/ .bat/ .cdx/ .cer/ .cfg/ .cmd/ .com/ .config/ .conf/ .cs/ .csproj/ .csr/ .dat/ .db/ .dbf/ .dll/ .dos/ .htr/ .htw/ .ida/ .idc/ .idq/ .inc/ .ini/ .key/ .licx/ .lnk/ .log/ .mdb/ .old/ .pass/ .pdb/ .pol/ .printer/ .pwd/ .rdb/ .resources/ .resx/ .sql/ .swp/ .sys/ .vb/ .vbs/ .vbproj/ .vsdisco/ .webinfo/ .xsd/ .xsx/" at TX:extension. [file "/etc/apache2/conf.d/modsec_vendor_configs/OWASP3/rules/REQUEST-920-PROTOCOL-ENFORCEMENT.conf"] [line "1055"] [id "920440"] [msg "URL file extension is restricted by policy"] [data ".ini"] [severity "CRITICAL"] [ver "OWASP_CRS/3.3.9"] [tag "application-multi"] [tag "language-multi"] [tag "platform-multi"] [tag "attack-protocol"] [tag "paranoia-level/1"] [tag "OWASP_CRS"] [tag "capec/1000/210/272"] [tag "PCI/6.5.10"] [hostname "anandaobauae.org"] [uri "/public_html/uploads/img/news/m-iraq/root/opt/cloudlinux/alt-php74/root/etc/php.d.all/pdo_mysql.ini"] [unique_id "ahoS7RZJuurfaX8ujxHFAgAAAAM"]
[Sat May 30 03:57:57.034057 2026] [security2:error] [pid 1647368:tid 1647368] [client 18.209.137.234:0] ModSecurity: Warning. Operator GE matched 5 at TX:anomaly_score. [file "/etc/apache2/conf.d/modsec_vendor_configs/OWASP3/rules/REQUEST-949-BLOCKING-EVALUATION.conf"] [line "94"] [id "949110"] [msg "Inbound Anomaly Score Exceeded (Total Score: 5)"] [severity "CRITICAL"] [ver "OWASP_CRS/3.3.9"] [tag "application-multi"] [tag "language-multi"] [tag "platform-multi"] [tag "attack-generic"] [hostname "anandaobauae.org"] [uri "/public_html/uploads/img/news/m-iraq/root/opt/cloudlinux/alt-php74/root/etc/php.d.all/pdo_mysql.ini"] [unique_id "ahoS7RZJuurfaX8ujxHFAgAAAAM"]
[Sat May 30 03:57:57.044200 2026] [security2:error] [pid 1647368:tid 1647368] [client 18.209.137.234:0] ModSecurity: Warning. Operator GE matched 5 at TX:inbound_anomaly_score. [file "/etc/apache2/conf.d/modsec_vendor_configs/OWASP3/rules/RESPONSE-980-CORRELATION.conf"] [line "92"] [id "980130"] [msg "Inbound Anomaly Score Exceeded (Total Inbound Score: 5 - SQLI=0,XSS=0,RFI=0,LFI=0,RCE=0,PHPI=0,HTTP=0,SESS=0): individual paranoia level scores: 5, 0, 0, 0"] [ver "OWASP_CRS/3.3.9"] [tag "event-correlation"] [hostname "anandaobauae.org"] [uri "/public_html/uploads/img/news/m-iraq/root/opt/cloudlinux/alt-php74/root/etc/php.d.all/pdo_mysql.ini"] [unique_id "ahoS7RZJuurfaX8ujxHFAgAAAAM"]
[Sat May 30 03:57:57.262773 2026] [proxy_fcgi:error] [pid 1647394:tid 1647394] [client 20.226.124.83:0] AH01071: Got error 'Primary script unknown'
[Sat May 30 03:57:57.302290 2026] [ssl:error] [pid 1647394:tid 1647394] (70014)End of file found: [client 66.85.158.91:54528] AH02013: coalesce failed to read from data bucket
[Sat May 30 03:57:58.195675 2026] [ssl:error] [pid 1647350:tid 1647350] (70014)End of file found: [client 66.85.158.91:54594] AH02013: coalesce failed to read from data bucket
[Sat May 30 03:57:58.282830 2026] [proxy_fcgi:error] [pid 1647398:tid 1647398] [client 20.226.124.83:0] AH01071: Got error 'Primary script unknown'
[Sat May 30 03:57:58.458899 2026] [proxy_fcgi:error] [pid 1647351:tid 1647351] [client 20.226.124.83:0] AH01071: Got error 'Primary script unknown'
[Sat May 30 03:57:58.639067 2026] [proxy_fcgi:error] [pid 1647367:tid 1647367] [client 20.226.124.83:0] AH01071: Got error 'Primary script unknown'
[Sat May 30 03:57:59.042241 2026] [proxy_fcgi:error] [pid 1647472:tid 1647472] [client 20.226.124.83:0] AH01071: Got error 'Primary script unknown'
[Sat May 30 03:57:59.272151 2026] [proxy_fcgi:error] [pid 1647368:tid 1647368] [client 20.226.124.83:0] AH01071: Got error 'Primary script unknown'
[Sat May 30 03:57:59.368044 2026] [ssl:error] [pid 1647383:tid 1647383] (70014)End of file found: [client 66.85.158.91:54712] AH02013: coalesce failed to read from data bucket
[Sat May 30 03:57:59.633423 2026] [proxy_fcgi:error] [pid 1647367:tid 1647367] [client 20.226.124.83:0] AH01071: Got error 'Primary script unknown'
[Sat May 30 03:57:59.863647 2026] [proxy_fcgi:error] [pid 1647367:tid 1647367] [client 20.226.124.83:0] AH01071: Got error 'Primary script unknown'
[Sat May 30 03:57:59.902363 2026] [ssl:error] [pid 1647353:tid 1647353] (70014)End of file found: [client 66.85.158.91:54774] AH02013: coalesce failed to read from data bucket
[Sat May 30 03:57:59.908812 2026] [ssl:error] [pid 1647368:tid 1647368] (70014)End of file found: [client 66.85.158.91:54786] AH02013: coalesce failed to read from data bucket
[Sat May 30 03:57:59.971075 2026] [ssl:error] [pid 1647472:tid 1647472] (70014)End of file found: [client 66.85.158.91:54820] AH02013: coalesce failed to read from data bucket
[Sat May 30 03:58:00.006643 2026] [ssl:error] [pid 1647372:tid 1647372] (70014)End of file found: [client 66.85.158.91:54846] AH02013: coalesce failed to read from data bucket
[Sat May 30 03:58:00.158888 2026] [ssl:error] [pid 1647536:tid 1647536] (70014)End of file found: [client 66.85.158.91:54858] AH02013: coalesce failed to read from data bucket
[Sat May 30 03:58:00.255753 2026] [security2:error] [pid 1647367:tid 1647367] [client 44.223.116.180:0] ModSecurity: Warning. String match within ".asa/ .asax/ .ascx/ .axd/ .backup/ .bak/ .bat/ .cdx/ .cer/ .cfg/ .cmd/ .com/ .config/ .conf/ .cs/ .csproj/ .csr/ .dat/ .db/ .dbf/ .dll/ .dos/ .htr/ .htw/ .ida/ .idc/ .idq/ .inc/ .ini/ .key/ .licx/ .lnk/ .log/ .mdb/ .old/ .pass/ .pdb/ .pol/ .printer/ .pwd/ .rdb/ .resources/ .resx/ .sql/ .swp/ .sys/ .vb/ .vbs/ .vbproj/ .vsdisco/ .webinfo/ .xsd/ .xsx/" at TX:extension. [file "/etc/apache2/conf.d/modsec_vendor_configs/OWASP3/rules/REQUEST-920-PROTOCOL-ENFORCEMENT.conf"] [line "1055"] [id "920440"] [msg "URL file extension is restricted by policy"] [data ".ini"] [severity "CRITICAL"] [ver "OWASP_CRS/3.3.9"] [tag "application-multi"] [tag "language-multi"] [tag "platform-multi"] [tag "attack-protocol"] [tag "paranoia-level/1"] [tag "OWASP_CRS"] [tag "capec/1000/210/272"] [tag "PCI/6.5.10"] [hostname "anandaobauae.org"] [uri "/public_html/uploads/img/news/m-iraq/root/opt/cloudlinux/alt-php74/root/etc/php.d.all/gender.ini"] [unique_id "ahoS8K8CD_BNjzIoiuhFMAAAAAI"]
[Sat May 30 03:58:00.256215 2026] [security2:error] [pid 1647367:tid 1647367] [client 44.223.116.180:0] ModSecurity: Warning. Operator GE matched 5 at TX:anomaly_score. [file "/etc/apache2/conf.d/modsec_vendor_configs/OWASP3/rules/REQUEST-949-BLOCKING-EVALUATION.conf"] [line "94"] [id "949110"] [msg "Inbound Anomaly Score Exceeded (Total Score: 5)"] [severity "CRITICAL"] [ver "OWASP_CRS/3.3.9"] [tag "application-multi"] [tag "language-multi"] [tag "platform-multi"] [tag "attack-generic"] [hostname "anandaobauae.org"] [uri "/public_html/uploads/img/news/m-iraq/root/opt/cloudlinux/alt-php74/root/etc/php.d.all/gender.ini"] [unique_id "ahoS8K8CD_BNjzIoiuhFMAAAAAI"]
[Sat May 30 03:58:00.278701 2026] [security2:error] [pid 1647367:tid 1647367] [client 44.223.116.180:0] ModSecurity: Warning. Operator GE matched 5 at TX:inbound_anomaly_score. [file "/etc/apache2/conf.d/modsec_vendor_configs/OWASP3/rules/RESPONSE-980-CORRELATION.conf"] [line "92"] [id "980130"] [msg "Inbound Anomaly Score Exceeded (Total Inbound Score: 5 - SQLI=0,XSS=0,RFI=0,LFI=0,RCE=0,PHPI=0,HTTP=0,SESS=0): individual paranoia level scores: 5, 0, 0, 0"] [ver "OWASP_CRS/3.3.9"] [tag "event-correlation"] [hostname "anandaobauae.org"] [uri "/public_html/uploads/img/news/m-iraq/root/opt/cloudlinux/alt-php74/root/etc/php.d.all/gender.ini"] [unique_id "ahoS8K8CD_BNjzIoiuhFMAAAAAI"]
[Sat May 30 03:58:00.336916 2026] [core:error] [pid 1647398:tid 1647398] (13)Permission denied: [client 216.73.216.174:0] AH00132: file permissions deny server access: /home/anandaob/public_html/js/Bl4ckhOle/root/sys/class/sound/timer/subsystem/card0/device/driver/new_id
[Sat May 30 03:58:00.465496 2026] [security2:error] [pid 1647367:tid 1647367] [client 216.73.216.174:0] ModSecurity: collections_remove_stale: Failed to access DBM file "/var/cpanel/secdatadir/anandaob-global": Permission denied [hostname "anandaobauae.org"] [uri "/js/Bl4ckhOle/root/proc/self/cwd/opt/alt/php80/usr/share/licenses/"] [unique_id "ahoS8K8CD_BNjzIoiuhFNgAAAAI"], referer: https://anandaobauae.org/js/Bl4ckhOle/root/proc/self/cwd/opt/alt/php80/usr/share/licenses
[Sat May 30 03:58:00.465584 2026] [security2:error] [pid 1647367:tid 1647367] [client 216.73.216.174:0] ModSecurity: collections_remove_stale: Failed to access DBM file "/var/cpanel/secdatadir/anandaob-ip": Permission denied [hostname "anandaobauae.org"] [uri "/js/Bl4ckhOle/root/proc/self/cwd/opt/alt/php80/usr/share/licenses/"] [unique_id "ahoS8K8CD_BNjzIoiuhFNgAAAAI"], referer: https://anandaobauae.org/js/Bl4ckhOle/root/proc/self/cwd/opt/alt/php80/usr/share/licenses
[Sat May 30 03:58:00.522143 2026] [security2:error] [pid 1647356:tid 1647356] [client 162.214.206.32:0] ModSecurity: collections_remove_stale: Failed to access DBM file "/var/cpanel/secdatadir/buddhika-global": Permission denied [hostname "stanthonys.biz"] [uri "/wp-admin/index.php"] [unique_id "ahoS7zUqKtVU0dNco7kqQQAAAAE"], referer: https://www.stanthonys.biz/wp-login.php
[Sat May 30 03:58:00.522205 2026] [security2:error] [pid 1647356:tid 1647356] [client 162.214.206.32:0] ModSecurity: collections_remove_stale: Failed to access DBM file "/var/cpanel/secdatadir/buddhika-ip": Permission denied [hostname "stanthonys.biz"] [uri "/wp-admin/index.php"] [unique_id "ahoS7zUqKtVU0dNco7kqQQAAAAE"], referer: https://www.stanthonys.biz/wp-login.php
[Sat May 30 03:58:00.543013 2026] [ssl:error] [pid 1647356:tid 1647356] (70014)End of file found: [client 66.85.158.91:54958] AH02013: coalesce failed to read from data bucket
[Sat May 30 03:58:00.602240 2026] [ssl:error] [pid 1647352:tid 1647352] (70014)End of file found: [client 66.85.158.91:54962] AH02013: coalesce failed to read from data bucket
[Sat May 30 03:58:00.849502 2026] [proxy_fcgi:error] [pid 1647351:tid 1647351] [client 20.226.124.83:0] AH01071: Got error 'Primary script unknown'
[Sat May 30 03:58:00.874991 2026] [ssl:error] [pid 1647351:tid 1647351] (70014)End of file found: [client 66.85.158.91:39356] AH02013: coalesce failed to read from data bucket
[Sat May 30 03:58:01.054365 2026] [proxy_fcgi:error] [pid 1647424:tid 1647424] [client 20.226.124.83:0] AH01071: Got error 'Primary script unknown'
[Sat May 30 03:58:01.077407 2026] [ssl:error] [pid 1647424:tid 1647424] (70014)End of file found: [client 66.85.158.91:39388] AH02013: coalesce failed to read from data bucket
[Sat May 30 03:58:01.244274 2026] [proxy_fcgi:error] [pid 1647554:tid 1647554] [client 20.226.124.83:0] AH01071: Got error 'Primary script unknown'
[Sat May 30 03:58:01.247044 2026] [core:error] [pid 1647555:tid 1647555] (13)Permission denied: [client 216.73.216.174:0] AH00132: file permissions deny server access: /home/anandaob/public_html/js/Bl4ckhOle/root/sys/devices/virtual/tty/tty48/subsystem/ttyS1/irq
[Sat May 30 03:58:01.255472 2026] [ssl:error] [pid 1647555:tid 1647555] (70014)End of file found: [client 66.85.158.91:39410] AH02013: coalesce failed to read from data bucket
[Sat May 30 03:58:01.315029 2026] [core:error] [pid 1647554:tid 1647554] (13)Permission denied: [client 216.73.216.174:0] AH00132: file permissions deny server access: /home/anandaob/public_html/js/Bl4ckhOle/root/sys/devices/virtual/tty/tty24/subsystem/ttyS3/irq
[Sat May 30 03:58:01.589069 2026] [proxy_fcgi:error] [pid 1647402:tid 1647402] [client 20.226.124.83:0] AH01071: Got error 'Primary script unknown'
[Sat May 30 03:58:01.842356 2026] [proxy_fcgi:error] [pid 1647554:tid 1647554] [client 20.226.124.83:0] AH01071: Got error 'Primary script unknown'
[Sat May 30 03:58:01.892156 2026] [ssl:error] [pid 1647554:tid 1647554] (70014)End of file found: [client 66.85.158.91:39470] AH02013: coalesce failed to read from data bucket
[Sat May 30 03:58:02.223267 2026] [ssl:error] [pid 1647619:tid 1647619] (70014)End of file found: [client 66.85.158.91:39478] AH02013: coalesce failed to read from data bucket
[Sat May 30 03:58:02.316090 2026] [ssl:error] [pid 1647616:tid 1647616] (70014)End of file found: [client 66.85.158.91:39500] AH02013: coalesce failed to read from data bucket
[Sat May 30 03:58:02.493353 2026] [ssl:error] [pid 1647394:tid 1647394] (70014)End of file found: [client 66.85.158.91:39552] AH02013: coalesce failed to read from data bucket
[Sat May 30 03:58:02.564028 2026] [ssl:error] [pid 1647617:tid 1647617] (70014)End of file found: [client 66.85.158.91:39576] AH02013: coalesce failed to read from data bucket
[Sat May 30 03:58:02.669620 2026] [proxy_fcgi:error] [pid 1647618:tid 1647618] [client 20.226.124.83:0] AH01071: Got error 'Primary script unknown'
[Sat May 30 03:58:02.981053 2026] [proxy_fcgi:error] [pid 1647398:tid 1647398] [client 20.226.124.83:0] AH01071: Got error 'Primary script unknown'
[Sat May 30 03:58:03.082358 2026] [ssl:error] [pid 1647398:tid 1647398] (70014)End of file found: [client 66.85.158.91:39604] AH02013: coalesce failed to read from data bucket
[Sat May 30 03:58:03.389657 2026] [proxy_fcgi:error] [pid 1647367:tid 1647367] [client 20.226.124.83:0] AH01071: Got error 'Primary script unknown'
[Sat May 30 03:58:03.512734 2026] [ssl:error] [pid 1647637:tid 1647637] (70014)End of file found: [client 66.85.158.91:39662] AH02013: coalesce failed to read from data bucket
[Sat May 30 03:58:03.558407 2026] [proxy_fcgi:error] [pid 1647350:tid 1647350] [client 20.226.124.83:0] AH01071: Got error 'Primary script unknown'
[Sat May 30 03:58:03.620558 2026] [ssl:error] [pid 1647350:tid 1647350] (70014)End of file found: [client 66.85.158.91:39684] AH02013: coalesce failed to read from data bucket
[Sat May 30 03:58:03.955610 2026] [proxy_fcgi:error] [pid 1647636:tid 1647636] [client 20.226.124.83:0] AH01071: Got error 'Primary script unknown'
[Sat May 30 03:58:04.149574 2026] [proxy_fcgi:error] [pid 1647639:tid 1647639] [client 20.226.124.83:0] AH01071: Got error 'Primary script unknown'
[Sat May 30 03:58:04.362889 2026] [security2:error] [pid 1647634:tid 1647634] [client 3.93.253.174:0] ModSecurity: Warning. String match within ".asa/ .asax/ .ascx/ .axd/ .backup/ .bak/ .bat/ .cdx/ .cer/ .cfg/ .cmd/ .com/ .config/ .conf/ .cs/ .csproj/ .csr/ .dat/ .db/ .dbf/ .dll/ .dos/ .htr/ .htw/ .ida/ .idc/ .idq/ .inc/ .ini/ .key/ .licx/ .lnk/ .log/ .mdb/ .old/ .pass/ .pdb/ .pol/ .printer/ .pwd/ .rdb/ .resources/ .resx/ .sql/ .swp/ .sys/ .vb/ .vbs/ .vbproj/ .vsdisco/ .webinfo/ .xsd/ .xsx/" at TX:extension. [file "/etc/apache2/conf.d/modsec_vendor_configs/OWASP3/rules/REQUEST-920-PROTOCOL-ENFORCEMENT.conf"] [line "1055"] [id "920440"] [msg "URL file extension is restricted by policy"] [data ".ini"] [severity "CRITICAL"] [ver "OWASP_CRS/3.3.9"] [tag "application-multi"] [tag "language-multi"] [tag "platform-multi"] [tag "attack-protocol"] [tag "paranoia-level/1"] [tag "OWASP_CRS"] [tag "capec/1000/210/272"] [tag "PCI/6.5.10"] [hostname "anandaobauae.org"] [uri "/public_html/uploads/img/news/m-iraq/root/opt/cloudlinux/alt-php74/root/etc/php.d.all/40-vld.ini"] [unique_id "ahoS9KTq-oqwQisnJq2ClQAAABQ"]
[Sat May 30 03:58:04.363530 2026] [security2:error] [pid 1647634:tid 1647634] [client 3.93.253.174:0] ModSecurity: Warning. Operator GE matched 5 at TX:anomaly_score. [file "/etc/apache2/conf.d/modsec_vendor_configs/OWASP3/rules/REQUEST-949-BLOCKING-EVALUATION.conf"] [line "94"] [id "949110"] [msg "Inbound Anomaly Score Exceeded (Total Score: 5)"] [severity "CRITICAL"] [ver "OWASP_CRS/3.3.9"] [tag "application-multi"] [tag "language-multi"] [tag "platform-multi"] [tag "attack-generic"] [hostname "anandaobauae.org"] [uri "/public_html/uploads/img/news/m-iraq/root/opt/cloudlinux/alt-php74/root/etc/php.d.all/40-vld.ini"] [unique_id "ahoS9KTq-oqwQisnJq2ClQAAABQ"]
[Sat May 30 03:58:04.375558 2026] [proxy_fcgi:error] [pid 1647641:tid 1647641] [client 20.226.124.83:0] AH01071: Got error 'Primary script unknown'
[Sat May 30 03:58:04.377160 2026] [security2:error] [pid 1647634:tid 1647634] [client 3.93.253.174:0] ModSecurity: Warning. Operator GE matched 5 at TX:inbound_anomaly_score. [file "/etc/apache2/conf.d/modsec_vendor_configs/OWASP3/rules/RESPONSE-980-CORRELATION.conf"] [line "92"] [id "980130"] [msg "Inbound Anomaly Score Exceeded (Total Inbound Score: 5 - SQLI=0,XSS=0,RFI=0,LFI=0,RCE=0,PHPI=0,HTTP=0,SESS=0): individual paranoia level scores: 5, 0, 0, 0"] [ver "OWASP_CRS/3.3.9"] [tag "event-correlation"] [hostname "anandaobauae.org"] [uri "/public_html/uploads/img/news/m-iraq/root/opt/cloudlinux/alt-php74/root/etc/php.d.all/40-vld.ini"] [unique_id "ahoS9KTq-oqwQisnJq2ClQAAABQ"]
[Sat May 30 03:58:04.442168 2026] [ssl:error] [pid 1647636:tid 1647636] (70014)End of file found: [client 66.85.158.91:39746] AH02013: coalesce failed to read from data bucket
[Sat May 30 03:58:04.544111 2026] [proxy_fcgi:error] [pid 1647402:tid 1647402] [client 20.226.124.83:0] AH01071: Got error 'Primary script unknown'
[Sat May 30 03:58:04.735049 2026] [proxy_fcgi:error] [pid 1647638:tid 1647638] [client 20.226.124.83:0] AH01071: Got error 'Primary script unknown'
[Sat May 30 03:58:04.905025 2026] [proxy_fcgi:error] [pid 1647641:tid 1647641] [client 20.226.124.83:0] AH01071: Got error 'Primary script unknown'
[Sat May 30 03:58:05.132056 2026] [ssl:error] [pid 1647402:tid 1647402] (70014)End of file found: [client 66.85.158.91:39778] AH02013: coalesce failed to read from data bucket
[Sat May 30 03:58:05.239774 2026] [ssl:error] [pid 1647638:tid 1647638] (70014)End of file found: [client 66.85.158.91:39780] AH02013: coalesce failed to read from data bucket
[Sat May 30 03:58:05.240464 2026] [proxy_fcgi:error] [pid 1647635:tid 1647635] [client 20.226.124.83:0] AH01071: Got error 'Primary script unknown'
[Sat May 30 03:58:05.355999 2026] [ssl:error] [pid 1647641:tid 1647641] (5)Input/output error: [client 66.85.158.91:39796] AH02013: coalesce failed to read from data bucket
[Sat May 30 03:58:05.408098 2026] [proxy_fcgi:error] [pid 1647353:tid 1647353] [client 20.226.124.83:0] AH01071: Got error 'Primary script unknown'
[Sat May 30 03:58:05.541735 2026] [core:error] [pid 1647639:tid 1647639] (13)Permission denied: [client 57.141.14.63:0] AH00132: file permissions deny server access: /home/anandaob/public_html/js/Bl4ckhOle/root/proc/thread-self/root/sys/bus/memory/devices/memory89/node0/memory134/node0/cpu3/crash_notes
[Sat May 30 03:58:05.584056 2026] [proxy_fcgi:error] [pid 1647372:tid 1647372] [client 20.226.124.83:0] AH01071: Got error 'Primary script unknown'
[Sat May 30 03:58:05.749515 2026] [proxy_fcgi:error] [pid 1647367:tid 1647367] [client 20.226.124.83:0] AH01071: Got error 'Primary script unknown'
[Sat May 30 03:58:05.757398 2026] [ssl:error] [pid 1647634:tid 1647634] (5)Input/output error: [client 66.85.158.91:39848] AH02013: coalesce failed to read from data bucket
[Sat May 30 03:58:05.924085 2026] [proxy_fcgi:error] [pid 1647353:tid 1647353] [client 20.226.124.83:0] AH01071: Got error 'Primary script unknown'
[Sat May 30 03:58:06.053326 2026] [ssl:error] [pid 1647618:tid 1647618] (70014)End of file found: [client 66.85.158.91:39890] AH02013: coalesce failed to read from data bucket
[Sat May 30 03:58:06.123067 2026] [proxy_fcgi:error] [pid 1647639:tid 1647639] [client 20.226.124.83:0] AH01071: Got error 'Primary script unknown'
[Sat May 30 03:58:06.294669 2026] [proxy_fcgi:error] [pid 1647372:tid 1647372] [client 20.226.124.83:0] AH01071: Got error 'Primary script unknown'
[Sat May 30 03:58:06.470804 2026] [proxy_fcgi:error] [pid 1647367:tid 1647367] [client 20.226.124.83:0] AH01071: Got error 'Primary script unknown'
[Sat May 30 03:58:06.556380 2026] [security2:error] [pid 1647351:tid 1647351] [client 57.141.14.69:0] ModSecurity: collections_remove_stale: Failed to access DBM file "/var/cpanel/secdatadir/anandaob-global": Permission denied [hostname "www.anandaobauae.org"] [uri "/js/Bl4ckhOle/root/proc/thread-self/root/sys/bus/memory/devices/memory109/subsystem/devices/memory96/node0/memory52/node0/memory78/"] [unique_id "ahoS9pm-_Zwt1PUyTD9-pwAAACM"]
[Sat May 30 03:58:06.556445 2026] [security2:error] [pid 1647351:tid 1647351] [client 57.141.14.69:0] ModSecurity: collections_remove_stale: Failed to access DBM file "/var/cpanel/secdatadir/anandaob-ip": Permission denied [hostname "www.anandaobauae.org"] [uri "/js/Bl4ckhOle/root/proc/thread-self/root/sys/bus/memory/devices/memory109/subsystem/devices/memory96/node0/memory52/node0/memory78/"] [unique_id "ahoS9pm-_Zwt1PUyTD9-pwAAACM"]
[Sat May 30 03:58:06.731168 2026] [mime:warn] [pid 1647640:tid 1647640] AH01599: Cannot get media type from 'txt'
[Sat May 30 03:58:06.809474 2026] [proxy_fcgi:error] [pid 1647353:tid 1647353] [client 20.226.124.83:0] AH01071: Got error 'Primary script unknown'
[Sat May 30 03:58:06.979953 2026] [proxy_fcgi:error] [pid 1647424:tid 1647424] [client 20.226.124.83:0] AH01071: Got error 'Primary script unknown'
[Sat May 30 03:58:06.980670 2026] [security2:error] [pid 1647424:tid 1647424] [client 20.226.124.83:0] ModSecurity: collections_remove_stale: Failed to access DBM file "/var/cpanel/secdatadir/gnetuniversals-global": Permission denied [hostname "gnetuniversals.com"] [uri "/inputs.php"] [unique_id "ahoS9qx5TYSnSb9L73RbvgAAAAg"]
[Sat May 30 03:58:06.980729 2026] [security2:error] [pid 1647424:tid 1647424] [client 20.226.124.83:0] ModSecurity: collections_remove_stale: Failed to access DBM file "/var/cpanel/secdatadir/gnetuniversals-ip": Permission denied [hostname "gnetuniversals.com"] [uri "/inputs.php"] [unique_id "ahoS9qx5TYSnSb9L73RbvgAAAAg"]
[Sat May 30 03:58:07.161124 2026] [proxy_fcgi:error] [pid 1647555:tid 1647555] [client 20.226.124.83:0] AH01071: Got error 'Primary script unknown'
[Sat May 30 03:58:07.259927 2026] [core:error] [pid 1647351:tid 1647351] (13)Permission denied: [client 216.73.216.174:0] AH00132: file permissions deny server access: /home/anandaob/public_html/js/Bl4ckhOle/root/proc/thread-self/cwd/sys/class/tty/tty39/subsystem/ttyS3/port
[Sat May 30 03:58:07.328422 2026] [proxy_fcgi:error] [pid 1647635:tid 1647635] [client 20.226.124.83:0] AH01071: Got error 'Primary script unknown'
[Sat May 30 03:58:07.555035 2026] [security2:error] [pid 1647352:tid 1647352] [client 20.226.124.83:0] ModSecurity: collections_remove_stale: Failed to access DBM file "/var/cpanel/secdatadir/gnetuniversals-global": Permission denied [hostname "gnetuniversals.com"] [uri "/wp-content/themes/index.php"] [unique_id "ahoS91baCL5D7nPawZsrtAAAAAs"]
[Sat May 30 03:58:07.555124 2026] [security2:error] [pid 1647352:tid 1647352] [client 20.226.124.83:0] ModSecurity: collections_remove_stale: Failed to access DBM file "/var/cpanel/secdatadir/gnetuniversals-ip": Permission denied [hostname "gnetuniversals.com"] [uri "/wp-content/themes/index.php"] [unique_id "ahoS91baCL5D7nPawZsrtAAAAAs"]
[Sat May 30 03:58:07.755063 2026] [proxy_fcgi:error] [pid 1647367:tid 1647367] [client 20.226.124.83:0] AH01071: Got error 'Primary script unknown'
[Sat May 30 03:58:07.962989 2026] [ssl:error] [pid 1647394:tid 1647394] (70014)End of file found: [client 66.85.158.91:40126] AH02013: coalesce failed to read from data bucket
[Sat May 30 03:58:08.082339 2026] [core:error] [pid 1647352:tid 1647352] (13)Permission denied: [client 216.73.216.174:0] AH00132: file permissions deny server access: /home/anandaob/public_html/js/Bl4ckhOle/root/proc/self/cwd/etc/security/opasswd
[Sat May 30 03:58:08.171993 2026] [ssl:error] [pid 1647555:tid 1647555] (70014)End of file found: [client 66.85.158.91:40174] AH02013: coalesce failed to read from data bucket
[Sat May 30 03:58:08.310873 2026] [ssl:error] [pid 1647619:tid 1647619] (70014)End of file found: [client 66.85.158.91:40216] AH02013: coalesce failed to read from data bucket
[Sat May 30 03:58:08.332241 2026] [proxy_fcgi:error] [pid 1647351:tid 1647351] [client 20.226.124.83:0] AH01071: Got error 'Primary script unknown'
[Sat May 30 03:58:08.468068 2026] [ssl:error] [pid 1647472:tid 1647472] (70014)End of file found: [client 66.85.158.91:40254] AH02013: coalesce failed to read from data bucket
[Sat May 30 03:58:08.519512 2026] [proxy_fcgi:error] [pid 1647383:tid 1647383] [client 20.226.124.83:0] AH01071: Got error 'Primary script unknown'
[Sat May 30 03:58:08.570810 2026] [ssl:error] [pid 1647536:tid 1647536] (5)Input/output error: [client 66.85.158.91:40260] AH02013: coalesce failed to read from data bucket
[Sat May 30 03:58:08.608617 2026] [ssl:error] [pid 1647639:tid 1647639] (70014)End of file found: [client 66.85.158.91:40272] AH02013: coalesce failed to read from data bucket
[Sat May 30 03:58:08.695808 2026] [proxy_fcgi:error] [pid 1647352:tid 1647352] [client 20.226.124.83:0] AH01071: Got error 'Primary script unknown'
[Sat May 30 03:58:08.874964 2026] [proxy_fcgi:error] [pid 1647356:tid 1647356] [client 20.226.124.83:0] AH01071: Got error 'Primary script unknown'
[Sat May 30 03:58:09.060911 2026] [proxy_fcgi:error] [pid 1647640:tid 1647640] [client 20.226.124.83:0] AH01071: Got error 'Primary script unknown'
[Sat May 30 03:58:09.173684 2026] [ssl:error] [pid 1647617:tid 1647617] (70014)End of file found: [client 66.85.158.91:40298] AH02013: coalesce failed to read from data bucket
[Sat May 30 03:58:09.415678 2026] [proxy_fcgi:error] [pid 1647367:tid 1647367] [client 20.226.124.83:0] AH01071: Got error 'Primary script unknown'
[Sat May 30 03:58:09.924242 2026] [proxy_fcgi:error] [pid 1647350:tid 1647350] [client 20.226.124.83:0] AH01071: Got error 'Primary script unknown'
[Sat May 30 03:58:09.976355 2026] [ssl:error] [pid 1647356:tid 1647356] (70014)End of file found: [client 66.85.158.91:40340] AH02013: coalesce failed to read from data bucket
[Sat May 30 03:58:10.098502 2026] [ssl:error] [pid 1647372:tid 1647372] (70014)End of file found: [client 66.85.158.91:40366] AH02013: coalesce failed to read from data bucket
[Sat May 30 03:58:10.099856 2026] [proxy_fcgi:error] [pid 1647640:tid 1647640] [client 20.226.124.83:0] AH01071: Got error 'Primary script unknown'
[Sat May 30 03:58:10.189247 2026] [ssl:error] [pid 1647636:tid 1647636] (5)Input/output error: [client 66.85.158.91:40382] AH02013: coalesce failed to read from data bucket
[Sat May 30 03:58:10.262523 2026] [ssl:error] [pid 1647635:tid 1647635] (70014)End of file found: [client 66.85.158.91:40386] AH02013: coalesce failed to read from data bucket
[Sat May 30 03:58:10.273503 2026] [proxy_fcgi:error] [pid 1647424:tid 1647424] [client 20.226.124.83:0] AH01071: Got error 'Primary script unknown'
[Sat May 30 03:58:10.393045 2026] [ssl:error] [pid 1647368:tid 1647368] (70014)End of file found: [client 66.85.158.91:40392] AH02013: coalesce failed to read from data bucket
[Sat May 30 03:58:10.494409 2026] [ssl:error] [pid 1647352:tid 1647352] (70014)End of file found: [client 66.85.158.91:40416] AH02013: coalesce failed to read from data bucket
[Sat May 30 03:58:10.604500 2026] [ssl:error] [pid 1647640:tid 1647640] (70014)End of file found: [client 66.85.158.91:40434] AH02013: coalesce failed to read from data bucket
[Sat May 30 03:58:10.623748 2026] [proxy_fcgi:error] [pid 1647402:tid 1647402] [client 20.226.124.83:0] AH01071: Got error 'Primary script unknown'
[Sat May 30 03:58:10.791871 2026] [proxy_fcgi:error] [pid 1647424:tid 1647424] [client 20.226.124.83:0] AH01071: Got error 'Primary script unknown'
[Sat May 30 03:58:10.795882 2026] [ssl:error] [pid 1647616:tid 1647616] (5)Input/output error: [client 66.85.158.91:57154] AH02013: coalesce failed to read from data bucket
[Sat May 30 03:58:10.965223 2026] [proxy_fcgi:error] [pid 1647637:tid 1647637] [client 20.226.124.83:0] AH01071: Got error 'Primary script unknown'
[Sat May 30 03:58:11.241772 2026] [ssl:error] [pid 1647424:tid 1647424] (70014)End of file found: [client 66.85.158.91:57216] AH02013: coalesce failed to read from data bucket
[Sat May 30 03:58:11.408584 2026] [ssl:error] [pid 1647554:tid 1647554] (70014)End of file found: [client 66.85.158.91:57224] AH02013: coalesce failed to read from data bucket
[Sat May 30 03:58:11.469106 2026] [proxy_fcgi:error] [pid 1647353:tid 1647353] [client 20.226.124.83:0] AH01071: Got error 'Primary script unknown'
[Sat May 30 03:58:11.607914 2026] [ssl:error] [pid 1647351:tid 1647351] (70014)End of file found: [client 66.85.158.91:57248] AH02013: coalesce failed to read from data bucket
[Sat May 30 03:58:11.651549 2026] [proxy_fcgi:error] [pid 1647398:tid 1647398] [client 20.226.124.83:0] AH01071: Got error 'Primary script unknown'
[Sat May 30 03:58:11.720212 2026] [ssl:error] [pid 1647634:tid 1647634] (70014)End of file found: [client 66.85.158.91:57260] AH02013: coalesce failed to read from data bucket
[Sat May 30 03:58:11.819380 2026] [proxy_fcgi:error] [pid 1647383:tid 1647383] [client 20.226.124.83:0] AH01071: Got error 'Primary script unknown'
[Sat May 30 03:58:12.015830 2026] [ssl:error] [pid 1647383:tid 1647383] (70014)End of file found: [client 66.85.158.91:57324] AH02013: coalesce failed to read from data bucket
[Sat May 30 03:58:12.031180 2026] [proxy_fcgi:error] [pid 1647350:tid 1647350] [client 20.226.124.83:0] AH01071: Got error 'Primary script unknown'
[Sat May 30 03:58:12.363003 2026] [ssl:error] [pid 1647638:tid 1647638] (70014)End of file found: [client 66.85.158.91:57364] AH02013: coalesce failed to read from data bucket
[Sat May 30 03:58:12.476407 2026] [proxy_fcgi:error] [pid 1647398:tid 1647398] [client 20.226.124.83:0] AH01071: Got error 'Primary script unknown'
[Sat May 30 03:58:12.929315 2026] [proxy_fcgi:error] [pid 1647350:tid 1647350] [client 20.226.124.83:0] AH01071: Got error 'Primary script unknown'
[Sat May 30 03:58:13.000936 2026] [ssl:error] [pid 1647398:tid 1647398] (70014)End of file found: [client 66.85.158.91:57394] AH02013: coalesce failed to read from data bucket
[Sat May 30 03:58:13.100031 2026] [proxy_fcgi:error] [pid 1647637:tid 1647637] [client 20.226.124.83:0] AH01071: Got error 'Primary script unknown'
[Sat May 30 03:58:13.279240 2026] [proxy_fcgi:error] [pid 1647367:tid 1647367] [client 20.226.124.83:0] AH01071: Got error 'Primary script unknown'
[Sat May 30 03:58:13.453985 2026] [proxy_fcgi:error] [pid 1647394:tid 1647394] [client 20.226.124.83:0] AH01071: Got error 'Primary script unknown'
[Sat May 30 03:58:13.648345 2026] [proxy_fcgi:error] [pid 1647637:tid 1647637] [client 20.226.124.83:0] AH01071: Got error 'Primary script unknown'
[Sat May 30 03:58:13.823199 2026] [proxy_fcgi:error] [pid 1647641:tid 1647641] [client 20.226.124.83:0] AH01071: Got error 'Primary script unknown'
[Sat May 30 03:58:14.012608 2026] [proxy_fcgi:error] [pid 1647472:tid 1647472] [client 20.226.124.83:0] AH01071: Got error 'Primary script unknown'
[Sat May 30 03:58:14.179767 2026] [proxy_fcgi:error] [pid 1647637:tid 1647637] [client 20.226.124.83:0] AH01071: Got error 'Primary script unknown'
[Sat May 30 03:58:14.365753 2026] [proxy_fcgi:error] [pid 1647353:tid 1647353] [client 20.226.124.83:0] AH01071: Got error 'Primary script unknown'
[Sat May 30 03:58:14.575423 2026] [proxy_fcgi:error] [pid 1647641:tid 1647641] [client 20.226.124.83:0] AH01071: Got error 'Primary script unknown'
[Sat May 30 03:58:14.751326 2026] [proxy_fcgi:error] [pid 1647367:tid 1647367] [client 20.226.124.83:0] AH01071: Got error 'Primary script unknown'
[Sat May 30 03:58:14.946858 2026] [proxy_fcgi:error] [pid 1647402:tid 1647402] [client 20.226.124.83:0] AH01071: Got error 'Primary script unknown'
[Sat May 30 03:58:15.001091 2026] [ssl:error] [pid 1647617:tid 1647617] (70014)End of file found: [client 66.85.158.91:57522] AH02013: coalesce failed to read from data bucket
[Sat May 30 03:58:15.114737 2026] [proxy_fcgi:error] [pid 1647637:tid 1647637] [client 20.226.124.83:0] AH01071: Got error 'Primary script unknown'
[Sat May 30 03:58:15.280595 2026] [proxy_fcgi:error] [pid 1647619:tid 1647619] [client 20.226.124.83:0] AH01071: Got error 'Primary script unknown'
[Sat May 30 03:58:15.383667 2026] [ssl:error] [pid 1647641:tid 1647641] (70014)End of file found: [client 66.85.158.91:57538] AH02013: coalesce failed to read from data bucket
[Sat May 30 03:58:15.449373 2026] [proxy_fcgi:error] [pid 1647350:tid 1647350] [client 20.226.124.83:0] AH01071: Got error 'Primary script unknown'
[Sat May 30 03:58:15.634375 2026] [proxy_fcgi:error] [pid 1647394:tid 1647394] [client 20.226.124.83:0] AH01071: Got error 'Primary script unknown'
[Sat May 30 03:58:15.745598 2026] [core:error] [pid 1647372:tid 1647372] (13)Permission denied: [client 216.73.216.174:0] AH00132: file permissions deny server access: /home/anandaob/public_html/js/Bl4ckhOle/root/proc/thread-self/cwd/sys/class/tty/tty18/subsystem/ttyS3/irq
[Sat May 30 03:58:15.779564 2026] [core:error] [pid 1647637:tid 1647637] (13)Permission denied: [client 57.141.14.62:0] AH00132: file permissions deny server access: /home/anandaob/public_html/js/Bl4ckhOle/root/proc/thread-self/root/sys/devices/system/memory/memory19/node0/memory105/node0/memory128/subsystem/drivers_probe
[Sat May 30 03:58:15.811575 2026] [proxy_fcgi:error] [pid 1647639:tid 1647639] [client 20.226.124.83:0] AH01071: Got error 'Primary script unknown'
[Sat May 30 03:58:15.849981 2026] [ssl:error] [pid 1647636:tid 1647636] (70014)End of file found: [client 66.85.158.91:57568] AH02013: coalesce failed to read from data bucket
[Sat May 30 03:58:17.210013 2026] [proxy_fcgi:error] [pid 1647352:tid 1647352] [client 20.226.124.83:0] AH01071: Got error 'Primary script unknown'
