[Sat May 30 04:42:35.115520 2026] [security2:error] [pid 1671660:tid 1671660] [client 216.73.216.174:0] ModSecurity: collections_remove_stale: Failed to access DBM file "/var/cpanel/secdatadir/anandaob-global": Permission denied [hostname "anandaobauae.org"] [uri "/js/Bl4ckhOle/root/sys/class/wakeup/wakeup5/device/subsystem/devices/PNP0A03:00/device:09/path"] [unique_id "ahodYxeQ-BVCv4TIbp7x8gAAAAY"]
[Sat May 30 04:42:35.115563 2026] [security2:error] [pid 1671660:tid 1671660] [client 216.73.216.174:0] ModSecurity: collections_remove_stale: Failed to access DBM file "/var/cpanel/secdatadir/anandaob-ip": Permission denied [hostname "anandaobauae.org"] [uri "/js/Bl4ckhOle/root/sys/class/wakeup/wakeup5/device/subsystem/devices/PNP0A03:00/device:09/path"] [unique_id "ahodYxeQ-BVCv4TIbp7x8gAAAAY"]
[Sat May 30 04:42:35.137948 2026] [cgi:error] [pid 1670712:tid 1670712] [client 172.212.172.192:0] AH02812: stderr from /home/bostonlanka/public_html/cgi-bin/: attempt to invoke directory as script
[Sat May 30 04:42:35.297823 2026] [core:error] [pid 1671661:tid 1671661] (13)Permission denied: [client 57.141.14.69:0] AH00132: file permissions deny server access: /home/anandaob/public_html/js/Bl4ckhOle/root/proc/thread-self/root/sys/devices/system/memory/memory121/node0/memory63/node0/memory21/subsystem/drivers_probe
[Sat May 30 04:42:35.454868 2026] [ssl:error] [pid 1647356:tid 1647356] (70014)End of file found: [client 66.85.158.91:50474] AH02013: coalesce failed to read from data bucket
[Sat May 30 04:42:35.493408 2026] [autoindex:error] [pid 1670701:tid 1670701] [client 20.204.136.73:0] AH01276: Cannot serve directory /home/monarchdss/public_html/wp-content/uploads/2023/03/: No matching DirectoryIndex (index.php,index.php8,index.php7,index.php5,index.perl,index.pl,index.plx,index.ppl,index.cgi,index.jsp,index.jp,index.phtml,index.shtml,index.xhtml,index.html,index.htm,index.js) found, and server-generated directory index forbidden by Options directive
[Sat May 30 04:42:35.731050 2026] [ssl:error] [pid 1667316:tid 1667316] (70014)End of file found: [client 66.85.158.91:50500] AH02013: coalesce failed to read from data bucket
[Sat May 30 04:42:35.858981 2026] [ssl:error] [pid 1661801:tid 1661801] (70014)End of file found: [client 66.85.158.91:50530] AH02013: coalesce failed to read from data bucket
[Sat May 30 04:42:36.503059 2026] [ssl:error] [pid 1672390:tid 1672390] (70014)End of file found: [client 66.85.158.91:50588] AH02013: coalesce failed to read from data bucket
[Sat May 30 04:42:36.898250 2026] [ssl:error] [pid 1662020:tid 1662020] (70014)End of file found: [client 66.85.158.91:50612] AH02013: coalesce failed to read from data bucket
[Sat May 30 04:42:37.712507 2026] [ssl:error] [pid 1672229:tid 1672229] (70014)End of file found: [client 66.85.158.91:50684] AH02013: coalesce failed to read from data bucket
[Sat May 30 04:42:38.381672 2026] [ssl:error] [pid 1671663:tid 1671663] (70014)End of file found: [client 66.85.158.91:50742] AH02013: coalesce failed to read from data bucket
[Sat May 30 04:42:38.456961 2026] [ssl:error] [pid 1670711:tid 1670711] (70014)End of file found: [client 66.85.158.91:50768] AH02013: coalesce failed to read from data bucket
[Sat May 30 04:42:38.469256 2026] [ssl:error] [pid 1672446:tid 1672446] (70014)End of file found: [client 66.85.158.91:50774] AH02013: coalesce failed to read from data bucket
[Sat May 30 04:42:38.574595 2026] [autoindex:error] [pid 1671638:tid 1671638] [client 20.204.136.73:0] AH01276: Cannot serve directory /home/monarchdss/public_html/wp-includes/js/tinymce/skins/lightgray/: No matching DirectoryIndex (index.php,index.php8,index.php7,index.php5,index.perl,index.pl,index.plx,index.ppl,index.cgi,index.jsp,index.jp,index.phtml,index.shtml,index.xhtml,index.html,index.htm,index.js) found, and server-generated directory index forbidden by Options directive
[Sat May 30 04:42:39.417209 2026] [autoindex:error] [pid 1671638:tid 1671638] [client 20.204.136.73:0] AH01276: Cannot serve directory /home/monarchdss/public_html/wp-includes/js/tinymce/themes/inlite/: No matching DirectoryIndex (index.php,index.php8,index.php7,index.php5,index.perl,index.pl,index.plx,index.ppl,index.cgi,index.jsp,index.jp,index.phtml,index.shtml,index.xhtml,index.html,index.htm,index.js) found, and server-generated directory index forbidden by Options directive
[Sat May 30 04:42:39.580698 2026] [ssl:error] [pid 1647350:tid 1647350] (70014)End of file found: [client 66.85.158.91:50832] AH02013: coalesce failed to read from data bucket
[Sat May 30 04:42:40.091802 2026] [ssl:error] [pid 1666351:tid 1666351] (70014)End of file found: [client 66.85.158.91:50942] AH02013: coalesce failed to read from data bucket
[Sat May 30 04:42:40.180059 2026] [core:error] [pid 1670705:tid 1670705] (13)Permission denied: [client 57.141.14.21:0] AH00132: file permissions deny server access: /home/anandaob/public_html/js/Bl4ckhOle/root/proc/thread-self/root/sys/devices/system/memory/memory76/node0/cpu3/subsystem/uevent
[Sat May 30 04:42:40.554238 2026] [core:error] [pid 1671660:tid 1671660] (13)Permission denied: [client 57.141.14.44:0] AH00132: file permissions deny server access: /home/anandaob/public_html/js/Bl4ckhOle/root/proc/thread-self/root/sys/devices/system/memory/memory119/node0/memory70/node0/subsystem/uevent
[Sat May 30 04:42:40.645649 2026] [core:error] [pid 1670705:tid 1670705] (13)Permission denied: [client 216.73.216.174:0] AH00132: file permissions deny server access: /home/anandaob/public_html/js/Bl4ckhOle/root/proc/self/cwd/sys/class/tty/tty41/subsystem/ttyS1/closing_wait
[Sat May 30 04:42:40.876601 2026] [ssl:error] [pid 1672259:tid 1672259] (70014)End of file found: [client 66.85.158.91:57018] AH02013: coalesce failed to read from data bucket
[Sat May 30 04:42:41.143201 2026] [autoindex:error] [pid 1671660:tid 1671660] [client 20.204.136.73:0] AH01276: Cannot serve directory /home/monarchdss/public_html/wp-includes/sodium_compat/: No matching DirectoryIndex (index.php,index.php8,index.php7,index.php5,index.perl,index.pl,index.plx,index.ppl,index.cgi,index.jsp,index.jp,index.phtml,index.shtml,index.xhtml,index.html,index.htm,index.js) found, and server-generated directory index forbidden by Options directive
[Sat May 30 04:42:41.456010 2026] [ssl:error] [pid 1672489:tid 1672489] (70014)End of file found: [client 66.85.158.91:57060] AH02013: coalesce failed to read from data bucket
[Sat May 30 04:42:41.861987 2026] [ssl:error] [pid 1661800:tid 1661800] (70014)End of file found: [client 66.85.158.91:57120] AH02013: coalesce failed to read from data bucket
[Sat May 30 04:42:41.969868 2026] [autoindex:error] [pid 1672368:tid 1672368] [client 20.204.136.73:0] AH01276: Cannot serve directory /home/monarchdss/public_html/wp-includes/theme-compat/: No matching DirectoryIndex (index.php,index.php8,index.php7,index.php5,index.perl,index.pl,index.plx,index.ppl,index.cgi,index.jsp,index.jp,index.phtml,index.shtml,index.xhtml,index.html,index.htm,index.js) found, and server-generated directory index forbidden by Options directive
[Sat May 30 04:42:42.072724 2026] [ssl:error] [pid 1647398:tid 1647398] (70014)End of file found: [client 66.85.158.91:57158] AH02013: coalesce failed to read from data bucket
[Sat May 30 04:42:42.166042 2026] [core:error] [pid 1666345:tid 1666345] (13)Permission denied: [client 216.73.216.174:0] AH00132: file permissions deny server access: /home/anandaob/public_html/js/Bl4ckhOle/root/proc/thread-self/cwd/sys/class/tty/tty43/subsystem/ttyS2/irq
[Sat May 30 04:42:42.176173 2026] [ssl:error] [pid 1661801:tid 1661801] (70014)End of file found: [client 66.85.158.91:57174] AH02013: coalesce failed to read from data bucket
[Sat May 30 04:42:42.485381 2026] [ssl:error] [pid 1667316:tid 1667316] (70014)End of file found: [client 66.85.158.91:57188] AH02013: coalesce failed to read from data bucket
[Sat May 30 04:42:42.610839 2026] [ssl:error] [pid 1670705:tid 1670705] (70014)End of file found: [client 66.85.158.91:57192] AH02013: coalesce failed to read from data bucket
[Sat May 30 04:42:42.703236 2026] [ssl:error] [pid 1648359:tid 1648359] (70014)End of file found: [client 66.85.158.91:57236] AH02013: coalesce failed to read from data bucket
[Sat May 30 04:42:42.876675 2026] [ssl:error] [pid 1653293:tid 1653293] (70014)End of file found: [client 66.85.158.91:57252] AH02013: coalesce failed to read from data bucket
[Sat May 30 04:42:43.305007 2026] [ssl:error] [pid 1672368:tid 1672368] (70014)End of file found: [client 66.85.158.91:57332] AH02013: coalesce failed to read from data bucket
[Sat May 30 04:42:43.543426 2026] [ssl:error] [pid 1666345:tid 1666345] (70014)End of file found: [client 66.85.158.91:57346] AH02013: coalesce failed to read from data bucket
[Sat May 30 04:42:43.995828 2026] [ssl:error] [pid 1671660:tid 1671660] (70014)End of file found: [client 66.85.158.91:57370] AH02013: coalesce failed to read from data bucket
[Sat May 30 04:42:44.888276 2026] [mime:warn] [pid 1670708:tid 1670708] AH01599: Cannot get media type from 'txt'
[Sat May 30 04:42:46.356087 2026] [ssl:error] [pid 1669369:tid 1669369] (70014)End of file found: [client 66.85.158.91:57562] AH02013: coalesce failed to read from data bucket
[Sat May 30 04:42:46.482208 2026] [core:error] [pid 1671662:tid 1671662] (13)Permission denied: [client 216.73.216.174:0] AH00132: file permissions deny server access: /home/anandaob/public_html/js/Bl4ckhOle/root/proc/self/cwd/sys/class/tty/tty4/subsystem/ttyS3/line
[Sat May 30 04:42:47.002534 2026] [ssl:error] [pid 1666351:tid 1666351] (70014)End of file found: [client 66.85.158.91:57678] AH02013: coalesce failed to read from data bucket
[Sat May 30 04:42:47.889757 2026] [core:error] [pid 1671663:tid 1671663] (13)Permission denied: [client 216.73.216.174:0] AH00132: file permissions deny server access: /home/anandaob/public_html/js/Bl4ckhOle/root/sys/class/wakeup/wakeup11/device/device:01/PNP0700:00/subsystem/drivers/button/unbind
[Sat May 30 04:42:48.040661 2026] [ssl:error] [pid 1657896:tid 1657896] (70014)End of file found: [client 66.85.158.91:57854] AH02013: coalesce failed to read from data bucket
[Sat May 30 04:42:48.134084 2026] [security2:error] [pid 1647356:tid 1647356] [client 172.212.172.192:0] ModSecurity: collections_remove_stale: Failed to access DBM file "/var/cpanel/secdatadir/maximsholdings-global": Permission denied [hostname "moslanka.maximsholdings.com"] [uri "/index.php"] [unique_id "ahodbTUqKtVU0dNco7kuKAAAAAE"]
[Sat May 30 04:42:48.134173 2026] [security2:error] [pid 1647356:tid 1647356] [client 172.212.172.192:0] ModSecurity: collections_remove_stale: Failed to access DBM file "/var/cpanel/secdatadir/maximsholdings-ip": Permission denied [hostname "moslanka.maximsholdings.com"] [uri "/index.php"] [unique_id "ahodbTUqKtVU0dNco7kuKAAAAAE"]
[Sat May 30 04:42:48.671513 2026] [ssl:error] [pid 1647356:tid 1647356] (70014)End of file found: [client 66.85.158.91:57974] AH02013: coalesce failed to read from data bucket
[Sat May 30 04:42:48.946145 2026] [ssl:error] [pid 1653293:tid 1653293] (70014)End of file found: [client 66.85.158.91:58016] AH02013: coalesce failed to read from data bucket
[Sat May 30 04:42:49.072244 2026] [ssl:error] [pid 1670701:tid 1670701] (70014)End of file found: [client 66.85.158.91:58034] AH02013: coalesce failed to read from data bucket
[Sat May 30 04:42:49.094300 2026] [ssl:error] [pid 1670708:tid 1670708] (70014)End of file found: [client 66.85.158.91:58036] AH02013: coalesce failed to read from data bucket
[Sat May 30 04:42:49.226138 2026] [ssl:error] [pid 1647398:tid 1647398] (70014)End of file found: [client 66.85.158.91:58052] AH02013: coalesce failed to read from data bucket
[Sat May 30 04:42:50.149846 2026] [ssl:error] [pid 1671638:tid 1671638] (70014)End of file found: [client 66.85.158.91:58162] AH02013: coalesce failed to read from data bucket
[Sat May 30 04:42:51.516089 2026] [ssl:error] [pid 1647350:tid 1647350] (70014)End of file found: [client 66.85.158.91:50146] AH02013: coalesce failed to read from data bucket
[Sat May 30 04:42:51.800538 2026] [ssl:error] [pid 1662020:tid 1662020] (70014)End of file found: [client 66.85.158.91:50216] AH02013: coalesce failed to read from data bucket
[Sat May 30 04:42:52.024039 2026] [ssl:error] [pid 1672446:tid 1672446] (70014)End of file found: [client 66.85.158.91:50230] AH02013: coalesce failed to read from data bucket
[Sat May 30 04:42:52.177753 2026] [ssl:error] [pid 1672390:tid 1672390] (70014)End of file found: [client 66.85.158.91:50242] AH02013: coalesce failed to read from data bucket
[Sat May 30 04:42:53.301646 2026] [ssl:error] [pid 1657896:tid 1657896] (70014)End of file found: [client 66.85.158.91:50342] AH02013: coalesce failed to read from data bucket
[Sat May 30 04:42:54.078664 2026] [ssl:error] [pid 1671660:tid 1671660] (70014)End of file found: [client 66.85.158.91:50408] AH02013: coalesce failed to read from data bucket
[Sat May 30 04:42:54.183034 2026] [ssl:error] [pid 1671662:tid 1671662] (70014)End of file found: [client 66.85.158.91:50434] AH02013: coalesce failed to read from data bucket
[Sat May 30 04:42:54.504441 2026] [ssl:error] [pid 1653293:tid 1653293] (70014)End of file found: [client 66.85.158.91:50500] AH02013: coalesce failed to read from data bucket
[Sat May 30 04:42:55.056266 2026] [ssl:error] [pid 1670701:tid 1670701] (70014)End of file found: [client 66.85.158.91:50608] AH02013: coalesce failed to read from data bucket
[Sat May 30 04:42:55.155100 2026] [ssl:error] [pid 1661800:tid 1661800] (70014)End of file found: [client 66.85.158.91:50628] AH02013: coalesce failed to read from data bucket
[Sat May 30 04:42:55.189563 2026] [ssl:error] [pid 1672258:tid 1672258] (70014)End of file found: [client 66.85.158.91:50644] AH02013: coalesce failed to read from data bucket
[Sat May 30 04:42:55.211939 2026] [ssl:error] [pid 1647356:tid 1647356] (70014)End of file found: [client 66.85.158.91:50648] AH02013: coalesce failed to read from data bucket
[Sat May 30 04:42:55.287775 2026] [ssl:error] [pid 1648359:tid 1648359] (70014)End of file found: [client 66.85.158.91:50670] AH02013: coalesce failed to read from data bucket
[Sat May 30 04:42:55.678284 2026] [ssl:error] [pid 1670708:tid 1670708] (5)Input/output error: [client 66.85.158.91:50720] AH02013: coalesce failed to read from data bucket
[Sat May 30 04:42:55.840735 2026] [security2:error] [pid 1671638:tid 1671638] [client 20.29.68.224:0] ModSecurity: collections_remove_stale: Failed to access DBM file "/var/cpanel/secdatadir/jrdclk-global": Permission denied [hostname "admin.jrdc.lk"] [uri "/index.html"] [unique_id "ahodd0wU72IwIqxIUdcGOQAAAAQ"]
[Sat May 30 04:42:55.840803 2026] [security2:error] [pid 1671638:tid 1671638] [client 20.29.68.224:0] ModSecurity: collections_remove_stale: Failed to access DBM file "/var/cpanel/secdatadir/jrdclk-ip": Permission denied [hostname "admin.jrdc.lk"] [uri "/index.html"] [unique_id "ahodd0wU72IwIqxIUdcGOQAAAAQ"]
[Sat May 30 04:42:55.963124 2026] [core:error] [pid 1669369:tid 1669369] (13)Permission denied: [client 34.233.219.155:0] AH00132: file permissions deny server access: /home/anandaob/public_html/public_html/backup/js/Bl4ckhOle/root/proc/thread-self/root/sys/devices/system/node/node0/memory8/node0/memory73/subsystem/devices/memory39/node0/memory88/node0/memory131/subsystem/devices/memory120/subsystem/devices/memory58/subsystem/drivers_probe
[Sat May 30 04:42:56.281724 2026] [security2:error] [pid 1671638:tid 1671638] [client 172.212.172.192:0] ModSecurity: collections_remove_stale: Failed to access DBM file "/var/cpanel/secdatadir/bostonlanka-global": Permission denied [hostname "bostonlanka.com"] [uri "/index.php"] [unique_id "ahodeEwU72IwIqxIUdcGOgAAAAQ"]
[Sat May 30 04:42:56.281784 2026] [security2:error] [pid 1671638:tid 1671638] [client 172.212.172.192:0] ModSecurity: collections_remove_stale: Failed to access DBM file "/var/cpanel/secdatadir/bostonlanka-ip": Permission denied [hostname "bostonlanka.com"] [uri "/index.php"] [unique_id "ahodeEwU72IwIqxIUdcGOgAAAAQ"]
[Sat May 30 04:42:56.499228 2026] [ssl:error] [pid 1667316:tid 1667316] (70014)End of file found: [client 66.85.158.91:50848] AH02013: coalesce failed to read from data bucket
[Sat May 30 04:42:56.808385 2026] [ssl:error] [pid 1671663:tid 1671663] (70014)End of file found: [client 66.85.158.91:50878] AH02013: coalesce failed to read from data bucket
[Sat May 30 04:42:57.312419 2026] [ssl:error] [pid 1672446:tid 1672446] (70014)End of file found: [client 66.85.158.91:50928] AH02013: coalesce failed to read from data bucket
[Sat May 30 04:42:57.410563 2026] [ssl:error] [pid 1672390:tid 1672390] (70014)End of file found: [client 66.85.158.91:50954] AH02013: coalesce failed to read from data bucket
[Sat May 30 04:42:57.640175 2026] [ssl:error] [pid 1672259:tid 1672259] (5)Input/output error: [client 66.85.158.91:50986] AH02013: coalesce failed to read from data bucket
[Sat May 30 04:42:57.683344 2026] [hostinglimits:warn] [pid 1672368:tid 1672368] mod_hostinglimits: Error on LVE enter: LVE(1084) HANDLER(proxy:unix:/opt/cpanel/ea-php74/root/usr/var/run/php-fpm/600a8c6cc7ad363c3e07f0d344be330a82eb6c79.sock|fcgi://millenniumagro.lk.buddhika.xyz) HOSTNAME(millenniumagro.lk) URL(/index.php) TID(1672368) errno (7) MHL-E2BIG - entry processes limit reached, read more: https://docs.cloudlinux.com/cloudlinux_os_components/#errors min_uid (1000)
[Sat May 30 04:42:57.745491 2026] [proxy_fcgi:error] [pid 1671626:tid 1671626] [client 66.85.158.91:0] AH01067: Failed to read FastCGI header
[Sat May 30 04:42:57.745564 2026] [proxy_fcgi:error] [pid 1671626:tid 1671626] (104)Connection reset by peer: [client 66.85.158.91:0] AH01075: Error dispatching request to :
[Sat May 30 04:42:57.766446 2026] [core:error] [pid 1672368:tid 1672368] (13)Permission denied: [client 216.73.216.174:0] AH00132: file permissions deny server access: /home/anandaob/public_html/js/Bl4ckhOle/root/sys/class/wakeup/wakeup2/subsystem/wakeup15/device/driver/uevent
[Sat May 30 04:42:58.009521 2026] [core:error] [pid 1647398:tid 1647398] (13)Permission denied: [client 216.73.216.174:0] AH00132: file permissions deny server access: /home/anandaob/public_html/js/Bl4ckhOle/root/proc/self/cwd/sys/kernel/slab/ftrace_event_field/cache_dma
[Sat May 30 04:42:58.142406 2026] [core:error] [pid 1647398:tid 1647398] (13)Permission denied: [client 216.73.216.174:0] AH00132: file permissions deny server access: /home/anandaob/public_html/js/Bl4ckhOle/root/sys/class/tty/ttyS0/device/subsystem/devices/00:04/driver/unbind
[Sat May 30 04:42:58.449379 2026] [ssl:error] [pid 1672637:tid 1672637] (70014)End of file found: [client 66.85.158.91:51070] AH02013: coalesce failed to read from data bucket
[Sat May 30 04:42:58.526414 2026] [ssl:error] [pid 1666351:tid 1666351] (70014)End of file found: [client 66.85.158.91:51086] AH02013: coalesce failed to read from data bucket
[Sat May 30 04:42:58.934560 2026] [ssl:error] [pid 1647398:tid 1647398] (70014)End of file found: [client 66.85.158.91:51140] AH02013: coalesce failed to read from data bucket
[Sat May 30 04:43:00.598878 2026] [hostinglimits:warn] [pid 1669369:tid 1669369] mod_hostinglimits: Error on LVE enter: LVE(1084) HANDLER(proxy:unix:/opt/cpanel/ea-php74/root/usr/var/run/php-fpm/600a8c6cc7ad363c3e07f0d344be330a82eb6c79.sock|fcgi://millenniumagro.lk.buddhika.xyz) HOSTNAME(millenniumagro.lk) URL(/index.php) TID(1669369) errno (7) MHL-E2BIG - entry processes limit reached, read more: https://docs.cloudlinux.com/cloudlinux_os_components/#errors min_uid (1000)
[Sat May 30 04:43:00.602693 2026] [ssl:error] [pid 1653293:tid 1653293] (70014)End of file found: [client 66.85.158.91:51270] AH02013: coalesce failed to read from data bucket
[Sat May 30 04:43:00.623176 2026] [proxy_fcgi:error] [pid 1668440:tid 1668440] [client 141.98.11.117:0] AH01067: Failed to read FastCGI header
[Sat May 30 04:43:00.623237 2026] [proxy_fcgi:error] [pid 1668440:tid 1668440] (104)Connection reset by peer: [client 141.98.11.117:0] AH01075: Error dispatching request to :
[Sat May 30 04:43:00.771057 2026] [ssl:error] [pid 1669369:tid 1669369] (70014)End of file found: [client 66.85.158.91:46060] AH02013: coalesce failed to read from data bucket
[Sat May 30 04:43:01.340111 2026] [ssl:error] [pid 1671662:tid 1671662] (70014)End of file found: [client 66.85.158.91:46096] AH02013: coalesce failed to read from data bucket
[Sat May 30 04:43:01.533967 2026] [hostinglimits:warn] [pid 1647356:tid 1647356] mod_hostinglimits: Error on LVE enter: LVE(1084) HANDLER(proxy:unix:/opt/cpanel/ea-php74/root/usr/var/run/php-fpm/600a8c6cc7ad363c3e07f0d344be330a82eb6c79.sock|fcgi://millenniumagro.lk.buddhika.xyz) HOSTNAME(millenniumagro.lk) URL(/index.php) TID(1647356) errno (7) MHL-E2BIG - entry processes limit reached, read more: https://docs.cloudlinux.com/cloudlinux_os_components/#errors min_uid (1000)
[Sat May 30 04:43:01.734488 2026] [proxy_fcgi:error] [pid 1661802:tid 1661802] [client 57.141.14.14:0] AH01067: Failed to read FastCGI header
[Sat May 30 04:43:01.734556 2026] [proxy_fcgi:error] [pid 1661802:tid 1661802] (104)Connection reset by peer: [client 57.141.14.14:0] AH01075: Error dispatching request to :
[Sat May 30 04:43:02.670785 2026] [ssl:error] [pid 1672658:tid 1672658] (70014)End of file found: [client 66.85.158.91:46276] AH02013: coalesce failed to read from data bucket
[Sat May 30 04:43:02.840755 2026] [ssl:error] [pid 1661800:tid 1661800] (70014)End of file found: [client 66.85.158.91:46296] AH02013: coalesce failed to read from data bucket
[Sat May 30 04:43:03.076069 2026] [security2:error] [pid 1647350:tid 1647350] [client 216.244.66.236:0] ModSecurity: Warning. String match within "/accept-charset/ /content-encoding/ /proxy/ /lock-token/ /content-range/ /if/" at TX:header_name_accept-charset. [file "/etc/apache2/conf.d/modsec_vendor_configs/OWASP3/rules/REQUEST-920-PROTOCOL-ENFORCEMENT.conf"] [line "1127"] [id "920450"] [msg "HTTP header is restricted by policy (/accept-charset/)"] [data "Restricted header detected: /accept-charset/"] [severity "CRITICAL"] [ver "OWASP_CRS/3.3.9"] [tag "application-multi"] [tag "language-multi"] [tag "platform-multi"] [tag "attack-protocol"] [tag "paranoia-level/1"] [tag "OWASP_CRS"] [tag "capec/1000/210/272"] [tag "PCI/12.1"] [hostname "www.anandaobauae.org"] [uri "/robots.txt"] [unique_id "ahodf0ZE6rouK20DG1BTAQAAAAk"]
[Sat May 30 04:43:03.076558 2026] [security2:error] [pid 1647350:tid 1647350] [client 216.244.66.236:0] ModSecurity: Warning. Operator GE matched 5 at TX:anomaly_score. [file "/etc/apache2/conf.d/modsec_vendor_configs/OWASP3/rules/REQUEST-949-BLOCKING-EVALUATION.conf"] [line "94"] [id "949110"] [msg "Inbound Anomaly Score Exceeded (Total Score: 5)"] [severity "CRITICAL"] [ver "OWASP_CRS/3.3.9"] [tag "application-multi"] [tag "language-multi"] [tag "platform-multi"] [tag "attack-generic"] [hostname "www.anandaobauae.org"] [uri "/robots.txt"] [unique_id "ahodf0ZE6rouK20DG1BTAQAAAAk"]
[Sat May 30 04:43:03.077243 2026] [security2:error] [pid 1647350:tid 1647350] [client 216.244.66.236:0] ModSecurity: Warning. Operator GE matched 5 at TX:inbound_anomaly_score. [file "/etc/apache2/conf.d/modsec_vendor_configs/OWASP3/rules/RESPONSE-980-CORRELATION.conf"] [line "92"] [id "980130"] [msg "Inbound Anomaly Score Exceeded (Total Inbound Score: 5 - SQLI=0,XSS=0,RFI=0,LFI=0,RCE=0,PHPI=0,HTTP=0,SESS=0): individual paranoia level scores: 5, 0, 0, 0"] [ver "OWASP_CRS/3.3.9"] [tag "event-correlation"] [hostname "www.anandaobauae.org"] [uri "/KSoft-AnandaOBAUAE_2/robots.txt"] [unique_id "ahodf0ZE6rouK20DG1BTAQAAAAk"]
[Sat May 30 04:43:03.092326 2026] [ssl:error] [pid 1672390:tid 1672390] (70014)End of file found: [client 66.85.158.91:46324] AH02013: coalesce failed to read from data bucket
[Sat May 30 04:43:03.115932 2026] [ssl:error] [pid 1672655:tid 1672655] (70014)End of file found: [client 66.85.158.91:46340] AH02013: coalesce failed to read from data bucket
[Sat May 30 04:43:03.338697 2026] [core:error] [pid 1667316:tid 1667316] (13)Permission denied: [client 216.73.216.174:0] AH00132: file permissions deny server access: /home/anandaob/public_html/js/Bl4ckhOle/root/proc/thread-self/cwd/sys/class/wakeup/wakeup10/subsystem/wakeup7/device/eject
[Sat May 30 04:43:03.474266 2026] [ssl:error] [pid 1672660:tid 1672660] (70014)End of file found: [client 66.85.158.91:46368] AH02013: coalesce failed to read from data bucket
[Sat May 30 04:43:03.788118 2026] [core:error] [pid 1672659:tid 1672659] (13)Permission denied: [client 216.73.216.174:0] AH00132: file permissions deny server access: /home/anandaob/public_html/js/Bl4ckhOle/root/proc/thread-self/cwd/sys/class/wakeup/wakeup7/subsystem/wakeup10/device/eject
[Sat May 30 04:43:03.874799 2026] [core:error] [pid 1672641:tid 1672641] (13)Permission denied: [client 216.73.216.174:0] AH00132: file permissions deny server access: /home/anandaob/public_html/js/Bl4ckhOle/root/sys/devices/LNXSYSTM:00/LNXPWRBN:00/input/input0/subsystem/input5/device/driver/uevent
[Sat May 30 04:43:03.909123 2026] [ssl:error] [pid 1672645:tid 1672645] (70014)End of file found: [client 66.85.158.91:46454] AH02013: coalesce failed to read from data bucket
[Sat May 30 04:43:04.001820 2026] [ssl:error] [pid 1661801:tid 1661801] (5)Input/output error: [client 66.85.158.91:46474] AH02013: coalesce failed to read from data bucket
[Sat May 30 04:43:04.047663 2026] [hostinglimits:warn] [pid 1667316:tid 1667316] mod_hostinglimits: Error on LVE enter: LVE(1084) HANDLER(proxy:unix:/opt/cpanel/ea-php74/root/usr/var/run/php-fpm/600a8c6cc7ad363c3e07f0d344be330a82eb6c79.sock|fcgi://millenniumagro.lk.buddhika.xyz) HOSTNAME(millenniumagro.lk) URL(/wp-login.php) TID(1667316) errno (7) MHL-E2BIG - entry processes limit reached, read more: https://docs.cloudlinux.com/cloudlinux_os_components/#errors min_uid (1000)
[Sat May 30 04:43:04.107510 2026] [ssl:error] [pid 1672637:tid 1672637] (70014)End of file found: [client 66.85.158.91:46512] AH02013: coalesce failed to read from data bucket
[Sat May 30 04:43:04.113689 2026] [ssl:error] [pid 1647356:tid 1647356] (5)Input/output error: [client 66.85.158.91:46506] AH02013: coalesce failed to read from data bucket
[Sat May 30 04:43:04.253816 2026] [core:error] [pid 1666351:tid 1666351] (13)Permission denied: [client 216.73.216.174:0] AH00132: file permissions deny server access: /home/anandaob/public_html/js/Bl4ckhOle/root/sys/class/tty/ttyS2/device/subsystem/devices/serial8250/driver/uevent
[Sat May 30 04:43:04.391304 2026] [ssl:error] [pid 1671638:tid 1671638] (5)Input/output error: [client 66.85.158.91:46560] AH02013: coalesce failed to read from data bucket
[Sat May 30 04:43:04.862884 2026] [hostinglimits:warn] [pid 1672659:tid 1672659] mod_hostinglimits: Error on LVE enter: LVE(1084) HANDLER(proxy:unix:/opt/cpanel/ea-php74/root/usr/var/run/php-fpm/600a8c6cc7ad363c3e07f0d344be330a82eb6c79.sock|fcgi://millenniumagro.lk.buddhika.xyz) HOSTNAME(millenniumagro.lk) URL(/index.php) TID(1672659) errno (7) MHL-E2BIG - entry processes limit reached, read more: https://docs.cloudlinux.com/cloudlinux_os_components/#errors min_uid (1000)
[Sat May 30 04:43:04.936777 2026] [hostinglimits:warn] [pid 1671660:tid 1671660] mod_hostinglimits: Error on LVE enter: LVE(1084) HANDLER(proxy:unix:/opt/cpanel/ea-php74/root/usr/var/run/php-fpm/600a8c6cc7ad363c3e07f0d344be330a82eb6c79.sock|fcgi://millenniumagro.lk.buddhika.xyz) HOSTNAME(millenniumagro.lk) URL(/index.php) TID(1671660) errno (7) MHL-E2BIG - entry processes limit reached, read more: https://docs.cloudlinux.com/cloudlinux_os_components/#errors min_uid (1000)
[Sat May 30 04:43:06.257222 2026] [ssl:error] [pid 1666351:tid 1666351] (70014)End of file found: [client 66.85.158.91:46776] AH02013: coalesce failed to read from data bucket
[Sat May 30 04:43:06.793395 2026] [security2:error] [pid 1670708:tid 1670708] [client 94.26.106.167:0] ModSecurity: Warning. detected SQLi using libinjection with fingerprint 'novc' [file "/etc/apache2/conf.d/modsec_vendor_configs/OWASP3/rules/REQUEST-942-APPLICATION-ATTACK-SQLI.conf"] [line "66"] [id "942100"] [msg "SQL Injection Attack Detected via libinjection"] [data "Matched Data: novc found within ARGS:pwd: QAZ!@#321Qaz"] [severity "CRITICAL"] [ver "OWASP_CRS/3.3.9"] [tag "application-multi"] [tag "language-multi"] [tag "platform-multi"] [tag "attack-sqli"] [tag "paranoia-level/1"] [tag "OWASP_CRS"] [tag "capec/1000/152/248/66"] [tag "PCI/6.5.2"] [hostname "fhb.health.gov.lk"] [uri "/wp-login.php"] [unique_id "ahodglpOq5En8wn51IwLuAAAAC4"], referer: https://fhb.health.gov.lk/wp-login.php
[Sat May 30 04:43:06.793957 2026] [security2:error] [pid 1670708:tid 1670708] [client 94.26.106.167:0] ModSecurity: Warning. Operator GE matched 5 at TX:anomaly_score. [file "/etc/apache2/conf.d/modsec_vendor_configs/OWASP3/rules/REQUEST-949-BLOCKING-EVALUATION.conf"] [line "94"] [id "949110"] [msg "Inbound Anomaly Score Exceeded (Total Score: 5)"] [severity "CRITICAL"] [ver "OWASP_CRS/3.3.9"] [tag "application-multi"] [tag "language-multi"] [tag "platform-multi"] [tag "attack-generic"] [hostname "fhb.health.gov.lk"] [uri "/wp-login.php"] [unique_id "ahodglpOq5En8wn51IwLuAAAAC4"], referer: https://fhb.health.gov.lk/wp-login.php
[Sat May 30 04:43:07.886321 2026] [ssl:error] [pid 1672657:tid 1672657] (70014)End of file found: [client 66.85.158.91:46966] AH02013: coalesce failed to read from data bucket
[Sat May 30 04:43:07.983491 2026] [ssl:error] [pid 1657896:tid 1657896] (70014)End of file found: [client 66.85.158.91:46980] AH02013: coalesce failed to read from data bucket
[Sat May 30 04:43:08.113620 2026] [core:error] [pid 1672647:tid 1672647] (13)Permission denied: [client 216.73.216.174:0] AH00132: file permissions deny server access: /home/anandaob/public_html/js/Bl4ckhOle/root/proc/self/cwd/sys/kernel/slab/PING/sanity_checks
[Sat May 30 04:43:08.264164 2026] [ssl:error] [pid 1672656:tid 1672656] (70014)End of file found: [client 66.85.158.91:47060] AH02013: coalesce failed to read from data bucket
[Sat May 30 04:43:08.485734 2026] [core:error] [pid 1671639:tid 1671639] (13)Permission denied: [client 216.73.216.174:0] AH00132: file permissions deny server access: /home/anandaob/public_html/js/Bl4ckhOle/root/proc/self/cwd/sys/class/wakeup/wakeup15/device/subsystem/drivers_probe
[Sat May 30 04:43:08.507675 2026] [ssl:error] [pid 1671662:tid 1671662] (70014)End of file found: [client 66.85.158.91:47084] AH02013: coalesce failed to read from data bucket
[Sat May 30 04:43:08.941221 2026] [ssl:error] [pid 1662020:tid 1662020] (70014)End of file found: [client 66.85.158.91:47172] AH02013: coalesce failed to read from data bucket
[Sat May 30 04:43:09.613361 2026] [ssl:error] [pid 1671663:tid 1671663] (70014)End of file found: [client 66.85.158.91:47260] AH02013: coalesce failed to read from data bucket
[Sat May 30 04:43:09.714413 2026] [hostinglimits:warn] [pid 1661801:tid 1661801] mod_hostinglimits: Error on LVE enter: LVE(1084) HANDLER(proxy:unix:/opt/cpanel/ea-php74/root/usr/var/run/php-fpm/600a8c6cc7ad363c3e07f0d344be330a82eb6c79.sock|fcgi://millenniumagro.lk.buddhika.xyz) HOSTNAME(millenniumagro.lk) URL(/index.php) TID(1661801) errno (7) MHL-E2BIG - entry processes limit reached, read more: https://docs.cloudlinux.com/cloudlinux_os_components/#errors min_uid (1000)
[Sat May 30 04:43:10.439659 2026] [ssl:error] [pid 1672660:tid 1672660] (70014)End of file found: [client 66.85.158.91:47426] AH02013: coalesce failed to read from data bucket
[Sat May 30 04:43:10.738526 2026] [proxy_fcgi:error] [pid 1670227:tid 1670227] [client 57.141.14.105:0] AH01067: Failed to read FastCGI header
[Sat May 30 04:43:10.738567 2026] [proxy_fcgi:error] [pid 1670227:tid 1670227] (104)Connection reset by peer: [client 57.141.14.105:0] AH01075: Error dispatching request to :
[Sat May 30 04:43:10.939546 2026] [ssl:error] [pid 1672640:tid 1672640] (5)Input/output error: [client 66.85.158.91:59700] AH02013: coalesce failed to read from data bucket
[Sat May 30 04:43:11.104107 2026] [ssl:error] [pid 1672390:tid 1672390] (5)Input/output error: [client 66.85.158.91:59752] AH02013: coalesce failed to read from data bucket
[Sat May 30 04:43:11.108496 2026] [hostinglimits:warn] [pid 1672658:tid 1672658] mod_hostinglimits: Error on LVE enter: LVE(1084) HANDLER(proxy:unix:/opt/cpanel/ea-php74/root/usr/var/run/php-fpm/600a8c6cc7ad363c3e07f0d344be330a82eb6c79.sock|fcgi://millenniumagro.lk.buddhika.xyz) HOSTNAME(millenniumagro.lk) URL(/index.php) TID(1672658) errno (7) MHL-E2BIG - entry processes limit reached, read more: https://docs.cloudlinux.com/cloudlinux_os_components/#errors min_uid (1000)
[Sat May 30 04:43:11.239315 2026] [ssl:error] [pid 1672646:tid 1672646] (70014)End of file found: [client 66.85.158.91:59768] AH02013: coalesce failed to read from data bucket
[Sat May 30 04:43:11.310171 2026] [ssl:error] [pid 1672229:tid 1672229] (70014)End of file found: [client 66.85.158.91:59796] AH02013: coalesce failed to read from data bucket
[Sat May 30 04:43:11.366820 2026] [ssl:error] [pid 1672645:tid 1672645] (70014)End of file found: [client 66.85.158.91:59780] AH02013: coalesce failed to read from data bucket
[Sat May 30 04:43:11.429301 2026] [core:error] [pid 1647398:tid 1647398] (13)Permission denied: [client 216.73.216.174:0] AH00132: file permissions deny server access: /home/anandaob/public_html/js/Bl4ckhOle/root/proc/self/cwd/sys/dev/char/4:14/subsystem/ttyS1/port
[Sat May 30 04:43:11.579784 2026] [security2:error] [pid 1672637:tid 1672637] [client 47.128.113.166:0] ModSecurity: collections_remove_stale: Failed to access DBM file "/var/cpanel/secdatadir/ayuzonelanka-global": Permission denied [hostname "ayuzonelanka.com"] [uri "/wp-includes/css/dist/block-library/theme.min.css"] [unique_id "ahodh2_Uvcmzje2l2gYiHwAAACE"], referer: https://ayuzonelanka.com/blog/
[Sat May 30 04:43:11.579900 2026] [security2:error] [pid 1672637:tid 1672637] [client 47.128.113.166:0] ModSecurity: collections_remove_stale: Failed to access DBM file "/var/cpanel/secdatadir/ayuzonelanka-ip": Permission denied [hostname "ayuzonelanka.com"] [uri "/wp-includes/css/dist/block-library/theme.min.css"] [unique_id "ahodh2_Uvcmzje2l2gYiHwAAACE"], referer: https://ayuzonelanka.com/blog/
[Sat May 30 04:43:11.600434 2026] [core:error] [pid 1671638:tid 1671638] (13)Permission denied: [client 216.73.216.174:0] AH00132: file permissions deny server access: /home/anandaob/public_html/js/Bl4ckhOle/root/proc/self/cwd/sys/class/tty/tty30/subsystem/ttyS0/closing_wait
[Sat May 30 04:43:11.610360 2026] [ssl:error] [pid 1672659:tid 1672659] (70014)End of file found: [client 66.85.158.91:59874] AH02013: coalesce failed to read from data bucket
[Sat May 30 04:43:12.017038 2026] [security2:error] [pid 1670708:tid 1670708] [client 94.26.106.167:0] ModSecurity: Warning. Operator GE matched 5 at TX:inbound_anomaly_score. [file "/etc/apache2/conf.d/modsec_vendor_configs/OWASP3/rules/RESPONSE-980-CORRELATION.conf"] [line "92"] [id "980130"] [msg "Inbound Anomaly Score Exceeded (Total Inbound Score: 5 - SQLI=5,XSS=0,RFI=0,LFI=0,RCE=0,PHPI=0,HTTP=0,SESS=0): individual paranoia level scores: 5, 0, 0, 0"] [ver "OWASP_CRS/3.3.9"] [tag "event-correlation"] [hostname "fhb.health.gov.lk"] [uri "/wp-login.php"] [unique_id "ahodglpOq5En8wn51IwLuAAAAC4"], referer: https://fhb.health.gov.lk/wp-login.php
[Sat May 30 04:43:12.051001 2026] [ssl:error] [pid 1666351:tid 1666351] (70014)End of file found: [client 66.85.158.91:59976] AH02013: coalesce failed to read from data bucket
[Sat May 30 04:43:12.240357 2026] [core:error] [pid 1672368:tid 1672368] (13)Permission denied: [client 216.73.216.174:0] AH00132: file permissions deny server access: /home/anandaob/public_html/js/Bl4ckhOle/root/proc/thread-self/cwd/sys/kernel/slab/Acpi-ParseExt/reclaim_account
[Sat May 30 04:43:12.355887 2026] [ssl:error] [pid 1670708:tid 1670708] (70014)End of file found: [client 66.85.158.91:60022] AH02013: coalesce failed to read from data bucket
[Sat May 30 04:43:12.561662 2026] [core:error] [pid 1672637:tid 1672637] (13)Permission denied: [client 216.73.216.174:0] AH00132: file permissions deny server access: /home/anandaob/public_html/js/Bl4ckhOle/root/proc/self/cwd/sys/kernel/slab/biovec-128/align
[Sat May 30 04:43:12.666499 2026] [proxy_fcgi:error] [pid 1662021:tid 1662021] [client 57.141.14.15:0] AH01067: Failed to read FastCGI header
[Sat May 30 04:43:12.666571 2026] [proxy_fcgi:error] [pid 1662021:tid 1662021] (104)Connection reset by peer: [client 57.141.14.15:0] AH01075: Error dispatching request to :
[Sat May 30 04:43:12.764616 2026] [ssl:error] [pid 1672258:tid 1672258] (70014)End of file found: [client 66.85.158.91:60126] AH02013: coalesce failed to read from data bucket
[Sat May 30 04:43:12.893242 2026] [security2:error] [pid 1670701:tid 1670701] [client 216.73.216.174:0] ModSecurity: collections_remove_stale: Failed to access DBM file "/var/cpanel/secdatadir/anandaob-global": Permission denied [hostname "anandaobauae.org"] [uri "/js/Bl4ckhOle/root/proc/self/cwd/bin/logname"] [unique_id "ahodiOEC2TP7ebAjH0b8kwAAACo"]
[Sat May 30 04:43:12.893315 2026] [security2:error] [pid 1670701:tid 1670701] [client 216.73.216.174:0] ModSecurity: collections_remove_stale: Failed to access DBM file "/var/cpanel/secdatadir/anandaob-ip": Permission denied [hostname "anandaobauae.org"] [uri "/js/Bl4ckhOle/root/proc/self/cwd/bin/logname"] [unique_id "ahodiOEC2TP7ebAjH0b8kwAAACo"]
[Sat May 30 04:43:13.275122 2026] [ssl:error] [pid 1671638:tid 1671638] (70014)End of file found: [client 66.85.158.91:60222] AH02013: coalesce failed to read from data bucket
[Sat May 30 04:43:13.291768 2026] [hostinglimits:warn] [pid 1672368:tid 1672368] mod_hostinglimits: Error on LVE enter: LVE(1025) HANDLER(proxy:unix:/opt/cpanel/ea-php81/root/usr/var/run/php-fpm/94a52d45ff8dbe9c9f20404349f778aa99f3a02e.sock|fcgi://epid.gov.lk) HOSTNAME(www.epid.gov.lk) URL(/epid/public/index.php) TID(1672368) errno (7) MHL-E2BIG - entry processes limit reached, read more: https://docs.cloudlinux.com/cloudlinux_os_components/#errors min_uid (1000)
[Sat May 30 04:43:13.431347 2026] [core:error] [pid 1672657:tid 1672657] (13)Permission denied: [client 216.73.216.174:0] AH00132: file permissions deny server access: /home/anandaob/public_html/js/Bl4ckhOle/root/sys/class/wakeup/wakeup1/device/physical_node/subsystem/devices/0000:00:06.0/resource0
[Sat May 30 04:43:13.464874 2026] [ssl:error] [pid 1657896:tid 1657896] (70014)End of file found: [client 66.85.158.91:60298] AH02013: coalesce failed to read from data bucket
[Sat May 30 04:43:13.589526 2026] [hostinglimits:warn] [pid 1672637:tid 1672637] mod_hostinglimits: Error on LVE enter: LVE(1084) HANDLER(proxy:unix:/opt/cpanel/ea-php74/root/usr/var/run/php-fpm/600a8c6cc7ad363c3e07f0d344be330a82eb6c79.sock|fcgi://millenniumagro.lk.buddhika.xyz) HOSTNAME(millenniumagro.lk) URL(/index.php) TID(1672637) errno (7) MHL-E2BIG - entry processes limit reached, read more: https://docs.cloudlinux.com/cloudlinux_os_components/#errors min_uid (1000)
[Sat May 30 04:43:13.711773 2026] [ssl:error] [pid 1648359:tid 1648359] (5)Input/output error: [client 66.85.158.91:60338] AH02013: coalesce failed to read from data bucket
[Sat May 30 04:43:13.761742 2026] [hostinglimits:warn] [pid 1669369:tid 1669369] mod_hostinglimits: Error on LVE enter: LVE(1084) HANDLER(proxy:unix:/opt/cpanel/ea-php74/root/usr/var/run/php-fpm/600a8c6cc7ad363c3e07f0d344be330a82eb6c79.sock|fcgi://millenniumagro.lk.buddhika.xyz) HOSTNAME(millenniumagro.lk) URL(/index.php) TID(1669369) errno (7) MHL-E2BIG - entry processes limit reached, read more: https://docs.cloudlinux.com/cloudlinux_os_components/#errors min_uid (1000)
[Sat May 30 04:43:13.897423 2026] [ssl:error] [pid 1647398:tid 1647398] (70014)End of file found: [client 66.85.158.91:60394] AH02013: coalesce failed to read from data bucket
[Sat May 30 04:43:14.471846 2026] [ssl:error] [pid 1672655:tid 1672655] (70014)End of file found: [client 66.85.158.91:60482] AH02013: coalesce failed to read from data bucket
[Sat May 30 04:43:14.557783 2026] [ssl:error] [pid 1672259:tid 1672259] (70014)End of file found: [client 66.85.158.91:60506] AH02013: coalesce failed to read from data bucket
[Sat May 30 04:43:14.799277 2026] [ssl:error] [pid 1647356:tid 1647356] (70014)End of file found: [client 66.85.158.91:60542] AH02013: coalesce failed to read from data bucket
[Sat May 30 04:43:15.051882 2026] [ssl:error] [pid 1672446:tid 1672446] (70014)End of file found: [client 66.85.158.91:60592] AH02013: coalesce failed to read from data bucket
[Sat May 30 04:43:15.514535 2026] [security2:error] [pid 1671661:tid 1671661] [client 66.85.158.91:0] ModSecurity: collections_remove_stale: Failed to access DBM file "/var/cpanel/secdatadir/colperlab-global": Permission denied [hostname "colperlab.com"] [uri "/index.php"] [unique_id "ahodaLI9DjX8UKpoP5i4eAAAAAc"]
[Sat May 30 04:43:15.514626 2026] [security2:error] [pid 1671661:tid 1671661] [client 66.85.158.91:0] ModSecurity: collections_remove_stale: Failed to access DBM file "/var/cpanel/secdatadir/colperlab-ip": Permission denied [hostname "colperlab.com"] [uri "/index.php"] [unique_id "ahodaLI9DjX8UKpoP5i4eAAAAAc"]
[Sat May 30 04:43:16.153381 2026] [ssl:error] [pid 1672656:tid 1672656] (70014)End of file found: [client 66.85.158.91:60778] AH02013: coalesce failed to read from data bucket
[Sat May 30 04:43:16.238485 2026] [hostinglimits:warn] [pid 1671660:tid 1671660] mod_hostinglimits: Error on LVE enter: LVE(1084) HANDLER(proxy:unix:/opt/cpanel/ea-php74/root/usr/var/run/php-fpm/600a8c6cc7ad363c3e07f0d344be330a82eb6c79.sock|fcgi://millenniumagro.lk.buddhika.xyz) HOSTNAME(millenniumagro.lk) URL(/index.php) TID(1671660) errno (7) MHL-E2BIG - entry processes limit reached, read more: https://docs.cloudlinux.com/cloudlinux_os_components/#errors min_uid (1000)
[Sat May 30 04:43:16.254507 2026] [ssl:error] [pid 1662020:tid 1662020] (70014)End of file found: [client 66.85.158.91:60814] AH02013: coalesce failed to read from data bucket
[Sat May 30 04:43:17.388942 2026] [ssl:error] [pid 1672637:tid 1672637] (70014)End of file found: [client 66.85.158.91:60868] AH02013: coalesce failed to read from data bucket
[Sat May 30 04:43:17.493029 2026] [ssl:error] [pid 1672827:tid 1672827] (70014)End of file found: [client 66.85.158.91:60886] AH02013: coalesce failed to read from data bucket
[Sat May 30 04:43:17.502539 2026] [ssl:error] [pid 1666345:tid 1666345] (5)Input/output error: [client 66.85.158.91:60912] AH02013: coalesce failed to read from data bucket
[Sat May 30 04:43:17.658554 2026] [ssl:error] [pid 1672390:tid 1672390] (70014)End of file found: [client 66.85.158.91:60960] AH02013: coalesce failed to read from data bucket
[Sat May 30 04:43:17.694792 2026] [hostinglimits:warn] [pid 1672641:tid 1672641] mod_hostinglimits: Error on LVE enter: LVE(1084) HANDLER(proxy:unix:/opt/cpanel/ea-php74/root/usr/var/run/php-fpm/600a8c6cc7ad363c3e07f0d344be330a82eb6c79.sock|fcgi://millenniumagro.lk.buddhika.xyz) HOSTNAME(millenniumagro.lk) URL(/index.php) TID(1672641) errno (7) MHL-E2BIG - entry processes limit reached, read more: https://docs.cloudlinux.com/cloudlinux_os_components/#errors min_uid (1000)
[Sat May 30 04:43:18.132294 2026] [security2:error] [pid 1661801:tid 1661801] [client 47.128.113.166:0] ModSecurity: collections_remove_stale: Failed to access DBM file "/var/cpanel/secdatadir/ayuzonelanka-global": Permission denied [hostname "ayuzonelanka.com"] [uri "/wp-content/plugins/designthemes-core-features/shortcodes/css/shortcodes/icon-boxes.css"] [unique_id "ahodjhFmLGnCseRiEynxwQAAABQ"], referer: https://ayuzonelanka.com/wp-content/plugins/designthemes-core-features/shortcodes/css/shortcodes.css?ver=83c2035e580406e9923c420ff7d88a95
[Sat May 30 04:43:18.132385 2026] [security2:error] [pid 1661801:tid 1661801] [client 47.128.113.166:0] ModSecurity: collections_remove_stale: Failed to access DBM file "/var/cpanel/secdatadir/ayuzonelanka-ip": Permission denied [hostname "ayuzonelanka.com"] [uri "/wp-content/plugins/designthemes-core-features/shortcodes/css/shortcodes/icon-boxes.css"] [unique_id "ahodjhFmLGnCseRiEynxwQAAABQ"], referer: https://ayuzonelanka.com/wp-content/plugins/designthemes-core-features/shortcodes/css/shortcodes.css?ver=83c2035e580406e9923c420ff7d88a95
[Sat May 30 04:43:18.177115 2026] [ssl:error] [pid 1672229:tid 1672229] (70014)End of file found: [client 66.85.158.91:32874] AH02013: coalesce failed to read from data bucket
[Sat May 30 04:43:18.802201 2026] [ssl:error] [pid 1672646:tid 1672646] (5)Input/output error: [client 66.85.158.91:33050] AH02013: coalesce failed to read from data bucket
[Sat May 30 04:43:18.838382 2026] [ssl:error] [pid 1669369:tid 1669369] (5)Input/output error: [client 66.85.158.91:33066] AH02013: coalesce failed to read from data bucket
[Sat May 30 04:43:18.975850 2026] [ssl:error] [pid 1666351:tid 1666351] (70014)End of file found: [client 66.85.158.91:33082] AH02013: coalesce failed to read from data bucket
[Sat May 30 04:43:19.099966 2026] [ssl:error] [pid 1672661:tid 1672661] (70014)End of file found: [client 66.85.158.91:33130] AH02013: coalesce failed to read from data bucket
[Sat May 30 04:43:19.102238 2026] [ssl:error] [pid 1672657:tid 1672657] (5)Input/output error: [client 66.85.158.91:33108] AH02013: coalesce failed to read from data bucket
[Sat May 30 04:43:19.889312 2026] [ssl:error] [pid 1647398:tid 1647398] (70014)End of file found: [client 66.85.158.91:33246] AH02013: coalesce failed to read from data bucket
[Sat May 30 04:43:20.383511 2026] [ssl:error] [pid 1661800:tid 1661800] (70014)End of file found: [client 66.85.158.91:33344] AH02013: coalesce failed to read from data bucket
[Sat May 30 04:43:20.654601 2026] [ssl:error] [pid 1672655:tid 1672655] (70014)End of file found: [client 66.85.158.91:50714] AH02013: coalesce failed to read from data bucket
[Sat May 30 04:43:20.722167 2026] [proxy_fcgi:error] [pid 1670707:tid 1670707] [client 57.141.14.14:0] AH01067: Failed to read FastCGI header
[Sat May 30 04:43:20.722226 2026] [proxy_fcgi:error] [pid 1670707:tid 1670707] (104)Connection reset by peer: [client 57.141.14.14:0] AH01075: Error dispatching request to :
[Sat May 30 04:43:20.924076 2026] [mime:warn] [pid 1661801:tid 1661801] AH01599: Cannot get media type from 'txt'
[Sat May 30 04:43:21.189162 2026] [ssl:error] [pid 1671660:tid 1671660] (70014)End of file found: [client 66.85.158.91:50746] AH02013: coalesce failed to read from data bucket
[Sat May 30 04:43:21.853773 2026] [ssl:error] [pid 1647350:tid 1647350] (70014)End of file found: [client 66.85.158.91:50758] AH02013: coalesce failed to read from data bucket
[Sat May 30 04:43:22.292243 2026] [cgi:error] [pid 1670705:tid 1670705] [client 3.216.227.216:0] AH01215: stderr from /usr/local/cpanel/cgi-sys/suspendedpage.cgi: 403 (Forbidden): 403 Forbidden
[Sat May 30 04:43:22.292391 2026] [cgi:error] [pid 1670705:tid 1670705] [client 3.216.227.216:0] AH01215: stderr from /usr/local/cpanel/cgi-sys/suspendedpage.cgi: Executing in an invalid environment for the supplied user at /usr/local/cpanel/Cpanel/CGI/NoForm.pm line 157.
[Sat May 30 04:43:22.675931 2026] [proxy_fcgi:error] [pid 1661804:tid 1661804] [client 57.141.14.40:0] AH01067: Failed to read FastCGI header
[Sat May 30 04:43:22.675971 2026] [proxy_fcgi:error] [pid 1661804:tid 1661804] (104)Connection reset by peer: [client 57.141.14.40:0] AH01075: Error dispatching request to :
[Sat May 30 04:43:23.035939 2026] [ssl:error] [pid 1672656:tid 1672656] (70014)End of file found: [client 66.85.158.91:50858] AH02013: coalesce failed to read from data bucket
[Sat May 30 04:43:23.253569 2026] [ssl:error] [pid 1672644:tid 1672644] (70014)End of file found: [client 66.85.158.91:50910] AH02013: coalesce failed to read from data bucket
[Sat May 30 04:43:23.495511 2026] [core:error] [pid 1657896:tid 1657896] (13)Permission denied: [client 216.73.216.174:0] AH00132: file permissions deny server access: /home/anandaob/public_html/js/Bl4ckhOle/root/usr/share/cagefs-skeleton/proc/thread-self/cwd/sys/kernel/slab/dmaengine-unmap-16/slabs
[Sat May 30 04:43:23.968599 2026] [ssl:error] [pid 1671639:tid 1671639] (70014)End of file found: [client 66.85.158.91:51036] AH02013: coalesce failed to read from data bucket
[Sat May 30 04:43:24.157427 2026] [ssl:error] [pid 1647618:tid 1647618] (70014)End of file found: [client 66.85.158.91:51064] AH02013: coalesce failed to read from data bucket
[Sat May 30 04:43:24.243677 2026] [core:error] [pid 1672618:tid 1672618] (13)Permission denied: [client 216.73.216.174:0] AH00132: file permissions deny server access: /home/anandaob/public_html/js/Bl4ckhOle/root/proc/self/cwd/sys/devices/virtual/tty/tty48/subsystem/ttyS2/uartclk
[Sat May 30 04:43:24.534499 2026] [proxy_fcgi:error] [pid 1670711:tid 1670711] [client 57.141.14.109:0] AH01067: Failed to read FastCGI header
[Sat May 30 04:43:24.534551 2026] [proxy_fcgi:error] [pid 1670711:tid 1670711] (104)Connection reset by peer: [client 57.141.14.109:0] AH01075: Error dispatching request to :
[Sat May 30 04:43:24.631609 2026] [ssl:error] [pid 1671663:tid 1671663] (70014)End of file found: [client 66.85.158.91:51122] AH02013: coalesce failed to read from data bucket
[Sat May 30 04:43:24.900246 2026] [ssl:error] [pid 1657896:tid 1657896] (70014)End of file found: [client 66.85.158.91:51164] AH02013: coalesce failed to read from data bucket
[Sat May 30 04:43:24.903570 2026] [ssl:error] [pid 1672640:tid 1672640] (70014)End of file found: [client 66.85.158.91:51168] AH02013: coalesce failed to read from data bucket
[Sat May 30 04:43:24.963501 2026] [ssl:error] [pid 1653293:tid 1653293] (70014)End of file found: [client 66.85.158.91:51184] AH02013: coalesce failed to read from data bucket
[Sat May 30 04:43:25.657627 2026] [ssl:error] [pid 1670701:tid 1670701] (70014)End of file found: [client 66.85.158.91:51268] AH02013: coalesce failed to read from data bucket
