[Sat May 30 04:28:10.704843 2026] [ssl:error] [pid 1648359:tid 1648359] (70014)End of file found: [client 66.85.158.91:35428] AH02013: coalesce failed to read from data bucket
[Sat May 30 04:28:11.331124 2026] [core:error] [pid 1647398:tid 1647398] (13)Permission denied: [client 216.73.216.174:0] AH00132: file permissions deny server access: /home/anandaob/public_html/js/Bl4ckhOle/root/sys/dev/char/4:42/subsystem/tty5/subsystem/ttyS1/line
[Sat May 30 04:28:11.511523 2026] [ssl:error] [pid 1647424:tid 1647424] (70014)End of file found: [client 66.85.158.91:35458] AH02013: coalesce failed to read from data bucket
[Sat May 30 04:28:11.881089 2026] [ssl:error] [pid 1662020:tid 1662020] (70014)End of file found: [client 66.85.158.91:35520] AH02013: coalesce failed to read from data bucket
[Sat May 30 04:28:12.060988 2026] [ssl:error] [pid 1661801:tid 1661801] (70014)End of file found: [client 66.85.158.91:35556] AH02013: coalesce failed to read from data bucket
[Sat May 30 04:28:12.974509 2026] [security2:error] [pid 1647398:tid 1647398] [client 57.141.14.16:0] ModSecurity: collections_remove_stale: Failed to access DBM file "/var/cpanel/secdatadir/anandaob-global": Permission denied [hostname "www.anandaobauae.org"] [uri "/js/Bl4ckhOle/root/proc/thread-self/root/sys/bus/memory/devices/memory142/node0/memory91/node0/memory11/subsystem/devices/"] [unique_id "ahoaBGmUndPLqgk8QPcwOQAAAAA"]
[Sat May 30 04:28:12.974597 2026] [security2:error] [pid 1647398:tid 1647398] [client 57.141.14.16:0] ModSecurity: collections_remove_stale: Failed to access DBM file "/var/cpanel/secdatadir/anandaob-ip": Permission denied [hostname "www.anandaobauae.org"] [uri "/js/Bl4ckhOle/root/proc/thread-self/root/sys/bus/memory/devices/memory142/node0/memory91/node0/memory11/subsystem/devices/"] [unique_id "ahoaBGmUndPLqgk8QPcwOQAAAAA"]
[Sat May 30 04:28:13.022291 2026] [ssl:error] [pid 1648376:tid 1648376] (70014)End of file found: [client 66.85.158.91:35614] AH02013: coalesce failed to read from data bucket
[Sat May 30 04:28:13.207267 2026] [ssl:error] [pid 1647383:tid 1647383] (70014)End of file found: [client 66.85.158.91:35616] AH02013: coalesce failed to read from data bucket
[Sat May 30 04:28:13.838941 2026] [ssl:error] [pid 1647618:tid 1647618] (70014)End of file found: [client 66.85.158.91:35654] AH02013: coalesce failed to read from data bucket
[Sat May 30 04:28:13.902730 2026] [security2:error] [pid 1653293:tid 1653293] [client 184.73.35.182:0] ModSecurity: collections_remove_stale: Failed to access DBM file "/var/cpanel/secdatadir/ksoftweb-global": Permission denied [hostname "www.ksoft.web.lk"] [uri "/daph/daph/vendor/doctrine/lexer/lib/"] [unique_id "ahoaBfWVrZ1N0-iPO5ELbQAAAAI"]
[Sat May 30 04:28:13.902814 2026] [security2:error] [pid 1653293:tid 1653293] [client 184.73.35.182:0] ModSecurity: collections_remove_stale: Failed to access DBM file "/var/cpanel/secdatadir/ksoftweb-ip": Permission denied [hostname "www.ksoft.web.lk"] [uri "/daph/daph/vendor/doctrine/lexer/lib/"] [unique_id "ahoaBfWVrZ1N0-iPO5ELbQAAAAI"]
[Sat May 30 04:28:15.002101 2026] [ssl:error] [pid 1647368:tid 1647368] (70014)End of file found: [client 66.85.158.91:35736] AH02013: coalesce failed to read from data bucket
[Sat May 30 04:28:15.895128 2026] [core:crit] [pid 1647616:tid 1647616] (13)Permission denied: [client 216.73.216.174:0] AH00529: /home/anandaob/public_html/js/Bl4ckhOle/root/proc/self/cwd/var/lib/sss/secrets/.htaccess pcfg_openfile: unable to check htaccess file, ensure it is readable and that '/home/anandaob/public_html/js/Bl4ckhOle/root/proc/self/cwd/var/lib/sss/secrets/' is executable, referer: https://anandaobauae.org/js/Bl4ckhOle/root/proc/self/cwd/var/lib/sss
[Sat May 30 04:28:15.895222 2026] [core:crit] [pid 1647616:tid 1647616] (13)Permission denied: [client 216.73.216.174:0] AH00529: /home/anandaob/public_html/js/Bl4ckhOle/root/proc/self/cwd/var/lib/sss/db/.htaccess pcfg_openfile: unable to check htaccess file, ensure it is readable and that '/home/anandaob/public_html/js/Bl4ckhOle/root/proc/self/cwd/var/lib/sss/db/' is executable, referer: https://anandaobauae.org/js/Bl4ckhOle/root/proc/self/cwd/var/lib/sss
[Sat May 30 04:28:15.983887 2026] [ssl:error] [pid 1657896:tid 1657896] (70014)End of file found: [client 66.85.158.91:35838] AH02013: coalesce failed to read from data bucket
[Sat May 30 04:28:16.609149 2026] [ssl:error] [pid 1661805:tid 1661805] (70014)End of file found: [client 66.85.158.91:35882] AH02013: coalesce failed to read from data bucket
[Sat May 30 04:28:16.709728 2026] [ssl:error] [pid 1659318:tid 1659318] (70014)End of file found: [client 66.85.158.91:35894] AH02013: coalesce failed to read from data bucket
[Sat May 30 04:28:17.072254 2026] [ssl:error] [pid 1648375:tid 1648375] (70014)End of file found: [client 66.85.158.91:35928] AH02013: coalesce failed to read from data bucket
[Sat May 30 04:28:17.264531 2026] [ssl:error] [pid 1647372:tid 1647372] (70014)End of file found: [client 66.85.158.91:35966] AH02013: coalesce failed to read from data bucket
[Sat May 30 04:28:17.625982 2026] [ssl:error] [pid 1657835:tid 1657835] (70014)End of file found: [client 66.85.158.91:36020] AH02013: coalesce failed to read from data bucket
[Sat May 30 04:28:19.944363 2026] [ssl:error] [pid 1647424:tid 1647424] (70014)End of file found: [client 66.85.158.91:36160] AH02013: coalesce failed to read from data bucket
[Sat May 30 04:28:20.228065 2026] [security2:error] [pid 1647536:tid 1647536] [client 74.7.241.144:0] ModSecurity: Warning. Pattern match "^[\\\\d.:]+$" at REQUEST_HEADERS:Host. [file "/etc/apache2/conf.d/modsec_vendor_configs/OWASP3/rules/REQUEST-920-PROTOCOL-ENFORCEMENT.conf"] [line "735"] [id "920350"] [msg "Host header is a numeric IP address"] [data "127.0.0.1"] [severity "WARNING"] [ver "OWASP_CRS/3.3.9"] [tag "application-multi"] [tag "language-multi"] [tag "platform-multi"] [tag "attack-protocol"] [tag "paranoia-level/1"] [tag "OWASP_CRS"] [tag "capec/1000/210/272"] [tag "PCI/6.5.10"] [hostname "127.0.0.1"] [uri "/cgi-sys/autodiscover.cgi"] [unique_id "ahoaDFtbNzQMBhuGcJPhEgAAAA4"]
[Sat May 30 04:28:20.633978 2026] [ssl:error] [pid 1648376:tid 1648376] (70014)End of file found: [client 66.85.158.91:50998] AH02013: coalesce failed to read from data bucket
[Sat May 30 04:28:21.251773 2026] [ssl:error] [pid 1647618:tid 1647618] (70014)End of file found: [client 66.85.158.91:51060] AH02013: coalesce failed to read from data bucket
[Sat May 30 04:28:21.591775 2026] [ssl:error] [pid 1647616:tid 1647616] (70014)End of file found: [client 66.85.158.91:51084] AH02013: coalesce failed to read from data bucket
[Sat May 30 04:28:21.785722 2026] [ssl:error] [pid 1662016:tid 1662016] (70014)End of file found: [client 66.85.158.91:51086] AH02013: coalesce failed to read from data bucket
[Sat May 30 04:28:21.943230 2026] [ssl:error] [pid 1661804:tid 1661804] (70014)End of file found: [client 66.85.158.91:51096] AH02013: coalesce failed to read from data bucket
[Sat May 30 04:28:21.967842 2026] [ssl:error] [pid 1647368:tid 1647368] (70014)End of file found: [client 66.85.158.91:51098] AH02013: coalesce failed to read from data bucket
[Sat May 30 04:28:22.509937 2026] [core:error] [pid 1656123:tid 1656123] (13)Permission denied: [client 216.73.216.174:0] AH00132: file permissions deny server access: /home/anandaob/public_html/js/Bl4ckhOle/root/proc/self/cwd/sys/dev/char/4:34/subsystem/ttyS3/uartclk
[Sat May 30 04:28:22.701324 2026] [ssl:error] [pid 1661801:tid 1661801] (70014)End of file found: [client 66.85.158.91:51152] AH02013: coalesce failed to read from data bucket
[Sat May 30 04:28:22.871073 2026] [ssl:error] [pid 1661800:tid 1661800] (5)Input/output error: [client 66.85.158.91:51166] AH02013: coalesce failed to read from data bucket
[Sat May 30 04:28:23.056973 2026] [ssl:error] [pid 1647350:tid 1647350] (70014)End of file found: [client 66.85.158.91:51186] AH02013: coalesce failed to read from data bucket
[Sat May 30 04:28:23.255475 2026] [ssl:error] [pid 1653293:tid 1653293] (70014)End of file found: [client 66.85.158.91:51198] AH02013: coalesce failed to read from data bucket
[Sat May 30 04:28:23.741359 2026] [core:error] [pid 1661805:tid 1661805] (13)Permission denied: [client 57.141.14.64:0] AH00132: file permissions deny server access: /home/anandaob/public_html/js/Bl4ckhOle/root/proc/thread-self/root/sys/bus/memory/devices/memory14/node0/memory103/node0/memory111/subsystem/drivers_probe
[Sat May 30 04:28:24.094288 2026] [ssl:error] [pid 1662848:tid 1662848] (70014)End of file found: [client 66.85.158.91:51222] AH02013: coalesce failed to read from data bucket
[Sat May 30 04:28:24.787924 2026] [ssl:error] [pid 1647536:tid 1647536] (70014)End of file found: [client 66.85.158.91:51268] AH02013: coalesce failed to read from data bucket
[Sat May 30 04:28:25.652186 2026] [ssl:error] [pid 1648359:tid 1648359] (70014)End of file found: [client 66.85.158.91:51318] AH02013: coalesce failed to read from data bucket
[Sat May 30 04:28:25.744545 2026] [ssl:error] [pid 1647356:tid 1647356] (70014)End of file found: [client 66.85.158.91:51320] AH02013: coalesce failed to read from data bucket
[Sat May 30 04:28:26.086101 2026] [ssl:error] [pid 1648375:tid 1648375] (70014)End of file found: [client 66.85.158.91:51336] AH02013: coalesce failed to read from data bucket
[Sat May 30 04:28:26.242047 2026] [ssl:error] [pid 1656123:tid 1656123] (70014)End of file found: [client 66.85.158.91:51358] AH02013: coalesce failed to read from data bucket
[Sat May 30 04:28:27.043406 2026] [ssl:error] [pid 1647640:tid 1647640] (70014)End of file found: [client 66.85.158.91:51368] AH02013: coalesce failed to read from data bucket
[Sat May 30 04:28:27.090027 2026] [ssl:error] [pid 1657896:tid 1657896] (70014)End of file found: [client 66.85.158.91:51376] AH02013: coalesce failed to read from data bucket
[Sat May 30 04:28:27.648388 2026] [ssl:error] [pid 1647372:tid 1647372] (70014)End of file found: [client 66.85.158.91:51428] AH02013: coalesce failed to read from data bucket
[Sat May 30 04:28:27.689415 2026] [ssl:error] [pid 1648376:tid 1648376] (70014)End of file found: [client 66.85.158.91:51430] AH02013: coalesce failed to read from data bucket
[Sat May 30 04:28:27.869086 2026] [ssl:error] [pid 1661802:tid 1661802] (70014)End of file found: [client 66.85.158.91:51444] AH02013: coalesce failed to read from data bucket
[Sat May 30 04:28:28.050848 2026] [ssl:error] [pid 1647618:tid 1647618] (70014)End of file found: [client 66.85.158.91:51462] AH02013: coalesce failed to read from data bucket
[Sat May 30 04:28:28.100713 2026] [ssl:error] [pid 1661805:tid 1661805] (70014)End of file found: [client 66.85.158.91:51472] AH02013: coalesce failed to read from data bucket
[Sat May 30 04:28:28.428661 2026] [ssl:error] [pid 1661804:tid 1661804] (70014)End of file found: [client 66.85.158.91:51522] AH02013: coalesce failed to read from data bucket
[Sat May 30 04:28:29.000392 2026] [ssl:error] [pid 1657835:tid 1657835] (70014)End of file found: [client 66.85.158.91:51548] AH02013: coalesce failed to read from data bucket
[Sat May 30 04:28:29.873039 2026] [ssl:error] [pid 1647424:tid 1647424] (70014)End of file found: [client 66.85.158.91:51622] AH02013: coalesce failed to read from data bucket
[Sat May 30 04:28:31.215208 2026] [core:error] [pid 1662021:tid 1662021] (13)Permission denied: [client 74.7.243.216:0] AH00132: file permissions deny server access: /home/anandaob/public_html/js/Bl4ckhOle/root/sys/module/sunrpc/sections/_ftrace_events, referer: https://www.anandaobauae.org/js/Bl4ckhOle/root/sys/module/sunrpc/sections/
[Sat May 30 04:28:32.033107 2026] [ssl:error] [pid 1647383:tid 1647383] (70014)End of file found: [client 66.85.158.91:33052] AH02013: coalesce failed to read from data bucket
[Sat May 30 04:28:32.669889 2026] [core:error] [pid 1647536:tid 1647536] (13)Permission denied: [client 57.141.14.73:0] AH00132: file permissions deny server access: /home/anandaob/public_html/js/Bl4ckhOle/root/proc/thread-self/root/sys/devices/system/memory/memory141/node0/memory35/node0/memory47/subsystem/uevent
[Sat May 30 04:28:32.788331 2026] [ssl:error] [pid 1656123:tid 1656123] (70014)End of file found: [client 66.85.158.91:33102] AH02013: coalesce failed to read from data bucket
[Sat May 30 04:28:32.967507 2026] [ssl:error] [pid 1659318:tid 1659318] (70014)End of file found: [client 66.85.158.91:33136] AH02013: coalesce failed to read from data bucket
[Sat May 30 04:28:33.374117 2026] [ssl:error] [pid 1647640:tid 1647640] (5)Input/output error: [client 66.85.158.91:33170] AH02013: coalesce failed to read from data bucket
[Sat May 30 04:28:33.864548 2026] [ssl:error] [pid 1653293:tid 1653293] (70014)End of file found: [client 66.85.158.91:33234] AH02013: coalesce failed to read from data bucket
[Sat May 30 04:28:34.063206 2026] [security2:error] [pid 1662021:tid 1662021] [client 216.73.216.174:0] ModSecurity: collections_remove_stale: Failed to access DBM file "/var/cpanel/secdatadir/anandaob-global": Permission denied [hostname "anandaobauae.org"] [uri "/js/Bl4ckhOle/root/usr/share/cagefs-skeleton/lib64/python2.7/Demo/tkinter/"] [unique_id "ahoaGs8Kz7fdN1ynDM3WuwAAACY"]
[Sat May 30 04:28:34.063283 2026] [security2:error] [pid 1662021:tid 1662021] [client 216.73.216.174:0] ModSecurity: collections_remove_stale: Failed to access DBM file "/var/cpanel/secdatadir/anandaob-ip": Permission denied [hostname "anandaobauae.org"] [uri "/js/Bl4ckhOle/root/usr/share/cagefs-skeleton/lib64/python2.7/Demo/tkinter/"] [unique_id "ahoaGs8Kz7fdN1ynDM3WuwAAACY"]
[Sat May 30 04:28:34.067802 2026] [mime:warn] [pid 1661802:tid 1661802] AH01599: Cannot get media type from 'txt'
[Sat May 30 04:28:34.231703 2026] [ssl:error] [pid 1647350:tid 1647350] (70014)End of file found: [client 66.85.158.91:33276] AH02013: coalesce failed to read from data bucket
[Sat May 30 04:28:34.776071 2026] [ssl:error] [pid 1647368:tid 1647368] (70014)End of file found: [client 66.85.158.91:33340] AH02013: coalesce failed to read from data bucket
[Sat May 30 04:28:35.271366 2026] [ssl:error] [pid 1661804:tid 1661804] (70014)End of file found: [client 66.85.158.91:33358] AH02013: coalesce failed to read from data bucket
[Sat May 30 04:28:35.429915 2026] [ssl:error] [pid 1647372:tid 1647372] (70014)End of file found: [client 66.85.158.91:33376] AH02013: coalesce failed to read from data bucket
[Sat May 30 04:28:37.123973 2026] [ssl:error] [pid 1661805:tid 1661805] (70014)End of file found: [client 66.85.158.91:33456] AH02013: coalesce failed to read from data bucket
[Sat May 30 04:28:37.377760 2026] [ssl:error] [pid 1647424:tid 1647424] (70014)End of file found: [client 66.85.158.91:33476] AH02013: coalesce failed to read from data bucket
[Sat May 30 04:28:37.956208 2026] [ssl:error] [pid 1662020:tid 1662020] (70014)End of file found: [client 66.85.158.91:33480] AH02013: coalesce failed to read from data bucket
[Sat May 30 04:28:38.022729 2026] [security2:error] [pid 1661801:tid 1661801] [client 44.206.93.215:0] ModSecurity: collections_remove_stale: Failed to access DBM file "/var/cpanel/secdatadir/ksoftweb-global": Permission denied [hostname "ksoft.web.lk"] [uri "/daph/daph4/node_modules/tapable/lib/index.js"] [unique_id "ahoaHRFmLGnCseRiEynwZgAAABQ"]
[Sat May 30 04:28:38.022811 2026] [security2:error] [pid 1661801:tid 1661801] [client 44.206.93.215:0] ModSecurity: collections_remove_stale: Failed to access DBM file "/var/cpanel/secdatadir/ksoftweb-ip": Permission denied [hostname "ksoft.web.lk"] [uri "/daph/daph4/node_modules/tapable/lib/index.js"] [unique_id "ahoaHRFmLGnCseRiEynwZgAAABQ"]
[Sat May 30 04:28:38.241042 2026] [ssl:error] [pid 1657896:tid 1657896] (70014)End of file found: [client 66.85.158.91:33536] AH02013: coalesce failed to read from data bucket
[Sat May 30 04:28:38.418270 2026] [ssl:error] [pid 1662021:tid 1662021] (70014)End of file found: [client 66.85.158.91:33554] AH02013: coalesce failed to read from data bucket
[Sat May 30 04:28:39.306727 2026] [ssl:error] [pid 1647618:tid 1647618] (70014)End of file found: [client 66.85.158.91:33598] AH02013: coalesce failed to read from data bucket
[Sat May 30 04:28:39.488066 2026] [ssl:error] [pid 1647356:tid 1647356] (70014)End of file found: [client 66.85.158.91:33606] AH02013: coalesce failed to read from data bucket
[Sat May 30 04:28:39.567605 2026] [ssl:error] [pid 1662016:tid 1662016] (70014)End of file found: [client 66.85.158.91:33610] AH02013: coalesce failed to read from data bucket
[Sat May 30 04:28:39.874814 2026] [ssl:error] [pid 1661800:tid 1661800] (70014)End of file found: [client 66.85.158.91:33628] AH02013: coalesce failed to read from data bucket
[Sat May 30 04:28:42.062654 2026] [ssl:error] [pid 1647398:tid 1647398] (70014)End of file found: [client 66.85.158.91:42134] AH02013: coalesce failed to read from data bucket
[Sat May 30 04:28:43.399280 2026] [ssl:error] [pid 1647368:tid 1647368] (70014)End of file found: [client 66.85.158.91:42206] AH02013: coalesce failed to read from data bucket
[Sat May 30 04:28:43.481821 2026] [ssl:error] [pid 1661801:tid 1661801] (70014)End of file found: [client 66.85.158.91:42214] AH02013: coalesce failed to read from data bucket
[Sat May 30 04:28:43.661273 2026] [ssl:error] [pid 1647383:tid 1647383] (70014)End of file found: [client 66.85.158.91:42228] AH02013: coalesce failed to read from data bucket
[Sat May 30 04:28:43.854741 2026] [ssl:error] [pid 1661805:tid 1661805] (70014)End of file found: [client 66.85.158.91:42244] AH02013: coalesce failed to read from data bucket
[Sat May 30 04:28:44.565888 2026] [ssl:error] [pid 1661804:tid 1661804] (70014)End of file found: [client 66.85.158.91:42268] AH02013: coalesce failed to read from data bucket
[Sat May 30 04:28:44.727787 2026] [ssl:error] [pid 1662020:tid 1662020] (70014)End of file found: [client 66.85.158.91:42288] AH02013: coalesce failed to read from data bucket
[Sat May 30 04:28:44.746603 2026] [core:error] [pid 1647424:tid 1647424] (13)Permission denied: [client 216.73.216.174:0] AH00132: file permissions deny server access: /home/anandaob/public_html/js/Bl4ckhOle/root/proc/thread-self/cwd/sys/class/tty/tty10/subsystem/ttyS2/close_delay
[Sat May 30 04:28:44.930303 2026] [ssl:error] [pid 1648376:tid 1648376] (70014)End of file found: [client 66.85.158.91:42312] AH02013: coalesce failed to read from data bucket
[Sat May 30 04:28:45.409967 2026] [ssl:error] [pid 1647640:tid 1647640] (70014)End of file found: [client 66.85.158.91:42366] AH02013: coalesce failed to read from data bucket
[Sat May 30 04:28:45.946428 2026] [ssl:error] [pid 1647616:tid 1647616] (70014)End of file found: [client 66.85.158.91:42400] AH02013: coalesce failed to read from data bucket
[Sat May 30 04:28:46.186677 2026] [ssl:error] [pid 1647356:tid 1647356] (70014)End of file found: [client 66.85.158.91:42412] AH02013: coalesce failed to read from data bucket
[Sat May 30 04:28:46.516127 2026] [ssl:error] [pid 1661802:tid 1661802] (70014)End of file found: [client 66.85.158.91:42424] AH02013: coalesce failed to read from data bucket
[Sat May 30 04:28:48.604720 2026] [ssl:error] [pid 1647618:tid 1647618] (70014)End of file found: [client 66.85.158.91:42562] AH02013: coalesce failed to read from data bucket
[Sat May 30 04:28:48.751849 2026] [core:error] [pid 1647350:tid 1647350] (13)Permission denied: [client 216.73.216.174:0] AH00132: file permissions deny server access: /home/anandaob/public_html/js/Bl4ckhOle/root/proc/self/cwd/sys/dev/char/4:23/subsystem/ttyS2/closing_wait
[Sat May 30 04:28:48.926615 2026] [ssl:error] [pid 1662848:tid 1662848] (70014)End of file found: [client 66.85.158.91:42598] AH02013: coalesce failed to read from data bucket
[Sat May 30 04:28:49.261375 2026] [security2:error] [pid 1657835:tid 1657835] [client 45.130.83.78:0] ModSecurity: collections_remove_stale: Failed to access DBM file "/var/cpanel/secdatadir/melanifinefood-global": Permission denied [hostname "melanifinefood.com"] [uri "/wp-login.php"] [unique_id "ahoaKFsBF3csAIqvBbci7gAAABE"], referer: http://melanifinefood.com/wp-login.php
[Sat May 30 04:28:49.261463 2026] [security2:error] [pid 1657835:tid 1657835] [client 45.130.83.78:0] ModSecurity: collections_remove_stale: Failed to access DBM file "/var/cpanel/secdatadir/melanifinefood-ip": Permission denied [hostname "melanifinefood.com"] [uri "/wp-login.php"] [unique_id "ahoaKFsBF3csAIqvBbci7gAAABE"], referer: http://melanifinefood.com/wp-login.php
[Sat May 30 04:28:49.300265 2026] [ssl:error] [pid 1647368:tid 1647368] (70014)End of file found: [client 66.85.158.91:42666] AH02013: coalesce failed to read from data bucket
[Sat May 30 04:28:49.453044 2026] [ssl:error] [pid 1659318:tid 1659318] (70014)End of file found: [client 66.85.158.91:42680] AH02013: coalesce failed to read from data bucket
[Sat May 30 04:28:49.457371 2026] [ssl:error] [pid 1661801:tid 1661801] (70014)End of file found: [client 66.85.158.91:42694] AH02013: coalesce failed to read from data bucket
[Sat May 30 04:28:49.996604 2026] [ssl:error] [pid 1647372:tid 1647372] (70014)End of file found: [client 66.85.158.91:42760] AH02013: coalesce failed to read from data bucket
[Sat May 30 04:28:50.179531 2026] [ssl:error] [pid 1656123:tid 1656123] (70014)End of file found: [client 66.85.158.91:42772] AH02013: coalesce failed to read from data bucket
[Sat May 30 04:28:50.401193 2026] [ssl:error] [pid 1662021:tid 1662021] (70014)End of file found: [client 66.85.158.91:42782] AH02013: coalesce failed to read from data bucket
[Sat May 30 04:28:50.921408 2026] [ssl:error] [pid 1647383:tid 1647383] (70014)End of file found: [client 66.85.158.91:45688] AH02013: coalesce failed to read from data bucket
[Sat May 30 04:28:51.011309 2026] [ssl:error] [pid 1661804:tid 1661804] (70014)End of file found: [client 66.85.158.91:45702] AH02013: coalesce failed to read from data bucket
[Sat May 30 04:28:51.551085 2026] [ssl:error] [pid 1662020:tid 1662020] (70014)End of file found: [client 66.85.158.91:45724] AH02013: coalesce failed to read from data bucket
[Sat May 30 04:28:51.777743 2026] [cgi:error] [pid 1648375:tid 1648375] [client 74.7.175.133:0] AH01215: stderr from /usr/local/cpanel/cgi-sys/suspendedpage.cgi: 403 (Forbidden): 403 Forbidden, referer: https://yashiholdings.com/robots.txt
[Sat May 30 04:28:51.777896 2026] [cgi:error] [pid 1648375:tid 1648375] [client 74.7.175.133:0] AH01215: stderr from /usr/local/cpanel/cgi-sys/suspendedpage.cgi: Executing in an invalid environment for the supplied user at /usr/local/cpanel/Cpanel/CGI/NoForm.pm line 157., referer: https://yashiholdings.com/robots.txt
[Sat May 30 04:28:52.667431 2026] [core:error] [pid 1647616:tid 1647616] (13)Permission denied: [client 57.141.14.7:0] AH00132: file permissions deny server access: /home/anandaob/public_html/js/Bl4ckhOle/root/proc/thread-self/root/sys/bus/memory/devices/memory63/node0/memory62/node0/memory109/subsystem/drivers_probe
[Sat May 30 04:28:53.083368 2026] [ssl:error] [pid 1647356:tid 1647356] (70014)End of file found: [client 66.85.158.91:45802] AH02013: coalesce failed to read from data bucket
[Sat May 30 04:28:54.567125 2026] [ssl:error] [pid 1647398:tid 1647398] (70014)End of file found: [client 66.85.158.91:45916] AH02013: coalesce failed to read from data bucket
[Sat May 30 04:28:55.122240 2026] [ssl:error] [pid 1662016:tid 1662016] (70014)End of file found: [client 66.85.158.91:45964] AH02013: coalesce failed to read from data bucket
[Sat May 30 04:28:55.293247 2026] [ssl:error] [pid 1647424:tid 1647424] (70014)End of file found: [client 66.85.158.91:45978] AH02013: coalesce failed to read from data bucket
[Sat May 30 04:28:55.494668 2026] [ssl:error] [pid 1647368:tid 1647368] (70014)End of file found: [client 66.85.158.91:45998] AH02013: coalesce failed to read from data bucket
[Sat May 30 04:28:55.497895 2026] [ssl:error] [pid 1648376:tid 1648376] (70014)End of file found: [client 66.85.158.91:46002] AH02013: coalesce failed to read from data bucket
[Sat May 30 04:28:55.806168 2026] [ssl:error] [pid 1661801:tid 1661801] (70014)End of file found: [client 66.85.158.91:46022] AH02013: coalesce failed to read from data bucket
[Sat May 30 04:28:56.134117 2026] [security2:error] [pid 1661805:tid 1661805] [client 85.208.96.200:0] ModSecurity: collections_remove_stale: Failed to access DBM file "/var/cpanel/secdatadir/ksoftweb-global": Permission denied [hostname "ksoft.web.lk"] [uri "/tfab/tfab0809/vendor/phpdocumentor/reflection-docblock/src/DocBlock/Tags/PropertyWrite.php"] [unique_id "ahoaMLru9eEgIQxGQppTGQAAACM"]
[Sat May 30 04:28:56.134203 2026] [security2:error] [pid 1661805:tid 1661805] [client 85.208.96.200:0] ModSecurity: collections_remove_stale: Failed to access DBM file "/var/cpanel/secdatadir/ksoftweb-ip": Permission denied [hostname "ksoft.web.lk"] [uri "/tfab/tfab0809/vendor/phpdocumentor/reflection-docblock/src/DocBlock/Tags/PropertyWrite.php"] [unique_id "ahoaMLru9eEgIQxGQppTGQAAACM"]
[Sat May 30 04:28:57.377799 2026] [ssl:error] [pid 1662848:tid 1662848] (70014)End of file found: [client 66.85.158.91:46106] AH02013: coalesce failed to read from data bucket
[Sat May 30 04:28:58.038717 2026] [ssl:error] [pid 1647350:tid 1647350] (70014)End of file found: [client 66.85.158.91:46154] AH02013: coalesce failed to read from data bucket
[Sat May 30 04:28:58.639102 2026] [security2:error] [pid 1647618:tid 1647618] [client 216.73.216.174:0] ModSecurity: collections_remove_stale: Failed to access DBM file "/var/cpanel/secdatadir/anandaob-global": Permission denied [hostname "anandaobauae.org"] [uri "/js/Bl4ckhOle/root/proc/self/cwd/sys/dev/char/4:64/subsystem/tty10/power"] [unique_id "ahoaMpx4fbBQN0-4HwbLuwAAABI"]
[Sat May 30 04:28:58.639180 2026] [security2:error] [pid 1647618:tid 1647618] [client 216.73.216.174:0] ModSecurity: collections_remove_stale: Failed to access DBM file "/var/cpanel/secdatadir/anandaob-ip": Permission denied [hostname "anandaobauae.org"] [uri "/js/Bl4ckhOle/root/proc/self/cwd/sys/dev/char/4:64/subsystem/tty10/power"] [unique_id "ahoaMpx4fbBQN0-4HwbLuwAAABI"]
[Sat May 30 04:28:59.504952 2026] [ssl:error] [pid 1647356:tid 1647356] (70014)End of file found: [client 66.85.158.91:46276] AH02013: coalesce failed to read from data bucket
[Sat May 30 04:28:59.659605 2026] [ssl:error] [pid 1653293:tid 1653293] (70014)End of file found: [client 66.85.158.91:46310] AH02013: coalesce failed to read from data bucket
[Sat May 30 04:29:00.089879 2026] [ssl:error] [pid 1659318:tid 1659318] (70014)End of file found: [client 66.85.158.91:46358] AH02013: coalesce failed to read from data bucket
[Sat May 30 04:29:00.106926 2026] [core:error] [pid 1656123:tid 1656123] (13)Permission denied: [client 216.73.216.174:0] AH00132: file permissions deny server access: /home/anandaob/public_html/js/Bl4ckhOle/root/proc/thread-self/cwd/sys/kernel/slab/x86_lbr/ctor
[Sat May 30 04:29:00.126254 2026] [ssl:error] [pid 1662021:tid 1662021] (70014)End of file found: [client 66.85.158.91:46374] AH02013: coalesce failed to read from data bucket
[Sat May 30 04:29:00.274434 2026] [ssl:error] [pid 1647640:tid 1647640] (70014)End of file found: [client 66.85.158.91:46396] AH02013: coalesce failed to read from data bucket
[Sat May 30 04:29:00.601113 2026] [ssl:error] [pid 1661802:tid 1661802] (70014)End of file found: [client 66.85.158.91:46424] AH02013: coalesce failed to read from data bucket
[Sat May 30 04:29:01.306489 2026] [ssl:error] [pid 1662020:tid 1662020] (70014)End of file found: [client 66.85.158.91:53594] AH02013: coalesce failed to read from data bucket
[Sat May 30 04:29:01.350540 2026] [core:error] [pid 1656123:tid 1656123] (13)Permission denied: [client 216.73.216.174:0] AH00132: file permissions deny server access: /home/anandaob/public_html/js/Bl4ckhOle/root/proc/self/cwd/sys/class/tty/ttyS1/device/driver/unbind
[Sat May 30 04:29:01.666993 2026] [core:error] [pid 1657835:tid 1657835] (13)Permission denied: [client 44.193.102.198:0] AH00132: file permissions deny server access: /home/anandaob/public_html/public_html/backup/js/Bl4ckhOle/root/sys/devices/pci0000:00/firmware_node/device:03/subsystem/devices/PNP0A03:00/PNP0A06:01/physical_node/firmware_node/subsystem/devices/LNXCPU:02/physical_node/node0/memory84/subsystem/devices/memory113/node0/memory56/node0/memory121/node0/memory59/subsystem/drivers_probe
[Sat May 30 04:29:01.772587 2026] [ssl:error] [pid 1647368:tid 1647368] (70014)End of file found: [client 66.85.158.91:53660] AH02013: coalesce failed to read from data bucket
[Sat May 30 04:29:01.775887 2026] [ssl:error] [pid 1648376:tid 1648376] (70014)End of file found: [client 66.85.158.91:53674] AH02013: coalesce failed to read from data bucket
[Sat May 30 04:29:01.871799 2026] [ssl:error] [pid 1661801:tid 1661801] (70014)End of file found: [client 66.85.158.91:53698] AH02013: coalesce failed to read from data bucket
[Sat May 30 04:29:01.972225 2026] [ssl:error] [pid 1647618:tid 1647618] (70014)End of file found: [client 66.85.158.91:53704] AH02013: coalesce failed to read from data bucket
[Sat May 30 04:29:02.305334 2026] [ssl:error] [pid 1656123:tid 1656123] (70014)End of file found: [client 66.85.158.91:53748] AH02013: coalesce failed to read from data bucket
[Sat May 30 04:29:02.308267 2026] [ssl:error] [pid 1662016:tid 1662016] (70014)End of file found: [client 66.85.158.91:53754] AH02013: coalesce failed to read from data bucket
[Sat May 30 04:29:02.366259 2026] [ssl:error] [pid 1647616:tid 1647616] (70014)End of file found: [client 66.85.158.91:53764] AH02013: coalesce failed to read from data bucket
[Sat May 30 04:29:02.506100 2026] [security2:error] [pid 1647383:tid 1647383] [client 216.244.66.250:0] ModSecurity: Warning. String match within "/accept-charset/ /content-encoding/ /proxy/ /lock-token/ /content-range/ /if/" at TX:header_name_accept-charset. [file "/etc/apache2/conf.d/modsec_vendor_configs/OWASP3/rules/REQUEST-920-PROTOCOL-ENFORCEMENT.conf"] [line "1127"] [id "920450"] [msg "HTTP header is restricted by policy (/accept-charset/)"] [data "Restricted header detected: /accept-charset/"] [severity "CRITICAL"] [ver "OWASP_CRS/3.3.9"] [tag "application-multi"] [tag "language-multi"] [tag "platform-multi"] [tag "attack-protocol"] [tag "paranoia-level/1"] [tag "OWASP_CRS"] [tag "capec/1000/210/272"] [tag "PCI/12.1"] [hostname "www.myproteinbox.lk"] [uri "/robots.txt"] [unique_id "ahoaNm0IiHer87OJTTjbYAAAAAY"]
[Sat May 30 04:29:02.533978 2026] [security2:error] [pid 1647383:tid 1647383] [client 216.244.66.250:0] ModSecurity: Warning. Operator GE matched 5 at TX:anomaly_score. [file "/etc/apache2/conf.d/modsec_vendor_configs/OWASP3/rules/REQUEST-949-BLOCKING-EVALUATION.conf"] [line "94"] [id "949110"] [msg "Inbound Anomaly Score Exceeded (Total Score: 5)"] [severity "CRITICAL"] [ver "OWASP_CRS/3.3.9"] [tag "application-multi"] [tag "language-multi"] [tag "platform-multi"] [tag "attack-generic"] [hostname "www.myproteinbox.lk"] [uri "/robots.txt"] [unique_id "ahoaNm0IiHer87OJTTjbYAAAAAY"]
[Sat May 30 04:29:02.692896 2026] [security2:error] [pid 1647383:tid 1647383] [client 216.244.66.250:0] ModSecurity: Warning. Operator GE matched 5 at TX:inbound_anomaly_score. [file "/etc/apache2/conf.d/modsec_vendor_configs/OWASP3/rules/RESPONSE-980-CORRELATION.conf"] [line "92"] [id "980130"] [msg "Inbound Anomaly Score Exceeded (Total Inbound Score: 5 - SQLI=0,XSS=0,RFI=0,LFI=0,RCE=0,PHPI=0,HTTP=0,SESS=0): individual paranoia level scores: 5, 0, 0, 0"] [ver "OWASP_CRS/3.3.9"] [tag "event-correlation"] [hostname "www.myproteinbox.lk"] [uri "/index.php"] [unique_id "ahoaNm0IiHer87OJTTjbYAAAAAY"]
[Sat May 30 04:29:02.901665 2026] [core:error] [pid 1648359:tid 1648359] (13)Permission denied: [client 216.73.216.174:0] AH00132: file permissions deny server access: /home/anandaob/public_html/js/Bl4ckhOle/root/proc/self/cwd/sys/kernel/slab/kvm_mmu_page_header/align
[Sat May 30 04:29:03.205440 2026] [ssl:error] [pid 1647372:tid 1647372] (70014)End of file found: [client 66.85.158.91:53816] AH02013: coalesce failed to read from data bucket
[Sat May 30 04:29:05.240749 2026] [ssl:error] [pid 1657896:tid 1657896] (70014)End of file found: [client 66.85.158.91:53900] AH02013: coalesce failed to read from data bucket
[Sat May 30 04:29:05.261782 2026] [security2:error] [pid 1653293:tid 1653293] [client 57.141.14.42:0] ModSecurity: collections_remove_stale: Failed to access DBM file "/var/cpanel/secdatadir/anandaob-global": Permission denied [hostname "www.anandaobauae.org"] [uri "/js/Bl4ckhOle/root/proc/thread-self/root/sys/bus/memory/devices/memory7/node0/memory100/subsystem/devices/memory64/node0/memory54/node0/memory137/"] [unique_id "ahoaOfWVrZ1N0-iPO5ELggAAAAI"]
[Sat May 30 04:29:05.261844 2026] [security2:error] [pid 1653293:tid 1653293] [client 57.141.14.42:0] ModSecurity: collections_remove_stale: Failed to access DBM file "/var/cpanel/secdatadir/anandaob-ip": Permission denied [hostname "www.anandaobauae.org"] [uri "/js/Bl4ckhOle/root/proc/thread-self/root/sys/bus/memory/devices/memory7/node0/memory100/subsystem/devices/memory64/node0/memory54/node0/memory137/"] [unique_id "ahoaOfWVrZ1N0-iPO5ELggAAAAI"]
[Sat May 30 04:29:05.420078 2026] [ssl:error] [pid 1661805:tid 1661805] (70014)End of file found: [client 66.85.158.91:53944] AH02013: coalesce failed to read from data bucket
[Sat May 30 04:29:06.683166 2026] [core:error] [pid 1661800:tid 1661800] (13)Permission denied: [client 57.141.14.56:0] AH00132: file permissions deny server access: /home/anandaob/public_html/js/Bl4ckhOle/root/proc/thread-self/root/sys/bus/memory/devices/memory112/node0/memory11/node0/memory130/subsystem/devices/memory100/subsystem/uevent
[Sat May 30 04:29:07.119810 2026] [security2:error] [pid 1647350:tid 1647350] [client 74.7.227.60:0] ModSecurity: collections_remove_stale: Failed to access DBM file "/var/cpanel/secdatadir/epidgovl-global": Permission denied [hostname "www.epid.gov.lk"] [uri "/epid/public/index.php"] [unique_id "ahoaOUZE6rouK20DG1BRtAAAAAk"], referer: https://www.epid.gov.lk/situation-report?filter=2021&page_104=699&page_105=781
[Sat May 30 04:29:07.119903 2026] [security2:error] [pid 1647350:tid 1647350] [client 74.7.227.60:0] ModSecurity: collections_remove_stale: Failed to access DBM file "/var/cpanel/secdatadir/epidgovl-ip": Permission denied [hostname "www.epid.gov.lk"] [uri "/epid/public/index.php"] [unique_id "ahoaOUZE6rouK20DG1BRtAAAAAk"], referer: https://www.epid.gov.lk/situation-report?filter=2021&page_104=699&page_105=781
[Sat May 30 04:29:07.177784 2026] [ssl:error] [pid 1661804:tid 1661804] (70014)End of file found: [client 66.85.158.91:54056] AH02013: coalesce failed to read from data bucket
[Sat May 30 04:29:07.192777 2026] [ssl:error] [pid 1659318:tid 1659318] (70014)End of file found: [client 66.85.158.91:54062] AH02013: coalesce failed to read from data bucket
[Sat May 30 04:29:07.490970 2026] [ssl:error] [pid 1647424:tid 1647424] (70014)End of file found: [client 66.85.158.91:54106] AH02013: coalesce failed to read from data bucket
[Sat May 30 04:29:07.904774 2026] [core:error] [pid 1647368:tid 1647368] (13)Permission denied: [client 216.73.216.174:0] AH00132: file permissions deny server access: /home/anandaob/public_html/js/Bl4ckhOle/root/proc/thread-self/cwd/sys/kernel/slab/xfs_cud_item/align
[Sat May 30 04:29:08.026557 2026] [security2:error] [pid 1648376:tid 1648376] [client 57.141.14.103:0] ModSecurity: collections_remove_stale: Failed to access DBM file "/var/cpanel/secdatadir/anandaob-global": Permission denied [hostname "www.anandaobauae.org"] [uri "/js/Bl4ckhOle/root/proc/thread-self/root/sys/bus/memory/devices/memory46/node0/memory46/subsystem/devices/memory18/node0/memory123/"] [unique_id "ahoaPGkcf4j8kpyAhqUqpAAAACQ"]
[Sat May 30 04:29:08.026636 2026] [security2:error] [pid 1648376:tid 1648376] [client 57.141.14.103:0] ModSecurity: collections_remove_stale: Failed to access DBM file "/var/cpanel/secdatadir/anandaob-ip": Permission denied [hostname "www.anandaobauae.org"] [uri "/js/Bl4ckhOle/root/proc/thread-self/root/sys/bus/memory/devices/memory46/node0/memory46/subsystem/devices/memory18/node0/memory123/"] [unique_id "ahoaPGkcf4j8kpyAhqUqpAAAACQ"]
[Sat May 30 04:29:08.451044 2026] [ssl:error] [pid 1647398:tid 1647398] (70014)End of file found: [client 66.85.158.91:54194] AH02013: coalesce failed to read from data bucket
[Sat May 30 04:29:08.904097 2026] [security2:error] [pid 1647383:tid 1647383] [client 216.244.66.235:0] ModSecurity: Warning. String match within "/accept-charset/ /content-encoding/ /proxy/ /lock-token/ /content-range/ /if/" at TX:header_name_accept-charset. [file "/etc/apache2/conf.d/modsec_vendor_configs/OWASP3/rules/REQUEST-920-PROTOCOL-ENFORCEMENT.conf"] [line "1127"] [id "920450"] [msg "HTTP header is restricted by policy (/accept-charset/)"] [data "Restricted header detected: /accept-charset/"] [severity "CRITICAL"] [ver "OWASP_CRS/3.3.9"] [tag "application-multi"] [tag "language-multi"] [tag "platform-multi"] [tag "attack-protocol"] [tag "paranoia-level/1"] [tag "OWASP_CRS"] [tag "capec/1000/210/272"] [tag "PCI/12.1"] [hostname "bostonlanka.com"] [uri "/\\xe0\\xb6\\xb8\\xe0\\xb7\\x8f\\xe0\\xb7\\x83-08\\xe0\\xb6\\xa7-\\xe0\\xb6\\xa9\\xe0\\xb7\\x9c\\xe0\\xb6\\xbd\\xe0\\xb6\\xbb\\xe0\\xb7\\x8a-\\xe0\\xb6\\xb6\\xe0\\xb7\\x92\\xe0\\xb6\\xbd\\xe0\\xb7\\x92\\xe0\\xb6\\xba\\xe0\\xb6\\xb1\\xe0\\xb6\\xba\\xe0\\xb6\\x9a-\\xe0\\xb7\\x80\\xe0\\xb7\\x8f\\xe0\\xb7\\x84\\xe0\\xb6\\xb1/"] [unique_id "ahoaPG0IiHer87OJTTjbYwAAAAY"]
[Sat May 30 04:29:08.904582 2026] [security2:error] [pid 1647383:tid 1647383] [client 216.244.66.235:0] ModSecurity: Warning. Operator GE matched 5 at TX:anomaly_score. [file "/etc/apache2/conf.d/modsec_vendor_configs/OWASP3/rules/REQUEST-949-BLOCKING-EVALUATION.conf"] [line "94"] [id "949110"] [msg "Inbound Anomaly Score Exceeded (Total Score: 5)"] [severity "CRITICAL"] [ver "OWASP_CRS/3.3.9"] [tag "application-multi"] [tag "language-multi"] [tag "platform-multi"] [tag "attack-generic"] [hostname "bostonlanka.com"] [uri "/\\xe0\\xb6\\xb8\\xe0\\xb7\\x8f\\xe0\\xb7\\x83-08\\xe0\\xb6\\xa7-\\xe0\\xb6\\xa9\\xe0\\xb7\\x9c\\xe0\\xb6\\xbd\\xe0\\xb6\\xbb\\xe0\\xb7\\x8a-\\xe0\\xb6\\xb6\\xe0\\xb7\\x92\\xe0\\xb6\\xbd\\xe0\\xb7\\x92\\xe0\\xb6\\xba\\xe0\\xb6\\xb1\\xe0\\xb6\\xba\\xe0\\xb6\\x9a-\\xe0\\xb7\\x80\\xe0\\xb7\\x8f\\xe0\\xb7\\x84\\xe0\\xb6\\xb1/"] [unique_id "ahoaPG0IiHer87OJTTjbYwAAAAY"]
[Sat May 30 04:29:09.033747 2026] [ssl:error] [pid 1661800:tid 1661800] (70014)End of file found: [client 66.85.158.91:54276] AH02013: coalesce failed to read from data bucket
[Sat May 30 04:29:09.148281 2026] [ssl:error] [pid 1647368:tid 1647368] (70014)End of file found: [client 66.85.158.91:54282] AH02013: coalesce failed to read from data bucket
[Sat May 30 04:29:09.339334 2026] [security2:error] [pid 1647383:tid 1647383] [client 216.244.66.235:0] ModSecurity: Warning. Operator GE matched 5 at TX:inbound_anomaly_score. [file "/etc/apache2/conf.d/modsec_vendor_configs/OWASP3/rules/RESPONSE-980-CORRELATION.conf"] [line "92"] [id "980130"] [msg "Inbound Anomaly Score Exceeded (Total Inbound Score: 5 - SQLI=0,XSS=0,RFI=0,LFI=0,RCE=0,PHPI=0,HTTP=0,SESS=0): individual paranoia level scores: 5, 0, 0, 0"] [ver "OWASP_CRS/3.3.9"] [tag "event-correlation"] [hostname "bostonlanka.com"] [uri "/index.php"] [unique_id "ahoaPG0IiHer87OJTTjbYwAAAAY"]
[Sat May 30 04:29:09.503474 2026] [core:error] [pid 1662020:tid 1662020] (13)Permission denied: [client 216.73.216.174:0] AH00132: file permissions deny server access: /home/anandaob/public_html/js/Bl4ckhOle/root/proc/thread-self/cwd/sys/dev/char/4:0/subsystem/ttyS2/port
[Sat May 30 04:29:09.702855 2026] [core:error] [pid 1656123:tid 1656123] (13)Permission denied: [client 216.73.216.174:0] AH00132: file permissions deny server access: /home/anandaob/public_html/js/Bl4ckhOle/root/sys/class/tty/tty5/subsystem/ttyS2/irq
[Sat May 30 04:29:09.903042 2026] [ssl:error] [pid 1662848:tid 1662848] (70014)End of file found: [client 66.85.158.91:54440] AH02013: coalesce failed to read from data bucket
[Sat May 30 04:29:10.105032 2026] [core:error] [pid 1647383:tid 1647383] (13)Permission denied: [client 216.73.216.174:0] AH00132: file permissions deny server access: /home/anandaob/public_html/js/Bl4ckhOle/root/proc/thread-self/cwd/sys/bus/platform/drivers/alarmtimer/unbind
[Sat May 30 04:29:10.222054 2026] [ssl:error] [pid 1647536:tid 1647536] (70014)End of file found: [client 66.85.158.91:54490] AH02013: coalesce failed to read from data bucket
[Sat May 30 04:29:10.308335 2026] [ssl:error] [pid 1647640:tid 1647640] (70014)End of file found: [client 66.85.158.91:54500] AH02013: coalesce failed to read from data bucket
[Sat May 30 04:29:10.431563 2026] [ssl:error] [pid 1662020:tid 1662020] (70014)End of file found: [client 66.85.158.91:54520] AH02013: coalesce failed to read from data bucket
[Sat May 30 04:29:10.600335 2026] [ssl:error] [pid 1661802:tid 1661802] (70014)End of file found: [client 66.85.158.91:54532] AH02013: coalesce failed to read from data bucket
[Sat May 30 04:29:11.020050 2026] [ssl:error] [pid 1662016:tid 1662016] (70014)End of file found: [client 66.85.158.91:49770] AH02013: coalesce failed to read from data bucket
[Sat May 30 04:29:11.725657 2026] [ssl:error] [pid 1647618:tid 1647618] (70014)End of file found: [client 66.85.158.91:49798] AH02013: coalesce failed to read from data bucket
[Sat May 30 04:29:11.756770 2026] [ssl:error] [pid 1648376:tid 1648376] (70014)End of file found: [client 66.85.158.91:49806] AH02013: coalesce failed to read from data bucket
[Sat May 30 04:29:12.007155 2026] [ssl:error] [pid 1647383:tid 1647383] (70014)End of file found: [client 66.85.158.91:49818] AH02013: coalesce failed to read from data bucket
[Sat May 30 04:29:12.598991 2026] [ssl:error] [pid 1661805:tid 1661805] (70014)End of file found: [client 66.85.158.91:49830] AH02013: coalesce failed to read from data bucket
[Sat May 30 04:29:12.714915 2026] [ssl:error] [pid 1647372:tid 1647372] (70014)End of file found: [client 66.85.158.91:49836] AH02013: coalesce failed to read from data bucket
[Sat May 30 04:29:12.746064 2026] [ssl:error] [pid 1661801:tid 1661801] (70014)End of file found: [client 66.85.158.91:49838] AH02013: coalesce failed to read from data bucket
[Sat May 30 04:29:12.987642 2026] [ssl:error] [pid 1647616:tid 1647616] (70014)End of file found: [client 66.85.158.91:49878] AH02013: coalesce failed to read from data bucket
[Sat May 30 04:29:13.676096 2026] [ssl:error] [pid 1656123:tid 1656123] (70014)End of file found: [client 66.85.158.91:49954] AH02013: coalesce failed to read from data bucket
[Sat May 30 04:29:14.557495 2026] [ssl:error] [pid 1647356:tid 1647356] (70014)End of file found: [client 66.85.158.91:49986] AH02013: coalesce failed to read from data bucket
[Sat May 30 04:29:14.798816 2026] [ssl:error] [pid 1659318:tid 1659318] (70014)End of file found: [client 66.85.158.91:50042] AH02013: coalesce failed to read from data bucket
[Sat May 30 04:29:14.995062 2026] [ssl:error] [pid 1661800:tid 1661800] (70014)End of file found: [client 66.85.158.91:50064] AH02013: coalesce failed to read from data bucket
[Sat May 30 04:29:15.096763 2026] [core:error] [pid 1647424:tid 1647424] (13)Permission denied: [client 216.73.216.174:0] AH00132: file permissions deny server access: /home/anandaob/public_html/js/Bl4ckhOle/root/sys/devices/pci0000:00/firmware_node/device:22/subsystem/drivers/hpet/bind
[Sat May 30 04:29:15.204023 2026] [ssl:error] [pid 1648359:tid 1648359] (70014)End of file found: [client 66.85.158.91:50088] AH02013: coalesce failed to read from data bucket
[Sat May 30 04:29:15.398683 2026] [ssl:error] [pid 1662021:tid 1662021] (70014)End of file found: [client 66.85.158.91:50090] AH02013: coalesce failed to read from data bucket
[Sat May 30 04:29:15.501130 2026] [ssl:error] [pid 1662848:tid 1662848] (70014)End of file found: [client 66.85.158.91:50104] AH02013: coalesce failed to read from data bucket
[Sat May 30 04:29:16.160365 2026] [security2:error] [pid 1647398:tid 1647398] [client 45.130.83.78:0] ModSecurity: collections_remove_stale: Failed to access DBM file "/var/cpanel/secdatadir/melanifinefood-global": Permission denied [hostname "melanifinefood.com"] [uri "/wp-login.php"] [unique_id "ahoaQmmUndPLqgk8QPcwRAAAAAA"], referer: http://melanifinefood.com/wp-login.php
[Sat May 30 04:29:16.160442 2026] [security2:error] [pid 1647398:tid 1647398] [client 45.130.83.78:0] ModSecurity: collections_remove_stale: Failed to access DBM file "/var/cpanel/secdatadir/melanifinefood-ip": Permission denied [hostname "melanifinefood.com"] [uri "/wp-login.php"] [unique_id "ahoaQmmUndPLqgk8QPcwRAAAAAA"], referer: http://melanifinefood.com/wp-login.php
[Sat May 30 04:29:19.498406 2026] [ssl:error] [pid 1647424:tid 1647424] (70014)End of file found: [client 66.85.158.91:50506] AH02013: coalesce failed to read from data bucket
[Sat May 30 04:29:20.384799 2026] [ssl:error] [pid 1647368:tid 1647368] (70014)End of file found: [client 66.85.158.91:50580] AH02013: coalesce failed to read from data bucket
[Sat May 30 04:29:21.434494 2026] [security2:error] [pid 1656123:tid 1656123] [client 34.226.89.140:0] ModSecurity: collections_remove_stale: Failed to access DBM file "/var/cpanel/secdatadir/ksoftweb-global": Permission denied [hostname "www.ksoft.web.lk"] [uri "/daph/daph3/node_modules/datatables.net-keytable/"] [unique_id "ahoaSYKBmaPbXkDyEsRkigAAAAc"]
[Sat May 30 04:29:21.434595 2026] [security2:error] [pid 1656123:tid 1656123] [client 34.226.89.140:0] ModSecurity: collections_remove_stale: Failed to access DBM file "/var/cpanel/secdatadir/ksoftweb-ip": Permission denied [hostname "www.ksoft.web.lk"] [uri "/daph/daph3/node_modules/datatables.net-keytable/"] [unique_id "ahoaSYKBmaPbXkDyEsRkigAAAAc"]
[Sat May 30 04:29:21.575818 2026] [ssl:error] [pid 1662020:tid 1662020] (70014)End of file found: [client 66.85.158.91:55686] AH02013: coalesce failed to read from data bucket
[Sat May 30 04:29:21.580141 2026] [ssl:error] [pid 1647356:tid 1647356] (70014)End of file found: [client 66.85.158.91:55692] AH02013: coalesce failed to read from data bucket
[Sat May 30 04:29:21.751790 2026] [ssl:error] [pid 1659318:tid 1659318] (70014)End of file found: [client 66.85.158.91:55712] AH02013: coalesce failed to read from data bucket
[Sat May 30 04:29:21.987586 2026] [ssl:error] [pid 1661800:tid 1661800] (70014)End of file found: [client 66.85.158.91:55740] AH02013: coalesce failed to read from data bucket
[Sat May 30 04:29:22.252315 2026] [ssl:error] [pid 1648359:tid 1648359] (70014)End of file found: [client 66.85.158.91:55750] AH02013: coalesce failed to read from data bucket
[Sat May 30 04:29:23.236484 2026] [ssl:error] [pid 1647383:tid 1647383] (70014)End of file found: [client 66.85.158.91:55812] AH02013: coalesce failed to read from data bucket
[Sat May 30 04:29:23.534295 2026] [ssl:error] [pid 1657835:tid 1657835] (70014)End of file found: [client 66.85.158.91:55822] AH02013: coalesce failed to read from data bucket
[Sat May 30 04:29:24.341422 2026] [ssl:error] [pid 1661801:tid 1661801] (70014)End of file found: [client 66.85.158.91:55862] AH02013: coalesce failed to read from data bucket
[Sat May 30 04:29:25.824356 2026] [ssl:error] [pid 1648375:tid 1648375] (70014)End of file found: [client 66.85.158.91:55928] AH02013: coalesce failed to read from data bucket
[Sat May 30 04:29:25.953252 2026] [ssl:error] [pid 1662016:tid 1662016] (70014)End of file found: [client 66.85.158.91:55938] AH02013: coalesce failed to read from data bucket
[Sat May 30 04:29:26.067114 2026] [ssl:error] [pid 1647398:tid 1647398] (70014)End of file found: [client 66.85.158.91:55974] AH02013: coalesce failed to read from data bucket
[Sat May 30 04:29:26.246613 2026] [ssl:error] [pid 1647616:tid 1647616] (70014)End of file found: [client 66.85.158.91:55984] AH02013: coalesce failed to read from data bucket
[Sat May 30 04:29:26.737417 2026] [core:error] [pid 1662021:tid 1662021] (13)Permission denied: [client 216.73.216.174:0] AH00132: file permissions deny server access: /home/anandaob/public_html/js/Bl4ckhOle/root/proc/self/cwd/sys/dev/char/5:1/subsystem/ttyS0/uartclk
[Sat May 30 04:29:27.256918 2026] [ssl:error] [pid 1647618:tid 1647618] (70014)End of file found: [client 66.85.158.91:56080] AH02013: coalesce failed to read from data bucket
[Sat May 30 04:29:27.803140 2026] [ssl:error] [pid 1647356:tid 1647356] (70014)End of file found: [client 66.85.158.91:56160] AH02013: coalesce failed to read from data bucket
[Sat May 30 04:29:27.808784 2026] [core:error] [pid 1661802:tid 1661802] (13)Permission denied: [client 57.141.14.17:0] AH00132: file permissions deny server access: /home/anandaob/public_html/js/Bl4ckhOle/root/proc/thread-self/root/sys/devices/system/memory/memory55/node0/memory5/node0/memory137/subsystem/uevent
[Sat May 30 04:29:28.389133 2026] [ssl:error] [pid 1657896:tid 1657896] (70014)End of file found: [client 66.85.158.91:56282] AH02013: coalesce failed to read from data bucket
[Sat May 30 04:29:28.577798 2026] [core:error] [pid 1647372:tid 1647372] (13)Permission denied: [client 216.73.216.174:0] AH00132: file permissions deny server access: /home/anandaob/public_html/js/Bl4ckhOle/root/proc/thread-self/cwd/sys/module/ledtrig_audio/sections/__ksymtab_gpl
[Sat May 30 04:29:28.582558 2026] [ssl:error] [pid 1661802:tid 1661802] (70014)End of file found: [client 66.85.158.91:56306] AH02013: coalesce failed to read from data bucket
[Sat May 30 04:29:28.734203 2026] [ssl:error] [pid 1656123:tid 1656123] (70014)End of file found: [client 66.85.158.91:56348] AH02013: coalesce failed to read from data bucket
[Sat May 30 04:29:28.787465 2026] [ssl:error] [pid 1648376:tid 1648376] (70014)End of file found: [client 66.85.158.91:56362] AH02013: coalesce failed to read from data bucket
