[Sat May 30 04:30:58.579863 2026] [ssl:error] [pid 1656123:tid 1656123] (70014)End of file found: [client 66.85.158.91:42280] AH02013: coalesce failed to read from data bucket
[Sat May 30 04:30:58.954289 2026] [ssl:error] [pid 1647640:tid 1647640] (70014)End of file found: [client 66.85.158.91:42346] AH02013: coalesce failed to read from data bucket
[Sat May 30 04:30:59.100956 2026] [ssl:error] [pid 1666351:tid 1666351] (70014)End of file found: [client 66.85.158.91:42378] AH02013: coalesce failed to read from data bucket
[Sat May 30 04:30:59.320714 2026] [core:error] [pid 1648359:tid 1648359] (13)Permission denied: [client 216.73.216.174:0] AH00132: file permissions deny server access: /home/anandaob/public_html/js/Bl4ckhOle/root/proc/self/cwd/sys/kernel/slab/jbd2_journal_head/shrink
[Sat May 30 04:30:59.394213 2026] [core:error] [pid 1647383:tid 1647383] (13)Permission denied: [client 216.73.216.174:0] AH00132: file permissions deny server access: /home/anandaob/public_html/js/Bl4ckhOle/root/sys/dev/char/4:4/subsystem/ttyS3/device/tty/ttyS1/iomem_base
[Sat May 30 04:30:59.874308 2026] [ssl:error] [pid 1647424:tid 1647424] (70014)End of file found: [client 66.85.158.91:42538] AH02013: coalesce failed to read from data bucket
[Sat May 30 04:30:59.959364 2026] [ssl:error] [pid 1659318:tid 1659318] (5)Input/output error: [client 66.85.158.91:42548] AH02013: coalesce failed to read from data bucket
[Sat May 30 04:31:00.038789 2026] [ssl:error] [pid 1662020:tid 1662020] (70014)End of file found: [client 66.85.158.91:42556] AH02013: coalesce failed to read from data bucket
[Sat May 30 04:31:00.212351 2026] [ssl:error] [pid 1661801:tid 1661801] (5)Input/output error: [client 66.85.158.91:42588] AH02013: coalesce failed to read from data bucket
[Sat May 30 04:31:00.285817 2026] [core:error] [pid 1657896:tid 1657896] (13)Permission denied: [client 57.141.14.84:0] AH00132: file permissions deny server access: /home/anandaob/public_html/js/Bl4ckhOle/root/proc/thread-self/root/sys/bus/memory/devices/memory82/subsystem/devices/memory96/node0/memory116/subsystem/uevent
[Sat May 30 04:31:00.304928 2026] [ssl:error] [pid 1648376:tid 1648376] (70014)End of file found: [client 66.85.158.91:42610] AH02013: coalesce failed to read from data bucket
[Sat May 30 04:31:00.408467 2026] [ssl:error] [pid 1647383:tid 1647383] (70014)End of file found: [client 66.85.158.91:42632] AH02013: coalesce failed to read from data bucket
[Sat May 30 04:31:00.501017 2026] [core:error] [pid 1647536:tid 1647536] (13)Permission denied: [client 216.73.216.174:0] AH00132: file permissions deny server access: /home/anandaob/public_html/js/Bl4ckhOle/root/proc/thread-self/cwd/sys/dev/char/4:8/subsystem/ttyS1/port
[Sat May 30 04:31:00.906045 2026] [ssl:error] [pid 1662848:tid 1662848] (70014)End of file found: [client 66.85.158.91:39958] AH02013: coalesce failed to read from data bucket
[Sat May 30 04:31:01.264916 2026] [ssl:error] [pid 1657896:tid 1657896] (70014)End of file found: [client 66.85.158.91:39990] AH02013: coalesce failed to read from data bucket
[Sat May 30 04:31:01.319958 2026] [ssl:error] [pid 1647536:tid 1647536] (70014)End of file found: [client 66.85.158.91:39992] AH02013: coalesce failed to read from data bucket
[Sat May 30 04:31:01.574348 2026] [core:error] [pid 1661802:tid 1661802] (13)Permission denied: [client 216.73.216.174:0] AH00132: file permissions deny server access: /home/anandaob/public_html/js/Bl4ckhOle/root/proc/thread-self/cwd/sys/devices/virtual/tty/tty48/subsystem/ttyS0/flags
[Sat May 30 04:31:01.737359 2026] [core:error] [pid 1666345:tid 1666345] (13)Permission denied: [client 216.73.216.174:0] AH00132: file permissions deny server access: /home/anandaob/public_html/js/Bl4ckhOle/root/usr/share/cagefs-skeleton/bin/gcc
[Sat May 30 04:31:01.819156 2026] [ssl:error] [pid 1647398:tid 1647398] (70014)End of file found: [client 66.85.158.91:40060] AH02013: coalesce failed to read from data bucket
[Sat May 30 04:31:01.992842 2026] [ssl:error] [pid 1666404:tid 1666404] (70014)End of file found: [client 66.85.158.91:40102] AH02013: coalesce failed to read from data bucket
[Sat May 30 04:31:02.257863 2026] [ssl:error] [pid 1662021:tid 1662021] (70014)End of file found: [client 66.85.158.91:40110] AH02013: coalesce failed to read from data bucket
[Sat May 30 04:31:02.321234 2026] [ssl:error] [pid 1666350:tid 1666350] (70014)End of file found: [client 66.85.158.91:40124] AH02013: coalesce failed to read from data bucket
[Sat May 30 04:31:03.066134 2026] [ssl:error] [pid 1647616:tid 1647616] (70014)End of file found: [client 66.85.158.91:40158] AH02013: coalesce failed to read from data bucket
[Sat May 30 04:31:04.372978 2026] [ssl:error] [pid 1666345:tid 1666345] (70014)End of file found: [client 66.85.158.91:40264] AH02013: coalesce failed to read from data bucket
[Sat May 30 04:31:05.450305 2026] [ssl:error] [pid 1653293:tid 1653293] (70014)End of file found: [client 66.85.158.91:40304] AH02013: coalesce failed to read from data bucket
[Sat May 30 04:31:05.511160 2026] [ssl:error] [pid 1648359:tid 1648359] (70014)End of file found: [client 66.85.158.91:40324] AH02013: coalesce failed to read from data bucket
[Sat May 30 04:31:05.541428 2026] [ssl:error] [pid 1666351:tid 1666351] (70014)End of file found: [client 66.85.158.91:40332] AH02013: coalesce failed to read from data bucket
[Sat May 30 04:31:05.635833 2026] [ssl:error] [pid 1661800:tid 1661800] (70014)End of file found: [client 66.85.158.91:40348] AH02013: coalesce failed to read from data bucket
[Sat May 30 04:31:05.824493 2026] [ssl:error] [pid 1659318:tid 1659318] (70014)End of file found: [client 66.85.158.91:40390] AH02013: coalesce failed to read from data bucket
[Sat May 30 04:31:06.267854 2026] [core:error] [pid 1648376:tid 1648376] (13)Permission denied: [client 216.73.216.174:0] AH00132: file permissions deny server access: /home/anandaob/public_html/js/Bl4ckhOle/root/sys/dev/char/4:65/device/subsystem/devices/serial8250/tty/ttyS2/uartclk
[Sat May 30 04:31:06.365224 2026] [ssl:error] [pid 1647383:tid 1647383] (5)Input/output error: [client 66.85.158.91:40460] AH02013: coalesce failed to read from data bucket
[Sat May 30 04:31:06.468380 2026] [core:error] [pid 1647640:tid 1647640] (13)Permission denied: [client 216.73.216.174:0] AH00132: file permissions deny server access: /home/anandaob/public_html/js/Bl4ckhOle/root/proc/thread-self/cwd/sys/dev/char/4:12/subsystem/ttyS3/iomem_base
[Sat May 30 04:31:06.543868 2026] [core:crit] [pid 1647350:tid 1647350] (13)Permission denied: [client 216.73.216.174:0] AH00529: /home/anandaob/public_html/js/Bl4ckhOle/root/usr/share/cagefs-skeleton/proc/thread-self/cwd/lost+found/.htaccess pcfg_openfile: unable to check htaccess file, ensure it is readable and that '/home/anandaob/public_html/js/Bl4ckhOle/root/usr/share/cagefs-skeleton/proc/thread-self/cwd/lost+found/' is executable
[Sat May 30 04:31:06.590998 2026] [authz_core:error] [pid 1647350:tid 1647350] [client 216.73.216.174:0] AH01630: client denied by server configuration: /home/anandaob/public_html/js/Bl4ckhOle/root/usr/share/cagefs-skeleton/proc/thread-self/cwd/error_log
[Sat May 30 04:31:06.607868 2026] [core:crit] [pid 1647350:tid 1647350] (13)Permission denied: [client 216.73.216.174:0] AH00529: /home/anandaob/public_html/js/Bl4ckhOle/root/usr/share/cagefs-skeleton/proc/thread-self/cwd/root/.htaccess pcfg_openfile: unable to check htaccess file, ensure it is readable and that '/home/anandaob/public_html/js/Bl4ckhOle/root/usr/share/cagefs-skeleton/proc/thread-self/cwd/root/' is executable
[Sat May 30 04:31:06.726575 2026] [ssl:error] [pid 1662848:tid 1662848] (5)Input/output error: [client 66.85.158.91:40536] AH02013: coalesce failed to read from data bucket
[Sat May 30 04:31:06.821164 2026] [ssl:error] [pid 1661801:tid 1661801] (70014)End of file found: [client 66.85.158.91:40542] AH02013: coalesce failed to read from data bucket
[Sat May 30 04:31:07.089036 2026] [ssl:error] [pid 1657896:tid 1657896] (5)Input/output error: [client 66.85.158.91:40574] AH02013: coalesce failed to read from data bucket
[Sat May 30 04:31:07.362979 2026] [ssl:error] [pid 1647640:tid 1647640] (70014)End of file found: [client 66.85.158.91:40606] AH02013: coalesce failed to read from data bucket
[Sat May 30 04:31:07.466411 2026] [ssl:error] [pid 1657835:tid 1657835] (70014)End of file found: [client 66.85.158.91:40608] AH02013: coalesce failed to read from data bucket
[Sat May 30 04:31:07.685730 2026] [core:error] [pid 1647424:tid 1647424] (13)Permission denied: [client 57.141.14.107:0] AH00132: file permissions deny server access: /home/anandaob/public_html/js/Bl4ckhOle/root/proc/thread-self/root/sys/bus/memory/devices/memory35/node0/memory62/node0/memory23/subsystem/drivers_probe
[Sat May 30 04:31:07.835812 2026] [ssl:error] [pid 1647398:tid 1647398] (70014)End of file found: [client 66.85.158.91:40650] AH02013: coalesce failed to read from data bucket
[Sat May 30 04:31:08.403432 2026] [ssl:error] [pid 1662016:tid 1662016] (70014)End of file found: [client 66.85.158.91:40668] AH02013: coalesce failed to read from data bucket
[Sat May 30 04:31:08.859916 2026] [security2:error] [pid 1662021:tid 1662021] [client 216.244.66.235:0] ModSecurity: Warning. String match within "/accept-charset/ /content-encoding/ /proxy/ /lock-token/ /content-range/ /if/" at TX:header_name_accept-charset. [file "/etc/apache2/conf.d/modsec_vendor_configs/OWASP3/rules/REQUEST-920-PROTOCOL-ENFORCEMENT.conf"] [line "1127"] [id "920450"] [msg "HTTP header is restricted by policy (/accept-charset/)"] [data "Restricted header detected: /accept-charset/"] [severity "CRITICAL"] [ver "OWASP_CRS/3.3.9"] [tag "application-multi"] [tag "language-multi"] [tag "platform-multi"] [tag "attack-protocol"] [tag "paranoia-level/1"] [tag "OWASP_CRS"] [tag "capec/1000/210/272"] [tag "PCI/12.1"] [hostname "bostonlanka.com"] [uri "/97-intelligence-reports-on-national-thowheed-jamath-its-leader-saharan/feed/"] [unique_id "ahoatM8Kz7fdN1ynDM3XCAAAACY"]
[Sat May 30 04:31:08.860436 2026] [security2:error] [pid 1662021:tid 1662021] [client 216.244.66.235:0] ModSecurity: Warning. Operator GE matched 5 at TX:anomaly_score. [file "/etc/apache2/conf.d/modsec_vendor_configs/OWASP3/rules/REQUEST-949-BLOCKING-EVALUATION.conf"] [line "94"] [id "949110"] [msg "Inbound Anomaly Score Exceeded (Total Score: 5)"] [severity "CRITICAL"] [ver "OWASP_CRS/3.3.9"] [tag "application-multi"] [tag "language-multi"] [tag "platform-multi"] [tag "attack-generic"] [hostname "bostonlanka.com"] [uri "/97-intelligence-reports-on-national-thowheed-jamath-its-leader-saharan/feed/"] [unique_id "ahoatM8Kz7fdN1ynDM3XCAAAACY"]
[Sat May 30 04:31:09.618945 2026] [security2:error] [pid 1662021:tid 1662021] [client 216.244.66.235:0] ModSecurity: Warning. Operator GE matched 5 at TX:inbound_anomaly_score. [file "/etc/apache2/conf.d/modsec_vendor_configs/OWASP3/rules/RESPONSE-980-CORRELATION.conf"] [line "92"] [id "980130"] [msg "Inbound Anomaly Score Exceeded (Total Inbound Score: 5 - SQLI=0,XSS=0,RFI=0,LFI=0,RCE=0,PHPI=0,HTTP=0,SESS=0): individual paranoia level scores: 5, 0, 0, 0"] [ver "OWASP_CRS/3.3.9"] [tag "event-correlation"] [hostname "bostonlanka.com"] [uri "/index.php"] [unique_id "ahoatM8Kz7fdN1ynDM3XCAAAACY"]
[Sat May 30 04:31:09.677096 2026] [ssl:error] [pid 1647536:tid 1647536] (70014)End of file found: [client 66.85.158.91:40746] AH02013: coalesce failed to read from data bucket
[Sat May 30 04:31:10.748767 2026] [ssl:error] [pid 1648376:tid 1648376] (70014)End of file found: [client 66.85.158.91:60712] AH02013: coalesce failed to read from data bucket
[Sat May 30 04:31:10.749008 2026] [security2:error] [pid 1648376:tid 1648376] [client 216.73.216.174:0] ModSecurity: collections_remove_stale: Failed to access DBM file "/var/cpanel/secdatadir/anandaob-global": Permission denied [hostname "anandaobauae.org"] [uri "/js/Bl4ckhOle/root/proc/self/cwd/sys/dev/char/7:129/subsystem/vcsa6/power/control"] [unique_id "ahoatmkcf4j8kpyAhqUq3AAAACQ"]
[Sat May 30 04:31:10.749046 2026] [security2:error] [pid 1648376:tid 1648376] [client 216.73.216.174:0] ModSecurity: collections_remove_stale: Failed to access DBM file "/var/cpanel/secdatadir/anandaob-ip": Permission denied [hostname "anandaobauae.org"] [uri "/js/Bl4ckhOle/root/proc/self/cwd/sys/dev/char/7:129/subsystem/vcsa6/power/control"] [unique_id "ahoatmkcf4j8kpyAhqUq3AAAACQ"]
[Sat May 30 04:31:10.830262 2026] [ssl:error] [pid 1648375:tid 1648375] (70014)End of file found: [client 66.85.158.91:60728] AH02013: coalesce failed to read from data bucket
[Sat May 30 04:31:10.937772 2026] [core:error] [pid 1647616:tid 1647616] (13)Permission denied: [client 216.73.216.174:0] AH00132: file permissions deny server access: /home/anandaob/public_html/js/Bl4ckhOle/root/proc/thread-self/cwd/sys/kernel/slab/bio-280/slab_size
[Sat May 30 04:31:11.014474 2026] [ssl:error] [pid 1647356:tid 1647356] (70014)End of file found: [client 66.85.158.91:60738] AH02013: coalesce failed to read from data bucket
[Sat May 30 04:31:11.662477 2026] [ssl:error] [pid 1647616:tid 1647616] (70014)End of file found: [client 66.85.158.91:60862] AH02013: coalesce failed to read from data bucket
[Sat May 30 04:31:11.978020 2026] [ssl:error] [pid 1666350:tid 1666350] (70014)End of file found: [client 66.85.158.91:60912] AH02013: coalesce failed to read from data bucket
[Sat May 30 04:31:12.055951 2026] [ssl:error] [pid 1647383:tid 1647383] (5)Input/output error: [client 66.85.158.91:60932] AH02013: coalesce failed to read from data bucket
[Sat May 30 04:31:12.201196 2026] [ssl:error] [pid 1647618:tid 1647618] (5)Input/output error: [client 66.85.158.91:60954] AH02013: coalesce failed to read from data bucket
[Sat May 30 04:31:12.455050 2026] [core:error] [pid 1666345:tid 1666345] (13)Permission denied: [client 216.73.216.174:0] AH00132: file permissions deny server access: /home/anandaob/public_html/js/Bl4ckhOle/root/proc/thread-self/cwd/sys/class/tty/tty15/subsystem/ttyS1/close_delay
[Sat May 30 04:31:12.656684 2026] [ssl:error] [pid 1661805:tid 1661805] (70014)End of file found: [client 66.85.158.91:32786] AH02013: coalesce failed to read from data bucket
[Sat May 30 04:31:12.802565 2026] [ssl:error] [pid 1656123:tid 1656123] (70014)End of file found: [client 66.85.158.91:32808] AH02013: coalesce failed to read from data bucket
[Sat May 30 04:31:12.831495 2026] [ssl:error] [pid 1661801:tid 1661801] (70014)End of file found: [client 66.85.158.91:32812] AH02013: coalesce failed to read from data bucket
[Sat May 30 04:31:12.848478 2026] [ssl:error] [pid 1662021:tid 1662021] (70014)End of file found: [client 66.85.158.91:32814] AH02013: coalesce failed to read from data bucket
[Sat May 30 04:31:15.392203 2026] [ssl:error] [pid 1659318:tid 1659318] (70014)End of file found: [client 66.85.158.91:33028] AH02013: coalesce failed to read from data bucket
[Sat May 30 04:31:15.941789 2026] [ssl:error] [pid 1647536:tid 1647536] (70014)End of file found: [client 66.85.158.91:33056] AH02013: coalesce failed to read from data bucket
[Sat May 30 04:31:15.972300 2026] [security2:error] [pid 1657896:tid 1657896] [client 44.223.115.10:0] ModSecurity: collections_remove_stale: Failed to access DBM file "/var/cpanel/secdatadir/ksoftweb-global": Permission denied [hostname "www.ksoft.web.lk"] [uri "/daph/daph3/storage/framework/cache/data/29/"] [unique_id "ahoau7eo4btMrY4CbKG53wAAABU"]
[Sat May 30 04:31:15.972406 2026] [security2:error] [pid 1657896:tid 1657896] [client 44.223.115.10:0] ModSecurity: collections_remove_stale: Failed to access DBM file "/var/cpanel/secdatadir/ksoftweb-ip": Permission denied [hostname "www.ksoft.web.lk"] [uri "/daph/daph3/storage/framework/cache/data/29/"] [unique_id "ahoau7eo4btMrY4CbKG53wAAABU"]
[Sat May 30 04:31:16.273727 2026] [ssl:error] [pid 1666351:tid 1666351] (5)Input/output error: [client 66.85.158.91:33092] AH02013: coalesce failed to read from data bucket
[Sat May 30 04:31:16.695209 2026] [ssl:error] [pid 1648376:tid 1648376] (70014)End of file found: [client 66.85.158.91:33148] AH02013: coalesce failed to read from data bucket
[Sat May 30 04:31:16.774308 2026] [ssl:error] [pid 1647356:tid 1647356] (70014)End of file found: [client 66.85.158.91:33196] AH02013: coalesce failed to read from data bucket
[Sat May 30 04:31:16.950434 2026] [ssl:error] [pid 1647372:tid 1647372] (5)Input/output error: [client 66.85.158.91:33248] AH02013: coalesce failed to read from data bucket
[Sat May 30 04:31:17.293815 2026] [ssl:error] [pid 1666404:tid 1666404] (70014)End of file found: [client 66.85.158.91:33290] AH02013: coalesce failed to read from data bucket
[Sat May 30 04:31:17.385271 2026] [ssl:error] [pid 1647616:tid 1647616] (70014)End of file found: [client 66.85.158.91:33302] AH02013: coalesce failed to read from data bucket
[Sat May 30 04:31:17.934875 2026] [core:error] [pid 1647640:tid 1647640] (13)Permission denied: [client 216.73.216.174:0] AH00132: file permissions deny server access: /home/anandaob/public_html/js/Bl4ckhOle/root/sys/kernel/slab/xfs_ifork/poison
[Sat May 30 04:31:18.300691 2026] [ssl:error] [pid 1647350:tid 1647350] (70014)End of file found: [client 66.85.158.91:33488] AH02013: coalesce failed to read from data bucket
[Sat May 30 04:31:18.581241 2026] [ssl:error] [pid 1662016:tid 1662016] (70014)End of file found: [client 66.85.158.91:33520] AH02013: coalesce failed to read from data bucket
[Sat May 30 04:31:18.673315 2026] [ssl:error] [pid 1666350:tid 1666350] (70014)End of file found: [client 66.85.158.91:33534] AH02013: coalesce failed to read from data bucket
[Sat May 30 04:31:18.954305 2026] [core:error] [pid 1662020:tid 1662020] (13)Permission denied: [client 216.73.216.174:0] AH00132: file permissions deny server access: /home/anandaob/public_html/js/Bl4ckhOle/root/proc/self/cwd/sys/class/tty/tty48/subsystem/ttyS3/flags
[Sat May 30 04:31:19.154380 2026] [ssl:error] [pid 1647398:tid 1647398] (70014)End of file found: [client 66.85.158.91:33614] AH02013: coalesce failed to read from data bucket
[Sat May 30 04:31:19.424803 2026] [ssl:error] [pid 1657896:tid 1657896] (70014)End of file found: [client 66.85.158.91:33658] AH02013: coalesce failed to read from data bucket
[Sat May 30 04:31:19.509653 2026] [ssl:error] [pid 1648359:tid 1648359] (70014)End of file found: [client 66.85.158.91:33662] AH02013: coalesce failed to read from data bucket
[Sat May 30 04:31:19.602924 2026] [ssl:error] [pid 1647424:tid 1647424] (70014)End of file found: [client 66.85.158.91:33672] AH02013: coalesce failed to read from data bucket
[Sat May 30 04:31:21.196716 2026] [ssl:error] [pid 1662021:tid 1662021] (70014)End of file found: [client 66.85.158.91:34316] AH02013: coalesce failed to read from data bucket
[Sat May 30 04:31:21.259910 2026] [ssl:error] [pid 1666345:tid 1666345] (5)Input/output error: [client 66.85.158.91:34344] AH02013: coalesce failed to read from data bucket
[Sat May 30 04:31:21.602383 2026] [ssl:error] [pid 1653293:tid 1653293] (70014)End of file found: [client 66.85.158.91:34360] AH02013: coalesce failed to read from data bucket
[Sat May 30 04:31:22.536328 2026] [ssl:error] [pid 1647618:tid 1647618] (70014)End of file found: [client 66.85.158.91:34478] AH02013: coalesce failed to read from data bucket
[Sat May 30 04:31:22.644715 2026] [ssl:error] [pid 1659318:tid 1659318] (5)Input/output error: [client 66.85.158.91:34490] AH02013: coalesce failed to read from data bucket
[Sat May 30 04:31:22.800852 2026] [ssl:error] [pid 1647372:tid 1647372] (70014)End of file found: [client 66.85.158.91:34504] AH02013: coalesce failed to read from data bucket
[Sat May 30 04:31:22.888981 2026] [ssl:error] [pid 1661805:tid 1661805] (70014)End of file found: [client 66.85.158.91:34518] AH02013: coalesce failed to read from data bucket
[Sat May 30 04:31:22.979915 2026] [ssl:error] [pid 1647536:tid 1647536] (70014)End of file found: [client 66.85.158.91:34536] AH02013: coalesce failed to read from data bucket
[Sat May 30 04:31:23.481404 2026] [ssl:error] [pid 1666404:tid 1666404] (70014)End of file found: [client 66.85.158.91:34568] AH02013: coalesce failed to read from data bucket
[Sat May 30 04:31:23.708226 2026] [ssl:error] [pid 1656123:tid 1656123] (5)Input/output error: [client 66.85.158.91:34574] AH02013: coalesce failed to read from data bucket
[Sat May 30 04:31:23.798671 2026] [core:error] [pid 1647383:tid 1647383] (13)Permission denied: [client 216.73.216.174:0] AH00132: file permissions deny server access: /home/anandaob/public_html/js/Bl4ckhOle/root/proc/self/cwd/sys/kernel/slab/UDPv6/aliases
[Sat May 30 04:31:23.892600 2026] [ssl:error] [pid 1647356:tid 1647356] (70014)End of file found: [client 66.85.158.91:34612] AH02013: coalesce failed to read from data bucket
[Sat May 30 04:31:24.183980 2026] [ssl:error] [pid 1657835:tid 1657835] (70014)End of file found: [client 66.85.158.91:34640] AH02013: coalesce failed to read from data bucket
[Sat May 30 04:31:24.200293 2026] [ssl:error] [pid 1666351:tid 1666351] (70014)End of file found: [client 66.85.158.91:34654] AH02013: coalesce failed to read from data bucket
[Sat May 30 04:31:24.857525 2026] [ssl:error] [pid 1662016:tid 1662016] (70014)End of file found: [client 66.85.158.91:34684] AH02013: coalesce failed to read from data bucket
[Sat May 30 04:31:25.102121 2026] [ssl:error] [pid 1647383:tid 1647383] (70014)End of file found: [client 66.85.158.91:34718] AH02013: coalesce failed to read from data bucket
[Sat May 30 04:31:25.903903 2026] [core:error] [pid 1648359:tid 1648359] (13)Permission denied: [client 44.194.139.149:0] AH00132: file permissions deny server access: /home/anandaob/public_html/public_html/backup/js/Bl4ckhOle/root/proc/thread-self/root/sys/class/drm/card0/device/firmware_node/subsystem/devices/device:05/subsystem/devices/PNP0501:00/physical_node/firmware_node/subsystem/devices/LNXCPU:03/physical_node/node0/memory119/node0/memory82/node0/memory98/node0/memory116/subsystem/drivers_probe
[Sat May 30 04:31:25.992541 2026] [security2:error] [pid 1647424:tid 1647424] [client 216.244.66.235:0] ModSecurity: Warning. String match within "/accept-charset/ /content-encoding/ /proxy/ /lock-token/ /content-range/ /if/" at TX:header_name_accept-charset. [file "/etc/apache2/conf.d/modsec_vendor_configs/OWASP3/rules/REQUEST-920-PROTOCOL-ENFORCEMENT.conf"] [line "1127"] [id "920450"] [msg "HTTP header is restricted by policy (/accept-charset/)"] [data "Restricted header detected: /accept-charset/"] [severity "CRITICAL"] [ver "OWASP_CRS/3.3.9"] [tag "application-multi"] [tag "language-multi"] [tag "platform-multi"] [tag "attack-protocol"] [tag "paranoia-level/1"] [tag "OWASP_CRS"] [tag "capec/1000/210/272"] [tag "PCI/12.1"] [hostname "bostonlanka.com"] [uri "/\\xe0\\xb7\\x81\\xe0\\xb7\\x8a\\xe2\\x80\\x8d\\xe0\\xb6\\xbb\\xe0\\xb7\\x93-\\xe0\\xb6\\xbd\\xe0\\xb6\\x82\\xe0\\xb6\\x9a\\xe0\\xb7\\x8f\\xe0\\xb7\\x80\\xe0\\xb6\\xa7-gsp/feed/"] [unique_id "ahoaxax5TYSnSb9L73Re4gAAAAg"]
[Sat May 30 04:31:25.993065 2026] [security2:error] [pid 1647424:tid 1647424] [client 216.244.66.235:0] ModSecurity: Warning. Operator GE matched 5 at TX:anomaly_score. [file "/etc/apache2/conf.d/modsec_vendor_configs/OWASP3/rules/REQUEST-949-BLOCKING-EVALUATION.conf"] [line "94"] [id "949110"] [msg "Inbound Anomaly Score Exceeded (Total Score: 5)"] [severity "CRITICAL"] [ver "OWASP_CRS/3.3.9"] [tag "application-multi"] [tag "language-multi"] [tag "platform-multi"] [tag "attack-generic"] [hostname "bostonlanka.com"] [uri "/\\xe0\\xb7\\x81\\xe0\\xb7\\x8a\\xe2\\x80\\x8d\\xe0\\xb6\\xbb\\xe0\\xb7\\x93-\\xe0\\xb6\\xbd\\xe0\\xb6\\x82\\xe0\\xb6\\x9a\\xe0\\xb7\\x8f\\xe0\\xb7\\x80\\xe0\\xb6\\xa7-gsp/feed/"] [unique_id "ahoaxax5TYSnSb9L73Re4gAAAAg"]
[Sat May 30 04:31:26.488204 2026] [ssl:error] [pid 1661802:tid 1661802] (70014)End of file found: [client 66.85.158.91:34770] AH02013: coalesce failed to read from data bucket
[Sat May 30 04:31:26.965554 2026] [security2:error] [pid 1647424:tid 1647424] [client 216.244.66.235:0] ModSecurity: Warning. Operator GE matched 5 at TX:inbound_anomaly_score. [file "/etc/apache2/conf.d/modsec_vendor_configs/OWASP3/rules/RESPONSE-980-CORRELATION.conf"] [line "92"] [id "980130"] [msg "Inbound Anomaly Score Exceeded (Total Inbound Score: 5 - SQLI=0,XSS=0,RFI=0,LFI=0,RCE=0,PHPI=0,HTTP=0,SESS=0): individual paranoia level scores: 5, 0, 0, 0"] [ver "OWASP_CRS/3.3.9"] [tag "event-correlation"] [hostname "bostonlanka.com"] [uri "/index.php"] [unique_id "ahoaxax5TYSnSb9L73Re4gAAAAg"]
[Sat May 30 04:31:28.024135 2026] [security2:error] [pid 1666350:tid 1666350] [client 51.161.65.39:0] ModSecurity: collections_remove_stale: Failed to access DBM file "/var/cpanel/secdatadir/epidgovl-global": Permission denied [hostname "www.epid.gov.lk"] [uri "/epid/public/index.php"] [unique_id "ahoaxx--Gq3cygFSG59sywAAAA0"]
[Sat May 30 04:31:28.024229 2026] [security2:error] [pid 1666350:tid 1666350] [client 51.161.65.39:0] ModSecurity: collections_remove_stale: Failed to access DBM file "/var/cpanel/secdatadir/epidgovl-ip": Permission denied [hostname "www.epid.gov.lk"] [uri "/epid/public/index.php"] [unique_id "ahoaxx--Gq3cygFSG59sywAAAA0"]
[Sat May 30 04:31:28.106378 2026] [ssl:error] [pid 1647368:tid 1647368] (70014)End of file found: [client 66.85.158.91:34872] AH02013: coalesce failed to read from data bucket
[Sat May 30 04:31:28.292868 2026] [ssl:error] [pid 1657896:tid 1657896] (70014)End of file found: [client 66.85.158.91:34924] AH02013: coalesce failed to read from data bucket
[Sat May 30 04:31:28.467272 2026] [ssl:error] [pid 1648359:tid 1648359] (70014)End of file found: [client 66.85.158.91:34944] AH02013: coalesce failed to read from data bucket
[Sat May 30 04:31:28.558961 2026] [core:error] [pid 1647640:tid 1647640] (13)Permission denied: [client 216.73.216.174:0] AH00132: file permissions deny server access: /home/anandaob/public_html/js/Bl4ckhOle/root/proc/thread-self/cwd/sys/dev/char/4:14/subsystem/ttyS3/irq
[Sat May 30 04:31:28.744697 2026] [ssl:error] [pid 1666345:tid 1666345] (70014)End of file found: [client 66.85.158.91:35026] AH02013: coalesce failed to read from data bucket
[Sat May 30 04:31:29.380118 2026] [ssl:error] [pid 1666404:tid 1666404] (70014)End of file found: [client 66.85.158.91:35090] AH02013: coalesce failed to read from data bucket
[Sat May 30 04:31:29.468018 2026] [ssl:error] [pid 1647640:tid 1647640] (70014)End of file found: [client 66.85.158.91:35106] AH02013: coalesce failed to read from data bucket
[Sat May 30 04:31:29.780843 2026] [ssl:error] [pid 1647350:tid 1647350] (70014)End of file found: [client 66.85.158.91:35174] AH02013: coalesce failed to read from data bucket
[Sat May 30 04:31:30.133925 2026] [ssl:error] [pid 1661801:tid 1661801] (5)Input/output error: [client 66.85.158.91:35212] AH02013: coalesce failed to read from data bucket
[Sat May 30 04:31:30.351611 2026] [ssl:error] [pid 1647398:tid 1647398] (70014)End of file found: [client 66.85.158.91:35272] AH02013: coalesce failed to read from data bucket
[Sat May 30 04:31:30.403522 2026] [ssl:error] [pid 1662020:tid 1662020] (70014)End of file found: [client 66.85.158.91:35284] AH02013: coalesce failed to read from data bucket
[Sat May 30 04:31:30.492017 2026] [ssl:error] [pid 1662021:tid 1662021] (70014)End of file found: [client 66.85.158.91:35296] AH02013: coalesce failed to read from data bucket
[Sat May 30 04:31:30.493740 2026] [ssl:error] [pid 1659318:tid 1659318] (70014)End of file found: [client 66.85.158.91:35304] AH02013: coalesce failed to read from data bucket
[Sat May 30 04:31:31.000935 2026] [core:error] [pid 1666350:tid 1666350] (13)Permission denied: [client 185.191.171.8:0] AH00132: file permissions deny server access: /home/anandaob/public_html/js/Bl4ckhOle/root/sys/kernel/slab/fasync_cache/partial
[Sat May 30 04:31:31.031469 2026] [ssl:error] [pid 1647383:tid 1647383] (70014)End of file found: [client 66.85.158.91:34614] AH02013: coalesce failed to read from data bucket
[Sat May 30 04:31:31.771754 2026] [ssl:error] [pid 1647618:tid 1647618] (5)Input/output error: [client 66.85.158.91:34664] AH02013: coalesce failed to read from data bucket
[Sat May 30 04:31:31.789297 2026] [ssl:error] [pid 1647616:tid 1647616] (5)Input/output error: [client 66.85.158.91:34684] AH02013: coalesce failed to read from data bucket
[Sat May 30 04:31:31.859653 2026] [ssl:error] [pid 1666350:tid 1666350] (70014)End of file found: [client 66.85.158.91:34702] AH02013: coalesce failed to read from data bucket
[Sat May 30 04:31:31.859689 2026] [ssl:error] [pid 1661805:tid 1661805] (70014)End of file found: [client 66.85.158.91:34694] AH02013: coalesce failed to read from data bucket
[Sat May 30 04:31:32.259895 2026] [ssl:error] [pid 1648375:tid 1648375] (70014)End of file found: [client 66.85.158.91:34770] AH02013: coalesce failed to read from data bucket
[Sat May 30 04:31:32.304966 2026] [ssl:error] [pid 1656123:tid 1656123] (70014)End of file found: [client 66.85.158.91:34804] AH02013: coalesce failed to read from data bucket
[Sat May 30 04:31:32.778502 2026] [ssl:error] [pid 1648376:tid 1648376] (70014)End of file found: [client 66.85.158.91:34878] AH02013: coalesce failed to read from data bucket
[Sat May 30 04:31:32.863470 2026] [ssl:error] [pid 1647536:tid 1647536] (5)Input/output error: [client 66.85.158.91:34892] AH02013: coalesce failed to read from data bucket
[Sat May 30 04:31:33.147548 2026] [ssl:error] [pid 1666792:tid 1666792] (70014)End of file found: [client 66.85.158.91:34930] AH02013: coalesce failed to read from data bucket
[Sat May 30 04:31:33.233703 2026] [ssl:error] [pid 1647424:tid 1647424] (70014)End of file found: [client 66.85.158.91:34932] AH02013: coalesce failed to read from data bucket
[Sat May 30 04:31:33.336390 2026] [ssl:error] [pid 1661802:tid 1661802] (70014)End of file found: [client 66.85.158.91:34938] AH02013: coalesce failed to read from data bucket
[Sat May 30 04:31:33.495634 2026] [core:error] [pid 1657896:tid 1657896] (13)Permission denied: [client 216.73.216.174:0] AH00132: file permissions deny server access: /home/anandaob/public_html/js/Bl4ckhOle/root/sys/firmware/dmi/entries/4-3/raw
[Sat May 30 04:31:33.672934 2026] [security2:error] [pid 1661804:tid 1661804] [client 66.85.158.91:0] ModSecurity: collections_remove_stale: Failed to access DBM file "/var/cpanel/secdatadir/buddhika-global": Permission denied [hostname "millenniumagro.lk"] [uri "/index.php"] [unique_id "ahoas8LFAYy0pU6LO7GscQAAAB0"]
[Sat May 30 04:31:33.673011 2026] [security2:error] [pid 1661804:tid 1661804] [client 66.85.158.91:0] ModSecurity: collections_remove_stale: Failed to access DBM file "/var/cpanel/secdatadir/buddhika-ip": Permission denied [hostname "millenniumagro.lk"] [uri "/index.php"] [unique_id "ahoas8LFAYy0pU6LO7GscQAAAB0"]
[Sat May 30 04:31:33.751324 2026] [ssl:error] [pid 1661800:tid 1661800] (70014)End of file found: [client 66.85.158.91:34992] AH02013: coalesce failed to read from data bucket
[Sat May 30 04:31:34.303622 2026] [ssl:error] [pid 1648359:tid 1648359] (70014)End of file found: [client 66.85.158.91:35014] AH02013: coalesce failed to read from data bucket
[Sat May 30 04:31:34.792447 2026] [ssl:error] [pid 1661804:tid 1661804] (70014)End of file found: [client 66.85.158.91:35028] AH02013: coalesce failed to read from data bucket
[Sat May 30 04:31:34.849213 2026] [ssl:error] [pid 1647356:tid 1647356] (70014)End of file found: [client 66.85.158.91:35044] AH02013: coalesce failed to read from data bucket
[Sat May 30 04:31:35.105505 2026] [ssl:error] [pid 1666404:tid 1666404] (70014)End of file found: [client 66.85.158.91:35048] AH02013: coalesce failed to read from data bucket
[Sat May 30 04:31:36.025405 2026] [ssl:error] [pid 1647350:tid 1647350] (70014)End of file found: [client 66.85.158.91:35128] AH02013: coalesce failed to read from data bucket
[Sat May 30 04:31:36.219182 2026] [ssl:error] [pid 1662020:tid 1662020] (70014)End of file found: [client 66.85.158.91:35152] AH02013: coalesce failed to read from data bucket
[Sat May 30 04:31:36.987515 2026] [core:error] [pid 1662848:tid 1662848] (13)Permission denied: [client 216.73.216.174:0] AH00132: file permissions deny server access: /home/anandaob/public_html/js/Bl4ckhOle/root/proc/thread-self/cwd/sys/dev/char/4:35/subsystem/ttyS0/port
[Sat May 30 04:31:37.667080 2026] [ssl:error] [pid 1662848:tid 1662848] (5)Input/output error: [client 66.85.158.91:35312] AH02013: coalesce failed to read from data bucket
[Sat May 30 04:31:37.704324 2026] [ssl:error] [pid 1666351:tid 1666351] (70014)End of file found: [client 66.85.158.91:35338] AH02013: coalesce failed to read from data bucket
[Sat May 30 04:31:37.803530 2026] [ssl:error] [pid 1653293:tid 1653293] (70014)End of file found: [client 66.85.158.91:35358] AH02013: coalesce failed to read from data bucket
[Sat May 30 04:31:37.896500 2026] [core:error] [pid 1656123:tid 1656123] (13)Permission denied: [client 216.73.216.174:0] AH00132: file permissions deny server access: /home/anandaob/public_html/js/Bl4ckhOle/root/sys/kernel/slab/nf_conntrack_expect/sanity_checks
[Sat May 30 04:31:38.096120 2026] [ssl:error] [pid 1661805:tid 1661805] (70014)End of file found: [client 66.85.158.91:35426] AH02013: coalesce failed to read from data bucket
[Sat May 30 04:31:38.182190 2026] [ssl:error] [pid 1647398:tid 1647398] (70014)End of file found: [client 66.85.158.91:35456] AH02013: coalesce failed to read from data bucket
[Sat May 30 04:31:38.362823 2026] [ssl:error] [pid 1648376:tid 1648376] (70014)End of file found: [client 66.85.158.91:35468] AH02013: coalesce failed to read from data bucket
[Sat May 30 04:31:38.540575 2026] [core:error] [pid 1647536:tid 1647536] (13)Permission denied: [client 216.73.216.174:0] AH00132: file permissions deny server access: /home/anandaob/public_html/js/Bl4ckhOle/root/proc/self/cwd/sys/kernel/slab/TCP/destroy_by_rcu
[Sat May 30 04:31:38.605228 2026] [ssl:error] [pid 1659318:tid 1659318] (70014)End of file found: [client 66.85.158.91:35498] AH02013: coalesce failed to read from data bucket
[Sat May 30 04:31:38.646442 2026] [ssl:error] [pid 1656123:tid 1656123] (70014)End of file found: [client 66.85.158.91:35510] AH02013: coalesce failed to read from data bucket
[Sat May 30 04:31:38.807400 2026] [ssl:error] [pid 1647424:tid 1647424] (70014)End of file found: [client 66.85.158.91:35558] AH02013: coalesce failed to read from data bucket
[Sat May 30 04:31:38.979044 2026] [ssl:error] [pid 1647618:tid 1647618] (70014)End of file found: [client 66.85.158.91:35592] AH02013: coalesce failed to read from data bucket
[Sat May 30 04:31:39.122129 2026] [core:error] [pid 1647640:tid 1647640] (13)Permission denied: [client 216.73.216.174:0] AH00132: file permissions deny server access: /home/anandaob/public_html/js/Bl4ckhOle/root/proc/thread-self/cwd/sys/dev/char/4:40/subsystem/ttyS1/iomem_base
[Sat May 30 04:31:39.353269 2026] [core:error] [pid 1666345:tid 1666345] (13)Permission denied: [client 216.73.216.174:0] AH00132: file permissions deny server access: /home/anandaob/public_html/js/Bl4ckhOle/root/sys/devices/virtual/tty/tty2/subsystem/ttyS3/port
[Sat May 30 04:31:39.552679 2026] [ssl:error] [pid 1647640:tid 1647640] (70014)End of file found: [client 66.85.158.91:35670] AH02013: coalesce failed to read from data bucket
[Sat May 30 04:31:39.882532 2026] [ssl:error] [pid 1647616:tid 1647616] (70014)End of file found: [client 66.85.158.91:35714] AH02013: coalesce failed to read from data bucket
[Sat May 30 04:31:39.988189 2026] [ssl:error] [pid 1666345:tid 1666345] (70014)End of file found: [client 66.85.158.91:35742] AH02013: coalesce failed to read from data bucket
[Sat May 30 04:31:40.645073 2026] [ssl:error] [pid 1661800:tid 1661800] (70014)End of file found: [client 66.85.158.91:46888] AH02013: coalesce failed to read from data bucket
[Sat May 30 04:31:41.005971 2026] [ssl:error] [pid 1647356:tid 1647356] (70014)End of file found: [client 66.85.158.91:46910] AH02013: coalesce failed to read from data bucket
[Sat May 30 04:31:42.081806 2026] [ssl:error] [pid 1662021:tid 1662021] (70014)End of file found: [client 66.85.158.91:46964] AH02013: coalesce failed to read from data bucket
[Sat May 30 04:31:42.352918 2026] [ssl:error] [pid 1647350:tid 1647350] (70014)End of file found: [client 66.85.158.91:46994] AH02013: coalesce failed to read from data bucket
[Sat May 30 04:31:43.278995 2026] [ssl:error] [pid 1666350:tid 1666350] (70014)End of file found: [client 66.85.158.91:47054] AH02013: coalesce failed to read from data bucket
[Sat May 30 04:31:43.385353 2026] [ssl:error] [pid 1662848:tid 1662848] (70014)End of file found: [client 66.85.158.91:47090] AH02013: coalesce failed to read from data bucket
[Sat May 30 04:31:43.949129 2026] [ssl:error] [pid 1661804:tid 1661804] (70014)End of file found: [client 66.85.158.91:47176] AH02013: coalesce failed to read from data bucket
[Sat May 30 04:31:44.012113 2026] [ssl:error] [pid 1657896:tid 1657896] (70014)End of file found: [client 66.85.158.91:47192] AH02013: coalesce failed to read from data bucket
[Sat May 30 04:31:44.151144 2026] [ssl:error] [pid 1648376:tid 1648376] (70014)End of file found: [client 66.85.158.91:47220] AH02013: coalesce failed to read from data bucket
[Sat May 30 04:31:44.189034 2026] [ssl:error] [pid 1653293:tid 1653293] (70014)End of file found: [client 66.85.158.91:47246] AH02013: coalesce failed to read from data bucket
[Sat May 30 04:31:44.279221 2026] [ssl:error] [pid 1647536:tid 1647536] (70014)End of file found: [client 66.85.158.91:47258] AH02013: coalesce failed to read from data bucket
[Sat May 30 04:31:44.370869 2026] [ssl:error] [pid 1659318:tid 1659318] (70014)End of file found: [client 66.85.158.91:47274] AH02013: coalesce failed to read from data bucket
[Sat May 30 04:31:44.646066 2026] [ssl:error] [pid 1656123:tid 1656123] (70014)End of file found: [client 66.85.158.91:47300] AH02013: coalesce failed to read from data bucket
[Sat May 30 04:31:44.838002 2026] [ssl:error] [pid 1648375:tid 1648375] (70014)End of file found: [client 66.85.158.91:47340] AH02013: coalesce failed to read from data bucket
[Sat May 30 04:31:44.874965 2026] [ssl:error] [pid 1647618:tid 1647618] (70014)End of file found: [client 66.85.158.91:47342] AH02013: coalesce failed to read from data bucket
[Sat May 30 04:31:46.198340 2026] [mime:warn] [pid 1661805:tid 1661805] AH01599: Cannot get media type from 'txt'
[Sat May 30 04:31:46.286137 2026] [ssl:error] [pid 1647383:tid 1647383] (70014)End of file found: [client 66.85.158.91:47392] AH02013: coalesce failed to read from data bucket
[Sat May 30 04:31:46.703827 2026] [cgi:error] [pid 1666404:tid 1666404] [client 45.148.10.21:0] AH01215: stderr from /usr/local/cpanel/cgi-sys/suspendedpage.cgi: 403 (Forbidden): 403 Forbidden
[Sat May 30 04:31:46.703939 2026] [cgi:error] [pid 1666404:tid 1666404] [client 45.148.10.21:0] AH01215: stderr from /usr/local/cpanel/cgi-sys/suspendedpage.cgi: Executing in an invalid environment for the supplied user at /usr/local/cpanel/Cpanel/CGI/NoForm.pm line 157.
[Sat May 30 04:31:46.994851 2026] [ssl:error] [pid 1661800:tid 1661800] (70014)End of file found: [client 66.85.158.91:47452] AH02013: coalesce failed to read from data bucket
[Sat May 30 04:31:47.033522 2026] [ssl:error] [pid 1661802:tid 1661802] (70014)End of file found: [client 66.85.158.91:47454] AH02013: coalesce failed to read from data bucket
[Sat May 30 04:31:48.393157 2026] [ssl:error] [pid 1647350:tid 1647350] (70014)End of file found: [client 66.85.158.91:47588] AH02013: coalesce failed to read from data bucket
[Sat May 30 04:31:48.575286 2026] [ssl:error] [pid 1666351:tid 1666351] (5)Input/output error: [client 66.85.158.91:47628] AH02013: coalesce failed to read from data bucket
[Sat May 30 04:31:48.664278 2026] [ssl:error] [pid 1662016:tid 1662016] (70014)End of file found: [client 66.85.158.91:47636] AH02013: coalesce failed to read from data bucket
[Sat May 30 04:31:49.198876 2026] [ssl:error] [pid 1666350:tid 1666350] (70014)End of file found: [client 66.85.158.91:47702] AH02013: coalesce failed to read from data bucket
[Sat May 30 04:31:49.288560 2026] [core:error] [pid 1647356:tid 1647356] (13)Permission denied: [client 216.73.216.174:0] AH00132: file permissions deny server access: /home/anandaob/public_html/js/Bl4ckhOle/root/sys/dev/char/4:16/subsystem/ttyS1/device/tty/ttyS2/port
[Sat May 30 04:31:49.391524 2026] [ssl:error] [pid 1662848:tid 1662848] (70014)End of file found: [client 66.85.158.91:47708] AH02013: coalesce failed to read from data bucket
[Sat May 30 04:31:49.395737 2026] [ssl:error] [pid 1648359:tid 1648359] (70014)End of file found: [client 66.85.158.91:47712] AH02013: coalesce failed to read from data bucket
[Sat May 30 04:31:49.481560 2026] [ssl:error] [pid 1647424:tid 1647424] (70014)End of file found: [client 66.85.158.91:47728] AH02013: coalesce failed to read from data bucket
[Sat May 30 04:31:49.684715 2026] [ssl:error] [pid 1661801:tid 1661801] (70014)End of file found: [client 66.85.158.91:47746] AH02013: coalesce failed to read from data bucket
[Sat May 30 04:31:49.815013 2026] [ssl:error] [pid 1657896:tid 1657896] (70014)End of file found: [client 66.85.158.91:47758] AH02013: coalesce failed to read from data bucket
[Sat May 30 04:31:49.882667 2026] [ssl:error] [pid 1647368:tid 1647368] (70014)End of file found: [client 66.85.158.91:47760] AH02013: coalesce failed to read from data bucket
[Sat May 30 04:31:50.222158 2026] [ssl:error] [pid 1662020:tid 1662020] (70014)End of file found: [client 66.85.158.91:47784] AH02013: coalesce failed to read from data bucket
[Sat May 30 04:31:51.001568 2026] [ssl:error] [pid 1666404:tid 1666404] (70014)End of file found: [client 66.85.158.91:34316] AH02013: coalesce failed to read from data bucket
[Sat May 30 04:31:51.167891 2026] [ssl:error] [pid 1657835:tid 1657835] (70014)End of file found: [client 66.85.158.91:34324] AH02013: coalesce failed to read from data bucket
[Sat May 30 04:31:51.287551 2026] [ssl:error] [pid 1666792:tid 1666792] (70014)End of file found: [client 66.85.158.91:34354] AH02013: coalesce failed to read from data bucket
[Sat May 30 04:31:52.393927 2026] [ssl:error] [pid 1647536:tid 1647536] (70014)End of file found: [client 66.85.158.91:34452] AH02013: coalesce failed to read from data bucket
[Sat May 30 04:31:52.786672 2026] [ssl:error] [pid 1656123:tid 1656123] (70014)End of file found: [client 66.85.158.91:34488] AH02013: coalesce failed to read from data bucket
[Sat May 30 04:31:53.412945 2026] [ssl:error] [pid 1661802:tid 1661802] (70014)End of file found: [client 66.85.158.91:34528] AH02013: coalesce failed to read from data bucket
[Sat May 30 04:31:53.760598 2026] [security2:error] [pid 1653293:tid 1653293] [client 216.244.66.243:0] ModSecurity: Warning. String match within "/accept-charset/ /content-encoding/ /proxy/ /lock-token/ /content-range/ /if/" at TX:header_name_accept-charset. [file "/etc/apache2/conf.d/modsec_vendor_configs/OWASP3/rules/REQUEST-920-PROTOCOL-ENFORCEMENT.conf"] [line "1127"] [id "920450"] [msg "HTTP header is restricted by policy (/accept-charset/)"] [data "Restricted header detected: /accept-charset/"] [severity "CRITICAL"] [ver "OWASP_CRS/3.3.9"] [tag "application-multi"] [tag "language-multi"] [tag "platform-multi"] [tag "attack-protocol"] [tag "paranoia-level/1"] [tag "OWASP_CRS"] [tag "capec/1000/210/272"] [tag "PCI/12.1"] [hostname "www.nccp.health.gov.lk"] [uri "/ta"] [unique_id "ahoa4fWVrZ1N0-iPO5ELzQAAAAI"]
[Sat May 30 04:31:53.761022 2026] [security2:error] [pid 1653293:tid 1653293] [client 216.244.66.243:0] ModSecurity: Warning. Operator GE matched 5 at TX:anomaly_score. [file "/etc/apache2/conf.d/modsec_vendor_configs/OWASP3/rules/REQUEST-949-BLOCKING-EVALUATION.conf"] [line "94"] [id "949110"] [msg "Inbound Anomaly Score Exceeded (Total Score: 5)"] [severity "CRITICAL"] [ver "OWASP_CRS/3.3.9"] [tag "application-multi"] [tag "language-multi"] [tag "platform-multi"] [tag "attack-generic"] [hostname "www.nccp.health.gov.lk"] [uri "/ta"] [unique_id "ahoa4fWVrZ1N0-iPO5ELzQAAAAI"]
[Sat May 30 04:31:53.761391 2026] [security2:error] [pid 1653293:tid 1653293] [client 216.244.66.243:0] ModSecurity: Warning. Operator GE matched 5 at TX:inbound_anomaly_score. [file "/etc/apache2/conf.d/modsec_vendor_configs/OWASP3/rules/RESPONSE-980-CORRELATION.conf"] [line "92"] [id "980130"] [msg "Inbound Anomaly Score Exceeded (Total Inbound Score: 5 - SQLI=0,XSS=0,RFI=0,LFI=0,RCE=0,PHPI=0,HTTP=0,SESS=0): individual paranoia level scores: 5, 0, 0, 0"] [ver "OWASP_CRS/3.3.9"] [tag "event-correlation"] [hostname "www.nccp.health.gov.lk"] [uri "/ta"] [unique_id "ahoa4fWVrZ1N0-iPO5ELzQAAAAI"]
[Sat May 30 04:31:53.981786 2026] [ssl:error] [pid 1659318:tid 1659318] (70014)End of file found: [client 66.85.158.91:34598] AH02013: coalesce failed to read from data bucket
[Sat May 30 04:31:54.075813 2026] [ssl:error] [pid 1647398:tid 1647398] (70014)End of file found: [client 66.85.158.91:34606] AH02013: coalesce failed to read from data bucket
[Sat May 30 04:31:54.640001 2026] [ssl:error] [pid 1666345:tid 1666345] (70014)End of file found: [client 66.85.158.91:34730] AH02013: coalesce failed to read from data bucket
[Sat May 30 04:31:54.736972 2026] [core:error] [pid 1661805:tid 1661805] (13)Permission denied: [client 216.73.216.174:0] AH00132: file permissions deny server access: /home/anandaob/public_html/js/Bl4ckhOle/root/proc/thread-self/cwd/sys/dev/char/4:48/subsystem/ttyS1/irq
[Sat May 30 04:31:55.140659 2026] [security2:error] [pid 1648375:tid 1648375] [client 20.151.117.104:0] ModSecurity: collections_remove_stale: Failed to access DBM file "/var/cpanel/secdatadir/veneelk-global": Permission denied [hostname "venee.lk"] [uri "/index.php"] [unique_id "ahoa3jY-RMYgQUMJ8aKtEAAAACI"]
[Sat May 30 04:31:55.140760 2026] [security2:error] [pid 1648375:tid 1648375] [client 20.151.117.104:0] ModSecurity: collections_remove_stale: Failed to access DBM file "/var/cpanel/secdatadir/veneelk-ip": Permission denied [hostname "venee.lk"] [uri "/index.php"] [unique_id "ahoa3jY-RMYgQUMJ8aKtEAAAACI"]
[Sat May 30 04:31:55.262188 2026] [security2:error] [pid 1661800:tid 1661800] [client 51.83.5.74:0] ModSecurity: Warning. String match within ".asa/ .asax/ .ascx/ .axd/ .backup/ .bak/ .bat/ .cdx/ .cer/ .cfg/ .cmd/ .com/ .config/ .conf/ .cs/ .csproj/ .csr/ .dat/ .db/ .dbf/ .dll/ .dos/ .htr/ .htw/ .ida/ .idc/ .idq/ .inc/ .ini/ .key/ .licx/ .lnk/ .log/ .mdb/ .old/ .pass/ .pdb/ .pol/ .printer/ .pwd/ .rdb/ .resources/ .resx/ .sql/ .swp/ .sys/ .vb/ .vbs/ .vbproj/ .vsdisco/ .webinfo/ .xsd/ .xsx/" at TX:extension. [file "/etc/apache2/conf.d/modsec_vendor_configs/OWASP3/rules/REQUEST-920-PROTOCOL-ENFORCEMENT.conf"] [line "1055"] [id "920440"] [msg "URL file extension is restricted by policy"] [data ".ini"] [severity "CRITICAL"] [ver "OWASP_CRS/3.3.9"] [tag "application-multi"] [tag "language-multi"] [tag "platform-multi"] [tag "attack-protocol"] [tag "paranoia-level/1"] [tag "OWASP_CRS"] [tag "capec/1000/210/272"] [tag "PCI/6.5.10"] [hostname "anandaobauae.org"] [uri "/js/Bl4ckhOle/root/etc/cl.php.d/alt-php84/alt_php.ini"] [unique_id "ahoa4wwSMqf-JkmULbjTPgAAAAs"]
[Sat May 30 04:31:55.262855 2026] [security2:error] [pid 1661800:tid 1661800] [client 51.83.5.74:0] ModSecurity: Warning. Operator GE matched 5 at TX:anomaly_score. [file "/etc/apache2/conf.d/modsec_vendor_configs/OWASP3/rules/REQUEST-949-BLOCKING-EVALUATION.conf"] [line "94"] [id "949110"] [msg "Inbound Anomaly Score Exceeded (Total Score: 5)"] [severity "CRITICAL"] [ver "OWASP_CRS/3.3.9"] [tag "application-multi"] [tag "language-multi"] [tag "platform-multi"] [tag "attack-generic"] [hostname "anandaobauae.org"] [uri "/js/Bl4ckhOle/root/etc/cl.php.d/alt-php84/alt_php.ini"] [unique_id "ahoa4wwSMqf-JkmULbjTPgAAAAs"]
[Sat May 30 04:31:55.263439 2026] [security2:error] [pid 1661800:tid 1661800] [client 51.83.5.74:0] ModSecurity: Warning. Operator GE matched 5 at TX:inbound_anomaly_score. [file "/etc/apache2/conf.d/modsec_vendor_configs/OWASP3/rules/RESPONSE-980-CORRELATION.conf"] [line "92"] [id "980130"] [msg "Inbound Anomaly Score Exceeded (Total Inbound Score: 5 - SQLI=0,XSS=0,RFI=0,LFI=0,RCE=0,PHPI=0,HTTP=0,SESS=0): individual paranoia level scores: 5, 0, 0, 0"] [ver "OWASP_CRS/3.3.9"] [tag "event-correlation"] [hostname "anandaobauae.org"] [uri "/js/Bl4ckhOle/root/etc/cl.php.d/alt-php84/alt_php.ini"] [unique_id "ahoa4wwSMqf-JkmULbjTPgAAAAs"]
[Sat May 30 04:31:55.366168 2026] [core:error] [pid 1666351:tid 1666351] (13)Permission denied: [client 216.73.216.174:0] AH00132: file permissions deny server access: /home/anandaob/public_html/js/Bl4ckhOle/root/proc/self/cwd/sys/dev/char/4:39/subsystem/ttyS2/irq
[Sat May 30 04:31:55.558017 2026] [ssl:error] [pid 1647368:tid 1647368] (70014)End of file found: [client 66.85.158.91:34894] AH02013: coalesce failed to read from data bucket
[Sat May 30 04:31:55.688878 2026] [ssl:error] [pid 1662848:tid 1662848] (70014)End of file found: [client 66.85.158.91:34916] AH02013: coalesce failed to read from data bucket
[Sat May 30 04:31:55.774979 2026] [ssl:error] [pid 1647616:tid 1647616] (70014)End of file found: [client 66.85.158.91:34932] AH02013: coalesce failed to read from data bucket
[Sat May 30 04:31:56.068474 2026] [ssl:error] [pid 1661800:tid 1661800] (5)Input/output error: [client 66.85.158.91:34980] AH02013: coalesce failed to read from data bucket
[Sat May 30 04:31:56.256885 2026] [ssl:error] [pid 1647618:tid 1647618] (70014)End of file found: [client 66.85.158.91:35008] AH02013: coalesce failed to read from data bucket
[Sat May 30 04:31:56.379069 2026] [ssl:error] [pid 1647350:tid 1647350] (70014)End of file found: [client 66.85.158.91:35050] AH02013: coalesce failed to read from data bucket
[Sat May 30 04:31:56.603436 2026] [ssl:error] [pid 1648375:tid 1648375] (70014)End of file found: [client 66.85.158.91:35072] AH02013: coalesce failed to read from data bucket
