[Sat May 30 05:37:27.355486 2026] [security2:error] [pid 1690293:tid 1690293] [client 85.208.96.202:0] ModSecurity: Warning. String match within ".asa/ .asax/ .ascx/ .axd/ .backup/ .bak/ .bat/ .cdx/ .cer/ .cfg/ .cmd/ .com/ .config/ .conf/ .cs/ .csproj/ .csr/ .dat/ .db/ .dbf/ .dll/ .dos/ .htr/ .htw/ .ida/ .idc/ .idq/ .inc/ .ini/ .key/ .licx/ .lnk/ .log/ .mdb/ .old/ .pass/ .pdb/ .pol/ .printer/ .pwd/ .rdb/ .resources/ .resx/ .sql/ .swp/ .sys/ .vb/ .vbs/ .vbproj/ .vsdisco/ .webinfo/ .xsd/ .xsx/" at TX:extension. [file "/etc/apache2/conf.d/modsec_vendor_configs/OWASP3/rules/REQUEST-920-PROTOCOL-ENFORCEMENT.conf"] [line "1055"] [id "920440"] [msg "URL file extension is restricted by policy"] [data ".ini"] [severity "CRITICAL"] [ver "OWASP_CRS/3.3.9"] [tag "application-multi"] [tag "language-multi"] [tag "platform-multi"] [tag "attack-protocol"] [tag "paranoia-level/1"] [tag "OWASP_CRS"] [tag "capec/1000/210/272"] [tag "PCI/6.5.10"] [hostname "anandaobauae.org"] [uri "/js/Bl4ckhOle/root/opt/alt/php72/etc/php.d.all/trader.ini"] [unique_id "ahoqP3482dbZ4ARu-s0YjgAAABM"]
[Sat May 30 05:37:27.355924 2026] [security2:error] [pid 1690293:tid 1690293] [client 85.208.96.202:0] ModSecurity: Warning. Operator GE matched 5 at TX:anomaly_score. [file "/etc/apache2/conf.d/modsec_vendor_configs/OWASP3/rules/REQUEST-949-BLOCKING-EVALUATION.conf"] [line "94"] [id "949110"] [msg "Inbound Anomaly Score Exceeded (Total Score: 5)"] [severity "CRITICAL"] [ver "OWASP_CRS/3.3.9"] [tag "application-multi"] [tag "language-multi"] [tag "platform-multi"] [tag "attack-generic"] [hostname "anandaobauae.org"] [uri "/js/Bl4ckhOle/root/opt/alt/php72/etc/php.d.all/trader.ini"] [unique_id "ahoqP3482dbZ4ARu-s0YjgAAABM"]
[Sat May 30 05:37:27.498041 2026] [ssl:error] [pid 1696291:tid 1696291] (5)Input/output error: [client 66.85.158.91:35732] AH02013: coalesce failed to read from data bucket
[Sat May 30 05:37:27.512284 2026] [security2:error] [pid 1690293:tid 1690293] [client 85.208.96.202:0] ModSecurity: Warning. Operator GE matched 5 at TX:inbound_anomaly_score. [file "/etc/apache2/conf.d/modsec_vendor_configs/OWASP3/rules/RESPONSE-980-CORRELATION.conf"] [line "92"] [id "980130"] [msg "Inbound Anomaly Score Exceeded (Total Inbound Score: 5 - SQLI=0,XSS=0,RFI=0,LFI=0,RCE=0,PHPI=0,HTTP=0,SESS=0): individual paranoia level scores: 5, 0, 0, 0"] [ver "OWASP_CRS/3.3.9"] [tag "event-correlation"] [hostname "anandaobauae.org"] [uri "/js/Bl4ckhOle/root/opt/alt/php72/etc/php.d.all/trader.ini"] [unique_id "ahoqP3482dbZ4ARu-s0YjgAAABM"]
[Sat May 30 05:37:27.750845 2026] [ssl:error] [pid 1694998:tid 1694998] (5)Input/output error: [client 66.85.158.91:35748] AH02013: coalesce failed to read from data bucket
[Sat May 30 05:37:28.138831 2026] [core:error] [pid 1690620:tid 1690620] (13)Permission denied: [client 216.73.216.174:0] AH00132: file permissions deny server access: /home/anandaob/public_html/js/Bl4ckhOle/root/proc/self/cwd/sys/class/wakeup/wakeup14/device/driver/unbind
[Sat May 30 05:37:28.197977 2026] [security2:error] [pid 1684878:tid 1684878] [client 100.28.204.82:0] ModSecurity: collections_remove_stale: Failed to access DBM file "/var/cpanel/secdatadir/ksoftweb-global": Permission denied [hostname "www.ksoft.web.lk"] [uri "/jrdcbackend/jrdcback0705/vendor/laravel/framework/src/Illuminate/Auth/Access/"] [unique_id "ahoqQD7FtAgSqAin_al_mQAAAB0"]
[Sat May 30 05:37:28.271443 2026] [security2:error] [pid 1684878:tid 1684878] [client 100.28.204.82:0] ModSecurity: collections_remove_stale: Failed to access DBM file "/var/cpanel/secdatadir/ksoftweb-ip": Permission denied [hostname "www.ksoft.web.lk"] [uri "/jrdcbackend/jrdcback0705/vendor/laravel/framework/src/Illuminate/Auth/Access/"] [unique_id "ahoqQD7FtAgSqAin_al_mQAAAB0"]
[Sat May 30 05:37:28.303126 2026] [core:error] [pid 1680318:tid 1680318] (13)Permission denied: [client 216.73.216.174:0] AH00132: file permissions deny server access: /home/anandaob/public_html/js/Bl4ckhOle/root/usr/share/cagefs-skeleton/proc/thread-self/cwd/sys/kernel/slab/UNIX/shrink
[Sat May 30 05:37:28.908848 2026] [ssl:error] [pid 1680280:tid 1680280] (70014)End of file found: [client 66.85.158.91:35924] AH02013: coalesce failed to read from data bucket
[Sat May 30 05:37:28.943264 2026] [ssl:error] [pid 1696998:tid 1696998] (70014)End of file found: [client 66.85.158.91:35940] AH02013: coalesce failed to read from data bucket
[Sat May 30 05:37:28.944931 2026] [core:error] [pid 1680138:tid 1680138] (13)Permission denied: [client 216.73.216.174:0] AH00132: file permissions deny server access: /home/anandaob/public_html/js/Bl4ckhOle/root/proc/self/cwd/sys/dev/char/4:34/subsystem/ttyS3/iomem_base
[Sat May 30 05:37:29.433067 2026] [ssl:error] [pid 1690293:tid 1690293] (70014)End of file found: [client 66.85.158.91:36062] AH02013: coalesce failed to read from data bucket
[Sat May 30 05:37:29.623038 2026] [ssl:error] [pid 1694999:tid 1694999] (70014)End of file found: [client 66.85.158.91:36104] AH02013: coalesce failed to read from data bucket
[Sat May 30 05:37:29.846774 2026] [security2:error] [pid 1695906:tid 1695906] [client 65.49.20.66:0] ModSecurity: Warning. Pattern match "^[\\\\d.:]+$" at REQUEST_HEADERS:Host. [file "/etc/apache2/conf.d/modsec_vendor_configs/OWASP3/rules/REQUEST-920-PROTOCOL-ENFORCEMENT.conf"] [line "735"] [id "920350"] [msg "Host header is a numeric IP address"] [data "66.85.158.92"] [severity "WARNING"] [ver "OWASP_CRS/3.3.9"] [tag "application-multi"] [tag "language-multi"] [tag "platform-multi"] [tag "attack-protocol"] [tag "paranoia-level/1"] [tag "OWASP_CRS"] [tag "capec/1000/210/272"] [tag "PCI/6.5.10"] [hostname "66.85.158.92"] [uri "/webui/"] [unique_id "ahoqQSJjuGoj1TT8vwsWNAAAABA"]
[Sat May 30 05:37:30.232388 2026] [ssl:error] [pid 1680318:tid 1680318] (70014)End of file found: [client 66.85.158.91:36198] AH02013: coalesce failed to read from data bucket
[Sat May 30 05:37:30.661079 2026] [ssl:error] [pid 1697689:tid 1697689] (70014)End of file found: [client 66.85.158.91:58350] AH02013: coalesce failed to read from data bucket
[Sat May 30 05:37:30.941117 2026] [ssl:error] [pid 1689032:tid 1689032] (22)Invalid argument: [client 66.85.158.91:58386] AH02013: coalesce failed to read from data bucket
[Sat May 30 05:37:31.632860 2026] [core:error] [pid 1690292:tid 1690292] (13)Permission denied: [client 74.7.243.216:0] AH00132: file permissions deny server access: /home/anandaob/public_html/js/Bl4ckhOle/root/sys/kernel/slab/xfs_ili/validate, referer: https://www.anandaobauae.org/js/Bl4ckhOle/root/sys/kernel/slab/xfs_ili/
[Sat May 30 05:37:31.979832 2026] [ssl:error] [pid 1692998:tid 1692998] (70014)End of file found: [client 66.85.158.91:58482] AH02013: coalesce failed to read from data bucket
[Sat May 30 05:37:32.260019 2026] [ssl:error] [pid 1682285:tid 1682285] (70014)End of file found: [client 66.85.158.91:58518] AH02013: coalesce failed to read from data bucket
[Sat May 30 05:37:32.389173 2026] [ssl:error] [pid 1684878:tid 1684878] (70014)End of file found: [client 66.85.158.91:58536] AH02013: coalesce failed to read from data bucket
[Sat May 30 05:37:34.165811 2026] [core:error] [pid 1696685:tid 1696685] (13)Permission denied: [client 216.73.216.174:0] AH00132: file permissions deny server access: /home/anandaob/public_html/js/Bl4ckhOle/root/proc/self/cwd/sys/devices/virtual/tty/tty15/subsystem/ttyS2/flags
[Sat May 30 05:37:34.270508 2026] [ssl:error] [pid 1680307:tid 1680307] (70014)End of file found: [client 66.85.158.91:58716] AH02013: coalesce failed to read from data bucket
[Sat May 30 05:37:34.565724 2026] [ssl:error] [pid 1680315:tid 1680315] (70014)End of file found: [client 66.85.158.91:58776] AH02013: coalesce failed to read from data bucket
[Sat May 30 05:37:34.937855 2026] [security2:error] [pid 1694025:tid 1694025] [client 57.141.14.77:0] ModSecurity: collections_remove_stale: Failed to access DBM file "/var/cpanel/secdatadir/anandaob-global": Permission denied [hostname "www.anandaobauae.org"] [uri "/js/Bl4ckhOle/root/proc/thread-self/root/sys/bus/memory/devices/memory89/node0/memory101/node0/cpu0/firmware_node/"] [unique_id "ahoqRubIy7I1wrJtxdDTZwAAAAI"]
[Sat May 30 05:37:34.937927 2026] [security2:error] [pid 1694025:tid 1694025] [client 57.141.14.77:0] ModSecurity: collections_remove_stale: Failed to access DBM file "/var/cpanel/secdatadir/anandaob-ip": Permission denied [hostname "www.anandaobauae.org"] [uri "/js/Bl4ckhOle/root/proc/thread-self/root/sys/bus/memory/devices/memory89/node0/memory101/node0/cpu0/firmware_node/"] [unique_id "ahoqRubIy7I1wrJtxdDTZwAAAAI"]
[Sat May 30 05:37:35.385188 2026] [ssl:error] [pid 1694999:tid 1694999] (22)Invalid argument: [client 66.85.158.91:58930] AH02013: coalesce failed to read from data bucket
[Sat May 30 05:37:36.063491 2026] [ssl:error] [pid 1680318:tid 1680318] (70014)End of file found: [client 66.85.158.91:59026] AH02013: coalesce failed to read from data bucket
[Sat May 30 05:37:36.131627 2026] [ssl:error] [pid 1686653:tid 1686653] (70014)End of file found: [client 66.85.158.91:59028] AH02013: coalesce failed to read from data bucket
[Sat May 30 05:37:36.240570 2026] [ssl:error] [pid 1680302:tid 1680302] (70014)End of file found: [client 66.85.158.91:59020] AH02013: coalesce failed to read from data bucket
[Sat May 30 05:37:36.386630 2026] [ssl:error] [pid 1694603:tid 1694603] (70014)End of file found: [client 66.85.158.91:59054] AH02013: coalesce failed to read from data bucket
[Sat May 30 05:37:36.390234 2026] [core:error] [pid 1694998:tid 1694998] (13)Permission denied: [client 216.73.216.174:0] AH00132: file permissions deny server access: /home/anandaob/public_html/js/Bl4ckhOle/root/proc/self/cwd/sys/class/tty/tty38/subsystem/ttyS1/close_delay
[Sat May 30 05:37:36.829278 2026] [ssl:error] [pid 1694641:tid 1694641] (70014)End of file found: [client 66.85.158.91:59114] AH02013: coalesce failed to read from data bucket
[Sat May 30 05:37:37.585504 2026] [ssl:error] [pid 1694998:tid 1694998] (70014)End of file found: [client 66.85.158.91:59252] AH02013: coalesce failed to read from data bucket
[Sat May 30 05:37:38.339954 2026] [ssl:error] [pid 1680322:tid 1680322] (70014)End of file found: [client 66.85.158.91:59374] AH02013: coalesce failed to read from data bucket
[Sat May 30 05:37:38.347524 2026] [ssl:error] [pid 1696224:tid 1696224] (70014)End of file found: [client 66.85.158.91:59390] AH02013: coalesce failed to read from data bucket
[Sat May 30 05:37:38.438328 2026] [ssl:error] [pid 1689032:tid 1689032] (70014)End of file found: [client 66.85.158.91:59402] AH02013: coalesce failed to read from data bucket
[Sat May 30 05:37:38.620252 2026] [ssl:error] [pid 1694719:tid 1694719] (70014)End of file found: [client 66.85.158.91:59428] AH02013: coalesce failed to read from data bucket
[Sat May 30 05:37:38.728310 2026] [core:error] [pid 1696291:tid 1696291] (13)Permission denied: [client 216.73.216.174:0] AH00132: file permissions deny server access: /home/anandaob/public_html/js/Bl4ckhOle/root/proc/self/cwd/sys/dev/char/4:22/subsystem/ttyS3/iomem_base
[Sat May 30 05:37:38.818429 2026] [ssl:error] [pid 1692998:tid 1692998] (70014)End of file found: [client 66.85.158.91:59454] AH02013: coalesce failed to read from data bucket
[Sat May 30 05:37:39.557739 2026] [ssl:error] [pid 1697791:tid 1697791] (70014)End of file found: [client 66.85.158.91:59552] AH02013: coalesce failed to read from data bucket
[Sat May 30 05:37:39.774901 2026] [ssl:error] [pid 1680138:tid 1680138] (70014)End of file found: [client 66.85.158.91:59556] AH02013: coalesce failed to read from data bucket
[Sat May 30 05:37:39.836521 2026] [security2:error] [pid 1690293:tid 1690293] [client 216.244.66.249:0] ModSecurity: Warning. String match within "/accept-charset/ /content-encoding/ /proxy/ /lock-token/ /content-range/ /if/" at TX:header_name_accept-charset. [file "/etc/apache2/conf.d/modsec_vendor_configs/OWASP3/rules/REQUEST-920-PROTOCOL-ENFORCEMENT.conf"] [line "1127"] [id "920450"] [msg "HTTP header is restricted by policy (/accept-charset/)"] [data "Restricted header detected: /accept-charset/"] [severity "CRITICAL"] [ver "OWASP_CRS/3.3.9"] [tag "application-multi"] [tag "language-multi"] [tag "platform-multi"] [tag "attack-protocol"] [tag "paranoia-level/1"] [tag "OWASP_CRS"] [tag "capec/1000/210/272"] [tag "PCI/12.1"] [hostname "www.epid.gov.lk"] [uri "/web/index.php"] [unique_id "ahoqS3482dbZ4ARu-s0YlQAAABM"]
[Sat May 30 05:37:39.837486 2026] [security2:error] [pid 1690293:tid 1690293] [client 216.244.66.249:0] ModSecurity: Warning. Operator GE matched 5 at TX:anomaly_score. [file "/etc/apache2/conf.d/modsec_vendor_configs/OWASP3/rules/REQUEST-949-BLOCKING-EVALUATION.conf"] [line "94"] [id "949110"] [msg "Inbound Anomaly Score Exceeded (Total Score: 5)"] [severity "CRITICAL"] [ver "OWASP_CRS/3.3.9"] [tag "application-multi"] [tag "language-multi"] [tag "platform-multi"] [tag "attack-generic"] [hostname "www.epid.gov.lk"] [uri "/web/index.php"] [unique_id "ahoqS3482dbZ4ARu-s0YlQAAABM"]
[Sat May 30 05:37:39.837862 2026] [security2:error] [pid 1690293:tid 1690293] [client 216.244.66.249:0] ModSecurity: Warning. Operator GE matched 5 at TX:inbound_anomaly_score. [file "/etc/apache2/conf.d/modsec_vendor_configs/OWASP3/rules/RESPONSE-980-CORRELATION.conf"] [line "92"] [id "980130"] [msg "Inbound Anomaly Score Exceeded (Total Inbound Score: 5 - SQLI=0,XSS=0,RFI=0,LFI=0,RCE=0,PHPI=0,HTTP=0,SESS=0): individual paranoia level scores: 5, 0, 0, 0"] [ver "OWASP_CRS/3.3.9"] [tag "event-correlation"] [hostname "www.epid.gov.lk"] [uri "/web/index.php"] [unique_id "ahoqS3482dbZ4ARu-s0YlQAAABM"]
[Sat May 30 05:37:40.080597 2026] [ssl:error] [pid 1690292:tid 1690292] (70014)End of file found: [client 66.85.158.91:59594] AH02013: coalesce failed to read from data bucket
[Sat May 30 05:37:40.337723 2026] [ssl:error] [pid 1695768:tid 1695768] (70014)End of file found: [client 66.85.158.91:59610] AH02013: coalesce failed to read from data bucket
[Sat May 30 05:37:40.667545 2026] [ssl:error] [pid 1680280:tid 1680280] (70014)End of file found: [client 66.85.158.91:58504] AH02013: coalesce failed to read from data bucket
[Sat May 30 05:37:40.889447 2026] [ssl:error] [pid 1696291:tid 1696291] (70014)End of file found: [client 66.85.158.91:58518] AH02013: coalesce failed to read from data bucket
[Sat May 30 05:37:42.242407 2026] [ssl:error] [pid 1680302:tid 1680302] (70014)End of file found: [client 66.85.158.91:58694] AH02013: coalesce failed to read from data bucket
[Sat May 30 05:37:42.634530 2026] [ssl:error] [pid 1694641:tid 1694641] (70014)End of file found: [client 66.85.158.91:58764] AH02013: coalesce failed to read from data bucket
[Sat May 30 05:37:43.011576 2026] [ssl:error] [pid 1694984:tid 1694984] (70014)End of file found: [client 66.85.158.91:58790] AH02013: coalesce failed to read from data bucket
[Sat May 30 05:37:43.400316 2026] [core:error] [pid 1692547:tid 1692547] (13)Permission denied: [client 216.73.216.174:0] AH00132: file permissions deny server access: /home/anandaob/public_html/js/Bl4ckhOle/root/proc/self/cwd/sys/class/tty/tty29/subsystem/ttyS2/closing_wait
[Sat May 30 05:37:43.660249 2026] [ssl:error] [pid 1694999:tid 1694999] (70014)End of file found: [client 66.85.158.91:58870] AH02013: coalesce failed to read from data bucket
[Sat May 30 05:37:43.864037 2026] [ssl:error] [pid 1697689:tid 1697689] (70014)End of file found: [client 66.85.158.91:58886] AH02013: coalesce failed to read from data bucket
[Sat May 30 05:37:44.074610 2026] [core:error] [pid 1689032:tid 1689032] (13)Permission denied: [client 216.73.216.174:0] AH00132: file permissions deny server access: /home/anandaob/public_html/js/Bl4ckhOle/root/proc/thread-self/cwd/sys/kernel/slab/xfs_efi_item/slabs
[Sat May 30 05:37:44.166344 2026] [ssl:error] [pid 1694998:tid 1694998] (70014)End of file found: [client 66.85.158.91:58960] AH02013: coalesce failed to read from data bucket
[Sat May 30 05:37:44.250347 2026] [ssl:error] [pid 1694025:tid 1694025] (70014)End of file found: [client 66.85.158.91:58970] AH02013: coalesce failed to read from data bucket
[Sat May 30 05:37:44.457736 2026] [ssl:error] [pid 1680315:tid 1680315] (70014)End of file found: [client 66.85.158.91:59010] AH02013: coalesce failed to read from data bucket
[Sat May 30 05:37:44.792507 2026] [ssl:error] [pid 1680323:tid 1680323] (70014)End of file found: [client 66.85.158.91:59104] AH02013: coalesce failed to read from data bucket
[Sat May 30 05:37:45.057356 2026] [ssl:error] [pid 1682285:tid 1682285] (70014)End of file found: [client 66.85.158.91:59126] AH02013: coalesce failed to read from data bucket
[Sat May 30 05:37:45.144806 2026] [security2:error] [pid 1692998:tid 1692998] [client 192.178.4.105:0] ModSecurity: Warning. Matched phrase "/composer.json" at REQUEST_FILENAME. [file "/etc/apache2/conf.d/modsec_vendor_configs/OWASP3/rules/REQUEST-930-APPLICATION-ATTACK-LFI.conf"] [line "125"] [id "930130"] [msg "Restricted File Access Attempt"] [data "Matched Data: /composer.json found within REQUEST_FILENAME: /epid/epidomology20221110/vendor/laravel/framework/src/illuminate/http/composer.json"] [severity "CRITICAL"] [ver "OWASP_CRS/3.3.9"] [tag "application-multi"] [tag "language-multi"] [tag "platform-multi"] [tag "attack-lfi"] [tag "paranoia-level/1"] [tag "OWASP_CRS"] [tag "capec/1000/255/153/126"] [tag "PCI/6.5.4"] [hostname "ksoft.web.lk"] [uri "/epid/Epidomology20221110/vendor/laravel/framework/src/Illuminate/Http/composer.json"] [unique_id "ahoqUVNoStdtCGbxb8wvswAAAAs"]
[Sat May 30 05:37:45.145087 2026] [security2:error] [pid 1692998:tid 1692998] [client 192.178.4.105:0] ModSecurity: Warning. Operator GE matched 5 at TX:anomaly_score. [file "/etc/apache2/conf.d/modsec_vendor_configs/OWASP3/rules/REQUEST-949-BLOCKING-EVALUATION.conf"] [line "94"] [id "949110"] [msg "Inbound Anomaly Score Exceeded (Total Score: 5)"] [severity "CRITICAL"] [ver "OWASP_CRS/3.3.9"] [tag "application-multi"] [tag "language-multi"] [tag "platform-multi"] [tag "attack-generic"] [hostname "ksoft.web.lk"] [uri "/epid/Epidomology20221110/vendor/laravel/framework/src/Illuminate/Http/composer.json"] [unique_id "ahoqUVNoStdtCGbxb8wvswAAAAs"]
[Sat May 30 05:37:45.341413 2026] [security2:error] [pid 1692998:tid 1692998] [client 192.178.4.105:0] ModSecurity: Warning. Operator GE matched 5 at TX:inbound_anomaly_score. [file "/etc/apache2/conf.d/modsec_vendor_configs/OWASP3/rules/RESPONSE-980-CORRELATION.conf"] [line "92"] [id "980130"] [msg "Inbound Anomaly Score Exceeded (Total Inbound Score: 5 - SQLI=0,XSS=0,RFI=0,LFI=5,RCE=0,PHPI=0,HTTP=0,SESS=0): individual paranoia level scores: 5, 0, 0, 0"] [ver "OWASP_CRS/3.3.9"] [tag "event-correlation"] [hostname "ksoft.web.lk"] [uri "/epid/Epidomology20221110/vendor/laravel/framework/src/Illuminate/Http/composer.json"] [unique_id "ahoqUVNoStdtCGbxb8wvswAAAAs"]
[Sat May 30 05:37:45.547674 2026] [security2:error] [pid 1694719:tid 1694719] [client 216.244.66.243:0] ModSecurity: collections_remove_stale: Failed to access DBM file "/var/cpanel/secdatadir/fhbhealt-global": Permission denied [hostname "fhb.health.gov.lk"] [uri "/videos/malejzw/{urls}"] [unique_id "ahoqUcOpgFghVSyWLAxJdgAAABk"]
[Sat May 30 05:37:45.547778 2026] [security2:error] [pid 1694719:tid 1694719] [client 216.244.66.243:0] ModSecurity: collections_remove_stale: Failed to access DBM file "/var/cpanel/secdatadir/fhbhealt-ip": Permission denied [hostname "fhb.health.gov.lk"] [uri "/videos/malejzw/{urls}"] [unique_id "ahoqUcOpgFghVSyWLAxJdgAAABk"]
[Sat May 30 05:37:45.562284 2026] [ssl:error] [pid 1689032:tid 1689032] (70014)End of file found: [client 66.85.158.91:59178] AH02013: coalesce failed to read from data bucket
[Sat May 30 05:37:45.684383 2026] [ssl:error] [pid 1680138:tid 1680138] (22)Invalid argument: [client 66.85.158.91:59180] AH02013: coalesce failed to read from data bucket
[Sat May 30 05:37:45.783090 2026] [ssl:error] [pid 1690292:tid 1690292] (70014)End of file found: [client 66.85.158.91:59204] AH02013: coalesce failed to read from data bucket
[Sat May 30 05:37:45.879513 2026] [ssl:error] [pid 1690293:tid 1690293] (70014)End of file found: [client 66.85.158.91:59232] AH02013: coalesce failed to read from data bucket
[Sat May 30 05:37:45.882847 2026] [core:error] [pid 1686653:tid 1686653] (13)Permission denied: [client 216.73.216.174:0] AH00132: file permissions deny server access: /home/anandaob/public_html/js/Bl4ckhOle/root/sys/fs/cgroup/memory/lve1046/cgroup.event_control
[Sat May 30 05:37:45.984694 2026] [ssl:error] [pid 1696685:tid 1696685] (70014)End of file found: [client 66.85.158.91:59280] AH02013: coalesce failed to read from data bucket
[Sat May 30 05:37:47.012869 2026] [ssl:error] [pid 1680322:tid 1680322] (70014)End of file found: [client 66.85.158.91:59372] AH02013: coalesce failed to read from data bucket
[Sat May 30 05:37:47.336841 2026] [core:error] [pid 1697791:tid 1697791] (13)Permission denied: [client 74.7.243.216:0] AH00132: file permissions deny server access: /home/anandaob/public_html/js/Bl4ckhOle/root/sys/kernel/slab/xfs_ili/red_zone, referer: https://www.anandaobauae.org/js/Bl4ckhOle/root/sys/kernel/slab/xfs_ili/
[Sat May 30 05:37:47.370613 2026] [ssl:error] [pid 1693000:tid 1693000] (70014)End of file found: [client 66.85.158.91:59390] AH02013: coalesce failed to read from data bucket
[Sat May 30 05:37:48.254091 2026] [ssl:error] [pid 1692998:tid 1692998] (70014)End of file found: [client 66.85.158.91:59500] AH02013: coalesce failed to read from data bucket
[Sat May 30 05:37:49.317329 2026] [ssl:error] [pid 1696224:tid 1696224] (70014)End of file found: [client 66.85.158.91:59638] AH02013: coalesce failed to read from data bucket
[Sat May 30 05:37:50.040749 2026] [ssl:error] [pid 1692547:tid 1692547] (70014)End of file found: [client 66.85.158.91:59708] AH02013: coalesce failed to read from data bucket
[Sat May 30 05:37:50.248619 2026] [ssl:error] [pid 1694025:tid 1694025] (70014)End of file found: [client 66.85.158.91:59738] AH02013: coalesce failed to read from data bucket
[Sat May 30 05:37:50.535237 2026] [ssl:error] [pid 1694984:tid 1694984] (70014)End of file found: [client 66.85.158.91:59824] AH02013: coalesce failed to read from data bucket
[Sat May 30 05:37:50.546027 2026] [core:error] [pid 1696291:tid 1696291] (13)Permission denied: [client 216.73.216.174:0] AH00132: file permissions deny server access: /home/anandaob/public_html/js/Bl4ckhOle/root/sys/devices/virtual/tty/tty7/subsystem/ttyS1/irq
[Sat May 30 05:37:50.989696 2026] [ssl:error] [pid 1680280:tid 1680280] (70014)End of file found: [client 66.85.158.91:42354] AH02013: coalesce failed to read from data bucket
[Sat May 30 05:37:51.156844 2026] [ssl:error] [pid 1696291:tid 1696291] (70014)End of file found: [client 66.85.158.91:42376] AH02013: coalesce failed to read from data bucket
[Sat May 30 05:37:51.439199 2026] [ssl:error] [pid 1690292:tid 1690292] (70014)End of file found: [client 66.85.158.91:42450] AH02013: coalesce failed to read from data bucket
[Sat May 30 05:37:51.449483 2026] [ssl:error] [pid 1690620:tid 1690620] (70014)End of file found: [client 66.85.158.91:42452] AH02013: coalesce failed to read from data bucket
[Sat May 30 05:37:51.558581 2026] [ssl:error] [pid 1680318:tid 1680318] (70014)End of file found: [client 66.85.158.91:42454] AH02013: coalesce failed to read from data bucket
[Sat May 30 05:37:51.750652 2026] [ssl:error] [pid 1682285:tid 1682285] (70014)End of file found: [client 66.85.158.91:42458] AH02013: coalesce failed to read from data bucket
[Sat May 30 05:37:51.855907 2026] [ssl:error] [pid 1694603:tid 1694603] (70014)End of file found: [client 66.85.158.91:42474] AH02013: coalesce failed to read from data bucket
[Sat May 30 05:37:51.948714 2026] [ssl:error] [pid 1694719:tid 1694719] (70014)End of file found: [client 66.85.158.91:42510] AH02013: coalesce failed to read from data bucket
[Sat May 30 05:37:52.049930 2026] [ssl:error] [pid 1680315:tid 1680315] (5)Input/output error: [client 66.85.158.91:42554] AH02013: coalesce failed to read from data bucket
[Sat May 30 05:37:52.190311 2026] [ssl:error] [pid 1697791:tid 1697791] (5)Input/output error: [client 66.85.158.91:42558] AH02013: coalesce failed to read from data bucket
[Sat May 30 05:37:52.309402 2026] [ssl:error] [pid 1686653:tid 1686653] (70014)End of file found: [client 66.85.158.91:42586] AH02013: coalesce failed to read from data bucket
[Sat May 30 05:37:54.034871 2026] [ssl:error] [pid 1680322:tid 1680322] (70014)End of file found: [client 66.85.158.91:42760] AH02013: coalesce failed to read from data bucket
[Sat May 30 05:37:54.522786 2026] [ssl:error] [pid 1696685:tid 1696685] (70014)End of file found: [client 66.85.158.91:42854] AH02013: coalesce failed to read from data bucket
[Sat May 30 05:37:55.189052 2026] [ssl:error] [pid 1695001:tid 1695001] (70014)End of file found: [client 66.85.158.91:42950] AH02013: coalesce failed to read from data bucket
[Sat May 30 05:37:55.681212 2026] [ssl:error] [pid 1684878:tid 1684878] (70014)End of file found: [client 66.85.158.91:43008] AH02013: coalesce failed to read from data bucket
[Sat May 30 05:37:56.009999 2026] [security2:error] [pid 1680302:tid 1680302] [client 57.141.14.32:0] ModSecurity: collections_remove_stale: Failed to access DBM file "/var/cpanel/secdatadir/anandaob-global": Permission denied [hostname "www.anandaobauae.org"] [uri "/js/Bl4ckhOle/root/proc/thread-self/root/proc/thread-self/root/sys/bus/memory/devices/memory45/node0/memory125/subsystem/devices/memory64/node0/memory118/node0/memory34/subsystem/"] [unique_id "ahoqXIn5jnYeajry7FHsTwAAAAk"]
[Sat May 30 05:37:56.010091 2026] [security2:error] [pid 1680302:tid 1680302] [client 57.141.14.32:0] ModSecurity: collections_remove_stale: Failed to access DBM file "/var/cpanel/secdatadir/anandaob-ip": Permission denied [hostname "www.anandaobauae.org"] [uri "/js/Bl4ckhOle/root/proc/thread-self/root/proc/thread-self/root/sys/bus/memory/devices/memory45/node0/memory125/subsystem/devices/memory64/node0/memory118/node0/memory34/subsystem/"] [unique_id "ahoqXIn5jnYeajry7FHsTwAAAAk"]
[Sat May 30 05:37:56.042393 2026] [ssl:error] [pid 1692998:tid 1692998] (70014)End of file found: [client 66.85.158.91:43050] AH02013: coalesce failed to read from data bucket
[Sat May 30 05:37:56.633215 2026] [security2:error] [pid 1694025:tid 1694025] [client 140.205.85.14:0] ModSecurity: collections_remove_stale: Failed to access DBM file "/var/cpanel/secdatadir/jrdclk-global": Permission denied [hostname "jrdc.lk"] [uri "/jrdcweb/index.html"] [unique_id "ahoqXObIy7I1wrJtxdDTcgAAAAI"], referer: https://jrdc.lk/news/focus-group-meeting-on-nature-based-solutions/
[Sat May 30 05:37:56.633290 2026] [security2:error] [pid 1694025:tid 1694025] [client 140.205.85.14:0] ModSecurity: collections_remove_stale: Failed to access DBM file "/var/cpanel/secdatadir/jrdclk-ip": Permission denied [hostname "jrdc.lk"] [uri "/jrdcweb/index.html"] [unique_id "ahoqXObIy7I1wrJtxdDTcgAAAAI"], referer: https://jrdc.lk/news/focus-group-meeting-on-nature-based-solutions/
[Sat May 30 05:37:57.145527 2026] [ssl:error] [pid 1680318:tid 1680318] (70014)End of file found: [client 66.85.158.91:43194] AH02013: coalesce failed to read from data bucket
[Sat May 30 05:37:57.147614 2026] [ssl:error] [pid 1692547:tid 1692547] (70014)End of file found: [client 66.85.158.91:43202] AH02013: coalesce failed to read from data bucket
[Sat May 30 05:37:57.338400 2026] [core:error] [pid 1694984:tid 1694984] (13)Permission denied: [client 216.73.216.174:0] AH00132: file permissions deny server access: /home/anandaob/public_html/js/Bl4ckhOle/root/sys/dev/char/251:0/wakeup16/subsystem/wakeup11/device/device:0e/eject
[Sat May 30 05:37:57.345415 2026] [ssl:error] [pid 1690292:tid 1690292] (70014)End of file found: [client 66.85.158.91:43238] AH02013: coalesce failed to read from data bucket
[Sat May 30 05:37:57.457389 2026] [ssl:error] [pid 1680302:tid 1680302] (70014)End of file found: [client 66.85.158.91:43240] AH02013: coalesce failed to read from data bucket
[Sat May 30 05:37:57.502338 2026] [core:error] [pid 1693000:tid 1693000] (13)Permission denied: [client 216.73.216.174:0] AH00132: file permissions deny server access: /home/anandaob/public_html/js/Bl4ckhOle/root/sys/devices/platform/serial8250/tty/ttyS3/subsystem/ttyS2/uartclk
[Sat May 30 05:37:57.703083 2026] [ssl:error] [pid 1694603:tid 1694603] (70014)End of file found: [client 66.85.158.91:43276] AH02013: coalesce failed to read from data bucket
[Sat May 30 05:37:57.860011 2026] [ssl:error] [pid 1697689:tid 1697689] (70014)End of file found: [client 66.85.158.91:43296] AH02013: coalesce failed to read from data bucket
[Sat May 30 05:37:58.308857 2026] [ssl:error] [pid 1697791:tid 1697791] (70014)End of file found: [client 66.85.158.91:43320] AH02013: coalesce failed to read from data bucket
[Sat May 30 05:37:58.311168 2026] [core:error] [pid 1696291:tid 1696291] (13)Permission denied: [client 216.73.216.174:0] AH00132: file permissions deny server access: /home/anandaob/public_html/js/Bl4ckhOle/root/sys/devices/platform/serial8250/tty/ttyS2/subsystem/ttyS3/uartclk
[Sat May 30 05:37:59.322188 2026] [ssl:error] [pid 1682285:tid 1682285] (70014)End of file found: [client 66.85.158.91:43460] AH02013: coalesce failed to read from data bucket
[Sat May 30 05:37:59.533709 2026] [ssl:error] [pid 1694984:tid 1694984] (70014)End of file found: [client 66.85.158.91:43506] AH02013: coalesce failed to read from data bucket
[Sat May 30 05:38:00.439067 2026] [ssl:error] [pid 1686653:tid 1686653] (70014)End of file found: [client 66.85.158.91:43604] AH02013: coalesce failed to read from data bucket
[Sat May 30 05:38:00.445898 2026] [ssl:error] [pid 1680322:tid 1680322] (70014)End of file found: [client 66.85.158.91:43594] AH02013: coalesce failed to read from data bucket
[Sat May 30 05:38:01.040627 2026] [ssl:error] [pid 1694641:tid 1694641] (70014)End of file found: [client 66.85.158.91:56466] AH02013: coalesce failed to read from data bucket
[Sat May 30 05:38:01.328508 2026] [ssl:error] [pid 1680138:tid 1680138] (70014)End of file found: [client 66.85.158.91:56490] AH02013: coalesce failed to read from data bucket
[Sat May 30 05:38:02.251251 2026] [ssl:error] [pid 1689032:tid 1689032] (70014)End of file found: [client 66.85.158.91:56592] AH02013: coalesce failed to read from data bucket
[Sat May 30 05:38:02.319031 2026] [ssl:error] [pid 1696224:tid 1696224] (70014)End of file found: [client 66.85.158.91:56600] AH02013: coalesce failed to read from data bucket
[Sat May 30 05:38:02.887171 2026] [ssl:error] [pid 1695000:tid 1695000] (70014)End of file found: [client 66.85.158.91:56618] AH02013: coalesce failed to read from data bucket
[Sat May 30 05:38:03.024327 2026] [core:error] [pid 1696685:tid 1696685] (13)Permission denied: [client 74.7.243.216:0] AH00132: file permissions deny server access: /home/anandaob/public_html/js/Bl4ckhOle/root/sys/kernel/slab/xfs_ili/order, referer: https://www.anandaobauae.org/js/Bl4ckhOle/root/sys/kernel/slab/xfs_ili/
[Sat May 30 05:38:03.063661 2026] [ssl:error] [pid 1690293:tid 1690293] (70014)End of file found: [client 66.85.158.91:56648] AH02013: coalesce failed to read from data bucket
[Sat May 30 05:38:03.172581 2026] [ssl:error] [pid 1694025:tid 1694025] (70014)End of file found: [client 66.85.158.91:56708] AH02013: coalesce failed to read from data bucket
[Sat May 30 05:38:03.361606 2026] [core:error] [pid 1690292:tid 1690292] (13)Permission denied: [client 216.73.216.174:0] AH00132: file permissions deny server access: /home/anandaob/public_html/js/Bl4ckhOle/root/proc/thread-self/cwd/sys/class/dmi/id/product_serial
[Sat May 30 05:38:03.463176 2026] [ssl:error] [pid 1697689:tid 1697689] (70014)End of file found: [client 66.85.158.91:56770] AH02013: coalesce failed to read from data bucket
[Sat May 30 05:38:03.611120 2026] [ssl:error] [pid 1696685:tid 1696685] (70014)End of file found: [client 66.85.158.91:56790] AH02013: coalesce failed to read from data bucket
[Sat May 30 05:38:03.899217 2026] [core:error] [pid 1684878:tid 1684878] (13)Permission denied: [client 57.141.14.45:0] AH00132: file permissions deny server access: /home/anandaob/public_html/js/Bl4ckhOle/root/proc/thread-self/root/sys/bus/cpu/devices/cpu0/node0/memory32/node0/memory88/subsystem/devices/memory17/subsystem/uevent
[Sat May 30 05:38:03.974187 2026] [ssl:error] [pid 1680302:tid 1680302] (70014)End of file found: [client 66.85.158.91:56860] AH02013: coalesce failed to read from data bucket
[Sat May 30 05:38:04.764816 2026] [proxy_http:error] [pid 1682285:tid 1682285] (20014)Internal error (specific information not available): [client 5.255.123.222:0] AH01102: error reading status line from remote server 127.0.0.1:2082
[Sat May 30 05:38:04.764851 2026] [proxy:error] [pid 1682285:tid 1682285] [client 5.255.123.222:0] AH00898: Error reading from remote server returned by /___proxy_subdomain_cpanel/.env.local.bak
[Sat May 30 05:38:04.785333 2026] [ssl:error] [pid 1694603:tid 1694603] (70014)End of file found: [client 66.85.158.91:56896] AH02013: coalesce failed to read from data bucket
[Sat May 30 05:38:05.601296 2026] [ssl:error] [pid 1695001:tid 1695001] (5)Input/output error: [client 66.85.158.91:56990] AH02013: coalesce failed to read from data bucket
[Sat May 30 05:38:05.683406 2026] [ssl:error] [pid 1682285:tid 1682285] (5)Input/output error: [client 66.85.158.91:56998] AH02013: coalesce failed to read from data bucket
[Sat May 30 05:38:05.824343 2026] [security2:error] [pid 1692547:tid 1692547] [client 45.130.83.78:0] ModSecurity: collections_remove_stale: Failed to access DBM file "/var/cpanel/secdatadir/nsteeleng-global": Permission denied [hostname "nsteeleng.com"] [uri "/wp-admin/index.php"] [unique_id "ahoqZHlQFtZ3KVUQlGVriwAAAAA"], referer: https://nsteeleng.com/wp-login.php
[Sat May 30 05:38:05.824434 2026] [security2:error] [pid 1692547:tid 1692547] [client 45.130.83.78:0] ModSecurity: collections_remove_stale: Failed to access DBM file "/var/cpanel/secdatadir/nsteeleng-ip": Permission denied [hostname "nsteeleng.com"] [uri "/wp-admin/index.php"] [unique_id "ahoqZHlQFtZ3KVUQlGVriwAAAAA"], referer: https://nsteeleng.com/wp-login.php
[Sat May 30 05:38:06.606607 2026] [ssl:error] [pid 1694984:tid 1694984] (70014)End of file found: [client 66.85.158.91:57078] AH02013: coalesce failed to read from data bucket
[Sat May 30 05:38:07.506076 2026] [core:error] [pid 1696291:tid 1696291] (13)Permission denied: [client 216.73.216.174:0] AH00132: file permissions deny server access: /home/anandaob/public_html/js/Bl4ckhOle/root/sys/module/snd_hda_intel/drivers/pci:snd_hda_intel/new_id
[Sat May 30 05:38:07.606404 2026] [core:error] [pid 1694998:tid 1694998] (13)Permission denied: [client 216.73.216.174:0] AH00132: file permissions deny server access: /home/anandaob/public_html/js/Bl4ckhOle/root/sys/devices/virtual/tty/tty52/subsystem/ttyS0/iomem_base
[Sat May 30 05:38:08.063501 2026] [ssl:error] [pid 1697791:tid 1697791] (70014)End of file found: [client 66.85.158.91:57214] AH02013: coalesce failed to read from data bucket
[Sat May 30 05:38:08.206381 2026] [ssl:error] [pid 1696291:tid 1696291] (70014)End of file found: [client 66.85.158.91:57234] AH02013: coalesce failed to read from data bucket
[Sat May 30 05:38:08.607962 2026] [ssl:error] [pid 1686653:tid 1686653] (70014)End of file found: [client 66.85.158.91:57272] AH02013: coalesce failed to read from data bucket
[Sat May 30 05:38:08.624615 2026] [ssl:error] [pid 1680315:tid 1680315] (70014)End of file found: [client 66.85.158.91:57284] AH02013: coalesce failed to read from data bucket
[Sat May 30 05:38:08.735308 2026] [core:error] [pid 1680322:tid 1680322] (13)Permission denied: [client 216.73.216.174:0] AH00132: file permissions deny server access: /home/anandaob/public_html/js/Bl4ckhOle/root/proc/thread-self/cwd/sys/class/tty/tty25/subsystem/ttyS1/line
[Sat May 30 05:38:09.074946 2026] [ssl:error] [pid 1697689:tid 1697689] (70014)End of file found: [client 66.85.158.91:57384] AH02013: coalesce failed to read from data bucket
[Sat May 30 05:38:09.437378 2026] [ssl:error] [pid 1680280:tid 1680280] (70014)End of file found: [client 66.85.158.91:57442] AH02013: coalesce failed to read from data bucket
[Sat May 30 05:38:09.950522 2026] [core:error] [pid 1692547:tid 1692547] (13)Permission denied: [client 216.73.216.174:0] AH00132: file permissions deny server access: /home/anandaob/public_html/js/Bl4ckhOle/root/proc/self/cwd/sys/class/tty/tty47/subsystem/ttyS2/closing_wait
[Sat May 30 05:38:10.049808 2026] [ssl:error] [pid 1680138:tid 1680138] (70014)End of file found: [client 66.85.158.91:57588] AH02013: coalesce failed to read from data bucket
[Sat May 30 05:38:10.174641 2026] [ssl:error] [pid 1690293:tid 1690293] (70014)End of file found: [client 66.85.158.91:57600] AH02013: coalesce failed to read from data bucket
[Sat May 30 05:38:10.545006 2026] [ssl:error] [pid 1684878:tid 1684878] (70014)End of file found: [client 66.85.158.91:57650] AH02013: coalesce failed to read from data bucket
[Sat May 30 05:38:10.657872 2026] [ssl:error] [pid 1695906:tid 1695906] (70014)End of file found: [client 66.85.158.91:52708] AH02013: coalesce failed to read from data bucket
[Sat May 30 05:38:11.333823 2026] [ssl:error] [pid 1690292:tid 1690292] (70014)End of file found: [client 66.85.158.91:52774] AH02013: coalesce failed to read from data bucket
[Sat May 30 05:38:11.471814 2026] [ssl:error] [pid 1695001:tid 1695001] (70014)End of file found: [client 66.85.158.91:52798] AH02013: coalesce failed to read from data bucket
[Sat May 30 05:38:12.365658 2026] [ssl:error] [pid 1689032:tid 1689032] (70014)End of file found: [client 66.85.158.91:52860] AH02013: coalesce failed to read from data bucket
[Sat May 30 05:38:12.493265 2026] [ssl:error] [pid 1680318:tid 1680318] (70014)End of file found: [client 66.85.158.91:52880] AH02013: coalesce failed to read from data bucket
[Sat May 30 05:38:12.493511 2026] [security2:error] [pid 1680318:tid 1680318] [client 216.73.216.174:0] ModSecurity: collections_remove_stale: Failed to access DBM file "/var/cpanel/secdatadir/anandaob-global": Permission denied [hostname "anandaobauae.org"] [uri "/js/Bl4ckhOle/root/sys/devices/virtual/tty/tty16/subsystem/tty29/power/runtime_suspended_time"] [unique_id "ahoqbDNdfg_ivZOBdtvBdQAAABE"]
[Sat May 30 05:38:12.493563 2026] [security2:error] [pid 1680318:tid 1680318] [client 216.73.216.174:0] ModSecurity: collections_remove_stale: Failed to access DBM file "/var/cpanel/secdatadir/anandaob-ip": Permission denied [hostname "anandaobauae.org"] [uri "/js/Bl4ckhOle/root/sys/devices/virtual/tty/tty16/subsystem/tty29/power/runtime_suspended_time"] [unique_id "ahoqbDNdfg_ivZOBdtvBdQAAABE"]
[Sat May 30 05:38:12.495302 2026] [security2:error] [pid 1680302:tid 1680302] [client 216.73.216.174:0] ModSecurity: collections_remove_stale: Failed to access DBM file "/var/cpanel/secdatadir/anandaob-global": Permission denied [hostname "anandaobauae.org"] [uri "/js/Bl4ckhOle/root/sys/kernel/slab/mm_struct/"] [unique_id "ahoqbIn5jnYeajry7FHsVgAAAAk"]
[Sat May 30 05:38:12.495356 2026] [security2:error] [pid 1680302:tid 1680302] [client 216.73.216.174:0] ModSecurity: collections_remove_stale: Failed to access DBM file "/var/cpanel/secdatadir/anandaob-ip": Permission denied [hostname "anandaobauae.org"] [uri "/js/Bl4ckhOle/root/sys/kernel/slab/mm_struct/"] [unique_id "ahoqbIn5jnYeajry7FHsVgAAAAk"]
[Sat May 30 05:38:12.571446 2026] [ssl:error] [pid 1694984:tid 1694984] (70014)End of file found: [client 66.85.158.91:52912] AH02013: coalesce failed to read from data bucket
[Sat May 30 05:38:12.657439 2026] [ssl:error] [pid 1695000:tid 1695000] (5)Input/output error: [client 66.85.158.91:52946] AH02013: coalesce failed to read from data bucket
[Sat May 30 05:38:13.462670 2026] [ssl:error] [pid 1694641:tid 1694641] (70014)End of file found: [client 66.85.158.91:53074] AH02013: coalesce failed to read from data bucket
[Sat May 30 05:38:13.596950 2026] [ssl:error] [pid 1697791:tid 1697791] (70014)End of file found: [client 66.85.158.91:53078] AH02013: coalesce failed to read from data bucket
[Sat May 30 05:38:13.871276 2026] [ssl:error] [pid 1694025:tid 1694025] (5)Input/output error: [client 66.85.158.91:53132] AH02013: coalesce failed to read from data bucket
[Sat May 30 05:38:14.307673 2026] [autoindex:error] [pid 1680315:tid 1680315] (13)Permission denied: [client 216.73.216.174:0] AH01275: Can't open directory for index: /home/anandaob/public_html/js/Bl4ckhOle/root/proc/thread-self/cwd/etc/vdomainaliases/
[Sat May 30 05:38:14.765053 2026] [ssl:error] [pid 1680302:tid 1680302] (70014)End of file found: [client 66.85.158.91:53264] AH02013: coalesce failed to read from data bucket
[Sat May 30 05:38:14.767849 2026] [ssl:error] [pid 1693000:tid 1693000] (70014)End of file found: [client 66.85.158.91:53256] AH02013: coalesce failed to read from data bucket
[Sat May 30 05:38:14.976539 2026] [ssl:error] [pid 1680322:tid 1680322] (70014)End of file found: [client 66.85.158.91:53306] AH02013: coalesce failed to read from data bucket
[Sat May 30 05:38:15.102530 2026] [ssl:error] [pid 1680280:tid 1680280] (70014)End of file found: [client 66.85.158.91:53322] AH02013: coalesce failed to read from data bucket
[Sat May 30 05:38:15.261770 2026] [ssl:error] [pid 1694998:tid 1694998] (5)Input/output error: [client 66.85.158.91:53382] AH02013: coalesce failed to read from data bucket
[Sat May 30 05:38:15.392099 2026] [ssl:error] [pid 1692998:tid 1692998] (5)Input/output error: [client 66.85.158.91:53398] AH02013: coalesce failed to read from data bucket
[Sat May 30 05:38:15.465989 2026] [core:error] [pid 1680138:tid 1680138] (13)Permission denied: [client 216.73.216.174:0] AH00132: file permissions deny server access: /home/anandaob/public_html/js/Bl4ckhOle/root/sys/bus/platform/devices/serial8250/driver/uevent
[Sat May 30 05:38:15.644085 2026] [ssl:error] [pid 1690293:tid 1690293] (70014)End of file found: [client 66.85.158.91:53432] AH02013: coalesce failed to read from data bucket
[Sat May 30 05:38:15.681124 2026] [security2:error] [pid 1697689:tid 1697689] [client 62.60.130.227:0] ModSecurity: collections_remove_stale: Failed to access DBM file "/var/cpanel/secdatadir/casavill-global": Permission denied [hostname "casa18villa.com"] [uri "/wp-login.php"] [unique_id "ahoqb_IkbXiSaN8_Sp6BrgAAABQ"], referer: https://casa18villa.com/wp-login.php
[Sat May 30 05:38:15.681188 2026] [security2:error] [pid 1697689:tid 1697689] [client 62.60.130.227:0] ModSecurity: collections_remove_stale: Failed to access DBM file "/var/cpanel/secdatadir/casavill-ip": Permission denied [hostname "casa18villa.com"] [uri "/wp-login.php"] [unique_id "ahoqb_IkbXiSaN8_Sp6BrgAAABQ"], referer: https://casa18villa.com/wp-login.php
[Sat May 30 05:38:15.900027 2026] [ssl:error] [pid 1696998:tid 1696998] (70014)End of file found: [client 66.85.158.91:53458] AH02013: coalesce failed to read from data bucket
[Sat May 30 05:38:17.315574 2026] [security2:error] [pid 1680138:tid 1680138] [client 62.60.130.227:0] ModSecurity: collections_remove_stale: Failed to access DBM file "/var/cpanel/secdatadir/casavill-global": Permission denied [hostname "casa18villa.com"] [uri "/wp-login.php"] [unique_id "ahoqcO-ek5i-gs2viPU-jwAAABY"], referer: https://casa18villa.com/wp-login.php
[Sat May 30 05:38:17.315638 2026] [security2:error] [pid 1680138:tid 1680138] [client 62.60.130.227:0] ModSecurity: collections_remove_stale: Failed to access DBM file "/var/cpanel/secdatadir/casavill-ip": Permission denied [hostname "casa18villa.com"] [uri "/wp-login.php"] [unique_id "ahoqcO-ek5i-gs2viPU-jwAAABY"], referer: https://casa18villa.com/wp-login.php
[Sat May 30 05:38:17.485709 2026] [ssl:error] [pid 1695001:tid 1695001] (5)Input/output error: [client 66.85.158.91:53644] AH02013: coalesce failed to read from data bucket
[Sat May 30 05:38:18.072534 2026] [mime:warn] [pid 1680315:tid 1680315] AH01599: Cannot get media type from 'txt'
[Sat May 30 05:38:18.646587 2026] [ssl:error] [pid 1680307:tid 1680307] (70014)End of file found: [client 66.85.158.91:53752] AH02013: coalesce failed to read from data bucket
[Sat May 30 05:38:18.696598 2026] [ssl:error] [pid 1696685:tid 1696685] (70014)End of file found: [client 66.85.158.91:53766] AH02013: coalesce failed to read from data bucket
[Sat May 30 05:38:18.918413 2026] [ssl:error] [pid 1680318:tid 1680318] (70014)End of file found: [client 66.85.158.91:53808] AH02013: coalesce failed to read from data bucket
[Sat May 30 05:38:19.103483 2026] [ssl:error] [pid 1695768:tid 1695768] (70014)End of file found: [client 66.85.158.91:53864] AH02013: coalesce failed to read from data bucket
[Sat May 30 05:38:19.303314 2026] [core:error] [pid 1697689:tid 1697689] (13)Permission denied: [client 216.73.216.174:0] AH00132: file permissions deny server access: /home/anandaob/public_html/js/Bl4ckhOle/root/proc/self/cwd/sys/module/libcrc32c/holders/nf_tables/uevent
[Sat May 30 05:38:19.470855 2026] [ssl:error] [pid 1690620:tid 1690620] (70014)End of file found: [client 66.85.158.91:53906] AH02013: coalesce failed to read from data bucket
[Sat May 30 05:38:19.605742 2026] [ssl:error] [pid 1694603:tid 1694603] (5)Input/output error: [client 66.85.158.91:53954] AH02013: coalesce failed to read from data bucket
[Sat May 30 05:38:19.909736 2026] [ssl:error] [pid 1682285:tid 1682285] (70014)End of file found: [client 66.85.158.91:54006] AH02013: coalesce failed to read from data bucket
[Sat May 30 05:38:19.988214 2026] [ssl:error] [pid 1695906:tid 1695906] (70014)End of file found: [client 66.85.158.91:54022] AH02013: coalesce failed to read from data bucket
[Sat May 30 05:38:20.008197 2026] [core:error] [pid 1694984:tid 1694984] (13)Permission denied: [client 216.73.216.174:0] AH00132: file permissions deny server access: /home/anandaob/public_html/js/Bl4ckhOle/root/proc/self/cwd/sys/dev/char/4:25/subsystem/ttyS1/port
[Sat May 30 05:38:20.155484 2026] [ssl:error] [pid 1684878:tid 1684878] (5)Input/output error: [client 66.85.158.91:54048] AH02013: coalesce failed to read from data bucket
[Sat May 30 05:38:20.523390 2026] [ssl:error] [pid 1680315:tid 1680315] (70014)End of file found: [client 66.85.158.91:54088] AH02013: coalesce failed to read from data bucket
[Sat May 30 05:38:21.106275 2026] [ssl:error] [pid 1680280:tid 1680280] (70014)End of file found: [client 66.85.158.91:35130] AH02013: coalesce failed to read from data bucket
[Sat May 30 05:38:22.099739 2026] [ssl:error] [pid 1686653:tid 1686653] (70014)End of file found: [client 66.85.158.91:35180] AH02013: coalesce failed to read from data bucket
[Sat May 30 05:38:22.688733 2026] [ssl:error] [pid 1689032:tid 1689032] (70014)End of file found: [client 66.85.158.91:35214] AH02013: coalesce failed to read from data bucket
[Sat May 30 05:38:23.011051 2026] [ssl:error] [pid 1680323:tid 1680323] (70014)End of file found: [client 66.85.158.91:35282] AH02013: coalesce failed to read from data bucket
[Sat May 30 05:38:23.769745 2026] [ssl:error] [pid 1694025:tid 1694025] (70014)End of file found: [client 66.85.158.91:35330] AH02013: coalesce failed to read from data bucket
[Sat May 30 05:38:23.887055 2026] [ssl:error] [pid 1690293:tid 1690293] (70014)End of file found: [client 66.85.158.91:35344] AH02013: coalesce failed to read from data bucket
[Sat May 30 05:38:24.174215 2026] [ssl:error] [pid 1696224:tid 1696224] (70014)End of file found: [client 66.85.158.91:35436] AH02013: coalesce failed to read from data bucket
[Sat May 30 05:38:24.279438 2026] [ssl:error] [pid 1694719:tid 1694719] (70014)End of file found: [client 66.85.158.91:35448] AH02013: coalesce failed to read from data bucket
[Sat May 30 05:38:24.541409 2026] [ssl:error] [pid 1680307:tid 1680307] (70014)End of file found: [client 66.85.158.91:35502] AH02013: coalesce failed to read from data bucket
[Sat May 30 05:38:24.578239 2026] [ssl:error] [pid 1696685:tid 1696685] (70014)End of file found: [client 66.85.158.91:35516] AH02013: coalesce failed to read from data bucket
[Sat May 30 05:38:24.883782 2026] [ssl:error] [pid 1680322:tid 1680322] (70014)End of file found: [client 66.85.158.91:35546] AH02013: coalesce failed to read from data bucket
[Sat May 30 05:38:24.962178 2026] [ssl:error] [pid 1690292:tid 1690292] (70014)End of file found: [client 66.85.158.91:35578] AH02013: coalesce failed to read from data bucket
[Sat May 30 05:38:25.396306 2026] [ssl:error] [pid 1680302:tid 1680302] (5)Input/output error: [client 66.85.158.91:35650] AH02013: coalesce failed to read from data bucket
[Sat May 30 05:38:25.579825 2026] [ssl:error] [pid 1694998:tid 1694998] (70014)End of file found: [client 66.85.158.91:35710] AH02013: coalesce failed to read from data bucket
[Sat May 30 05:38:25.747620 2026] [ssl:error] [pid 1682285:tid 1682285] (70014)End of file found: [client 66.85.158.91:35728] AH02013: coalesce failed to read from data bucket
[Sat May 30 05:38:25.752072 2026] [ssl:error] [pid 1696291:tid 1696291] (5)Input/output error: [client 66.85.158.91:35744] AH02013: coalesce failed to read from data bucket
[Sat May 30 05:38:25.754809 2026] [ssl:error] [pid 1695768:tid 1695768] (5)Input/output error: [client 66.85.158.91:35752] AH02013: coalesce failed to read from data bucket
[Sat May 30 05:38:26.501233 2026] [core:error] [pid 1693000:tid 1693000] (13)Permission denied: [client 57.141.14.62:0] AH00132: file permissions deny server access: /home/anandaob/public_html/js/Bl4ckhOle/root/proc/thread-self/root/sys/bus/memory/devices/memory13/subsystem/devices/memory17/node0/memory50/subsystem/uevent
[Sat May 30 05:38:26.598111 2026] [core:error] [pid 1680315:tid 1680315] (13)Permission denied: [client 216.73.216.174:0] AH00132: file permissions deny server access: /home/anandaob/public_html/js/Bl4ckhOle/root/sys/devices/virtual/tty/tty11/subsystem/ttyS1/irq
[Sat May 30 05:38:26.701737 2026] [ssl:error] [pid 1680318:tid 1680318] (70014)End of file found: [client 66.85.158.91:35862] AH02013: coalesce failed to read from data bucket
