[Sat May 30 04:29:28.838127 2026] [security2:error] [pid 1661800:tid 1661800] [client 216.244.66.235:0] ModSecurity: Warning. String match within "/accept-charset/ /content-encoding/ /proxy/ /lock-token/ /content-range/ /if/" at TX:header_name_accept-charset. [file "/etc/apache2/conf.d/modsec_vendor_configs/OWASP3/rules/REQUEST-920-PROTOCOL-ENFORCEMENT.conf"] [line "1127"] [id "920450"] [msg "HTTP header is restricted by policy (/accept-charset/)"] [data "Restricted header detected: /accept-charset/"] [severity "CRITICAL"] [ver "OWASP_CRS/3.3.9"] [tag "application-multi"] [tag "language-multi"] [tag "platform-multi"] [tag "attack-protocol"] [tag "paranoia-level/1"] [tag "OWASP_CRS"] [tag "capec/1000/210/272"] [tag "PCI/12.1"] [hostname "bostonlanka.com"] [uri "/growing-caravan-of-migrants-march-toward-us-border/"] [unique_id "ahoaUAwSMqf-JkmULbjS_wAAAAs"]
[Sat May 30 04:29:28.838691 2026] [security2:error] [pid 1661800:tid 1661800] [client 216.244.66.235:0] ModSecurity: Warning. Operator GE matched 5 at TX:anomaly_score. [file "/etc/apache2/conf.d/modsec_vendor_configs/OWASP3/rules/REQUEST-949-BLOCKING-EVALUATION.conf"] [line "94"] [id "949110"] [msg "Inbound Anomaly Score Exceeded (Total Score: 5)"] [severity "CRITICAL"] [ver "OWASP_CRS/3.3.9"] [tag "application-multi"] [tag "language-multi"] [tag "platform-multi"] [tag "attack-generic"] [hostname "bostonlanka.com"] [uri "/growing-caravan-of-migrants-march-toward-us-border/"] [unique_id "ahoaUAwSMqf-JkmULbjS_wAAAAs"]
[Sat May 30 04:29:28.891914 2026] [ssl:error] [pid 1647383:tid 1647383] (70014)End of file found: [client 66.85.158.91:56378] AH02013: coalesce failed to read from data bucket
[Sat May 30 04:29:29.256641 2026] [security2:error] [pid 1661800:tid 1661800] [client 216.244.66.235:0] ModSecurity: Warning. Operator GE matched 5 at TX:inbound_anomaly_score. [file "/etc/apache2/conf.d/modsec_vendor_configs/OWASP3/rules/RESPONSE-980-CORRELATION.conf"] [line "92"] [id "980130"] [msg "Inbound Anomaly Score Exceeded (Total Inbound Score: 5 - SQLI=0,XSS=0,RFI=0,LFI=0,RCE=0,PHPI=0,HTTP=0,SESS=0): individual paranoia level scores: 5, 0, 0, 0"] [ver "OWASP_CRS/3.3.9"] [tag "event-correlation"] [hostname "bostonlanka.com"] [uri "/index.php"] [unique_id "ahoaUAwSMqf-JkmULbjS_wAAAAs"]
[Sat May 30 04:29:29.311891 2026] [mime:warn] [pid 1661804:tid 1661804] AH01599: Cannot get media type from 'txt'
[Sat May 30 04:29:30.917421 2026] [ssl:error] [pid 1647372:tid 1647372] (70014)End of file found: [client 66.85.158.91:34350] AH02013: coalesce failed to read from data bucket
[Sat May 30 04:29:31.023938 2026] [ssl:error] [pid 1653293:tid 1653293] (70014)End of file found: [client 66.85.158.91:34376] AH02013: coalesce failed to read from data bucket
[Sat May 30 04:29:31.290110 2026] [ssl:error] [pid 1661800:tid 1661800] (70014)End of file found: [client 66.85.158.91:34402] AH02013: coalesce failed to read from data bucket
[Sat May 30 04:29:31.488893 2026] [ssl:error] [pid 1648375:tid 1648375] (70014)End of file found: [client 66.85.158.91:34428] AH02013: coalesce failed to read from data bucket
[Sat May 30 04:29:31.909124 2026] [ssl:error] [pid 1647398:tid 1647398] (70014)End of file found: [client 66.85.158.91:34446] AH02013: coalesce failed to read from data bucket
[Sat May 30 04:29:32.773915 2026] [core:error] [pid 1647616:tid 1647616] (13)Permission denied: [client 74.7.243.216:0] AH00132: file permissions deny server access: /home/anandaob/public_html/js/Bl4ckhOle/root/sys/kernel/slab/uid_cache/objects_partial, referer: https://www.anandaobauae.org/js/Bl4ckhOle/root/sys/kernel/slab/uid_cache/
[Sat May 30 04:29:32.906264 2026] [ssl:error] [pid 1661804:tid 1661804] (70014)End of file found: [client 66.85.158.91:34504] AH02013: coalesce failed to read from data bucket
[Sat May 30 04:29:32.907766 2026] [ssl:error] [pid 1657835:tid 1657835] (70014)End of file found: [client 66.85.158.91:34514] AH02013: coalesce failed to read from data bucket
[Sat May 30 04:29:32.971068 2026] [core:error] [pid 1647368:tid 1647368] (13)Permission denied: [client 52.204.253.129:0] AH00132: file permissions deny server access: /home/anandaob/public_html/public_html/backup/js/Bl4ckhOle/root/proc/thread-self/root/sys/devices/system/node/node0/memory13/subsystem/devices/memory110/node0/memory17/subsystem/devices/memory100/node0/memory52/subsystem/devices/memory12/node0/memory23/subsystem/uevent
[Sat May 30 04:29:33.003969 2026] [core:error] [pid 1648359:tid 1648359] (13)Permission denied: [client 216.73.216.174:0] AH00132: file permissions deny server access: /home/anandaob/public_html/js/Bl4ckhOle/root/sys/kernel/slab/kmalloc-rcl-128/destroy_by_rcu
[Sat May 30 04:29:33.105593 2026] [ssl:error] [pid 1662848:tid 1662848] (70014)End of file found: [client 66.85.158.91:34536] AH02013: coalesce failed to read from data bucket
[Sat May 30 04:29:33.458406 2026] [ssl:error] [pid 1647356:tid 1647356] (70014)End of file found: [client 66.85.158.91:34574] AH02013: coalesce failed to read from data bucket
[Sat May 30 04:29:33.483190 2026] [ssl:error] [pid 1662020:tid 1662020] (70014)End of file found: [client 66.85.158.91:34590] AH02013: coalesce failed to read from data bucket
[Sat May 30 04:29:33.865713 2026] [ssl:error] [pid 1647424:tid 1647424] (70014)End of file found: [client 66.85.158.91:34614] AH02013: coalesce failed to read from data bucket
[Sat May 30 04:29:34.026205 2026] [ssl:error] [pid 1647368:tid 1647368] (70014)End of file found: [client 66.85.158.91:34650] AH02013: coalesce failed to read from data bucket
[Sat May 30 04:29:34.128318 2026] [ssl:error] [pid 1648359:tid 1648359] (70014)End of file found: [client 66.85.158.91:34666] AH02013: coalesce failed to read from data bucket
[Sat May 30 04:29:34.222400 2026] [ssl:error] [pid 1656123:tid 1656123] (70014)End of file found: [client 66.85.158.91:34676] AH02013: coalesce failed to read from data bucket
[Sat May 30 04:29:34.983582 2026] [ssl:error] [pid 1662016:tid 1662016] (70014)End of file found: [client 66.85.158.91:34708] AH02013: coalesce failed to read from data bucket
[Sat May 30 04:29:35.940005 2026] [ssl:error] [pid 1661801:tid 1661801] (70014)End of file found: [client 66.85.158.91:34740] AH02013: coalesce failed to read from data bucket
[Sat May 30 04:29:36.249133 2026] [core:error] [pid 1662021:tid 1662021] (13)Permission denied: [client 216.73.216.174:0] AH00132: file permissions deny server access: /home/anandaob/public_html/js/Bl4ckhOle/root/sys/class/tty/tty36/subsystem/ttyS3/custom_divisor
[Sat May 30 04:29:36.604320 2026] [ssl:error] [pid 1647618:tid 1647618] (70014)End of file found: [client 66.85.158.91:34810] AH02013: coalesce failed to read from data bucket
[Sat May 30 04:29:36.712737 2026] [core:error] [pid 1661800:tid 1661800] (13)Permission denied: [client 85.208.96.202:0] AH00132: file permissions deny server access: /home/anandaob/public_html/js/Bl4ckhOle/root/sys/devices/pci0000:00/firmware_node/device:03/eject
[Sat May 30 04:29:36.897776 2026] [ssl:error] [pid 1661800:tid 1661800] (70014)End of file found: [client 66.85.158.91:34882] AH02013: coalesce failed to read from data bucket
[Sat May 30 04:29:36.922140 2026] [security2:error] [pid 1657896:tid 1657896] [client 85.208.96.200:0] ModSecurity: Warning. Matched phrase "/composer.json" at REQUEST_FILENAME. [file "/etc/apache2/conf.d/modsec_vendor_configs/OWASP3/rules/REQUEST-930-APPLICATION-ATTACK-LFI.conf"] [line "125"] [id "930130"] [msg "Restricted File Access Attempt"] [data "Matched Data: /composer.json found within REQUEST_FILENAME: /tfab/tfab0806/vendor/laravel/framework/src/illuminate/support/composer.json"] [severity "CRITICAL"] [ver "OWASP_CRS/3.3.9"] [tag "application-multi"] [tag "language-multi"] [tag "platform-multi"] [tag "attack-lfi"] [tag "paranoia-level/1"] [tag "OWASP_CRS"] [tag "capec/1000/255/153/126"] [tag "PCI/6.5.4"] [hostname "ksoft.web.lk"] [uri "/tfab/tfab0806/vendor/laravel/framework/src/Illuminate/Support/composer.json"] [unique_id "ahoaWLeo4btMrY4CbKG5swAAABU"]
[Sat May 30 04:29:36.922554 2026] [security2:error] [pid 1657896:tid 1657896] [client 85.208.96.200:0] ModSecurity: Warning. Operator GE matched 5 at TX:anomaly_score. [file "/etc/apache2/conf.d/modsec_vendor_configs/OWASP3/rules/REQUEST-949-BLOCKING-EVALUATION.conf"] [line "94"] [id "949110"] [msg "Inbound Anomaly Score Exceeded (Total Score: 5)"] [severity "CRITICAL"] [ver "OWASP_CRS/3.3.9"] [tag "application-multi"] [tag "language-multi"] [tag "platform-multi"] [tag "attack-generic"] [hostname "ksoft.web.lk"] [uri "/tfab/tfab0806/vendor/laravel/framework/src/Illuminate/Support/composer.json"] [unique_id "ahoaWLeo4btMrY4CbKG5swAAABU"]
[Sat May 30 04:29:36.932557 2026] [security2:error] [pid 1657896:tid 1657896] [client 85.208.96.200:0] ModSecurity: Warning. Operator GE matched 5 at TX:inbound_anomaly_score. [file "/etc/apache2/conf.d/modsec_vendor_configs/OWASP3/rules/RESPONSE-980-CORRELATION.conf"] [line "92"] [id "980130"] [msg "Inbound Anomaly Score Exceeded (Total Inbound Score: 5 - SQLI=0,XSS=0,RFI=0,LFI=5,RCE=0,PHPI=0,HTTP=0,SESS=0): individual paranoia level scores: 5, 0, 0, 0"] [ver "OWASP_CRS/3.3.9"] [tag "event-correlation"] [hostname "ksoft.web.lk"] [uri "/tfab/tfab0806/vendor/laravel/framework/src/Illuminate/Support/composer.json"] [unique_id "ahoaWLeo4btMrY4CbKG5swAAABU"]
[Sat May 30 04:29:37.276683 2026] [ssl:error] [pid 1657896:tid 1657896] (70014)End of file found: [client 66.85.158.91:34954] AH02013: coalesce failed to read from data bucket
[Sat May 30 04:29:37.393178 2026] [ssl:error] [pid 1647372:tid 1647372] (5)Input/output error: [client 66.85.158.91:34976] AH02013: coalesce failed to read from data bucket
[Sat May 30 04:29:38.151965 2026] [ssl:error] [pid 1661802:tid 1661802] (70014)End of file found: [client 66.85.158.91:35010] AH02013: coalesce failed to read from data bucket
[Sat May 30 04:29:38.181260 2026] [ssl:error] [pid 1662021:tid 1662021] (70014)End of file found: [client 66.85.158.91:35012] AH02013: coalesce failed to read from data bucket
[Sat May 30 04:29:38.428300 2026] [ssl:error] [pid 1659318:tid 1659318] (70014)End of file found: [client 66.85.158.91:35034] AH02013: coalesce failed to read from data bucket
[Sat May 30 04:29:39.203516 2026] [ssl:error] [pid 1662848:tid 1662848] (70014)End of file found: [client 66.85.158.91:35050] AH02013: coalesce failed to read from data bucket
[Sat May 30 04:29:39.544720 2026] [ssl:error] [pid 1647616:tid 1647616] (70014)End of file found: [client 66.85.158.91:35102] AH02013: coalesce failed to read from data bucket
[Sat May 30 04:29:40.339202 2026] [ssl:error] [pid 1662020:tid 1662020] (70014)End of file found: [client 66.85.158.91:35218] AH02013: coalesce failed to read from data bucket
[Sat May 30 04:29:40.856643 2026] [ssl:error] [pid 1661804:tid 1661804] (70014)End of file found: [client 66.85.158.91:50826] AH02013: coalesce failed to read from data bucket
[Sat May 30 04:29:40.988219 2026] [security2:error] [pid 1647356:tid 1647356] [client 113.44.123.84:0] ModSecurity: collections_remove_stale: Failed to access DBM file "/var/cpanel/secdatadir/ceylondigest-global": Permission denied [hostname "www.ceylondigest.com"] [uri "/wp-content/themes/jannah/assets/css/widgets.min.css"] [unique_id "ahoaXDUqKtVU0dNco7ks3QAAAAE"]
[Sat May 30 04:29:40.988312 2026] [security2:error] [pid 1647356:tid 1647356] [client 113.44.123.84:0] ModSecurity: collections_remove_stale: Failed to access DBM file "/var/cpanel/secdatadir/ceylondigest-ip": Permission denied [hostname "www.ceylondigest.com"] [uri "/wp-content/themes/jannah/assets/css/widgets.min.css"] [unique_id "ahoaXDUqKtVU0dNco7ks3QAAAAE"]
[Sat May 30 04:29:42.355426 2026] [ssl:error] [pid 1647618:tid 1647618] (70014)End of file found: [client 66.85.158.91:50906] AH02013: coalesce failed to read from data bucket
[Sat May 30 04:29:42.913420 2026] [core:error] [pid 1647640:tid 1647640] (13)Permission denied: [client 216.73.216.174:0] AH00132: file permissions deny server access: /home/anandaob/public_html/js/Bl4ckhOle/root/proc/self/cwd/sys/kernel/slab/eventpoll_epi/hwcache_align
[Sat May 30 04:29:43.069900 2026] [ssl:error] [pid 1647368:tid 1647368] (70014)End of file found: [client 66.85.158.91:51046] AH02013: coalesce failed to read from data bucket
[Sat May 30 04:29:43.186991 2026] [ssl:error] [pid 1661800:tid 1661800] (70014)End of file found: [client 66.85.158.91:51060] AH02013: coalesce failed to read from data bucket
[Sat May 30 04:29:43.203354 2026] [ssl:error] [pid 1657835:tid 1657835] (70014)End of file found: [client 66.85.158.91:51070] AH02013: coalesce failed to read from data bucket
[Sat May 30 04:29:43.288722 2026] [ssl:error] [pid 1661801:tid 1661801] (70014)End of file found: [client 66.85.158.91:51078] AH02013: coalesce failed to read from data bucket
[Sat May 30 04:29:43.523468 2026] [ssl:error] [pid 1647383:tid 1647383] (70014)End of file found: [client 66.85.158.91:51108] AH02013: coalesce failed to read from data bucket
[Sat May 30 04:29:43.656264 2026] [ssl:error] [pid 1647536:tid 1647536] (70014)End of file found: [client 66.85.158.91:51112] AH02013: coalesce failed to read from data bucket
[Sat May 30 04:29:43.974091 2026] [ssl:error] [pid 1647424:tid 1647424] (70014)End of file found: [client 66.85.158.91:51126] AH02013: coalesce failed to read from data bucket
[Sat May 30 04:29:44.157375 2026] [ssl:error] [pid 1647640:tid 1647640] (70014)End of file found: [client 66.85.158.91:51140] AH02013: coalesce failed to read from data bucket
[Sat May 30 04:29:44.668480 2026] [ssl:error] [pid 1656123:tid 1656123] (70014)End of file found: [client 66.85.158.91:51180] AH02013: coalesce failed to read from data bucket
[Sat May 30 04:29:44.782486 2026] [ssl:error] [pid 1659318:tid 1659318] (70014)End of file found: [client 66.85.158.91:51194] AH02013: coalesce failed to read from data bucket
[Sat May 30 04:29:45.583818 2026] [core:error] [pid 1647372:tid 1647372] (13)Permission denied: [client 57.141.14.111:0] AH00132: file permissions deny server access: /home/anandaob/public_html/js/Bl4ckhOle/root/proc/thread-self/root/sys/bus/memory/devices/memory122/node0/memory97/node0/memory89/subsystem/uevent
[Sat May 30 04:29:45.806871 2026] [ssl:error] [pid 1647616:tid 1647616] (70014)End of file found: [client 66.85.158.91:51256] AH02013: coalesce failed to read from data bucket
[Sat May 30 04:29:46.206149 2026] [ssl:error] [pid 1662016:tid 1662016] (70014)End of file found: [client 66.85.158.91:51276] AH02013: coalesce failed to read from data bucket
[Sat May 30 04:29:46.772105 2026] [ssl:error] [pid 1648376:tid 1648376] (70014)End of file found: [client 66.85.158.91:51296] AH02013: coalesce failed to read from data bucket
[Sat May 30 04:29:47.518007 2026] [ssl:error] [pid 1662848:tid 1662848] (70014)End of file found: [client 66.85.158.91:51346] AH02013: coalesce failed to read from data bucket
[Sat May 30 04:29:48.180274 2026] [ssl:error] [pid 1657896:tid 1657896] (70014)End of file found: [client 66.85.158.91:51418] AH02013: coalesce failed to read from data bucket
[Sat May 30 04:29:48.410373 2026] [ssl:error] [pid 1648359:tid 1648359] (70014)End of file found: [client 66.85.158.91:51438] AH02013: coalesce failed to read from data bucket
[Sat May 30 04:29:48.638761 2026] [ssl:error] [pid 1662021:tid 1662021] (70014)End of file found: [client 66.85.158.91:51458] AH02013: coalesce failed to read from data bucket
[Sat May 30 04:29:48.896579 2026] [ssl:error] [pid 1661800:tid 1661800] (70014)End of file found: [client 66.85.158.91:51482] AH02013: coalesce failed to read from data bucket
[Sat May 30 04:29:48.957815 2026] [ssl:error] [pid 1647350:tid 1647350] (70014)End of file found: [client 66.85.158.91:51522] AH02013: coalesce failed to read from data bucket
[Sat May 30 04:29:48.986361 2026] [ssl:error] [pid 1653293:tid 1653293] (70014)End of file found: [client 66.85.158.91:51536] AH02013: coalesce failed to read from data bucket
[Sat May 30 04:29:49.191124 2026] [ssl:error] [pid 1647383:tid 1647383] (70014)End of file found: [client 66.85.158.91:51550] AH02013: coalesce failed to read from data bucket
[Sat May 30 04:29:49.218205 2026] [core:error] [pid 1647536:tid 1647536] (13)Permission denied: [client 216.73.216.174:0] AH00132: file permissions deny server access: /home/anandaob/public_html/js/Bl4ckhOle/root/sys/class/wakeup/wakeup6/subsystem/wakeup3/device/physical_node/resource4
[Sat May 30 04:29:49.317841 2026] [core:error] [pid 1661801:tid 1661801] (13)Permission denied: [client 216.73.216.174:0] AH00132: file permissions deny server access: /home/anandaob/public_html/js/Bl4ckhOle/root/proc/thread-self/cwd/sys/dev/char/4:2/subsystem/ttyS0/port
[Sat May 30 04:29:49.434876 2026] [ssl:error] [pid 1647424:tid 1647424] (70014)End of file found: [client 66.85.158.91:51604] AH02013: coalesce failed to read from data bucket
[Sat May 30 04:29:50.009098 2026] [ssl:error] [pid 1647372:tid 1647372] (70014)End of file found: [client 66.85.158.91:51626] AH02013: coalesce failed to read from data bucket
[Sat May 30 04:29:50.125564 2026] [ssl:error] [pid 1647640:tid 1647640] (70014)End of file found: [client 66.85.158.91:51642] AH02013: coalesce failed to read from data bucket
[Sat May 30 04:29:50.175736 2026] [ssl:error] [pid 1647536:tid 1647536] (70014)End of file found: [client 66.85.158.91:51646] AH02013: coalesce failed to read from data bucket
[Sat May 30 04:29:50.806234 2026] [ssl:error] [pid 1647398:tid 1647398] (70014)End of file found: [client 66.85.158.91:40956] AH02013: coalesce failed to read from data bucket
[Sat May 30 04:29:52.025195 2026] [ssl:error] [pid 1647616:tid 1647616] (70014)End of file found: [client 66.85.158.91:41062] AH02013: coalesce failed to read from data bucket
[Sat May 30 04:29:53.514431 2026] [ssl:error] [pid 1657835:tid 1657835] (70014)End of file found: [client 66.85.158.91:41220] AH02013: coalesce failed to read from data bucket
[Sat May 30 04:29:53.603434 2026] [security2:error] [pid 1661805:tid 1661805] [client 216.244.66.235:0] ModSecurity: Warning. String match within "/accept-charset/ /content-encoding/ /proxy/ /lock-token/ /content-range/ /if/" at TX:header_name_accept-charset. [file "/etc/apache2/conf.d/modsec_vendor_configs/OWASP3/rules/REQUEST-920-PROTOCOL-ENFORCEMENT.conf"] [line "1127"] [id "920450"] [msg "HTTP header is restricted by policy (/accept-charset/)"] [data "Restricted header detected: /accept-charset/"] [severity "CRITICAL"] [ver "OWASP_CRS/3.3.9"] [tag "application-multi"] [tag "language-multi"] [tag "platform-multi"] [tag "attack-protocol"] [tag "paranoia-level/1"] [tag "OWASP_CRS"] [tag "capec/1000/210/272"] [tag "PCI/12.1"] [hostname "bostonlanka.com"] [uri "/\\xe0\\xb6\\x92\\xe0\\xb6\\x9a\\xe0\\xb7\\x8f\\xe0\\xb6\\xb6\\xe0\\xb6\\xaf\\xe0\\xb7\\x8a\\xe0\\xb6\\xb0\\xe0\\xb7\\x80\\xe0\\xb7\\x92\\xe0\\xb6\\xb4\\xe0\\xb6\\x9a\\xe0\\xb7\\x8a\\xe0\\xb7\\x82\\xe0\\xb6\\xba\\xe0\\xb7\\x99\\xe0\\xb6\\xb1\\xe0\\xb7\\x8a-\\xe0\\xb6\\x91\\xe0\\xb6\\x9a\\xe0\\xb7\\x8a\\xe0\\xb7\\x83\\xe0\\xb6\\xad/"] [unique_id "ahoaabru9eEgIQxGQppTJwAAACM"]
[Sat May 30 04:29:53.603849 2026] [security2:error] [pid 1661805:tid 1661805] [client 216.244.66.235:0] ModSecurity: Warning. Operator GE matched 5 at TX:anomaly_score. [file "/etc/apache2/conf.d/modsec_vendor_configs/OWASP3/rules/REQUEST-949-BLOCKING-EVALUATION.conf"] [line "94"] [id "949110"] [msg "Inbound Anomaly Score Exceeded (Total Score: 5)"] [severity "CRITICAL"] [ver "OWASP_CRS/3.3.9"] [tag "application-multi"] [tag "language-multi"] [tag "platform-multi"] [tag "attack-generic"] [hostname "bostonlanka.com"] [uri "/\\xe0\\xb6\\x92\\xe0\\xb6\\x9a\\xe0\\xb7\\x8f\\xe0\\xb6\\xb6\\xe0\\xb6\\xaf\\xe0\\xb7\\x8a\\xe0\\xb6\\xb0\\xe0\\xb7\\x80\\xe0\\xb7\\x92\\xe0\\xb6\\xb4\\xe0\\xb6\\x9a\\xe0\\xb7\\x8a\\xe0\\xb7\\x82\\xe0\\xb6\\xba\\xe0\\xb7\\x99\\xe0\\xb6\\xb1\\xe0\\xb7\\x8a-\\xe0\\xb6\\x91\\xe0\\xb6\\x9a\\xe0\\xb7\\x8a\\xe0\\xb7\\x83\\xe0\\xb6\\xad/"] [unique_id "ahoaabru9eEgIQxGQppTJwAAACM"]
[Sat May 30 04:29:53.741642 2026] [ssl:error] [pid 1662848:tid 1662848] (70014)End of file found: [client 66.85.158.91:41266] AH02013: coalesce failed to read from data bucket
[Sat May 30 04:29:53.829923 2026] [ssl:error] [pid 1661804:tid 1661804] (70014)End of file found: [client 66.85.158.91:41280] AH02013: coalesce failed to read from data bucket
[Sat May 30 04:29:53.864405 2026] [ssl:error] [pid 1662020:tid 1662020] (70014)End of file found: [client 66.85.158.91:41290] AH02013: coalesce failed to read from data bucket
[Sat May 30 04:29:54.017063 2026] [security2:error] [pid 1661805:tid 1661805] [client 216.244.66.235:0] ModSecurity: Warning. Operator GE matched 5 at TX:inbound_anomaly_score. [file "/etc/apache2/conf.d/modsec_vendor_configs/OWASP3/rules/RESPONSE-980-CORRELATION.conf"] [line "92"] [id "980130"] [msg "Inbound Anomaly Score Exceeded (Total Inbound Score: 5 - SQLI=0,XSS=0,RFI=0,LFI=0,RCE=0,PHPI=0,HTTP=0,SESS=0): individual paranoia level scores: 5, 0, 0, 0"] [ver "OWASP_CRS/3.3.9"] [tag "event-correlation"] [hostname "bostonlanka.com"] [uri "/index.php"] [unique_id "ahoaabru9eEgIQxGQppTJwAAACM"]
[Sat May 30 04:29:54.082938 2026] [ssl:error] [pid 1657896:tid 1657896] (70014)End of file found: [client 66.85.158.91:41312] AH02013: coalesce failed to read from data bucket
[Sat May 30 04:29:54.136684 2026] [security2:error] [pid 1647618:tid 1647618] [client 74.7.175.160:0] ModSecurity: Warning. Pattern match "^[\\\\d.:]+$" at REQUEST_HEADERS:Host. [file "/etc/apache2/conf.d/modsec_vendor_configs/OWASP3/rules/REQUEST-920-PROTOCOL-ENFORCEMENT.conf"] [line "735"] [id "920350"] [msg "Host header is a numeric IP address"] [data "127.0.0.1"] [severity "WARNING"] [ver "OWASP_CRS/3.3.9"] [tag "application-multi"] [tag "language-multi"] [tag "platform-multi"] [tag "attack-protocol"] [tag "paranoia-level/1"] [tag "OWASP_CRS"] [tag "capec/1000/210/272"] [tag "PCI/6.5.10"] [hostname "127.0.0.1"] [uri "/cgi-sys/autodiscover.cgi"] [unique_id "ahoaapx4fbBQN0-4HwbL0gAAABI"]
[Sat May 30 04:29:54.197740 2026] [ssl:error] [pid 1648359:tid 1648359] (70014)End of file found: [client 66.85.158.91:41344] AH02013: coalesce failed to read from data bucket
[Sat May 30 04:29:54.574301 2026] [ssl:error] [pid 1661800:tid 1661800] (70014)End of file found: [client 66.85.158.91:41394] AH02013: coalesce failed to read from data bucket
[Sat May 30 04:29:54.959013 2026] [ssl:error] [pid 1647350:tid 1647350] (70014)End of file found: [client 66.85.158.91:41410] AH02013: coalesce failed to read from data bucket
[Sat May 30 04:29:55.104030 2026] [ssl:error] [pid 1653293:tid 1653293] (70014)End of file found: [client 66.85.158.91:41420] AH02013: coalesce failed to read from data bucket
[Sat May 30 04:29:55.333829 2026] [ssl:error] [pid 1648376:tid 1648376] (22)Invalid argument: [client 66.85.158.91:41450] AH02013: coalesce failed to read from data bucket
[Sat May 30 04:29:55.373084 2026] [ssl:error] [pid 1656123:tid 1656123] (70014)End of file found: [client 66.85.158.91:41482] AH02013: coalesce failed to read from data bucket
[Sat May 30 04:29:55.446104 2026] [core:error] [pid 1662021:tid 1662021] (13)Permission denied: [client 216.73.216.174:0] AH00132: file permissions deny server access: /home/anandaob/public_html/js/Bl4ckhOle/root/proc/self/cwd/sys/dev/char/4:32/subsystem/ttyS2/line
[Sat May 30 04:29:55.685918 2026] [core:error] [pid 1647372:tid 1647372] (13)Permission denied: [client 216.73.216.174:0] AH00132: file permissions deny server access: /home/anandaob/public_html/js/Bl4ckhOle/root/sys/devices/pci0000:00/firmware_node/device:08/subsystem/drivers/pvpanic/unbind
[Sat May 30 04:29:55.786161 2026] [core:error] [pid 1647536:tid 1647536] (13)Permission denied: [client 216.73.216.174:0] AH00132: file permissions deny server access: /home/anandaob/public_html/js/Bl4ckhOle/root/sys/class/tty/ptmx/subsystem/ttyS2/device/driver/uevent
[Sat May 30 04:29:55.906098 2026] [ssl:error] [pid 1661805:tid 1661805] (70014)End of file found: [client 66.85.158.91:41568] AH02013: coalesce failed to read from data bucket
[Sat May 30 04:29:56.309145 2026] [security2:error] [pid 1647368:tid 1647368] [client 142.44.225.94:0] ModSecurity: collections_remove_stale: Failed to access DBM file "/var/cpanel/secdatadir/epidgovl-global": Permission denied [hostname "www.epid.gov.lk"] [uri "/epid/public/index.php"] [unique_id "ahoaaxZJuurfaX8ujxHH_wAAAAM"]
[Sat May 30 04:29:56.309202 2026] [security2:error] [pid 1647368:tid 1647368] [client 142.44.225.94:0] ModSecurity: collections_remove_stale: Failed to access DBM file "/var/cpanel/secdatadir/epidgovl-ip": Permission denied [hostname "www.epid.gov.lk"] [uri "/epid/public/index.php"] [unique_id "ahoaaxZJuurfaX8ujxHH_wAAAAM"]
[Sat May 30 04:29:56.576714 2026] [ssl:error] [pid 1647424:tid 1647424] (70014)End of file found: [client 66.85.158.91:41606] AH02013: coalesce failed to read from data bucket
[Sat May 30 04:29:57.293051 2026] [ssl:error] [pid 1647640:tid 1647640] (70014)End of file found: [client 66.85.158.91:41632] AH02013: coalesce failed to read from data bucket
[Sat May 30 04:29:57.464001 2026] [ssl:error] [pid 1647398:tid 1647398] (70014)End of file found: [client 66.85.158.91:41644] AH02013: coalesce failed to read from data bucket
[Sat May 30 04:29:58.407851 2026] [security2:error] [pid 1661802:tid 1661802] [client 216.244.66.235:0] ModSecurity: Warning. String match within "/accept-charset/ /content-encoding/ /proxy/ /lock-token/ /content-range/ /if/" at TX:header_name_accept-charset. [file "/etc/apache2/conf.d/modsec_vendor_configs/OWASP3/rules/REQUEST-920-PROTOCOL-ENFORCEMENT.conf"] [line "1127"] [id "920450"] [msg "HTTP header is restricted by policy (/accept-charset/)"] [data "Restricted header detected: /accept-charset/"] [severity "CRITICAL"] [ver "OWASP_CRS/3.3.9"] [tag "application-multi"] [tag "language-multi"] [tag "platform-multi"] [tag "attack-protocol"] [tag "paranoia-level/1"] [tag "OWASP_CRS"] [tag "capec/1000/210/272"] [tag "PCI/12.1"] [hostname "bostonlanka.com"] [uri "/\\xe0\\xb6\\xad\\xe0\\xb7\\x94\\xe0\\xb7\\x82\\xe0\\xb7\\x8f\\xe0\\xb6\\xbb-\\xe0\\xb6\\x8b\\xe0\\xb6\\xb4\\xe0\\xb7\\x94\\xe0\\xb6\\xbd\\xe0\\xb7\\x8a\\xe0\\xb6\\xaf\\xe0\\xb7\\x99\\xe0\\xb6\\xab\\xe0\\xb7\\x92\\xe0\\xb6\\xba-\\xe0\\xb6\\xa2\\xe0\\xb7\\x96\\xe0\\xb6\\xbd\\xe0\\xb7\\x92-09-\\xe0\\xb6\\xaf\\xe0\\xb6\\x9a/"] [unique_id "ahoabhOliNNLDORUxikwsQAAABc"]
[Sat May 30 04:29:58.408256 2026] [security2:error] [pid 1661802:tid 1661802] [client 216.244.66.235:0] ModSecurity: Warning. Operator GE matched 5 at TX:anomaly_score. [file "/etc/apache2/conf.d/modsec_vendor_configs/OWASP3/rules/REQUEST-949-BLOCKING-EVALUATION.conf"] [line "94"] [id "949110"] [msg "Inbound Anomaly Score Exceeded (Total Score: 5)"] [severity "CRITICAL"] [ver "OWASP_CRS/3.3.9"] [tag "application-multi"] [tag "language-multi"] [tag "platform-multi"] [tag "attack-generic"] [hostname "bostonlanka.com"] [uri "/\\xe0\\xb6\\xad\\xe0\\xb7\\x94\\xe0\\xb7\\x82\\xe0\\xb7\\x8f\\xe0\\xb6\\xbb-\\xe0\\xb6\\x8b\\xe0\\xb6\\xb4\\xe0\\xb7\\x94\\xe0\\xb6\\xbd\\xe0\\xb7\\x8a\\xe0\\xb6\\xaf\\xe0\\xb7\\x99\\xe0\\xb6\\xab\\xe0\\xb7\\x92\\xe0\\xb6\\xba-\\xe0\\xb6\\xa2\\xe0\\xb7\\x96\\xe0\\xb6\\xbd\\xe0\\xb7\\x92-09-\\xe0\\xb6\\xaf\\xe0\\xb6\\x9a/"] [unique_id "ahoabhOliNNLDORUxikwsQAAABc"]
[Sat May 30 04:29:58.783719 2026] [security2:error] [pid 1661802:tid 1661802] [client 216.244.66.235:0] ModSecurity: Warning. Operator GE matched 5 at TX:inbound_anomaly_score. [file "/etc/apache2/conf.d/modsec_vendor_configs/OWASP3/rules/RESPONSE-980-CORRELATION.conf"] [line "92"] [id "980130"] [msg "Inbound Anomaly Score Exceeded (Total Inbound Score: 5 - SQLI=0,XSS=0,RFI=0,LFI=0,RCE=0,PHPI=0,HTTP=0,SESS=0): individual paranoia level scores: 5, 0, 0, 0"] [ver "OWASP_CRS/3.3.9"] [tag "event-correlation"] [hostname "bostonlanka.com"] [uri "/index.php"] [unique_id "ahoabhOliNNLDORUxikwsQAAABc"]
[Sat May 30 04:29:58.890440 2026] [core:error] [pid 1662021:tid 1662021] (13)Permission denied: [client 216.73.216.174:0] AH00132: file permissions deny server access: /home/anandaob/public_html/js/Bl4ckhOle/root/proc/thread-self/cwd/sys/dev/char/4:8/subsystem/ttyS2/port
[Sat May 30 04:29:58.908064 2026] [ssl:error] [pid 1647356:tid 1647356] (70014)End of file found: [client 66.85.158.91:41742] AH02013: coalesce failed to read from data bucket
[Sat May 30 04:29:58.937531 2026] [ssl:error] [pid 1647372:tid 1647372] (70014)End of file found: [client 66.85.158.91:41750] AH02013: coalesce failed to read from data bucket
[Sat May 30 04:29:59.081394 2026] [ssl:error] [pid 1647383:tid 1647383] (70014)End of file found: [client 66.85.158.91:41782] AH02013: coalesce failed to read from data bucket
[Sat May 30 04:29:59.194919 2026] [ssl:error] [pid 1657835:tid 1657835] (5)Input/output error: [client 66.85.158.91:41792] AH02013: coalesce failed to read from data bucket
[Sat May 30 04:29:59.304404 2026] [core:error] [pid 1647368:tid 1647368] (13)Permission denied: [client 216.73.216.174:0] AH00132: file permissions deny server access: /home/anandaob/public_html/js/Bl4ckhOle/root/proc/self/cwd/sys/kernel/slab/taskstats/sanity_checks
[Sat May 30 04:29:59.763231 2026] [ssl:error] [pid 1662848:tid 1662848] (70014)End of file found: [client 66.85.158.91:41932] AH02013: coalesce failed to read from data bucket
[Sat May 30 04:29:59.872730 2026] [ssl:error] [pid 1662020:tid 1662020] (70014)End of file found: [client 66.85.158.91:41948] AH02013: coalesce failed to read from data bucket
[Sat May 30 04:30:00.446903 2026] [core:error] [pid 1661804:tid 1661804] (13)Permission denied: [client 216.73.216.174:0] AH00132: file permissions deny server access: /home/anandaob/public_html/js/Bl4ckhOle/root/proc/self/cwd/sys/kernel/slab/switch_data/reclaim_account
[Sat May 30 04:30:00.786921 2026] [ssl:error] [pid 1647616:tid 1647616] (70014)End of file found: [client 66.85.158.91:53116] AH02013: coalesce failed to read from data bucket
[Sat May 30 04:30:00.947185 2026] [ssl:error] [pid 1647350:tid 1647350] (70014)End of file found: [client 66.85.158.91:53124] AH02013: coalesce failed to read from data bucket
[Sat May 30 04:30:00.950176 2026] [ssl:error] [pid 1661802:tid 1661802] (70014)End of file found: [client 66.85.158.91:53140] AH02013: coalesce failed to read from data bucket
[Sat May 30 04:30:01.022574 2026] [ssl:error] [pid 1653293:tid 1653293] (70014)End of file found: [client 66.85.158.91:53142] AH02013: coalesce failed to read from data bucket
[Sat May 30 04:30:01.512676 2026] [ssl:error] [pid 1648376:tid 1648376] (70014)End of file found: [client 66.85.158.91:53168] AH02013: coalesce failed to read from data bucket
[Sat May 30 04:30:01.567592 2026] [ssl:error] [pid 1647618:tid 1647618] (70014)End of file found: [client 66.85.158.91:53162] AH02013: coalesce failed to read from data bucket
[Sat May 30 04:30:02.446983 2026] [ssl:error] [pid 1647536:tid 1647536] (70014)End of file found: [client 66.85.158.91:53234] AH02013: coalesce failed to read from data bucket
[Sat May 30 04:30:02.542683 2026] [security2:error] [pid 1647424:tid 1647424] [client 216.244.66.235:0] ModSecurity: Warning. String match within "/accept-charset/ /content-encoding/ /proxy/ /lock-token/ /content-range/ /if/" at TX:header_name_accept-charset. [file "/etc/apache2/conf.d/modsec_vendor_configs/OWASP3/rules/REQUEST-920-PROTOCOL-ENFORCEMENT.conf"] [line "1127"] [id "920450"] [msg "HTTP header is restricted by policy (/accept-charset/)"] [data "Restricted header detected: /accept-charset/"] [severity "CRITICAL"] [ver "OWASP_CRS/3.3.9"] [tag "application-multi"] [tag "language-multi"] [tag "platform-multi"] [tag "attack-protocol"] [tag "paranoia-level/1"] [tag "OWASP_CRS"] [tag "capec/1000/210/272"] [tag "PCI/12.1"] [hostname "bostonlanka.com"] [uri "/\\xe0\\xb6\\xb4\\xe0\\xb7\\x8f\\xe0\\xb7\\x83\\xe0\\xb7\\x8a\\xe0\\xb6\\x9a\\xe0\\xb7\\x94-\\xe0\\xb6\\xb4\\xe0\\xb7\\x8a\\xe2\\x80\\x8d\\xe0\\xb6\\xbb\\xe0\\xb7\\x84\\xe0\\xb7\\x8f\\xe0\\xb6\\xbb\\xe0\\xb6\\xba-\\xe0\\xb7\\x83\\xe0\\xb6\\xb8\\xe0\\xb7\\x8a\\xe0\\xb6\\xb6\\xe0\\xb6\\xb1\\xe0\\xb7\\x8a\\xe0\\xb6\\xaf\\xe0\\xb6\\xba/"] [unique_id "ahoacqx5TYSnSb9L73RevQAAAAg"]
[Sat May 30 04:30:02.543230 2026] [security2:error] [pid 1647424:tid 1647424] [client 216.244.66.235:0] ModSecurity: Warning. Operator GE matched 5 at TX:anomaly_score. [file "/etc/apache2/conf.d/modsec_vendor_configs/OWASP3/rules/REQUEST-949-BLOCKING-EVALUATION.conf"] [line "94"] [id "949110"] [msg "Inbound Anomaly Score Exceeded (Total Score: 5)"] [severity "CRITICAL"] [ver "OWASP_CRS/3.3.9"] [tag "application-multi"] [tag "language-multi"] [tag "platform-multi"] [tag "attack-generic"] [hostname "bostonlanka.com"] [uri "/\\xe0\\xb6\\xb4\\xe0\\xb7\\x8f\\xe0\\xb7\\x83\\xe0\\xb7\\x8a\\xe0\\xb6\\x9a\\xe0\\xb7\\x94-\\xe0\\xb6\\xb4\\xe0\\xb7\\x8a\\xe2\\x80\\x8d\\xe0\\xb6\\xbb\\xe0\\xb7\\x84\\xe0\\xb7\\x8f\\xe0\\xb6\\xbb\\xe0\\xb6\\xba-\\xe0\\xb7\\x83\\xe0\\xb6\\xb8\\xe0\\xb7\\x8a\\xe0\\xb6\\xb6\\xe0\\xb6\\xb1\\xe0\\xb7\\x8a\\xe0\\xb6\\xaf\\xe0\\xb6\\xba/"] [unique_id "ahoacqx5TYSnSb9L73RevQAAAAg"]
[Sat May 30 04:30:02.751596 2026] [ssl:error] [pid 1661800:tid 1661800] (70014)End of file found: [client 66.85.158.91:53250] AH02013: coalesce failed to read from data bucket
[Sat May 30 04:30:03.870910 2026] [ssl:error] [pid 1662021:tid 1662021] (70014)End of file found: [client 66.85.158.91:53304] AH02013: coalesce failed to read from data bucket
[Sat May 30 04:30:03.873947 2026] [core:error] [pid 1647368:tid 1647368] (13)Permission denied: [client 57.141.14.13:0] AH00132: file permissions deny server access: /home/anandaob/public_html/js/Bl4ckhOle/root/proc/thread-self/root/sys/bus/memory/devices/memory63/node0/memory62/node0/memory23/subsystem/drivers_probe
[Sat May 30 04:30:04.136957 2026] [security2:error] [pid 1647424:tid 1647424] [client 216.244.66.235:0] ModSecurity: Warning. Operator GE matched 5 at TX:inbound_anomaly_score. [file "/etc/apache2/conf.d/modsec_vendor_configs/OWASP3/rules/RESPONSE-980-CORRELATION.conf"] [line "92"] [id "980130"] [msg "Inbound Anomaly Score Exceeded (Total Inbound Score: 5 - SQLI=0,XSS=0,RFI=0,LFI=0,RCE=0,PHPI=0,HTTP=0,SESS=0): individual paranoia level scores: 5, 0, 0, 0"] [ver "OWASP_CRS/3.3.9"] [tag "event-correlation"] [hostname "bostonlanka.com"] [uri "/index.php"] [unique_id "ahoacqx5TYSnSb9L73RevQAAAAg"]
[Sat May 30 04:30:04.968333 2026] [ssl:error] [pid 1647398:tid 1647398] (70014)End of file found: [client 66.85.158.91:53352] AH02013: coalesce failed to read from data bucket
[Sat May 30 04:30:05.082968 2026] [core:error] [pid 1647368:tid 1647368] (13)Permission denied: [client 216.73.216.174:0] AH00132: file permissions deny server access: /home/anandaob/public_html/js/Bl4ckhOle/root/sys/class/wakeup/wakeup11/device/device:17/subsystem/devices/device:06/eject
[Sat May 30 04:30:05.555603 2026] [ssl:error] [pid 1661804:tid 1661804] (70014)End of file found: [client 66.85.158.91:53410] AH02013: coalesce failed to read from data bucket
[Sat May 30 04:30:05.602394 2026] [ssl:error] [pid 1659318:tid 1659318] (70014)End of file found: [client 66.85.158.91:53416] AH02013: coalesce failed to read from data bucket
[Sat May 30 04:30:05.887588 2026] [ssl:error] [pid 1647372:tid 1647372] (70014)End of file found: [client 66.85.158.91:53452] AH02013: coalesce failed to read from data bucket
[Sat May 30 04:30:05.906654 2026] [ssl:error] [pid 1647356:tid 1647356] (70014)End of file found: [client 66.85.158.91:53456] AH02013: coalesce failed to read from data bucket
[Sat May 30 04:30:05.995929 2026] [ssl:error] [pid 1661801:tid 1661801] (70014)End of file found: [client 66.85.158.91:53462] AH02013: coalesce failed to read from data bucket
[Sat May 30 04:30:06.101727 2026] [ssl:error] [pid 1647383:tid 1647383] (70014)End of file found: [client 66.85.158.91:53488] AH02013: coalesce failed to read from data bucket
[Sat May 30 04:30:06.451757 2026] [ssl:error] [pid 1647368:tid 1647368] (70014)End of file found: [client 66.85.158.91:53524] AH02013: coalesce failed to read from data bucket
[Sat May 30 04:30:06.606358 2026] [ssl:error] [pid 1653293:tid 1653293] (70014)End of file found: [client 66.85.158.91:53558] AH02013: coalesce failed to read from data bucket
[Sat May 30 04:30:06.675872 2026] [ssl:error] [pid 1648359:tid 1648359] (70014)End of file found: [client 66.85.158.91:53570] AH02013: coalesce failed to read from data bucket
[Sat May 30 04:30:07.297819 2026] [security2:error] [pid 1656123:tid 1656123] [client 216.244.66.235:0] ModSecurity: Warning. String match within "/accept-charset/ /content-encoding/ /proxy/ /lock-token/ /content-range/ /if/" at TX:header_name_accept-charset. [file "/etc/apache2/conf.d/modsec_vendor_configs/OWASP3/rules/REQUEST-920-PROTOCOL-ENFORCEMENT.conf"] [line "1127"] [id "920450"] [msg "HTTP header is restricted by policy (/accept-charset/)"] [data "Restricted header detected: /accept-charset/"] [severity "CRITICAL"] [ver "OWASP_CRS/3.3.9"] [tag "application-multi"] [tag "language-multi"] [tag "platform-multi"] [tag "attack-protocol"] [tag "paranoia-level/1"] [tag "OWASP_CRS"] [tag "capec/1000/210/272"] [tag "PCI/12.1"] [hostname "bostonlanka.com"] [uri "/\\xe0\\xb6\\xbd\\xe0\\xb6\\x82\\xe0\\xb6\\x9a\\xe0\\xb7\\x8f\\xe0\\xb7\\x80\\xe0\\xb7\\x9a-\\xe0\\xb6\\x9a\\xe0\\xb7\\x94\\xe0\\xb6\\xa9\\xe0\\xb7\\x94-\\xe0\\xb6\\x8b\\xe0\\xb7\\x83\\xe0\\xb7\\x8a\\xe0\\xb7\\x83\\xe0\\xb6\\xb1-\\xe0\\xb6\\x8b\\xe0\\xb6\\x9a\\xe0\\xb7\\x94\\xe0\\xb7\\x83\\xe0\\xb7\\x8a\\xe0\\xb7\\x83/"] [unique_id "ahoad4KBmaPbXkDyEsRkoAAAAAc"]
[Sat May 30 04:30:07.298544 2026] [security2:error] [pid 1656123:tid 1656123] [client 216.244.66.235:0] ModSecurity: Warning. Operator GE matched 5 at TX:anomaly_score. [file "/etc/apache2/conf.d/modsec_vendor_configs/OWASP3/rules/REQUEST-949-BLOCKING-EVALUATION.conf"] [line "94"] [id "949110"] [msg "Inbound Anomaly Score Exceeded (Total Score: 5)"] [severity "CRITICAL"] [ver "OWASP_CRS/3.3.9"] [tag "application-multi"] [tag "language-multi"] [tag "platform-multi"] [tag "attack-generic"] [hostname "bostonlanka.com"] [uri "/\\xe0\\xb6\\xbd\\xe0\\xb6\\x82\\xe0\\xb6\\x9a\\xe0\\xb7\\x8f\\xe0\\xb7\\x80\\xe0\\xb7\\x9a-\\xe0\\xb6\\x9a\\xe0\\xb7\\x94\\xe0\\xb6\\xa9\\xe0\\xb7\\x94-\\xe0\\xb6\\x8b\\xe0\\xb7\\x83\\xe0\\xb7\\x8a\\xe0\\xb7\\x83\\xe0\\xb6\\xb1-\\xe0\\xb6\\x8b\\xe0\\xb6\\x9a\\xe0\\xb7\\x94\\xe0\\xb7\\x83\\xe0\\xb7\\x8a\\xe0\\xb7\\x83/"] [unique_id "ahoad4KBmaPbXkDyEsRkoAAAAAc"]
[Sat May 30 04:30:07.329316 2026] [ssl:error] [pid 1648376:tid 1648376] (70014)End of file found: [client 66.85.158.91:53618] AH02013: coalesce failed to read from data bucket
[Sat May 30 04:30:08.932817 2026] [security2:error] [pid 1661802:tid 1661802] [client 57.141.14.95:0] ModSecurity: collections_remove_stale: Failed to access DBM file "/var/cpanel/secdatadir/anandaob-global": Permission denied [hostname "www.anandaobauae.org"] [uri "/js/Bl4ckhOle/root/proc/thread-self/root/sys/devices/system/memory/memory91/node0/memory15/node0/memory6/subsystem/drivers/"] [unique_id "ahoaeBOliNNLDORUxikwtgAAABc"]
[Sat May 30 04:30:09.303852 2026] [security2:error] [pid 1661802:tid 1661802] [client 57.141.14.95:0] ModSecurity: collections_remove_stale: Failed to access DBM file "/var/cpanel/secdatadir/anandaob-ip": Permission denied [hostname "www.anandaobauae.org"] [uri "/js/Bl4ckhOle/root/proc/thread-self/root/sys/devices/system/memory/memory91/node0/memory15/node0/memory6/subsystem/drivers/"] [unique_id "ahoaeBOliNNLDORUxikwtgAAABc"]
[Sat May 30 04:30:09.406493 2026] [security2:error] [pid 1656123:tid 1656123] [client 216.244.66.235:0] ModSecurity: Warning. Operator GE matched 5 at TX:inbound_anomaly_score. [file "/etc/apache2/conf.d/modsec_vendor_configs/OWASP3/rules/RESPONSE-980-CORRELATION.conf"] [line "92"] [id "980130"] [msg "Inbound Anomaly Score Exceeded (Total Inbound Score: 5 - SQLI=0,XSS=0,RFI=0,LFI=0,RCE=0,PHPI=0,HTTP=0,SESS=0): individual paranoia level scores: 5, 0, 0, 0"] [ver "OWASP_CRS/3.3.9"] [tag "event-correlation"] [hostname "bostonlanka.com"] [uri "/index.php"] [unique_id "ahoad4KBmaPbXkDyEsRkoAAAAAc"]
[Sat May 30 04:30:10.627195 2026] [ssl:error] [pid 1661800:tid 1661800] (70014)End of file found: [client 66.85.158.91:44700] AH02013: coalesce failed to read from data bucket
[Sat May 30 04:30:10.734517 2026] [ssl:error] [pid 1656123:tid 1656123] (70014)End of file found: [client 66.85.158.91:44704] AH02013: coalesce failed to read from data bucket
[Sat May 30 04:30:10.969022 2026] [ssl:error] [pid 1657835:tid 1657835] (70014)End of file found: [client 66.85.158.91:44732] AH02013: coalesce failed to read from data bucket
[Sat May 30 04:30:11.514234 2026] [ssl:error] [pid 1648375:tid 1648375] (70014)End of file found: [client 66.85.158.91:44766] AH02013: coalesce failed to read from data bucket
[Sat May 30 04:30:11.651488 2026] [ssl:error] [pid 1661804:tid 1661804] (70014)End of file found: [client 66.85.158.91:44806] AH02013: coalesce failed to read from data bucket
[Sat May 30 04:30:12.235691 2026] [ssl:error] [pid 1647398:tid 1647398] (70014)End of file found: [client 66.85.158.91:44908] AH02013: coalesce failed to read from data bucket
[Sat May 30 04:30:12.270894 2026] [security2:error] [pid 1662848:tid 1662848] [client 185.191.171.11:0] ModSecurity: Warning. String match within ".asa/ .asax/ .ascx/ .axd/ .backup/ .bak/ .bat/ .cdx/ .cer/ .cfg/ .cmd/ .com/ .config/ .conf/ .cs/ .csproj/ .csr/ .dat/ .db/ .dbf/ .dll/ .dos/ .htr/ .htw/ .ida/ .idc/ .idq/ .inc/ .ini/ .key/ .licx/ .lnk/ .log/ .mdb/ .old/ .pass/ .pdb/ .pol/ .printer/ .pwd/ .rdb/ .resources/ .resx/ .sql/ .swp/ .sys/ .vb/ .vbs/ .vbproj/ .vsdisco/ .webinfo/ .xsd/ .xsx/" at TX:extension. [file "/etc/apache2/conf.d/modsec_vendor_configs/OWASP3/rules/REQUEST-920-PROTOCOL-ENFORCEMENT.conf"] [line "1055"] [id "920440"] [msg "URL file extension is restricted by policy"] [data ".conf"] [severity "CRITICAL"] [ver "OWASP_CRS/3.3.9"] [tag "application-multi"] [tag "language-multi"] [tag "platform-multi"] [tag "attack-protocol"] [tag "paranoia-level/1"] [tag "OWASP_CRS"] [tag "capec/1000/210/272"] [tag "PCI/6.5.10"] [hostname "anandaobauae.org"] [uri "/js/Bl4ckhOle/root/etc/imunify360-webshield/webshield-http.conf.d/wscheckdata.conf"] [unique_id "ahoafJQTGYfL-oORWiz9nAAAAA8"]
[Sat May 30 04:30:12.271271 2026] [security2:error] [pid 1662848:tid 1662848] [client 185.191.171.11:0] ModSecurity: Warning. Operator GE matched 5 at TX:anomaly_score. [file "/etc/apache2/conf.d/modsec_vendor_configs/OWASP3/rules/REQUEST-949-BLOCKING-EVALUATION.conf"] [line "94"] [id "949110"] [msg "Inbound Anomaly Score Exceeded (Total Score: 5)"] [severity "CRITICAL"] [ver "OWASP_CRS/3.3.9"] [tag "application-multi"] [tag "language-multi"] [tag "platform-multi"] [tag "attack-generic"] [hostname "anandaobauae.org"] [uri "/js/Bl4ckhOle/root/etc/imunify360-webshield/webshield-http.conf.d/wscheckdata.conf"] [unique_id "ahoafJQTGYfL-oORWiz9nAAAAA8"]
[Sat May 30 04:30:12.296210 2026] [security2:error] [pid 1662848:tid 1662848] [client 185.191.171.11:0] ModSecurity: Warning. Operator GE matched 5 at TX:inbound_anomaly_score. [file "/etc/apache2/conf.d/modsec_vendor_configs/OWASP3/rules/RESPONSE-980-CORRELATION.conf"] [line "92"] [id "980130"] [msg "Inbound Anomaly Score Exceeded (Total Inbound Score: 5 - SQLI=0,XSS=0,RFI=0,LFI=0,RCE=0,PHPI=0,HTTP=0,SESS=0): individual paranoia level scores: 5, 0, 0, 0"] [ver "OWASP_CRS/3.3.9"] [tag "event-correlation"] [hostname "anandaobauae.org"] [uri "/js/Bl4ckhOle/root/etc/imunify360-webshield/webshield-http.conf.d/wscheckdata.conf"] [unique_id "ahoafJQTGYfL-oORWiz9nAAAAA8"]
[Sat May 30 04:30:12.341952 2026] [ssl:error] [pid 1647536:tid 1647536] (70014)End of file found: [client 66.85.158.91:44928] AH02013: coalesce failed to read from data bucket
[Sat May 30 04:30:12.556484 2026] [ssl:error] [pid 1661805:tid 1661805] (70014)End of file found: [client 66.85.158.91:44944] AH02013: coalesce failed to read from data bucket
[Sat May 30 04:30:12.560428 2026] [ssl:error] [pid 1648359:tid 1648359] (70014)End of file found: [client 66.85.158.91:44958] AH02013: coalesce failed to read from data bucket
[Sat May 30 04:30:12.829483 2026] [security2:error] [pid 1662021:tid 1662021] [client 216.244.66.235:0] ModSecurity: Warning. String match within "/accept-charset/ /content-encoding/ /proxy/ /lock-token/ /content-range/ /if/" at TX:header_name_accept-charset. [file "/etc/apache2/conf.d/modsec_vendor_configs/OWASP3/rules/REQUEST-920-PROTOCOL-ENFORCEMENT.conf"] [line "1127"] [id "920450"] [msg "HTTP header is restricted by policy (/accept-charset/)"] [data "Restricted header detected: /accept-charset/"] [severity "CRITICAL"] [ver "OWASP_CRS/3.3.9"] [tag "application-multi"] [tag "language-multi"] [tag "platform-multi"] [tag "attack-protocol"] [tag "paranoia-level/1"] [tag "OWASP_CRS"] [tag "capec/1000/210/272"] [tag "PCI/12.1"] [hostname "bostonlanka.com"] [uri "/\\xe0\\xb7\\x80\\xe0\\xb7\\x92\\xe0\\xb6\\x9a\\xe0\\xb7\\x8a\\xe0\\xb6\\xa7\\xe0\\xb6\\xbb\\xe0\\xb7\\x8a-\\xe0\\xb6\\x9a\\xe0\\xb7\\x83\\xe0\\xb7\\x8f\\xe0\\xb6\\xaf-\\xe0\\xb6\\xb6\\xe0\\xb7\\x90\\xe0\\xb6\\xb1\\xe0\\xb7\\x8a\\xe0\\xb6\\xb3\\xe0\\xb7\\x8f\\xe0\\xb6\\x91\\xe0\\xb6\\xa0\\xe0\\xb7\\x8a\\xe0\\xb6\\xa0/"] [unique_id "ahoafM8Kz7fdN1ynDM3W6QAAACY"]
[Sat May 30 04:30:12.829902 2026] [security2:error] [pid 1662021:tid 1662021] [client 216.244.66.235:0] ModSecurity: Warning. Operator GE matched 5 at TX:anomaly_score. [file "/etc/apache2/conf.d/modsec_vendor_configs/OWASP3/rules/REQUEST-949-BLOCKING-EVALUATION.conf"] [line "94"] [id "949110"] [msg "Inbound Anomaly Score Exceeded (Total Score: 5)"] [severity "CRITICAL"] [ver "OWASP_CRS/3.3.9"] [tag "application-multi"] [tag "language-multi"] [tag "platform-multi"] [tag "attack-generic"] [hostname "bostonlanka.com"] [uri "/\\xe0\\xb7\\x80\\xe0\\xb7\\x92\\xe0\\xb6\\x9a\\xe0\\xb7\\x8a\\xe0\\xb6\\xa7\\xe0\\xb6\\xbb\\xe0\\xb7\\x8a-\\xe0\\xb6\\x9a\\xe0\\xb7\\x83\\xe0\\xb7\\x8f\\xe0\\xb6\\xaf-\\xe0\\xb6\\xb6\\xe0\\xb7\\x90\\xe0\\xb6\\xb1\\xe0\\xb7\\x8a\\xe0\\xb6\\xb3\\xe0\\xb7\\x8f\\xe0\\xb6\\x91\\xe0\\xb6\\xa0\\xe0\\xb7\\x8a\\xe0\\xb6\\xa0/"] [unique_id "ahoafM8Kz7fdN1ynDM3W6QAAACY"]
[Sat May 30 04:30:12.998783 2026] [autoindex:error] [pid 1647368:tid 1647368] (13)Permission denied: [client 216.73.216.174:0] AH01275: Can't open directory for index: /home/anandaob/public_html/js/Bl4ckhOle/root/tmp/aNIyatx0Yg/, referer: https://anandaobauae.org/js/Bl4ckhOle/root/tmp/aNIyatx0Yg
[Sat May 30 04:30:13.456278 2026] [security2:error] [pid 1662021:tid 1662021] [client 216.244.66.235:0] ModSecurity: Warning. Operator GE matched 5 at TX:inbound_anomaly_score. [file "/etc/apache2/conf.d/modsec_vendor_configs/OWASP3/rules/RESPONSE-980-CORRELATION.conf"] [line "92"] [id "980130"] [msg "Inbound Anomaly Score Exceeded (Total Inbound Score: 5 - SQLI=0,XSS=0,RFI=0,LFI=0,RCE=0,PHPI=0,HTTP=0,SESS=0): individual paranoia level scores: 5, 0, 0, 0"] [ver "OWASP_CRS/3.3.9"] [tag "event-correlation"] [hostname "bostonlanka.com"] [uri "/index.php"] [unique_id "ahoafM8Kz7fdN1ynDM3W6QAAACY"]
[Sat May 30 04:30:13.610552 2026] [ssl:error] [pid 1647618:tid 1647618] (5)Input/output error: [client 66.85.158.91:45084] AH02013: coalesce failed to read from data bucket
[Sat May 30 04:30:14.260317 2026] [core:error] [pid 1647372:tid 1647372] (13)Permission denied: [client 57.141.14.105:0] AH00132: file permissions deny server access: /home/anandaob/public_html/js/Bl4ckhOle/root/proc/thread-self/root/sys/bus/memory/devices/memory7/node0/cpu3/node0/memory128/subsystem/uevent
[Sat May 30 04:30:14.567586 2026] [ssl:error] [pid 1647368:tid 1647368] (70014)End of file found: [client 66.85.158.91:45146] AH02013: coalesce failed to read from data bucket
[Sat May 30 04:30:15.338833 2026] [ssl:error] [pid 1659318:tid 1659318] (70014)End of file found: [client 66.85.158.91:45234] AH02013: coalesce failed to read from data bucket
[Sat May 30 04:30:16.194924 2026] [ssl:error] [pid 1648376:tid 1648376] (70014)End of file found: [client 66.85.158.91:45294] AH02013: coalesce failed to read from data bucket
[Sat May 30 04:30:16.306107 2026] [core:error] [pid 1647640:tid 1647640] (13)Permission denied: [client 216.73.216.174:0] AH00132: file permissions deny server access: /home/anandaob/public_html/js/Bl4ckhOle/root/proc/thread-self/cwd/sys/kernel/slab/ext4_pending_reservation/ctor
[Sat May 30 04:30:16.383215 2026] [security2:error] [pid 1661802:tid 1661802] [client 216.244.66.235:0] ModSecurity: Warning. String match within "/accept-charset/ /content-encoding/ /proxy/ /lock-token/ /content-range/ /if/" at TX:header_name_accept-charset. [file "/etc/apache2/conf.d/modsec_vendor_configs/OWASP3/rules/REQUEST-920-PROTOCOL-ENFORCEMENT.conf"] [line "1127"] [id "920450"] [msg "HTTP header is restricted by policy (/accept-charset/)"] [data "Restricted header detected: /accept-charset/"] [severity "CRITICAL"] [ver "OWASP_CRS/3.3.9"] [tag "application-multi"] [tag "language-multi"] [tag "platform-multi"] [tag "attack-protocol"] [tag "paranoia-level/1"] [tag "OWASP_CRS"] [tag "capec/1000/210/272"] [tag "PCI/12.1"] [hostname "bostonlanka.com"] [uri "/\\xe0\\xb7\\x80\\xe0\\xb7\\x9b\\xe0\\xb6\\xaf\\xe0\\xb7\\x8a\\xe2\\x80\\x8d\\xe0\\xb6\\xba-\\xe0\\xb6\\x85\\xe0\\xb6\\xb1\\xe0\\xb7\\x94\\xe0\\xb6\\xbb\\xe0\\xb7\\x94\\xe0\\xb6\\xaf\\xe0\\xb7\\x8a\\xe0\\xb6\\xb0-\\xe0\\xb6\\xb4\\xe0\\xb7\\x8f\\xe0\\xb6\\xaf\\xe0\\xb7\\x99\\xe0\\xb6\\xab\\xe0\\xb7\\x92\\xe0\\xb6\\xba\\xe0\\xb6\\xa7/"] [unique_id "ahoagBOliNNLDORUxikwvQAAABc"]
