[Sat May 30 04:34:47.061605 2026] [ssl:error] [pid 1662848:tid 1662848] (70014)End of file found: [client 66.85.158.91:34478] AH02013: coalesce failed to read from data bucket
[Sat May 30 04:34:47.214120 2026] [ssl:error] [pid 1659318:tid 1659318] (70014)End of file found: [client 66.85.158.91:34496] AH02013: coalesce failed to read from data bucket
[Sat May 30 04:34:48.241200 2026] [ssl:error] [pid 1661800:tid 1661800] (70014)End of file found: [client 66.85.158.91:34596] AH02013: coalesce failed to read from data bucket
[Sat May 30 04:34:48.386573 2026] [ssl:error] [pid 1647640:tid 1647640] (70014)End of file found: [client 66.85.158.91:34610] AH02013: coalesce failed to read from data bucket
[Sat May 30 04:34:48.710917 2026] [ssl:error] [pid 1662021:tid 1662021] (70014)End of file found: [client 66.85.158.91:34652] AH02013: coalesce failed to read from data bucket
[Sat May 30 04:34:48.842258 2026] [ssl:error] [pid 1647618:tid 1647618] (70014)End of file found: [client 66.85.158.91:34660] AH02013: coalesce failed to read from data bucket
[Sat May 30 04:34:49.606339 2026] [ssl:error] [pid 1647536:tid 1647536] (70014)End of file found: [client 66.85.158.91:34760] AH02013: coalesce failed to read from data bucket
[Sat May 30 04:34:49.889722 2026] [ssl:error] [pid 1647616:tid 1647616] (70014)End of file found: [client 66.85.158.91:34804] AH02013: coalesce failed to read from data bucket
[Sat May 30 04:34:49.931211 2026] [ssl:error] [pid 1667316:tid 1667316] (70014)End of file found: [client 66.85.158.91:34840] AH02013: coalesce failed to read from data bucket
[Sat May 30 04:34:50.702948 2026] [ssl:error] [pid 1662020:tid 1662020] (70014)End of file found: [client 66.85.158.91:60752] AH02013: coalesce failed to read from data bucket
[Sat May 30 04:34:51.395545 2026] [ssl:error] [pid 1647398:tid 1647398] (5)Input/output error: [client 66.85.158.91:60810] AH02013: coalesce failed to read from data bucket
[Sat May 30 04:34:51.638107 2026] [ssl:error] [pid 1648375:tid 1648375] (70014)End of file found: [client 66.85.158.91:60848] AH02013: coalesce failed to read from data bucket
[Sat May 30 04:34:51.991957 2026] [ssl:error] [pid 1661804:tid 1661804] (70014)End of file found: [client 66.85.158.91:60882] AH02013: coalesce failed to read from data bucket
[Sat May 30 04:34:52.972436 2026] [ssl:error] [pid 1666351:tid 1666351] (70014)End of file found: [client 66.85.158.91:60996] AH02013: coalesce failed to read from data bucket
[Sat May 30 04:34:53.182578 2026] [ssl:error] [pid 1647383:tid 1647383] (70014)End of file found: [client 66.85.158.91:32812] AH02013: coalesce failed to read from data bucket
[Sat May 30 04:34:53.195138 2026] [ssl:error] [pid 1667418:tid 1667418] (70014)End of file found: [client 66.85.158.91:32814] AH02013: coalesce failed to read from data bucket
[Sat May 30 04:34:53.879847 2026] [ssl:error] [pid 1647368:tid 1647368] (70014)End of file found: [client 66.85.158.91:32840] AH02013: coalesce failed to read from data bucket
[Sat May 30 04:34:53.982326 2026] [core:error] [pid 1647350:tid 1647350] (13)Permission denied: [client 216.73.216.174:0] AH00132: file permissions deny server access: /home/anandaob/public_html/js/Bl4ckhOle/root/usr/share/cagefs-skeleton/proc/thread-self/cwd/sys/module/ip_tables/uevent
[Sat May 30 04:34:54.103738 2026] [ssl:error] [pid 1648376:tid 1648376] (70014)End of file found: [client 66.85.158.91:32854] AH02013: coalesce failed to read from data bucket
[Sat May 30 04:34:54.518193 2026] [ssl:error] [pid 1667429:tid 1667429] (70014)End of file found: [client 66.85.158.91:32888] AH02013: coalesce failed to read from data bucket
[Sat May 30 04:34:56.376850 2026] [ssl:error] [pid 1659318:tid 1659318] (70014)End of file found: [client 66.85.158.91:33068] AH02013: coalesce failed to read from data bucket
[Sat May 30 04:34:57.061661 2026] [ssl:error] [pid 1662021:tid 1662021] (70014)End of file found: [client 66.85.158.91:33118] AH02013: coalesce failed to read from data bucket
[Sat May 30 04:34:57.266936 2026] [ssl:error] [pid 1667430:tid 1667430] (5)Input/output error: [client 66.85.158.91:33148] AH02013: coalesce failed to read from data bucket
[Sat May 30 04:34:57.277932 2026] [ssl:error] [pid 1656123:tid 1656123] (70014)End of file found: [client 66.85.158.91:33152] AH02013: coalesce failed to read from data bucket
[Sat May 30 04:34:57.376951 2026] [ssl:error] [pid 1662020:tid 1662020] (70014)End of file found: [client 66.85.158.91:33176] AH02013: coalesce failed to read from data bucket
[Sat May 30 04:34:57.742607 2026] [ssl:error] [pid 1647536:tid 1647536] (70014)End of file found: [client 66.85.158.91:33244] AH02013: coalesce failed to read from data bucket
[Sat May 30 04:34:58.236195 2026] [ssl:error] [pid 1648375:tid 1648375] (70014)End of file found: [client 66.85.158.91:33276] AH02013: coalesce failed to read from data bucket
[Sat May 30 04:34:58.508385 2026] [ssl:error] [pid 1647618:tid 1647618] (70014)End of file found: [client 66.85.158.91:33324] AH02013: coalesce failed to read from data bucket
[Sat May 30 04:34:58.619804 2026] [ssl:error] [pid 1662016:tid 1662016] (70014)End of file found: [client 66.85.158.91:33334] AH02013: coalesce failed to read from data bucket
[Sat May 30 04:34:59.126507 2026] [ssl:error] [pid 1647372:tid 1647372] (70014)End of file found: [client 66.85.158.91:33374] AH02013: coalesce failed to read from data bucket
[Sat May 30 04:34:59.298515 2026] [ssl:error] [pid 1661801:tid 1661801] (70014)End of file found: [client 66.85.158.91:33406] AH02013: coalesce failed to read from data bucket
[Sat May 30 04:34:59.298783 2026] [security2:error] [pid 1661801:tid 1661801] [client 216.73.216.174:0] ModSecurity: collections_remove_stale: Failed to access DBM file "/var/cpanel/secdatadir/anandaob-global": Permission denied [hostname "anandaobauae.org"] [uri "/js/Bl4ckhOle/root/sys/class/wakeup/wakeup16/subsystem/wakeup9/device/sun"] [unique_id "ahobmxFmLGnCseRiEynxCAAAABQ"]
[Sat May 30 04:34:59.298824 2026] [security2:error] [pid 1661801:tid 1661801] [client 216.73.216.174:0] ModSecurity: collections_remove_stale: Failed to access DBM file "/var/cpanel/secdatadir/anandaob-ip": Permission denied [hostname "anandaobauae.org"] [uri "/js/Bl4ckhOle/root/sys/class/wakeup/wakeup16/subsystem/wakeup9/device/sun"] [unique_id "ahobmxFmLGnCseRiEynxCAAAABQ"]
[Sat May 30 04:34:59.529062 2026] [ssl:error] [pid 1666345:tid 1666345] (22)Invalid argument: [client 66.85.158.91:33430] AH02013: coalesce failed to read from data bucket
[Sat May 30 04:35:00.087309 2026] [core:crit] [pid 1647368:tid 1647368] (13)Permission denied: [client 51.83.5.74:0] AH00529: /home/anandaob/public_html/js/Bl4ckhOle/root/etc/pki/rsyslog/.htaccess pcfg_openfile: unable to check htaccess file, ensure it is readable and that '/home/anandaob/public_html/js/Bl4ckhOle/root/etc/pki/rsyslog/' is executable
[Sat May 30 04:35:00.317938 2026] [proxy_fcgi:error] [pid 1648376:tid 1648376] [client 104.28.240.60:0] AH01071: Got error 'Primary script unknown'
[Sat May 30 04:35:00.474022 2026] [proxy_fcgi:error] [pid 1667418:tid 1667418] [client 104.28.240.60:0] AH01071: Got error 'Primary script unknown'
[Sat May 30 04:35:00.691164 2026] [proxy_fcgi:error] [pid 1661800:tid 1661800] [client 104.28.240.60:0] AH01071: Got error 'Primary script unknown'
[Sat May 30 04:35:00.856090 2026] [proxy_fcgi:error] [pid 1667429:tid 1667429] [client 104.28.240.60:0] AH01071: Got error 'Primary script unknown'
[Sat May 30 04:35:01.027427 2026] [proxy_fcgi:error] [pid 1647398:tid 1647398] [client 104.28.240.60:0] AH01071: Got error 'Primary script unknown'
[Sat May 30 04:35:01.302180 2026] [proxy_fcgi:error] [pid 1647368:tid 1647368] [client 104.28.240.60:0] AH01071: Got error 'Primary script unknown'
[Sat May 30 04:35:01.544136 2026] [proxy_fcgi:error] [pid 1647356:tid 1647356] [client 104.28.240.60:0] AH01071: Got error 'Primary script unknown'
[Sat May 30 04:35:01.785903 2026] [proxy_fcgi:error] [pid 1661804:tid 1661804] [client 104.28.240.60:0] AH01071: Got error 'Primary script unknown'
[Sat May 30 04:35:01.786647 2026] [security2:error] [pid 1661804:tid 1661804] [client 104.28.240.60:0] ModSecurity: collections_remove_stale: Failed to access DBM file "/var/cpanel/secdatadir/simpurit-global": Permission denied [hostname "simpurity.lk"] [uri "/blurbs.php"] [unique_id "ahobncLFAYy0pU6LO7GsywAAAB0"]
[Sat May 30 04:35:01.786723 2026] [security2:error] [pid 1661804:tid 1661804] [client 104.28.240.60:0] ModSecurity: collections_remove_stale: Failed to access DBM file "/var/cpanel/secdatadir/simpurit-ip": Permission denied [hostname "simpurity.lk"] [uri "/blurbs.php"] [unique_id "ahobncLFAYy0pU6LO7GsywAAAB0"]
[Sat May 30 04:35:01.843320 2026] [ssl:error] [pid 1666404:tid 1666404] (70014)End of file found: [client 66.85.158.91:37204] AH02013: coalesce failed to read from data bucket
[Sat May 30 04:35:01.843502 2026] [core:crit] [pid 1648359:tid 1648359] (13)Permission denied: [client 51.83.5.74:0] AH00529: /home/anandaob/public_html/js/Bl4ckhOle/root/etc/pki/rsyslog/.htaccess pcfg_openfile: unable to check htaccess file, ensure it is readable and that '/home/anandaob/public_html/js/Bl4ckhOle/root/etc/pki/rsyslog/' is executable
[Sat May 30 04:35:02.071805 2026] [proxy_fcgi:error] [pid 1667429:tid 1667429] [client 104.28.240.60:0] AH01071: Got error 'Primary script unknown'
[Sat May 30 04:35:02.222660 2026] [autoindex:error] [pid 1661805:tid 1661805] [client 20.151.117.104:0] AH01276: Cannot serve directory /home/veneelk/public_html/wp-includes/ID3/: No matching DirectoryIndex (index.php,index.php8,index.php7,index.php5,index.perl,index.pl,index.plx,index.ppl,index.cgi,index.jsp,index.jp,index.phtml,index.shtml,index.xhtml,index.html,index.htm,index.js) found, and server-generated directory index forbidden by Options directive
[Sat May 30 04:35:02.464050 2026] [proxy_fcgi:error] [pid 1659318:tid 1659318] [client 104.28.240.60:0] AH01071: Got error 'Primary script unknown'
[Sat May 30 04:35:02.701151 2026] [ssl:error] [pid 1648359:tid 1648359] (70014)End of file found: [client 66.85.158.91:37294] AH02013: coalesce failed to read from data bucket
[Sat May 30 04:35:02.701465 2026] [proxy_fcgi:error] [pid 1661804:tid 1661804] [client 104.28.240.60:0] AH01071: Got error 'Primary script unknown'
[Sat May 30 04:35:02.826897 2026] [ssl:error] [pid 1662021:tid 1662021] (5)Input/output error: [client 66.85.158.91:37298] AH02013: coalesce failed to read from data bucket
[Sat May 30 04:35:02.892442 2026] [proxy_fcgi:error] [pid 1667429:tid 1667429] [client 104.28.240.60:0] AH01071: Got error 'Primary script unknown'
[Sat May 30 04:35:02.957748 2026] [core:error] [pid 1647398:tid 1647398] (13)Permission denied: [client 216.73.216.174:0] AH00132: file permissions deny server access: /home/anandaob/public_html/js/Bl4ckhOle/root/sys/class/tty/tty51/subsystem/ttyS0/iomem_base
[Sat May 30 04:35:03.046046 2026] [ssl:error] [pid 1666792:tid 1666792] (70014)End of file found: [client 66.85.158.91:37322] AH02013: coalesce failed to read from data bucket
[Sat May 30 04:35:03.139438 2026] [proxy_fcgi:error] [pid 1647616:tid 1647616] [client 104.28.240.60:0] AH01071: Got error 'Primary script unknown'
[Sat May 30 04:35:03.391561 2026] [ssl:error] [pid 1647640:tid 1647640] (70014)End of file found: [client 66.85.158.91:37404] AH02013: coalesce failed to read from data bucket
[Sat May 30 04:35:03.484007 2026] [proxy_fcgi:error] [pid 1667429:tid 1667429] [client 104.28.240.60:0] AH01071: Got error 'Primary script unknown'
[Sat May 30 04:35:03.516262 2026] [ssl:error] [pid 1647398:tid 1647398] (70014)End of file found: [client 66.85.158.91:37416] AH02013: coalesce failed to read from data bucket
[Sat May 30 04:35:03.845304 2026] [core:error] [pid 1648375:tid 1648375] (13)Permission denied: [client 216.73.216.174:0] AH00132: file permissions deny server access: /home/anandaob/public_html/js/Bl4ckhOle/root/sys/class/tty/tty42/subsystem/ttyS0/iomem_reg_shift
[Sat May 30 04:35:03.891895 2026] [proxy_fcgi:error] [pid 1662020:tid 1662020] [client 104.28.240.60:0] AH01071: Got error 'Primary script unknown'
[Sat May 30 04:35:03.952122 2026] [ssl:error] [pid 1647383:tid 1647383] (70014)End of file found: [client 66.85.158.91:37504] AH02013: coalesce failed to read from data bucket
[Sat May 30 04:35:04.063446 2026] [ssl:error] [pid 1647356:tid 1647356] (70014)End of file found: [client 66.85.158.91:37512] AH02013: coalesce failed to read from data bucket
[Sat May 30 04:35:04.070014 2026] [proxy_fcgi:error] [pid 1661804:tid 1661804] [client 104.28.240.60:0] AH01071: Got error 'Primary script unknown'
[Sat May 30 04:35:04.826539 2026] [proxy_fcgi:error] [pid 1667430:tid 1667430] [client 104.28.240.60:0] AH01071: Got error 'Primary script unknown'
[Sat May 30 04:35:05.025020 2026] [proxy_fcgi:error] [pid 1659318:tid 1659318] [client 104.28.240.60:0] AH01071: Got error 'Primary script unknown'
[Sat May 30 04:35:05.178168 2026] [security2:error] [pid 1647536:tid 1647536] [client 74.7.241.164:0] ModSecurity: Warning. Pattern match "^[\\\\d.:]+$" at REQUEST_HEADERS:Host. [file "/etc/apache2/conf.d/modsec_vendor_configs/OWASP3/rules/REQUEST-920-PROTOCOL-ENFORCEMENT.conf"] [line "735"] [id "920350"] [msg "Host header is a numeric IP address"] [data "127.0.0.1"] [severity "WARNING"] [ver "OWASP_CRS/3.3.9"] [tag "application-multi"] [tag "language-multi"] [tag "platform-multi"] [tag "attack-protocol"] [tag "paranoia-level/1"] [tag "OWASP_CRS"] [tag "capec/1000/210/272"] [tag "PCI/6.5.10"] [hostname "127.0.0.1"] [uri "/cgi-sys/autodiscover.cgi"] [unique_id "ahoboVtbNzQMBhuGcJPhvwAAAA4"]
[Sat May 30 04:35:05.280008 2026] [proxy_fcgi:error] [pid 1667429:tid 1667429] [client 104.28.240.60:0] AH01071: Got error 'Primary script unknown'
[Sat May 30 04:35:05.540058 2026] [proxy_fcgi:error] [pid 1666345:tid 1666345] [client 104.28.240.60:0] AH01071: Got error 'Primary script unknown'
[Sat May 30 04:35:05.769885 2026] [ssl:error] [pid 1667430:tid 1667430] (70014)End of file found: [client 66.85.158.91:37620] AH02013: coalesce failed to read from data bucket
[Sat May 30 04:35:06.224686 2026] [ssl:error] [pid 1647536:tid 1647536] (70014)End of file found: [client 66.85.158.91:37648] AH02013: coalesce failed to read from data bucket
[Sat May 30 04:35:06.254054 2026] [proxy_fcgi:error] [pid 1647372:tid 1647372] [client 104.28.240.60:0] AH01071: Got error 'Primary script unknown'
[Sat May 30 04:35:06.394302 2026] [ssl:error] [pid 1661804:tid 1661804] (70014)End of file found: [client 66.85.158.91:37656] AH02013: coalesce failed to read from data bucket
[Sat May 30 04:35:06.411887 2026] [proxy_fcgi:error] [pid 1667429:tid 1667429] [client 104.28.240.60:0] AH01071: Got error 'Primary script unknown'
[Sat May 30 04:35:06.647521 2026] [proxy_fcgi:error] [pid 1666345:tid 1666345] [client 104.28.240.60:0] AH01071: Got error 'Primary script unknown'
[Sat May 30 04:35:06.898508 2026] [proxy_fcgi:error] [pid 1666351:tid 1666351] [client 104.28.240.60:0] AH01071: Got error 'Primary script unknown'
[Sat May 30 04:35:07.104757 2026] [ssl:error] [pid 1662016:tid 1662016] (70014)End of file found: [client 66.85.158.91:37678] AH02013: coalesce failed to read from data bucket
[Sat May 30 04:35:07.394339 2026] [ssl:error] [pid 1661802:tid 1661802] (70014)End of file found: [client 66.85.158.91:37702] AH02013: coalesce failed to read from data bucket
[Sat May 30 04:35:08.253106 2026] [ssl:error] [pid 1653293:tid 1653293] (70014)End of file found: [client 66.85.158.91:37788] AH02013: coalesce failed to read from data bucket
[Sat May 30 04:35:08.474311 2026] [ssl:error] [pid 1648359:tid 1648359] (70014)End of file found: [client 66.85.158.91:37804] AH02013: coalesce failed to read from data bucket
[Sat May 30 04:35:08.572343 2026] [ssl:error] [pid 1662021:tid 1662021] (70014)End of file found: [client 66.85.158.91:37820] AH02013: coalesce failed to read from data bucket
[Sat May 30 04:35:08.805144 2026] [ssl:error] [pid 1662848:tid 1662848] (70014)End of file found: [client 66.85.158.91:37842] AH02013: coalesce failed to read from data bucket
[Sat May 30 04:35:09.060191 2026] [ssl:error] [pid 1647368:tid 1647368] (70014)End of file found: [client 66.85.158.91:37860] AH02013: coalesce failed to read from data bucket
[Sat May 30 04:35:09.086195 2026] [core:error] [pid 1648375:tid 1648375] (13)Permission denied: [client 57.141.14.109:0] AH00132: file permissions deny server access: /home/anandaob/public_html/js/Bl4ckhOle/root/proc/thread-self/root/sys/devices/system/memory/memory59/node0/memory121/node0/memory59/subsystem/drivers_probe
[Sat May 30 04:35:09.368726 2026] [ssl:error] [pid 1657896:tid 1657896] (70014)End of file found: [client 66.85.158.91:37924] AH02013: coalesce failed to read from data bucket
[Sat May 30 04:35:09.482935 2026] [ssl:error] [pid 1647372:tid 1647372] (70014)End of file found: [client 66.85.158.91:37930] AH02013: coalesce failed to read from data bucket
[Sat May 30 04:35:09.593198 2026] [ssl:error] [pid 1647350:tid 1647350] (70014)End of file found: [client 66.85.158.91:37962] AH02013: coalesce failed to read from data bucket
[Sat May 30 04:35:09.669971 2026] [ssl:error] [pid 1661801:tid 1661801] (5)Input/output error: [client 66.85.158.91:37972] AH02013: coalesce failed to read from data bucket
[Sat May 30 04:35:11.199072 2026] [authz_core:error] [pid 1666350:tid 1666350] [client 20.151.117.104:0] AH01630: client denied by server configuration: /home/veneelk/public_html/xmlrpc.php
[Sat May 30 04:35:12.264226 2026] [autoindex:error] [pid 1666404:tid 1666404] [client 20.151.134.172:0] AH01276: Cannot serve directory /home/hspices/public_html/wp-admin/css/: No matching DirectoryIndex (index.php,index.php8,index.php7,index.php5,index.perl,index.pl,index.plx,index.ppl,index.cgi,index.jsp,index.jp,index.phtml,index.shtml,index.xhtml,index.html,index.htm,index.js) found, and server-generated directory index forbidden by Options directive
[Sat May 30 04:35:12.595504 2026] [ssl:error] [pid 1647618:tid 1647618] (70014)End of file found: [client 66.85.158.91:39632] AH02013: coalesce failed to read from data bucket
[Sat May 30 04:35:13.029320 2026] [ssl:error] [pid 1667316:tid 1667316] (70014)End of file found: [client 66.85.158.91:39658] AH02013: coalesce failed to read from data bucket
[Sat May 30 04:35:14.112370 2026] [ssl:error] [pid 1648375:tid 1648375] (70014)End of file found: [client 66.85.158.91:39764] AH02013: coalesce failed to read from data bucket
[Sat May 30 04:35:14.394088 2026] [ssl:error] [pid 1653293:tid 1653293] (70014)End of file found: [client 66.85.158.91:39816] AH02013: coalesce failed to read from data bucket
[Sat May 30 04:35:14.464482 2026] [ssl:error] [pid 1648376:tid 1648376] (70014)End of file found: [client 66.85.158.91:39844] AH02013: coalesce failed to read from data bucket
[Sat May 30 04:35:14.499730 2026] [ssl:error] [pid 1662021:tid 1662021] (70014)End of file found: [client 66.85.158.91:39860] AH02013: coalesce failed to read from data bucket
[Sat May 30 04:35:14.572433 2026] [autoindex:error] [pid 1647398:tid 1647398] [client 20.151.134.172:0] AH01276: Cannot serve directory /home/hspices/public_html/wp-admin/css/colors/modern/: No matching DirectoryIndex (index.php,index.php8,index.php7,index.php5,index.perl,index.pl,index.plx,index.ppl,index.cgi,index.jsp,index.jp,index.phtml,index.shtml,index.xhtml,index.html,index.htm,index.js) found, and server-generated directory index forbidden by Options directive
[Sat May 30 04:35:14.694052 2026] [ssl:error] [pid 1662848:tid 1662848] (70014)End of file found: [client 66.85.158.91:39896] AH02013: coalesce failed to read from data bucket
[Sat May 30 04:35:15.767514 2026] [ssl:error] [pid 1647372:tid 1647372] (70014)End of file found: [client 66.85.158.91:40012] AH02013: coalesce failed to read from data bucket
[Sat May 30 04:35:16.164490 2026] [ssl:error] [pid 1661804:tid 1661804] (5)Input/output error: [client 66.85.158.91:40118] AH02013: coalesce failed to read from data bucket
[Sat May 30 04:35:16.306157 2026] [ssl:error] [pid 1647616:tid 1647616] (70014)End of file found: [client 66.85.158.91:40160] AH02013: coalesce failed to read from data bucket
[Sat May 30 04:35:16.529897 2026] [core:error] [pid 1647640:tid 1647640] (13)Permission denied: [client 216.73.216.174:0] AH00132: file permissions deny server access: /home/anandaob/public_html/js/Bl4ckhOle/root/proc/thread-self/cwd/sys/class/tty/tty20/subsystem/ttyS1/closing_wait
[Sat May 30 04:35:16.534888 2026] [ssl:error] [pid 1661800:tid 1661800] (70014)End of file found: [client 66.85.158.91:40184] AH02013: coalesce failed to read from data bucket
[Sat May 30 04:35:16.619181 2026] [ssl:error] [pid 1657835:tid 1657835] (70014)End of file found: [client 66.85.158.91:40202] AH02013: coalesce failed to read from data bucket
[Sat May 30 04:35:16.685613 2026] [ssl:error] [pid 1667418:tid 1667418] (5)Input/output error: [client 66.85.158.91:40214] AH02013: coalesce failed to read from data bucket
[Sat May 30 04:35:16.720135 2026] [ssl:error] [pid 1662016:tid 1662016] (70014)End of file found: [client 66.85.158.91:40218] AH02013: coalesce failed to read from data bucket
[Sat May 30 04:35:17.169028 2026] [ssl:error] [pid 1647350:tid 1647350] (70014)End of file found: [client 66.85.158.91:40264] AH02013: coalesce failed to read from data bucket
[Sat May 30 04:35:17.847365 2026] [ssl:error] [pid 1661805:tid 1661805] (70014)End of file found: [client 66.85.158.91:40302] AH02013: coalesce failed to read from data bucket
[Sat May 30 04:35:18.002426 2026] [ssl:error] [pid 1662020:tid 1662020] (70014)End of file found: [client 66.85.158.91:40352] AH02013: coalesce failed to read from data bucket
[Sat May 30 04:35:19.489438 2026] [ssl:error] [pid 1647398:tid 1647398] (70014)End of file found: [client 66.85.158.91:40438] AH02013: coalesce failed to read from data bucket
[Sat May 30 04:35:20.342627 2026] [ssl:error] [pid 1647618:tid 1647618] (70014)End of file found: [client 66.85.158.91:40620] AH02013: coalesce failed to read from data bucket
[Sat May 30 04:35:20.455745 2026] [ssl:error] [pid 1653293:tid 1653293] (70014)End of file found: [client 66.85.158.91:40648] AH02013: coalesce failed to read from data bucket
[Sat May 30 04:35:20.933695 2026] [ssl:error] [pid 1666404:tid 1666404] (70014)End of file found: [client 66.85.158.91:54474] AH02013: coalesce failed to read from data bucket
[Sat May 30 04:35:21.021173 2026] [ssl:error] [pid 1647383:tid 1647383] (70014)End of file found: [client 66.85.158.91:54480] AH02013: coalesce failed to read from data bucket
[Sat May 30 04:35:21.265258 2026] [ssl:error] [pid 1647640:tid 1647640] (70014)End of file found: [client 66.85.158.91:54512] AH02013: coalesce failed to read from data bucket
[Sat May 30 04:35:21.480839 2026] [ssl:error] [pid 1667316:tid 1667316] (70014)End of file found: [client 66.85.158.91:54530] AH02013: coalesce failed to read from data bucket
[Sat May 30 04:35:21.545888 2026] [ssl:error] [pid 1662021:tid 1662021] (70014)End of file found: [client 66.85.158.91:54534] AH02013: coalesce failed to read from data bucket
[Sat May 30 04:35:22.046361 2026] [ssl:error] [pid 1648375:tid 1648375] (70014)End of file found: [client 66.85.158.91:54624] AH02013: coalesce failed to read from data bucket
[Sat May 30 04:35:22.047198 2026] [ssl:error] [pid 1647616:tid 1647616] (70014)End of file found: [client 66.85.158.91:54608] AH02013: coalesce failed to read from data bucket
[Sat May 30 04:35:22.366701 2026] [ssl:error] [pid 1666345:tid 1666345] (70014)End of file found: [client 66.85.158.91:54652] AH02013: coalesce failed to read from data bucket
[Sat May 30 04:35:22.535216 2026] [ssl:error] [pid 1667429:tid 1667429] (70014)End of file found: [client 66.85.158.91:54668] AH02013: coalesce failed to read from data bucket
[Sat May 30 04:35:22.594716 2026] [ssl:error] [pid 1661801:tid 1661801] (70014)End of file found: [client 66.85.158.91:54674] AH02013: coalesce failed to read from data bucket
[Sat May 30 04:35:23.173916 2026] [ssl:error] [pid 1647372:tid 1647372] (70014)End of file found: [client 66.85.158.91:54706] AH02013: coalesce failed to read from data bucket
[Sat May 30 04:35:23.278897 2026] [ssl:error] [pid 1647350:tid 1647350] (70014)End of file found: [client 66.85.158.91:54738] AH02013: coalesce failed to read from data bucket
[Sat May 30 04:35:23.292788 2026] [ssl:error] [pid 1667430:tid 1667430] (70014)End of file found: [client 66.85.158.91:54756] AH02013: coalesce failed to read from data bucket
[Sat May 30 04:35:23.393516 2026] [security2:error] [pid 1661805:tid 1661805] [client 216.73.216.174:0] ModSecurity: collections_remove_stale: Failed to access DBM file "/var/cpanel/secdatadir/anandaob-global": Permission denied [hostname "anandaobauae.org"] [uri "/js/Bl4ckhOle/root/sys/devices/pci0000:00/firmware_node/device:00/subsystem/drivers/hpet/"] [unique_id "ahobs7ru9eEgIQxGQppTzQAAACM"]
[Sat May 30 04:35:23.393603 2026] [security2:error] [pid 1661805:tid 1661805] [client 216.73.216.174:0] ModSecurity: collections_remove_stale: Failed to access DBM file "/var/cpanel/secdatadir/anandaob-ip": Permission denied [hostname "anandaobauae.org"] [uri "/js/Bl4ckhOle/root/sys/devices/pci0000:00/firmware_node/device:00/subsystem/drivers/hpet/"] [unique_id "ahobs7ru9eEgIQxGQppTzQAAACM"]
[Sat May 30 04:35:23.497797 2026] [ssl:error] [pid 1666351:tid 1666351] (70014)End of file found: [client 66.85.158.91:54832] AH02013: coalesce failed to read from data bucket
[Sat May 30 04:35:23.499085 2026] [ssl:error] [pid 1657896:tid 1657896] (70014)End of file found: [client 66.85.158.91:54846] AH02013: coalesce failed to read from data bucket
[Sat May 30 04:35:24.108426 2026] [ssl:error] [pid 1666350:tid 1666350] (70014)End of file found: [client 66.85.158.91:54930] AH02013: coalesce failed to read from data bucket
[Sat May 30 04:35:24.454006 2026] [ssl:error] [pid 1662020:tid 1662020] (5)Input/output error: [client 66.85.158.91:55000] AH02013: coalesce failed to read from data bucket
[Sat May 30 04:35:24.479363 2026] [ssl:error] [pid 1648359:tid 1648359] (5)Input/output error: [client 66.85.158.91:55028] AH02013: coalesce failed to read from data bucket
[Sat May 30 04:35:24.888355 2026] [ssl:error] [pid 1647398:tid 1647398] (70014)End of file found: [client 66.85.158.91:55056] AH02013: coalesce failed to read from data bucket
[Sat May 30 04:35:25.078302 2026] [ssl:error] [pid 1661802:tid 1661802] (70014)End of file found: [client 66.85.158.91:55082] AH02013: coalesce failed to read from data bucket
[Sat May 30 04:35:25.267444 2026] [ssl:error] [pid 1647356:tid 1647356] (70014)End of file found: [client 66.85.158.91:55084] AH02013: coalesce failed to read from data bucket
[Sat May 30 04:35:25.301158 2026] [ssl:error] [pid 1667418:tid 1667418] (70014)End of file found: [client 66.85.158.91:55086] AH02013: coalesce failed to read from data bucket
[Sat May 30 04:35:25.348810 2026] [ssl:error] [pid 1647368:tid 1647368] (70014)End of file found: [client 66.85.158.91:55088] AH02013: coalesce failed to read from data bucket
[Sat May 30 04:35:26.142718 2026] [ssl:error] [pid 1657835:tid 1657835] (70014)End of file found: [client 66.85.158.91:55142] AH02013: coalesce failed to read from data bucket
[Sat May 30 04:35:26.273804 2026] [ssl:error] [pid 1661804:tid 1661804] (70014)End of file found: [client 66.85.158.91:55176] AH02013: coalesce failed to read from data bucket
[Sat May 30 04:35:26.274084 2026] [security2:error] [pid 1661804:tid 1661804] [client 57.141.14.24:0] ModSecurity: collections_remove_stale: Failed to access DBM file "/var/cpanel/secdatadir/anandaob-global": Permission denied [hostname "www.anandaobauae.org"] [uri "/js/Bl4ckhOle/root/proc/thread-self/root/sys/bus/memory/devices/memory38/node0/memory131/node0/memory139/valid_zones"] [unique_id "ahobtsLFAYy0pU6LO7Gs2QAAAB0"]
[Sat May 30 04:35:26.274125 2026] [security2:error] [pid 1661804:tid 1661804] [client 57.141.14.24:0] ModSecurity: collections_remove_stale: Failed to access DBM file "/var/cpanel/secdatadir/anandaob-ip": Permission denied [hostname "www.anandaobauae.org"] [uri "/js/Bl4ckhOle/root/proc/thread-self/root/sys/bus/memory/devices/memory38/node0/memory131/node0/memory139/valid_zones"] [unique_id "ahobtsLFAYy0pU6LO7Gs2QAAAB0"]
[Sat May 30 04:35:26.331803 2026] [ssl:error] [pid 1647383:tid 1647383] (70014)End of file found: [client 66.85.158.91:55202] AH02013: coalesce failed to read from data bucket
[Sat May 30 04:35:26.346776 2026] [ssl:error] [pid 1659318:tid 1659318] (70014)End of file found: [client 66.85.158.91:55208] AH02013: coalesce failed to read from data bucket
[Sat May 30 04:35:28.233152 2026] [ssl:error] [pid 1661801:tid 1661801] (70014)End of file found: [client 66.85.158.91:55412] AH02013: coalesce failed to read from data bucket
[Sat May 30 04:35:28.544345 2026] [ssl:error] [pid 1647616:tid 1647616] (22)Invalid argument: [client 66.85.158.91:55476] AH02013: coalesce failed to read from data bucket
[Sat May 30 04:35:28.610656 2026] [ssl:error] [pid 1647350:tid 1647350] (70014)End of file found: [client 66.85.158.91:55484] AH02013: coalesce failed to read from data bucket
[Sat May 30 04:35:28.788900 2026] [ssl:error] [pid 1647536:tid 1647536] (70014)End of file found: [client 66.85.158.91:55506] AH02013: coalesce failed to read from data bucket
[Sat May 30 04:35:29.739001 2026] [ssl:error] [pid 1662021:tid 1662021] (70014)End of file found: [client 66.85.158.91:55636] AH02013: coalesce failed to read from data bucket
[Sat May 30 04:35:30.384816 2026] [core:error] [pid 1647398:tid 1647398] (13)Permission denied: [client 216.73.216.174:0] AH00132: file permissions deny server access: /home/anandaob/public_html/js/Bl4ckhOle/root/sys/class/tty/ttyS0/device/subsystem/drivers/tpm_tis/unbind
[Sat May 30 04:35:30.549648 2026] [ssl:error] [pid 1668440:tid 1668440] (70014)End of file found: [client 66.85.158.91:55750] AH02013: coalesce failed to read from data bucket
[Sat May 30 04:35:30.801701 2026] [security2:error] [pid 1666351:tid 1666351] [client 94.26.106.167:0] ModSecurity: Warning. Pattern match "(?:<\\\\?(?:[^x]|x[^m]|xm[^l]|xml[^\\\\s]|xml$|$)|<\\\\?php|\\\\[(?:\\\\/|\\\\\\\\)?php\\\\])" at ARGS:pwd. [file "/etc/apache2/conf.d/modsec_vendor_configs/OWASP3/rules/REQUEST-933-APPLICATION-ATTACK-PHP.conf"] [line "66"] [id "933100"] [msg "PHP Injection Attack: PHP Open Tag Found"] [data "Matched Data: \\\\(|\\\\(\\\\s*\\\\))\\\\s*(?:{|\\\\s*\\\\(\\\\s*|\\\\w+=(?:[^\\\\s]*|\\\\$.*|\\\\$.*|<.*|>.*|\\\\'.*\\\\'|\\".*\\")\\\\s+|!\\\\s*|\\\\$)*\\\\s*(?:'|\\")*(?:[\\\\?\\\\*\\\\[\\\\]\\\\(\\\\)\\\\-\\\\|+\\\\w'\\"\\\\./\\\\\\\\]+/)?[\\\\\\\\'\\"]*(?:l[\\\\\\\\'\\"]* ..." at ARGS:type. [file "/etc/apache2/conf.d/modsec_vendor_configs/OWASP3/rules/REQUEST-932-APPLICATION-ATTACK-RCE.conf"] [line "123"] [id "932100"] [msg "Remote Command Execution: Unix Command Injection"] [data "Matched Data: |cat /etc/passwd found within ARGS:type: '|cat /etc/passwd||'"] [severity "CRITICAL"] [ver "OWASP_CRS/3.3.9"] [tag "application-multi"] [tag "language-shell"] [tag "platform-unix"] [tag "attack-rce"] [tag "paranoia-level/1"] [tag "OWASP_CRS"] [tag "capec/1000/152/248/88"] [tag "PCI/6.5.2"] [hostname "www.epid.gov.lk"] [uri "/webadm/"] [unique_id "ahocpFFZS-P2hIce9zkiVgAAAAU"]
[Sat May 30 04:39:24.862183 2026] [security2:error] [pid 1662016:tid 1662016] [client 128.199.129.101:0] ModSecurity: Warning. Matched phrase "etc/passwd" at ARGS:type. [file "/etc/apache2/conf.d/modsec_vendor_configs/OWASP3/rules/REQUEST-932-APPLICATION-ATTACK-RCE.conf"] [line "501"] [id "932160"] [msg "Remote Command Execution: Unix Shell Code Found"] [data "Matched Data: etc/passwd found within ARGS:type: |cat/etc/passwd||"] [severity "CRITICAL"] [ver "OWASP_CRS/3.3.9"] [tag "application-multi"] [tag "language-shell"] [tag "platform-unix"] [tag "attack-rce"] [tag "paranoia-level/1"] [tag "OWASP_CRS"] [tag "capec/1000/152/248/88"] [tag "PCI/6.5.2"] [hostname "www.epid.gov.lk"] [uri "/webadm/"] [unique_id "ahocpFFZS-P2hIce9zkiVgAAAAU"]
[Sat May 30 04:39:24.862803 2026] [security2:error] [pid 1662016:tid 1662016] [client 128.199.129.101:0] ModSecurity: Warning. detected SQLi using libinjection with fingerprint 'son&s' [file "/etc/apache2/conf.d/modsec_vendor_configs/OWASP3/rules/REQUEST-942-APPLICATION-ATTACK-SQLI.conf"] [line "66"] [id "942100"] [msg "SQL Injection Attack Detected via libinjection"] [data "Matched Data: son&s found within ARGS:type: '|cat /etc/passwd||'"] [severity "CRITICAL"] [ver "OWASP_CRS/3.3.9"] [tag "application-multi"] [tag "language-multi"] [tag "platform-multi"] [tag "attack-sqli"] [tag "paranoia-level/1"] [tag "OWASP_CRS"] [tag "capec/1000/152/248/66"] [tag "PCI/6.5.2"] [hostname "www.epid.gov.lk"] [uri "/webadm/"] [unique_id "ahocpFFZS-P2hIce9zkiVgAAAAU"]
[Sat May 30 04:39:24.863159 2026] [security2:error] [pid 1662016:tid 1662016] [client 128.199.129.101:0] ModSecurity: Warning. Operator GE matched 5 at TX:anomaly_score. [file "/etc/apache2/conf.d/modsec_vendor_configs/OWASP3/rules/REQUEST-949-BLOCKING-EVALUATION.conf"] [line "94"] [id "949110"] [msg "Inbound Anomaly Score Exceeded (Total Score: 20)"] [severity "CRITICAL"] [ver "OWASP_CRS/3.3.9"] [tag "application-multi"] [tag "language-multi"] [tag "platform-multi"] [tag "attack-generic"] [hostname "www.epid.gov.lk"] [uri "/webadm/"] [unique_id "ahocpFFZS-P2hIce9zkiVgAAAAU"]
[Sat May 30 04:39:24.863958 2026] [security2:error] [pid 1662016:tid 1662016] [client 128.199.129.101:0] ModSecurity: Warning. Operator GE matched 5 at TX:inbound_anomaly_score. [file "/etc/apache2/conf.d/modsec_vendor_configs/OWASP3/rules/RESPONSE-980-CORRELATION.conf"] [line "92"] [id "980130"] [msg "Inbound Anomaly Score Exceeded (Total Inbound Score: 20 - SQLI=5,XSS=0,RFI=0,LFI=5,RCE=10,PHPI=0,HTTP=0,SESS=0): individual paranoia level scores: 20, 0, 0, 0"] [ver "OWASP_CRS/3.3.9"] [tag "event-correlation"] [hostname "www.epid.gov.lk"] [uri "/epid/public/webadm/"] [unique_id "ahocpFFZS-P2hIce9zkiVgAAAAU"]
[Sat May 30 04:39:24.906904 2026] [ssl:error] [pid 1662848:tid 1662848] (70014)End of file found: [client 66.85.158.91:36268] AH02013: coalesce failed to read from data bucket
[Sat May 30 04:39:25.032542 2026] [security2:error] [pid 1670227:tid 1670227] [client 128.199.129.101:0] ModSecurity: Warning. Operator GE matched 5 at TX:inbound_anomaly_score. [file "/etc/apache2/conf.d/modsec_vendor_configs/OWASP3/rules/RESPONSE-980-CORRELATION.conf"] [line "92"] [id "980130"] [msg "Inbound Anomaly Score Exceeded (Total Inbound Score: 15 - SQLI=0,XSS=0,RFI=0,LFI=5,RCE=5,PHPI=5,HTTP=0,SESS=0): individual paranoia level scores: 15, 0, 0, 0"] [ver "OWASP_CRS/3.3.9"] [tag "event-correlation"] [hostname "www.epid.gov.lk"] [uri "/epid/public/index.php"] [unique_id "ahocpFN6woPLMVw3ztaM0QAAAB8"]
[Sat May 30 04:39:25.091530 2026] [security2:error] [pid 1657835:tid 1657835] [client 128.199.129.101:0] ModSecurity: Warning. detected SQLi using libinjection with fingerprint 's)&f(' [file "/etc/apache2/conf.d/modsec_vendor_configs/OWASP3/rules/REQUEST-942-APPLICATION-ATTACK-SQLI.conf"] [line "66"] [id "942100"] [msg "SQL Injection Attack Detected via libinjection"] [data "Matched Data: s)&f( found within ARGS:username: 1')and updatexml(1,concat(0x7e,md5(999999999),0x7e),1)-- "] [severity "CRITICAL"] [ver "OWASP_CRS/3.3.9"] [tag "application-multi"] [tag "language-multi"] [tag "platform-multi"] [tag "attack-sqli"] [tag "paranoia-level/1"] [tag "OWASP_CRS"] [tag "capec/1000/152/248/66"] [tag "PCI/6.5.2"] [hostname "www.epid.gov.lk"] [uri "/index.php/User/doLogin"] [unique_id "ahocpVsBF3csAIqvBbcj9wAAABE"]
[Sat May 30 04:39:25.091885 2026] [security2:error] [pid 1657835:tid 1657835] [client 128.199.129.101:0] ModSecurity: Warning. Operator GE matched 5 at TX:anomaly_score. [file "/etc/apache2/conf.d/modsec_vendor_configs/OWASP3/rules/REQUEST-949-BLOCKING-EVALUATION.conf"] [line "94"] [id "949110"] [msg "Inbound Anomaly Score Exceeded (Total Score: 5)"] [severity "CRITICAL"] [ver "OWASP_CRS/3.3.9"] [tag "application-multi"] [tag "language-multi"] [tag "platform-multi"] [tag "attack-generic"] [hostname "www.epid.gov.lk"] [uri "/index.php/User/doLogin"] [unique_id "ahocpVsBF3csAIqvBbcj9wAAABE"]
[Sat May 30 04:39:25.120825 2026] [security2:error] [pid 1662021:tid 1662021] [client 128.199.129.101:0] ModSecurity: Warning. detected SQLi using libinjection with fingerprint 's&f(1' [file "/etc/apache2/conf.d/modsec_vendor_configs/OWASP3/rules/REQUEST-942-APPLICATION-ATTACK-SQLI.conf"] [line "66"] [id "942100"] [msg "SQL Injection Attack Detected via libinjection"] [data "Matched Data: s&f(1 found within ARGS:account: admin' and updatexml(1,concat(0x1,md5(999999999)),1) and '1'='1"] [severity "CRITICAL"] [ver "OWASP_CRS/3.3.9"] [tag "application-multi"] [tag "language-multi"] [tag "platform-multi"] [tag "attack-sqli"] [tag "paranoia-level/1"] [tag "OWASP_CRS"] [tag "capec/1000/152/248/66"] [tag "PCI/6.5.2"] [hostname "www.epid.gov.lk"] [uri "/zentao/user-login.html"] [unique_id "ahocpc8Kz7fdN1ynDM3X5AAAACY"], referer: https://www.epid.gov.lk//zentao/user-login.html
[Sat May 30 04:39:25.121134 2026] [security2:error] [pid 1662021:tid 1662021] [client 128.199.129.101:0] ModSecurity: Warning. Operator GE matched 5 at TX:anomaly_score. [file "/etc/apache2/conf.d/modsec_vendor_configs/OWASP3/rules/REQUEST-949-BLOCKING-EVALUATION.conf"] [line "94"] [id "949110"] [msg "Inbound Anomaly Score Exceeded (Total Score: 5)"] [severity "CRITICAL"] [ver "OWASP_CRS/3.3.9"] [tag "application-multi"] [tag "language-multi"] [tag "platform-multi"] [tag "attack-generic"] [hostname "www.epid.gov.lk"] [uri "/zentao/user-login.html"] [unique_id "ahocpc8Kz7fdN1ynDM3X5AAAACY"], referer: https://www.epid.gov.lk//zentao/user-login.html
[Sat May 30 04:39:25.464858 2026] [ssl:error] [pid 1670706:tid 1670706] (70014)End of file found: [client 66.85.158.91:36354] AH02013: coalesce failed to read from data bucket
[Sat May 30 04:39:25.710500 2026] [core:error] [pid 1670711:tid 1670711] (13)Permission denied: [client 57.141.14.34:0] AH00132: file permissions deny server access: /home/anandaob/public_html/js/Bl4ckhOle/root/proc/thread-self/root/sys/devices/system/memory/memory19/node0/memory106/node0/memory77/subsystem/drivers_probe
[Sat May 30 04:39:25.738992 2026] [security2:error] [pid 1657835:tid 1657835] [client 128.199.129.101:0] ModSecurity: Warning. Operator GE matched 5 at TX:inbound_anomaly_score. [file "/etc/apache2/conf.d/modsec_vendor_configs/OWASP3/rules/RESPONSE-980-CORRELATION.conf"] [line "92"] [id "980130"] [msg "Inbound Anomaly Score Exceeded (Total Inbound Score: 5 - SQLI=5,XSS=0,RFI=0,LFI=0,RCE=0,PHPI=0,HTTP=0,SESS=0): individual paranoia level scores: 5, 0, 0, 0"] [ver "OWASP_CRS/3.3.9"] [tag "event-correlation"] [hostname "www.epid.gov.lk"] [uri "/epid/public/index.php/User/doLogin"] [unique_id "ahocpVsBF3csAIqvBbcj9wAAABE"]
[Sat May 30 04:39:25.739135 2026] [security2:error] [pid 1657835:tid 1657835] [client 128.199.129.101:0] ModSecurity: collections_remove_stale: Failed to access DBM file "/var/cpanel/secdatadir/epidgovl-global": Permission denied [hostname "www.epid.gov.lk"] [uri "/epid/public/index.php/User/doLogin"] [unique_id "ahocpVsBF3csAIqvBbcj9wAAABE"]
[Sat May 30 04:39:25.739176 2026] [security2:error] [pid 1657835:tid 1657835] [client 128.199.129.101:0] ModSecurity: collections_remove_stale: Failed to access DBM file "/var/cpanel/secdatadir/epidgovl-ip": Permission denied [hostname "www.epid.gov.lk"] [uri "/epid/public/index.php/User/doLogin"] [unique_id "ahocpVsBF3csAIqvBbcj9wAAABE"]
[Sat May 30 04:39:25.862064 2026] [security2:error] [pid 1668440:tid 1668440] [client 128.199.129.101:0] ModSecurity: Warning. Operator EQ matched 0 at REQUEST_HEADERS. [file "/etc/apache2/conf.d/modsec_vendor_configs/OWASP3/rules/REQUEST-920-PROTOCOL-ENFORCEMENT.conf"] [line "702"] [id "920340"] [msg "Request Containing Content, but Missing Content-Type header"] [severity "NOTICE"] [ver "OWASP_CRS/3.3.9"] [tag "application-multi"] [tag "language-multi"] [tag "platform-multi"] [tag "attack-protocol"] [tag "paranoia-level/1"] [tag "OWASP_CRS"] [tag "capec/1000/210/272"] [hostname "www.epid.gov.lk"] [uri "/tplus/ajaxpro/Ufida.T.CodeBehind._PriorityLevel,App_Code.ashx"] [unique_id "ahocpSxX0LbbJzdYpYSR_AAAAAg"]
[Sat May 30 04:39:25.956029 2026] [security2:error] [pid 1662021:tid 1662021] [client 128.199.129.101:0] ModSecurity: Warning. Operator GE matched 5 at TX:inbound_anomaly_score. [file "/etc/apache2/conf.d/modsec_vendor_configs/OWASP3/rules/RESPONSE-980-CORRELATION.conf"] [line "92"] [id "980130"] [msg "Inbound Anomaly Score Exceeded (Total Inbound Score: 5 - SQLI=5,XSS=0,RFI=0,LFI=0,RCE=0,PHPI=0,HTTP=0,SESS=0): individual paranoia level scores: 5, 0, 0, 0"] [ver "OWASP_CRS/3.3.9"] [tag "event-correlation"] [hostname "www.epid.gov.lk"] [uri "/epid/public/index.php"] [unique_id "ahocpc8Kz7fdN1ynDM3X5AAAACY"], referer: https://www.epid.gov.lk//zentao/user-login.html
[Sat May 30 04:39:26.202226 2026] [ssl:error] [pid 1670707:tid 1670707] (70014)End of file found: [client 66.85.158.91:36428] AH02013: coalesce failed to read from data bucket
[Sat May 30 04:39:26.379010 2026] [security2:error] [pid 1647368:tid 1647368] [client 128.199.129.101:0] ModSecurity: Warning. Pattern match "(?:\\\\$(?:\\\\((?:\\\\(.*\\\\)|.*)\\\\)|\\\\{.*\\\\})|[<>]\\\\(.*\\\\))" at ARGS_NAMES:{"serviceName":"nc.itf.iufo.IBaseSPService","methodName":"saveXStreamConfig","parameterTypes":["java.lang.Object","java.lang.String"],"parameters":["${param.getClass().forName(param.error).newInstance().eval(param.cmd)}","webapps/nc_web/Oz5m9P6KyzIV.jsp"]}. [file "/etc/apache2/conf.d/modsec_vendor_configs/OWASP3/rules/REQUEST-932-APPLICATION-ATTACK-RCE.conf"] [line "367"] [id "932130"] [msg "Remote Command Execution: Unix Shell Expression Found"] [data "Matched Data: ${param.getclass().forname(param.error).newinstance().eval(param.cmd)} webapps/nc_web/oz5m9p6kyziv.jsp]} found within ARGS_NAMES:{\\x22serviceName\\x22:\\x22nc.itf.iufo.IBaseSPService\\x22,\\x22methodName\\x22:\\x22saveXStreamConfig\\x22,\\x22parameterTypes\\x22:[\\x22java.lang.Object\\x22,\\x22java.lang.String\\x22],\\x22parameters\\x22:[\\x22${param.getClass().forName(param.error).newInstance().eval(param.cmd)}\\x22,\\x22webapps/nc_web/Oz5m9P6KyzIV.jsp\\x22]}: {servicena [hostname "www.epid.gov.lk"] [uri "/uapjs/jsinvoke/"] [unique_id "ahocphZJuurfaX8ujxHI8AAAAAM"]
[Sat May 30 04:39:26.379382 2026] [security2:error] [pid 1647368:tid 1647368] [client 128.199.129.101:0] ModSecurity: Warning. Pattern match "(?i)\\\\b(?:s(?:e(?:t(?:_(?:e(?:xception|rror)_handler|magic_quotes_runtime|include_path)|defaultstub)|ssion_s(?:et_save_handler|tart))|qlite_(?:(?:(?:unbuffered|single|array)_)?query|create_(?:aggregate|function)|p?open|exec)|tr(?:eam_(?:context_create| ..." at ARGS_NAMES:{"serviceName":"nc.itf.iufo.IBaseSPService","methodName":"saveXStreamConfig","parameterTypes":["java.lang.Object","java.lang.String"],"parameters":["${param.getClass().forName(param.error).newInstance().eval(param.cmd)}","webapps/nc_web/Oz5m9P6KyzIV.jsp"]}. [file "/etc/apache2/conf.d/modsec_vendor_configs/OWASP3/rules/REQUEST-933-APPLICATION-ATTACK-PHP.conf"] [line "349"] [id "933160"] [msg "PHP Injection Attack: High-Risk PHP Function Call Found"] [data "Matched Data: eval(param.cmd) found within ARGS_NAMES:{\\x22serviceName\\x22:\\x22nc.itf.iufo.IBaseSPService\\x22,\\x22methodName\\x22:\\x22saveXStreamConfig\\x22,\\x22parameterTypes\\x22:[\\x22java.lang.Object\\x22,\\x22java.lang.String\\x22],\\x22parameters\\x22:[\\x22${param.getCl [hostname "www.epid.gov.lk"] [uri "/uapjs/jsinvoke/"] [unique_id "ahocphZJuurfaX8ujxHI8AAAAAM"]
[Sat May 30 04:39:26.379574 2026] [security2:error] [pid 1647368:tid 1647368] [client 128.199.129.101:0] ModSecurity: Warning. Pattern match "(?:(?:_(?:\\\\$\\\\$ND_FUNC\\\\$\\\\$_|_js_function)|(?:new\\\\s+Function|\\\\beval)\\\\s*\\\\(|String\\\\s*\\\\.\\\\s*fromCharCode|function\\\\s*\\\\(\\\\s*\\\\)\\\\s*{|this\\\\.constructor)|module\\\\.exports\\\\s*=)" at ARGS_NAMES:{"serviceName":"nc.itf.iufo.IBaseSPService","methodName":"saveXStreamConfig","parameterTypes":["java.lang.Object","java.lang.String"],"parameters":["${param.getClass().forName(param.error).newInstance().eval(param.cmd)}","webapps/nc_web/Oz5m9P6KyzIV.jsp"]}. [file "/etc/apache2/conf.d/modsec_vendor_configs/OWASP3/rules/REQUEST-934-APPLICATION-ATTACK-NODEJS.conf"] [line "70"] [id "934100"] [msg "Node.js Injection Attack"] [data "Matched Data: eval( found within ARGS_NAMES:{\\x22serviceName\\x22:\\x22nc.itf.iufo.IBaseSPService\\x22,\\x22methodName\\x22:\\x22saveXStreamConfig\\x22,\\x22parameterTypes\\x22:[\\x22java.lang.Object\\x22,\\x22java.lang.String\\x22],\\x22parameters\\x22:[\\x22${param.getClass().forName(param.error).newInstance().eval(param.cmd)}\\x22,\\x22webapps/nc_web/Oz5m9P6KyzIV.jsp\\x22]}: {\\x22servi [hostname "www.epid.gov.lk"] [uri "/uapjs/jsinvoke/"] [unique_id "ahocphZJuurfaX8ujxHI8AAAAAM"]
[Sat May 30 04:39:26.380727 2026] [security2:error] [pid 1647368:tid 1647368] [client 128.199.129.101:0] ModSecurity: Warning. Matched phrase "java.lang.Object" at ARGS_NAMES:{"serviceName":"nc.itf.iufo.IBaseSPService","methodName":"saveXStreamConfig","parameterTypes":["java.lang.Object","java.lang.String"],"parameters":["${param.getClass().forName(param.error).newInstance().eval(param.cmd)}","webapps/nc_web/Oz5m9P6KyzIV.jsp"]}. [file "/etc/apache2/conf.d/modsec_vendor_configs/OWASP3/rules/REQUEST-944-APPLICATION-ATTACK-JAVA.conf"] [line "147"] [id "944130"] [msg "Suspicious Java class detected"] [data "Matched Data: {\\x22servicename\\x22:\\x22nc.itf.iufo.ibasespservice\\x22,\\x22methodname\\x22:\\x22savexstreamconfig\\x22,\\x22parametertypes\\x22:[\\x22java.lang.object\\x22,\\x22java.lang.string\\x22],\\x22parameters\\x22:[\\x22${param.getclass().forname(param.error).newinstance().eval(param.cmd)}\\x22,\\x22webapps/nc_web/oz5m9p6kyziv.jsp\\x22]} found within ARGS_NAMES:{\\x22serviceName\\x22:\\x22nc.itf.iufo.IBaseSPService\\x22,\\x22methodName\\x22:\\x22saveXStreamConfig\\x22,\\x22parameterTypes\\x22:[\\x22java.lang.Object\\x22,\\x22..."] [severity "CRIT [hostname "www.epid.gov.lk"] [uri "/uapjs/jsinvoke/"] [unique_id "ahocphZJuurfaX8ujxHI8AAAAAM"]
[Sat May 30 04:39:26.380818 2026] [security2:error] [pid 1647368:tid 1647368] [client 128.199.129.101:0] ModSecurity: Warning. Matched phrase "java.lang.Object" at REQUEST_BODY. [file "/etc/apache2/conf.d/modsec_vendor_configs/OWASP3/rules/REQUEST-944-APPLICATION-ATTACK-JAVA.conf"] [line "147"] [id "944130"] [msg "Suspicious Java class detected"] [data "Matched Data: {\\x22servicename\\x22:\\x22nc.itf.iufo.ibasespservice\\x22,\\x22methodname\\x22:\\x22savexstreamconfig\\x22,\\x22parametertypes\\x22:[\\x22java.lang.object\\x22,\\x22java.lang.string\\x22],\\x22parameters\\x22:[\\x22${param.getclass().forname(param.error).newinstance().eval(param.cmd)}\\x22,\\x22webapps/nc_web/oz5m9p6kyziv.jsp\\x22]} found within REQUEST_BODY"] [severity "CRITICAL"] [ver "OWASP_CRS/3.3.9"] [tag "application-multi"] [tag "language-java"] [tag "platform-multi"] [tag "attack-rce"] [tag "OWASP_CRS"] [tag "capec/1000/152/248"] [tag "PCI/6.5.2"] [tag "paranoia-level/1"] [hostname "www.epid.gov.lk"] [uri "/uapjs/jsinvoke/"] [unique_id "ahocphZJuurfaX8ujxHI8AAAAAM"]
[Sat May 30 04:39:26.380893 2026] [security2:error] [pid 1647368:tid 1647368] [client 128.199.129.101:0] ModSecurity: Warning. Operator GE matched 5 at TX:anomaly_score. [file "/etc/apache2/conf.d/modsec_vendor_configs/OWASP3/rules/REQUEST-949-BLOCKING-EVALUATION.conf"] [line "94"] [id "949110"] [msg "Inbound Anomaly Score Exceeded (Total Score: 25)"] [severity "CRITICAL"] [ver "OWASP_CRS/3.3.9"] [tag "application-multi"] [tag "language-multi"] [tag "platform-multi"] [tag "attack-generic"] [hostname "www.epid.gov.lk"] [uri "/uapjs/jsinvoke/"] [unique_id "ahocphZJuurfaX8ujxHI8AAAAAM"]
[Sat May 30 04:39:26.381688 2026] [security2:error] [pid 1647368:tid 1647368] [client 128.199.129.101:0] ModSecurity: Warning. Operator GE matched 5 at TX:inbound_anomaly_score. [file "/etc/apache2/conf.d/modsec_vendor_configs/OWASP3/rules/RESPONSE-980-CORRELATION.conf"] [line "92"] [id "980130"] [msg "Inbound Anomaly Score Exceeded (Total Inbound Score: 25 - SQLI=0,XSS=0,RFI=0,LFI=0,RCE=20,PHPI=5,HTTP=0,SESS=0): individual paranoia level scores: 25, 0, 0, 0"] [ver "OWASP_CRS/3.3.9"] [tag "event-correlation"] [hostname "www.epid.gov.lk"] [uri "/epid/public/uapjs/jsinvoke/"] [unique_id "ahocphZJuurfaX8ujxHI8AAAAAM"]
[Sat May 30 04:39:26.569968 2026] [ssl:error] [pid 1659318:tid 1659318] (70014)End of file found: [client 66.85.158.91:36458] AH02013: coalesce failed to read from data bucket
[Sat May 30 04:39:27.109536 2026] [ssl:error] [pid 1648375:tid 1648375] (70014)End of file found: [client 66.85.158.91:36478] AH02013: coalesce failed to read from data bucket
[Sat May 30 04:39:27.167925 2026] [ssl:error] [pid 1666350:tid 1666350] (70014)End of file found: [client 66.85.158.91:36480] AH02013: coalesce failed to read from data bucket
[Sat May 30 04:39:27.799265 2026] [ssl:error] [pid 1670701:tid 1670701] (70014)End of file found: [client 66.85.158.91:36522] AH02013: coalesce failed to read from data bucket
[Sat May 30 04:39:28.112571 2026] [ssl:error] [pid 1662016:tid 1662016] (70014)End of file found: [client 66.85.158.91:36544] AH02013: coalesce failed to read from data bucket
[Sat May 30 04:39:28.511229 2026] [ssl:error] [pid 1670699:tid 1670699] (70014)End of file found: [client 66.85.158.91:36556] AH02013: coalesce failed to read from data bucket
[Sat May 30 04:39:28.655671 2026] [ssl:error] [pid 1648359:tid 1648359] (70014)End of file found: [client 66.85.158.91:36570] AH02013: coalesce failed to read from data bucket
[Sat May 30 04:39:30.342133 2026] [ssl:error] [pid 1661800:tid 1661800] (70014)End of file found: [client 66.85.158.91:36688] AH02013: coalesce failed to read from data bucket
[Sat May 30 04:39:31.902346 2026] [ssl:error] [pid 1662848:tid 1662848] (70014)End of file found: [client 66.85.158.91:54950] AH02013: coalesce failed to read from data bucket
