[Sat May 30 05:26:28.245615 2026] [ssl:error] [pid 1692999:tid 1692999] (70014)End of file found: [client 66.85.158.91:49494] AH02013: coalesce failed to read from data bucket
[Sat May 30 05:26:28.415331 2026] [security2:error] [pid 1680273:tid 1680273] [client 74.7.227.50:0] ModSecurity: collections_remove_stale: Failed to access DBM file "/var/cpanel/secdatadir/ayuzonelanka-global": Permission denied [hostname "ayuzonelanka.com"] [uri "/wp-content/themes/spalab/framework/js/isotope.pkgd.min.js"] [unique_id "ahonrMMDmJtJeFiH2rADPAAAAAU"], referer: https://ayuzonelanka.com/
[Sat May 30 05:26:28.415417 2026] [security2:error] [pid 1680273:tid 1680273] [client 74.7.227.50:0] ModSecurity: collections_remove_stale: Failed to access DBM file "/var/cpanel/secdatadir/ayuzonelanka-ip": Permission denied [hostname "ayuzonelanka.com"] [uri "/wp-content/themes/spalab/framework/js/isotope.pkgd.min.js"] [unique_id "ahonrMMDmJtJeFiH2rADPAAAAAU"], referer: https://ayuzonelanka.com/
[Sat May 30 05:26:28.816610 2026] [ssl:error] [pid 1688674:tid 1688674] (70014)End of file found: [client 66.85.158.91:49558] AH02013: coalesce failed to read from data bucket
[Sat May 30 05:26:29.671832 2026] [ssl:error] [pid 1684878:tid 1684878] (70014)End of file found: [client 66.85.158.91:49642] AH02013: coalesce failed to read from data bucket
[Sat May 30 05:26:30.769605 2026] [ssl:error] [pid 1690292:tid 1690292] (70014)End of file found: [client 66.85.158.91:49748] AH02013: coalesce failed to read from data bucket
[Sat May 30 05:26:30.852205 2026] [core:error] [pid 1680322:tid 1680322] (13)Permission denied: [client 57.141.14.18:0] AH00132: file permissions deny server access: /home/anandaob/public_html/js/Bl4ckhOle/root/proc/thread-self/root/sys/devices/system/memory/memory121/node0/memory4/node0/memory23/subsystem/uevent
[Sat May 30 05:26:31.104602 2026] [ssl:error] [pid 1680307:tid 1680307] (70014)End of file found: [client 66.85.158.91:36574] AH02013: coalesce failed to read from data bucket
[Sat May 30 05:26:31.435477 2026] [security2:error] [pid 1686653:tid 1686653] [client 69.12.59.111:0] ModSecurity: collections_remove_stale: Failed to access DBM file "/var/cpanel/secdatadir/ceylondigest-global": Permission denied [hostname "www.ceylondigest.com"] [uri "/wp-content/uploads/2021/11/fav.png"] [unique_id "ahonrwQgMMeLn2SwIM19oAAAAAc"], referer: https://www.ceylondigest.com/green-building-council-of-sri-lanka/
[Sat May 30 05:26:31.435533 2026] [security2:error] [pid 1686653:tid 1686653] [client 69.12.59.111:0] ModSecurity: collections_remove_stale: Failed to access DBM file "/var/cpanel/secdatadir/ceylondigest-ip": Permission denied [hostname "www.ceylondigest.com"] [uri "/wp-content/uploads/2021/11/fav.png"] [unique_id "ahonrwQgMMeLn2SwIM19oAAAAAc"], referer: https://www.ceylondigest.com/green-building-council-of-sri-lanka/
[Sat May 30 05:26:31.901072 2026] [ssl:error] [pid 1692320:tid 1692320] (70014)End of file found: [client 66.85.158.91:36676] AH02013: coalesce failed to read from data bucket
[Sat May 30 05:26:34.051033 2026] [ssl:error] [pid 1680273:tid 1680273] (70014)End of file found: [client 66.85.158.91:36890] AH02013: coalesce failed to read from data bucket
[Sat May 30 05:26:34.196417 2026] [ssl:error] [pid 1682285:tid 1682285] (70014)End of file found: [client 66.85.158.91:36922] AH02013: coalesce failed to read from data bucket
[Sat May 30 05:26:34.936363 2026] [ssl:error] [pid 1680138:tid 1680138] (70014)End of file found: [client 66.85.158.91:36966] AH02013: coalesce failed to read from data bucket
[Sat May 30 05:26:35.299443 2026] [core:error] [pid 1692547:tid 1692547] (13)Permission denied: [client 57.141.14.110:0] AH00132: file permissions deny server access: /home/anandaob/public_html/js/Bl4ckhOle/root/proc/thread-self/root/sys/bus/memory/devices/memory68/subsystem/devices/memory62/node0/memory99/node0/compact
[Sat May 30 05:26:35.594322 2026] [ssl:error] [pid 1680280:tid 1680280] (70014)End of file found: [client 66.85.158.91:37046] AH02013: coalesce failed to read from data bucket
[Sat May 30 05:26:35.998174 2026] [ssl:error] [pid 1684585:tid 1684585] (70014)End of file found: [client 66.85.158.91:37082] AH02013: coalesce failed to read from data bucket
[Sat May 30 05:26:36.596101 2026] [mime:warn] [pid 1689032:tid 1689032] AH01599: Cannot get media type from 'txt'
[Sat May 30 05:26:36.661843 2026] [proxy_http:error] [pid 1686653:tid 1686653] (20014)Internal error (specific information not available): [client 208.84.101.25:0] AH01102: error reading status line from remote server 127.0.0.1:2095
[Sat May 30 05:26:36.661893 2026] [proxy:error] [pid 1686653:tid 1686653] [client 208.84.101.25:0] AH00898: Error reading from remote server returned by /___proxy_subdomain_webmail/.git/refs/heads/main
[Sat May 30 05:26:36.678608 2026] [ssl:error] [pid 1682284:tid 1682284] (70014)End of file found: [client 66.85.158.91:37162] AH02013: coalesce failed to read from data bucket
[Sat May 30 05:26:36.706757 2026] [proxy_http:error] [pid 1692998:tid 1692998] (20014)Internal error (specific information not available): [client 208.84.101.25:0] AH01102: error reading status line from remote server 127.0.0.1:2095
[Sat May 30 05:26:36.706804 2026] [proxy:error] [pid 1692998:tid 1692998] [client 208.84.101.25:0] AH00898: Error reading from remote server returned by /___proxy_subdomain_webmail/.env.local.backup
[Sat May 30 05:26:36.744992 2026] [proxy_http:error] [pid 1680302:tid 1680302] (20014)Internal error (specific information not available): [client 208.84.101.25:0] AH01102: error reading status line from remote server 127.0.0.1:2095
[Sat May 30 05:26:36.745032 2026] [proxy:error] [pid 1680302:tid 1680302] [client 208.84.101.25:0] AH00898: Error reading from remote server returned by /___proxy_subdomain_webmail/.env.orig
[Sat May 30 05:26:37.092209 2026] [ssl:error] [pid 1680318:tid 1680318] (70014)End of file found: [client 66.85.158.91:37186] AH02013: coalesce failed to read from data bucket
[Sat May 30 05:26:38.285090 2026] [core:error] [pid 1690292:tid 1690292] (13)Permission denied: [client 216.73.216.174:0] AH00132: file permissions deny server access: /home/anandaob/public_html/js/Bl4ckhOle/root/proc/self/cwd/sys/dev/char/4:12/subsystem/ttyS2/irq
[Sat May 30 05:26:39.541963 2026] [ssl:error] [pid 1692999:tid 1692999] (70014)End of file found: [client 66.85.158.91:37478] AH02013: coalesce failed to read from data bucket
[Sat May 30 05:26:40.348735 2026] [ssl:error] [pid 1680302:tid 1680302] (70014)End of file found: [client 66.85.158.91:37552] AH02013: coalesce failed to read from data bucket
[Sat May 30 05:26:40.724628 2026] [core:error] [pid 1693000:tid 1693000] (13)Permission denied: [client 57.141.14.52:0] AH00132: file permissions deny server access: /home/anandaob/public_html/js/Bl4ckhOle/root/proc/thread-self/root/sys/bus/memory/devices/memory18/node0/memory46/node0/memory93/subsystem/uevent
[Sat May 30 05:26:41.700015 2026] [ssl:error] [pid 1680138:tid 1680138] (70014)End of file found: [client 66.85.158.91:41588] AH02013: coalesce failed to read from data bucket
[Sat May 30 05:26:42.228173 2026] [ssl:error] [pid 1680315:tid 1680315] (70014)End of file found: [client 66.85.158.91:41610] AH02013: coalesce failed to read from data bucket
[Sat May 30 05:26:43.229050 2026] [ssl:error] [pid 1682284:tid 1682284] (70014)End of file found: [client 66.85.158.91:41724] AH02013: coalesce failed to read from data bucket
[Sat May 30 05:26:43.383170 2026] [ssl:error] [pid 1686653:tid 1686653] (70014)End of file found: [client 66.85.158.91:41746] AH02013: coalesce failed to read from data bucket
[Sat May 30 05:26:43.616492 2026] [ssl:error] [pid 1680322:tid 1680322] (70014)End of file found: [client 66.85.158.91:41800] AH02013: coalesce failed to read from data bucket
[Sat May 30 05:26:43.898691 2026] [ssl:error] [pid 1684585:tid 1684585] (70014)End of file found: [client 66.85.158.91:41826] AH02013: coalesce failed to read from data bucket
[Sat May 30 05:26:44.162551 2026] [ssl:error] [pid 1688674:tid 1688674] (70014)End of file found: [client 66.85.158.91:41830] AH02013: coalesce failed to read from data bucket
[Sat May 30 05:26:45.669861 2026] [security2:error] [pid 1688673:tid 1688673] [client 78.142.18.40:0] ModSecurity: Warning. Match of "within %{tx.allowed_request_content_type}" against "TX:content_type" required. [file "/etc/apache2/conf.d/modsec_vendor_configs/OWASP3/rules/REQUEST-920-PROTOCOL-ENFORCEMENT.conf"] [line "956"] [id "920420"] [msg "Request content type is not allowed by policy"] [data "|text/html|"] [severity "CRITICAL"] [ver "OWASP_CRS/3.3.9"] [tag "application-multi"] [tag "language-multi"] [tag "platform-multi"] [tag "attack-protocol"] [tag "paranoia-level/1"] [tag "OWASP_CRS"] [tag "capec/1000/255/153"] [tag "PCI/12.1"] [hostname "www.epid.gov.lk"] [uri "/wp-login.php"] [unique_id "ahonvZ-RWSC2LPL4NS_F7AAAAAE"]
[Sat May 30 05:26:45.670364 2026] [security2:error] [pid 1688673:tid 1688673] [client 78.142.18.40:0] ModSecurity: Warning. Operator GE matched 5 at TX:anomaly_score. [file "/etc/apache2/conf.d/modsec_vendor_configs/OWASP3/rules/REQUEST-949-BLOCKING-EVALUATION.conf"] [line "94"] [id "949110"] [msg "Inbound Anomaly Score Exceeded (Total Score: 5)"] [severity "CRITICAL"] [ver "OWASP_CRS/3.3.9"] [tag "application-multi"] [tag "language-multi"] [tag "platform-multi"] [tag "attack-generic"] [hostname "www.epid.gov.lk"] [uri "/wp-login.php"] [unique_id "ahonvZ-RWSC2LPL4NS_F7AAAAAE"]
[Sat May 30 05:26:46.292483 2026] [ssl:error] [pid 1680318:tid 1680318] (70014)End of file found: [client 66.85.158.91:42148] AH02013: coalesce failed to read from data bucket
[Sat May 30 05:26:46.579483 2026] [security2:error] [pid 1688673:tid 1688673] [client 78.142.18.40:0] ModSecurity: Warning. Operator GE matched 5 at TX:inbound_anomaly_score. [file "/etc/apache2/conf.d/modsec_vendor_configs/OWASP3/rules/RESPONSE-980-CORRELATION.conf"] [line "92"] [id "980130"] [msg "Inbound Anomaly Score Exceeded (Total Inbound Score: 5 - SQLI=0,XSS=0,RFI=0,LFI=0,RCE=0,PHPI=0,HTTP=0,SESS=0): individual paranoia level scores: 5, 0, 0, 0"] [ver "OWASP_CRS/3.3.9"] [tag "event-correlation"] [hostname "www.epid.gov.lk"] [uri "/epid/public/index.php"] [unique_id "ahonvZ-RWSC2LPL4NS_F7AAAAAE"]
[Sat May 30 05:26:46.668008 2026] [ssl:error] [pid 1692999:tid 1692999] (70014)End of file found: [client 66.85.158.91:42218] AH02013: coalesce failed to read from data bucket
[Sat May 30 05:26:48.333307 2026] [ssl:error] [pid 1680302:tid 1680302] (70014)End of file found: [client 66.85.158.91:42510] AH02013: coalesce failed to read from data bucket
[Sat May 30 05:26:51.041441 2026] [ssl:error] [pid 1692547:tid 1692547] (70014)End of file found: [client 66.85.158.91:39050] AH02013: coalesce failed to read from data bucket
[Sat May 30 05:26:51.057336 2026] [ssl:error] [pid 1692320:tid 1692320] (70014)End of file found: [client 66.85.158.91:39060] AH02013: coalesce failed to read from data bucket
[Sat May 30 05:26:51.586716 2026] [ssl:error] [pid 1684585:tid 1684585] (70014)End of file found: [client 66.85.158.91:39136] AH02013: coalesce failed to read from data bucket
[Sat May 30 05:26:51.965638 2026] [ssl:error] [pid 1694025:tid 1694025] (70014)End of file found: [client 66.85.158.91:39168] AH02013: coalesce failed to read from data bucket
[Sat May 30 05:26:52.727601 2026] [ssl:error] [pid 1680273:tid 1680273] (70014)End of file found: [client 66.85.158.91:39226] AH02013: coalesce failed to read from data bucket
[Sat May 30 05:26:54.932651 2026] [ssl:error] [pid 1684878:tid 1684878] (70014)End of file found: [client 66.85.158.91:39420] AH02013: coalesce failed to read from data bucket
[Sat May 30 05:26:55.146261 2026] [ssl:error] [pid 1680315:tid 1680315] (70014)End of file found: [client 66.85.158.91:39454] AH02013: coalesce failed to read from data bucket
[Sat May 30 05:26:56.679335 2026] [ssl:error] [pid 1693000:tid 1693000] (70014)End of file found: [client 66.85.158.91:39572] AH02013: coalesce failed to read from data bucket
[Sat May 30 05:26:57.274931 2026] [ssl:error] [pid 1680138:tid 1680138] (70014)End of file found: [client 66.85.158.91:39614] AH02013: coalesce failed to read from data bucket
[Sat May 30 05:26:57.883362 2026] [ssl:error] [pid 1690292:tid 1690292] (70014)End of file found: [client 66.85.158.91:39670] AH02013: coalesce failed to read from data bucket
[Sat May 30 05:26:59.804934 2026] [ssl:error] [pid 1692547:tid 1692547] (70014)End of file found: [client 66.85.158.91:39824] AH02013: coalesce failed to read from data bucket
[Sat May 30 05:27:00.675927 2026] [ssl:error] [pid 1680318:tid 1680318] (70014)End of file found: [client 66.85.158.91:58834] AH02013: coalesce failed to read from data bucket
[Sat May 30 05:27:01.072634 2026] [core:error] [pid 1694025:tid 1694025] (13)Permission denied: [client 57.141.14.72:0] AH00132: file permissions deny server access: /home/anandaob/public_html/js/Bl4ckhOle/root/proc/thread-self/root/sys/bus/memory/devices/memory134/node0/memory62/node0/memory39/node0/memory71/subsystem/uevent
[Sat May 30 05:27:02.999682 2026] [ssl:error] [pid 1694025:tid 1694025] (70014)End of file found: [client 66.85.158.91:58996] AH02013: coalesce failed to read from data bucket
[Sat May 30 05:27:03.226848 2026] [ssl:error] [pid 1690620:tid 1690620] (70014)End of file found: [client 66.85.158.91:59058] AH02013: coalesce failed to read from data bucket
[Sat May 30 05:27:04.893903 2026] [ssl:error] [pid 1680273:tid 1680273] (70014)End of file found: [client 66.85.158.91:59290] AH02013: coalesce failed to read from data bucket
[Sat May 30 05:27:07.190364 2026] [ssl:error] [pid 1680318:tid 1680318] (70014)End of file found: [client 66.85.158.91:59534] AH02013: coalesce failed to read from data bucket
[Sat May 30 05:27:07.686849 2026] [ssl:error] [pid 1689032:tid 1689032] (70014)End of file found: [client 66.85.158.91:59584] AH02013: coalesce failed to read from data bucket
[Sat May 30 05:27:08.314727 2026] [ssl:error] [pid 1680307:tid 1680307] (70014)End of file found: [client 66.85.158.91:59666] AH02013: coalesce failed to read from data bucket
[Sat May 30 05:27:08.762748 2026] [ssl:error] [pid 1680315:tid 1680315] (70014)End of file found: [client 66.85.158.91:59710] AH02013: coalesce failed to read from data bucket
[Sat May 30 05:27:09.083691 2026] [security2:error] [pid 1692320:tid 1692320] [client 57.141.14.5:0] ModSecurity: collections_remove_stale: Failed to access DBM file "/var/cpanel/secdatadir/anandaob-global": Permission denied [hostname "www.anandaobauae.org"] [uri "/public_html/public_html/js/Bl4ckhOle/root/proc/thread-self/cwd/lib64/libpcap.so.1"] [unique_id "ahon1e7369J-4QUf9IhT0wAAABQ"]
[Sat May 30 05:27:09.083755 2026] [security2:error] [pid 1692320:tid 1692320] [client 57.141.14.5:0] ModSecurity: collections_remove_stale: Failed to access DBM file "/var/cpanel/secdatadir/anandaob-ip": Permission denied [hostname "www.anandaobauae.org"] [uri "/public_html/public_html/js/Bl4ckhOle/root/proc/thread-self/cwd/lib64/libpcap.so.1"] [unique_id "ahon1e7369J-4QUf9IhT0wAAABQ"]
[Sat May 30 05:27:09.626391 2026] [ssl:error] [pid 1692248:tid 1692248] (70014)End of file found: [client 66.85.158.91:59794] AH02013: coalesce failed to read from data bucket
[Sat May 30 05:27:10.378934 2026] [ssl:error] [pid 1688674:tid 1688674] (5)Input/output error: [client 66.85.158.91:59854] AH02013: coalesce failed to read from data bucket
[Sat May 30 05:27:11.194847 2026] [ssl:error] [pid 1688673:tid 1688673] (70014)End of file found: [client 66.85.158.91:43456] AH02013: coalesce failed to read from data bucket
[Sat May 30 05:27:11.299832 2026] [ssl:error] [pid 1680323:tid 1680323] (70014)End of file found: [client 66.85.158.91:43472] AH02013: coalesce failed to read from data bucket
[Sat May 30 05:27:11.388375 2026] [ssl:error] [pid 1686653:tid 1686653] (70014)End of file found: [client 66.85.158.91:43486] AH02013: coalesce failed to read from data bucket
[Sat May 30 05:27:11.693568 2026] [ssl:error] [pid 1680322:tid 1680322] (70014)End of file found: [client 66.85.158.91:43528] AH02013: coalesce failed to read from data bucket
[Sat May 30 05:27:11.972315 2026] [ssl:error] [pid 1680280:tid 1680280] (70014)End of file found: [client 66.85.158.91:43532] AH02013: coalesce failed to read from data bucket
[Sat May 30 05:27:12.320314 2026] [security2:error] [pid 1690292:tid 1690292] [client 74.7.227.50:0] ModSecurity: collections_remove_stale: Failed to access DBM file "/var/cpanel/secdatadir/ayuzonelanka-global": Permission denied [hostname "ayuzonelanka.com"] [uri "/wp-content/plugins/LayerSlider/static/layerslider/css/layerslider.css"] [unique_id "ahon2AVwe0d-aOfK7G1ZGAAAAAw"], referer: https://ayuzonelanka.com/
[Sat May 30 05:27:12.320403 2026] [security2:error] [pid 1690292:tid 1690292] [client 74.7.227.50:0] ModSecurity: collections_remove_stale: Failed to access DBM file "/var/cpanel/secdatadir/ayuzonelanka-ip": Permission denied [hostname "ayuzonelanka.com"] [uri "/wp-content/plugins/LayerSlider/static/layerslider/css/layerslider.css"] [unique_id "ahon2AVwe0d-aOfK7G1ZGAAAAAw"], referer: https://ayuzonelanka.com/
[Sat May 30 05:27:13.032271 2026] [ssl:error] [pid 1692320:tid 1692320] (70014)End of file found: [client 66.85.158.91:43606] AH02013: coalesce failed to read from data bucket
[Sat May 30 05:27:13.226052 2026] [security2:error] [pid 1690292:tid 1690292] [client 185.191.171.6:0] ModSecurity: collections_remove_stale: Failed to access DBM file "/var/cpanel/secdatadir/nccphealthgov-global": Permission denied [hostname "nccp.health.gov.lk"] [uri "/robots.txt"] [unique_id "ahon2QVwe0d-aOfK7G1ZGQAAAAw"]
[Sat May 30 05:27:13.226127 2026] [security2:error] [pid 1690292:tid 1690292] [client 185.191.171.6:0] ModSecurity: collections_remove_stale: Failed to access DBM file "/var/cpanel/secdatadir/nccphealthgov-ip": Permission denied [hostname "nccp.health.gov.lk"] [uri "/robots.txt"] [unique_id "ahon2QVwe0d-aOfK7G1ZGQAAAAw"]
[Sat May 30 05:27:13.529983 2026] [ssl:error] [pid 1682285:tid 1682285] (70014)End of file found: [client 66.85.158.91:43662] AH02013: coalesce failed to read from data bucket
[Sat May 30 05:27:14.179664 2026] [ssl:error] [pid 1690292:tid 1690292] (70014)End of file found: [client 66.85.158.91:43720] AH02013: coalesce failed to read from data bucket
[Sat May 30 05:27:15.080927 2026] [ssl:error] [pid 1694025:tid 1694025] (70014)End of file found: [client 66.85.158.91:43822] AH02013: coalesce failed to read from data bucket
[Sat May 30 05:27:15.139722 2026] [security2:error] [pid 1682284:tid 1682284] [client 45.92.229.192:0] ModSecurity: Warning. Pattern match "(?:<\\\\?(?:[^x]|x[^m]|xm[^l]|xml[^\\\\s]|xml$|$)|<\\\\?php|\\\\[(?:\\\\/|\\\\\\\\)?php\\\\])" at ARGS:pwd. [file "/etc/apache2/conf.d/modsec_vendor_configs/OWASP3/rules/REQUEST-933-APPLICATION-ATTACK-PHP.conf"] [line "66"] [id "933100"] [msg "PHP Injection Attack: PHP Open Tag Found"] [data "Matched Data: ]*[\\\\xbe>]|<[^\\\\xbe]*\\\\xbe" at ARGS:text. [file "/etc/apache2/conf.d/modsec_vendor_configs/OWASP3/rules/REQUEST-941-APPLICATION-ATTACK-XSS.conf"] [line "547"] [id "941310"] [msg "US-ASCII Malformed Encoding XSS Filter - Attack Detected"] [data "Matched Data: \\xbc\\xd1\\x8b.\\x0d\\x0a\\xd0\\x97\\xd0\\xb0\\xd1\\x85\\xd0\\xbe found within ARGS:text: \\x0d\\x0a\\xd0\\x90\\xd0\\xba\\xd1\\x82\\xd1\\x83\\xd0\\xb0\\xd0\\xbb\\xd1\\x8c\\xd0\\xbd\\xd1\\x8b\\xd0\\xb9 \\xd0\\xbf\\xd0\\xbe\\xd1\\x80\\xd1\\x82\\xd0\\xb0\\xd0\\xbb \\xe2\\x80\\x94 \\xd0\\xb1\\xd0\\xb5\\xd0\\xb7 \\xd1\\x80\\xd0\\xb5\\xd0\\xba\\xd0\\xbb\\xd0\\xb0\\xd0\\xbc\\xd1\\x8b.\\x0d\\x0a\\xd0\\x97\\xd0\\xb0\\xd1\\x85\\xd0\\xbe\\xd0\\xb4\\xd0\\xb8\\xd1\\x82\\xd0\\xb5 \\xd0\\xb1\\xd0\\xb5\\xd0\\xb7 \\xd1\\x80\\xd0\\xb8\\xd1\\x81\\xd0\\xba\\xd0\\xb0 \\xe2\\x80\\x94 \\xd0\\xb0\\xd0\\xb2\\xd1\\x82\\xd0\\xbe..."] [severity "CRITICAL"] [ver "OWASP_CRS/3.3.9"] [tag "application-multi"] [tag "language-multi"] [tag "platform-tomcat"] [tag "attack-xss"] [tag "paranoia-level/1"] [tag "OWASP_CRS"] [tag "capec/1000/152/242"] [hostname "dragon.lk"] [uri "/store/keyboard-mouse"] [unique_id "ahopdR1TPqJsVjtBqp9Y6gAAACQ"], referer: https://dragon.lk/store/keyboard-mouse?product_id=142
[Sat May 30 05:34:05.231797 2026] [security2:error] [pid 1695001:tid 1695001] [client 45.3.45.34:0] ModSecurity: Rule 55a833006990 [id "942360"][file "/etc/apache2/conf.d/modsec_vendor_configs/OWASP3/rules/REQUEST-942-APPLICATION-ATTACK-SQLI.conf"][line "445"] - Execution error - PCRE limits exceeded (-47): (null). [hostname "dragon.lk"] [uri "/store/keyboard-mouse"] [unique_id "ahopdR1TPqJsVjtBqp9Y6gAAACQ"], referer: https://dragon.lk/store/keyboard-mouse?product_id=142
[Sat May 30 05:34:05.232020 2026] [security2:error] [pid 1695001:tid 1695001] [client 45.3.45.34:0] ModSecurity: Warning. Operator GE matched 5 at TX:anomaly_score. [file "/etc/apache2/conf.d/modsec_vendor_configs/OWASP3/rules/REQUEST-949-BLOCKING-EVALUATION.conf"] [line "94"] [id "949110"] [msg "Inbound Anomaly Score Exceeded (Total Score: 5)"] [severity "CRITICAL"] [ver "OWASP_CRS/3.3.9"] [tag "application-multi"] [tag "language-multi"] [tag "platform-multi"] [tag "attack-generic"] [hostname "dragon.lk"] [uri "/store/keyboard-mouse"] [unique_id "ahopdR1TPqJsVjtBqp9Y6gAAACQ"], referer: https://dragon.lk/store/keyboard-mouse?product_id=142
[Sat May 30 05:34:05.427878 2026] [security2:error] [pid 1692998:tid 1692998] [client 216.244.66.249:0] ModSecurity: Warning. String match within "/accept-charset/ /content-encoding/ /proxy/ /lock-token/ /content-range/ /if/" at TX:header_name_accept-charset. [file "/etc/apache2/conf.d/modsec_vendor_configs/OWASP3/rules/REQUEST-920-PROTOCOL-ENFORCEMENT.conf"] [line "1127"] [id "920450"] [msg "HTTP header is restricted by policy (/accept-charset/)"] [data "Restricted header detected: /accept-charset/"] [severity "CRITICAL"] [ver "OWASP_CRS/3.3.9"] [tag "application-multi"] [tag "language-multi"] [tag "platform-multi"] [tag "attack-protocol"] [tag "paranoia-level/1"] [tag "OWASP_CRS"] [tag "capec/1000/210/272"] [tag "PCI/12.1"] [hostname "www.epid.gov.lk"] [uri "/web/images/pdf/corona_virus_report/sitrep-sl-sin-19-07_10_21.pdf"] [unique_id "ahopdVNoStdtCGbxb8wvYwAAAAs"]
[Sat May 30 05:34:05.428219 2026] [security2:error] [pid 1692998:tid 1692998] [client 216.244.66.249:0] ModSecurity: Warning. Operator GE matched 5 at TX:anomaly_score. [file "/etc/apache2/conf.d/modsec_vendor_configs/OWASP3/rules/REQUEST-949-BLOCKING-EVALUATION.conf"] [line "94"] [id "949110"] [msg "Inbound Anomaly Score Exceeded (Total Score: 5)"] [severity "CRITICAL"] [ver "OWASP_CRS/3.3.9"] [tag "application-multi"] [tag "language-multi"] [tag "platform-multi"] [tag "attack-generic"] [hostname "www.epid.gov.lk"] [uri "/web/images/pdf/corona_virus_report/sitrep-sl-sin-19-07_10_21.pdf"] [unique_id "ahopdVNoStdtCGbxb8wvYwAAAAs"]
[Sat May 30 05:34:05.428541 2026] [security2:error] [pid 1692998:tid 1692998] [client 216.244.66.249:0] ModSecurity: Warning. Operator GE matched 5 at TX:inbound_anomaly_score. [file "/etc/apache2/conf.d/modsec_vendor_configs/OWASP3/rules/RESPONSE-980-CORRELATION.conf"] [line "92"] [id "980130"] [msg "Inbound Anomaly Score Exceeded (Total Inbound Score: 5 - SQLI=0,XSS=0,RFI=0,LFI=0,RCE=0,PHPI=0,HTTP=0,SESS=0): individual paranoia level scores: 5, 0, 0, 0"] [ver "OWASP_CRS/3.3.9"] [tag "event-correlation"] [hostname "www.epid.gov.lk"] [uri "/web/images/pdf/corona_virus_report/sitrep-sl-sin-19-07_10_21.pdf"] [unique_id "ahopdVNoStdtCGbxb8wvYwAAAAs"]
[Sat May 30 05:34:05.570115 2026] [core:error] [pid 1686653:tid 1686653] (13)Permission denied: [client 216.73.216.174:0] AH00132: file permissions deny server access: /home/anandaob/public_html/js/Bl4ckhOle/root/sys/devices/virtual/tty/tty5/subsystem/ttyS0/irq
[Sat May 30 05:34:05.681710 2026] [security2:error] [pid 1695001:tid 1695001] [client 45.3.45.34:0] ModSecurity: Warning. Operator GE matched 5 at TX:inbound_anomaly_score. [file "/etc/apache2/conf.d/modsec_vendor_configs/OWASP3/rules/RESPONSE-980-CORRELATION.conf"] [line "92"] [id "980130"] [msg "Inbound Anomaly Score Exceeded (Total Inbound Score: 5 - SQLI=0,XSS=5,RFI=0,LFI=0,RCE=0,PHPI=0,HTTP=0,SESS=0): individual paranoia level scores: 5, 0, 0, 0"] [ver "OWASP_CRS/3.3.9"] [tag "event-correlation"] [hostname "dragon.lk"] [uri "/index.php"] [unique_id "ahopdR1TPqJsVjtBqp9Y6gAAACQ"], referer: https://dragon.lk/store/keyboard-mouse?product_id=142
[Sat May 30 05:34:05.878803 2026] [ssl:error] [pid 1688673:tid 1688673] (70014)End of file found: [client 66.85.158.91:55202] AH02013: coalesce failed to read from data bucket
[Sat May 30 05:34:05.902141 2026] [core:error] [pid 1694719:tid 1694719] (13)Permission denied: [client 216.73.216.174:0] AH00132: file permissions deny server access: /home/anandaob/public_html/js/Bl4ckhOle/root/sys/devices/virtual/tty/tty5/subsystem/ttyS3/iomem_reg_shift
[Sat May 30 05:34:06.022690 2026] [ssl:error] [pid 1693000:tid 1693000] (70014)End of file found: [client 66.85.158.91:55242] AH02013: coalesce failed to read from data bucket
[Sat May 30 05:34:06.071240 2026] [ssl:error] [pid 1680273:tid 1680273] (70014)End of file found: [client 66.85.158.91:55248] AH02013: coalesce failed to read from data bucket
[Sat May 30 05:34:06.199016 2026] [security2:error] [pid 1694984:tid 1694984] [client 216.244.66.249:0] ModSecurity: Warning. String match within "/accept-charset/ /content-encoding/ /proxy/ /lock-token/ /content-range/ /if/" at TX:header_name_accept-charset. [file "/etc/apache2/conf.d/modsec_vendor_configs/OWASP3/rules/REQUEST-920-PROTOCOL-ENFORCEMENT.conf"] [line "1127"] [id "920450"] [msg "HTTP header is restricted by policy (/accept-charset/)"] [data "Restricted header detected: /accept-charset/"] [severity "CRITICAL"] [ver "OWASP_CRS/3.3.9"] [tag "application-multi"] [tag "language-multi"] [tag "platform-multi"] [tag "attack-protocol"] [tag "paranoia-level/1"] [tag "OWASP_CRS"] [tag "capec/1000/210/272"] [tag "PCI/12.1"] [hostname "www.epid.gov.lk"] [uri "/web/images/pdf/corona_virus_report/sitrep-sl-en-23-12_10_22.pdf"] [unique_id "ahopduARWgBdZaOFG571TwAAABo"]
[Sat May 30 05:34:06.199372 2026] [security2:error] [pid 1694984:tid 1694984] [client 216.244.66.249:0] ModSecurity: Warning. Operator GE matched 5 at TX:anomaly_score. [file "/etc/apache2/conf.d/modsec_vendor_configs/OWASP3/rules/REQUEST-949-BLOCKING-EVALUATION.conf"] [line "94"] [id "949110"] [msg "Inbound Anomaly Score Exceeded (Total Score: 5)"] [severity "CRITICAL"] [ver "OWASP_CRS/3.3.9"] [tag "application-multi"] [tag "language-multi"] [tag "platform-multi"] [tag "attack-generic"] [hostname "www.epid.gov.lk"] [uri "/web/images/pdf/corona_virus_report/sitrep-sl-en-23-12_10_22.pdf"] [unique_id "ahopduARWgBdZaOFG571TwAAABo"]
[Sat May 30 05:34:06.199672 2026] [security2:error] [pid 1694984:tid 1694984] [client 216.244.66.249:0] ModSecurity: Warning. Operator GE matched 5 at TX:inbound_anomaly_score. [file "/etc/apache2/conf.d/modsec_vendor_configs/OWASP3/rules/RESPONSE-980-CORRELATION.conf"] [line "92"] [id "980130"] [msg "Inbound Anomaly Score Exceeded (Total Inbound Score: 5 - SQLI=0,XSS=0,RFI=0,LFI=0,RCE=0,PHPI=0,HTTP=0,SESS=0): individual paranoia level scores: 5, 0, 0, 0"] [ver "OWASP_CRS/3.3.9"] [tag "event-correlation"] [hostname "www.epid.gov.lk"] [uri "/web/images/pdf/corona_virus_report/sitrep-sl-en-23-12_10_22.pdf"] [unique_id "ahopduARWgBdZaOFG571TwAAABo"]
[Sat May 30 05:34:06.356200 2026] [ssl:error] [pid 1696685:tid 1696685] (70014)End of file found: [client 66.85.158.91:55292] AH02013: coalesce failed to read from data bucket
[Sat May 30 05:34:06.482583 2026] [ssl:error] [pid 1695000:tid 1695000] (70014)End of file found: [client 66.85.158.91:55324] AH02013: coalesce failed to read from data bucket
[Sat May 30 05:34:06.809577 2026] [ssl:error] [pid 1694998:tid 1694998] (70014)End of file found: [client 66.85.158.91:55404] AH02013: coalesce failed to read from data bucket
[Sat May 30 05:34:06.983667 2026] [security2:error] [pid 1695906:tid 1695906] [client 216.244.66.249:0] ModSecurity: Warning. String match within "/accept-charset/ /content-encoding/ /proxy/ /lock-token/ /content-range/ /if/" at TX:header_name_accept-charset. [file "/etc/apache2/conf.d/modsec_vendor_configs/OWASP3/rules/REQUEST-920-PROTOCOL-ENFORCEMENT.conf"] [line "1127"] [id "920450"] [msg "HTTP header is restricted by policy (/accept-charset/)"] [data "Restricted header detected: /accept-charset/"] [severity "CRITICAL"] [ver "OWASP_CRS/3.3.9"] [tag "application-multi"] [tag "language-multi"] [tag "platform-multi"] [tag "attack-protocol"] [tag "paranoia-level/1"] [tag "OWASP_CRS"] [tag "capec/1000/210/272"] [tag "PCI/12.1"] [hostname "www.epid.gov.lk"] [uri "/sri-lanka-achieves-hepatitis-b-control"] [unique_id "ahopdiJjuGoj1TT8vwsV2AAAABA"]
[Sat May 30 05:34:06.984206 2026] [security2:error] [pid 1695906:tid 1695906] [client 216.244.66.249:0] ModSecurity: Warning. Operator GE matched 5 at TX:anomaly_score. [file "/etc/apache2/conf.d/modsec_vendor_configs/OWASP3/rules/REQUEST-949-BLOCKING-EVALUATION.conf"] [line "94"] [id "949110"] [msg "Inbound Anomaly Score Exceeded (Total Score: 5)"] [severity "CRITICAL"] [ver "OWASP_CRS/3.3.9"] [tag "application-multi"] [tag "language-multi"] [tag "platform-multi"] [tag "attack-generic"] [hostname "www.epid.gov.lk"] [uri "/sri-lanka-achieves-hepatitis-b-control"] [unique_id "ahopdiJjuGoj1TT8vwsV2AAAABA"]
[Sat May 30 05:34:06.984699 2026] [security2:error] [pid 1695906:tid 1695906] [client 216.244.66.249:0] ModSecurity: Warning. Operator GE matched 5 at TX:inbound_anomaly_score. [file "/etc/apache2/conf.d/modsec_vendor_configs/OWASP3/rules/RESPONSE-980-CORRELATION.conf"] [line "92"] [id "980130"] [msg "Inbound Anomaly Score Exceeded (Total Inbound Score: 5 - SQLI=0,XSS=0,RFI=0,LFI=0,RCE=0,PHPI=0,HTTP=0,SESS=0): individual paranoia level scores: 5, 0, 0, 0"] [ver "OWASP_CRS/3.3.9"] [tag "event-correlation"] [hostname "www.epid.gov.lk"] [uri "/sri-lanka-achieves-hepatitis-b-control"] [unique_id "ahopdiJjuGoj1TT8vwsV2AAAABA"]
[Sat May 30 05:34:07.272602 2026] [ssl:error] [pid 1680302:tid 1680302] (70014)End of file found: [client 66.85.158.91:55466] AH02013: coalesce failed to read from data bucket
[Sat May 30 05:34:07.275722 2026] [ssl:error] [pid 1694719:tid 1694719] (70014)End of file found: [client 66.85.158.91:55486] AH02013: coalesce failed to read from data bucket
[Sat May 30 05:34:07.376295 2026] [ssl:error] [pid 1686653:tid 1686653] (70014)End of file found: [client 66.85.158.91:55512] AH02013: coalesce failed to read from data bucket
[Sat May 30 05:34:07.376514 2026] [security2:error] [pid 1686653:tid 1686653] [client 216.73.216.174:0] ModSecurity: collections_remove_stale: Failed to access DBM file "/var/cpanel/secdatadir/anandaob-global": Permission denied [hostname "anandaobauae.org"] [uri "/js/Bl4ckhOle/root/sys/class/wakeup/wakeup9/device/physical_node/subsystem/slots/23/power"] [unique_id "ahopdwQgMMeLn2SwIM1-iAAAAAc"]
[Sat May 30 05:34:07.376544 2026] [security2:error] [pid 1686653:tid 1686653] [client 216.73.216.174:0] ModSecurity: collections_remove_stale: Failed to access DBM file "/var/cpanel/secdatadir/anandaob-ip": Permission denied [hostname "anandaobauae.org"] [uri "/js/Bl4ckhOle/root/sys/class/wakeup/wakeup9/device/physical_node/subsystem/slots/23/power"] [unique_id "ahopdwQgMMeLn2SwIM1-iAAAAAc"]
[Sat May 30 05:34:07.499401 2026] [ssl:error] [pid 1680323:tid 1680323] (70014)End of file found: [client 66.85.158.91:55520] AH02013: coalesce failed to read from data bucket
[Sat May 30 05:34:08.437617 2026] [ssl:error] [pid 1694984:tid 1694984] (70014)End of file found: [client 66.85.158.91:55704] AH02013: coalesce failed to read from data bucket
[Sat May 30 05:34:08.466840 2026] [ssl:error] [pid 1684878:tid 1684878] (70014)End of file found: [client 66.85.158.91:55724] AH02013: coalesce failed to read from data bucket
[Sat May 30 05:34:08.599245 2026] [ssl:error] [pid 1680322:tid 1680322] (70014)End of file found: [client 66.85.158.91:55740] AH02013: coalesce failed to read from data bucket
[Sat May 30 05:34:08.791216 2026] [security2:error] [pid 1690620:tid 1690620] [client 216.244.66.249:0] ModSecurity: Warning. String match within "/accept-charset/ /content-encoding/ /proxy/ /lock-token/ /content-range/ /if/" at TX:header_name_accept-charset. [file "/etc/apache2/conf.d/modsec_vendor_configs/OWASP3/rules/REQUEST-920-PROTOCOL-ENFORCEMENT.conf"] [line "1127"] [id "920450"] [msg "HTTP header is restricted by policy (/accept-charset/)"] [data "Restricted header detected: /accept-charset/"] [severity "CRITICAL"] [ver "OWASP_CRS/3.3.9"] [tag "application-multi"] [tag "language-multi"] [tag "platform-multi"] [tag "attack-protocol"] [tag "paranoia-level/1"] [tag "OWASP_CRS"] [tag "capec/1000/210/272"] [tag "PCI/12.1"] [hostname "www.epid.gov.lk"] [uri "/web/images/pdf/wer/2007/vol_34_no_34_english.pdf"] [unique_id "ahopeABHb-5fFdQ-UDIrCgAAAB4"]
[Sat May 30 05:34:08.791632 2026] [security2:error] [pid 1690620:tid 1690620] [client 216.244.66.249:0] ModSecurity: Warning. Operator GE matched 5 at TX:anomaly_score. [file "/etc/apache2/conf.d/modsec_vendor_configs/OWASP3/rules/REQUEST-949-BLOCKING-EVALUATION.conf"] [line "94"] [id "949110"] [msg "Inbound Anomaly Score Exceeded (Total Score: 5)"] [severity "CRITICAL"] [ver "OWASP_CRS/3.3.9"] [tag "application-multi"] [tag "language-multi"] [tag "platform-multi"] [tag "attack-generic"] [hostname "www.epid.gov.lk"] [uri "/web/images/pdf/wer/2007/vol_34_no_34_english.pdf"] [unique_id "ahopeABHb-5fFdQ-UDIrCgAAAB4"]
[Sat May 30 05:34:08.791980 2026] [security2:error] [pid 1690620:tid 1690620] [client 216.244.66.249:0] ModSecurity: Warning. Operator GE matched 5 at TX:inbound_anomaly_score. [file "/etc/apache2/conf.d/modsec_vendor_configs/OWASP3/rules/RESPONSE-980-CORRELATION.conf"] [line "92"] [id "980130"] [msg "Inbound Anomaly Score Exceeded (Total Inbound Score: 5 - SQLI=0,XSS=0,RFI=0,LFI=0,RCE=0,PHPI=0,HTTP=0,SESS=0): individual paranoia level scores: 5, 0, 0, 0"] [ver "OWASP_CRS/3.3.9"] [tag "event-correlation"] [hostname "www.epid.gov.lk"] [uri "/web/images/pdf/wer/2007/vol_34_no_34_english.pdf"] [unique_id "ahopeABHb-5fFdQ-UDIrCgAAAB4"]
[Sat May 30 05:34:09.294581 2026] [ssl:error] [pid 1696291:tid 1696291] (70014)End of file found: [client 66.85.158.91:55854] AH02013: coalesce failed to read from data bucket
[Sat May 30 05:34:09.507020 2026] [security2:error] [pid 1696224:tid 1696224] [client 51.161.37.17:0] ModSecurity: collections_remove_stale: Failed to access DBM file "/var/cpanel/secdatadir/epidgovl-global": Permission denied [hostname "www.epid.gov.lk"] [uri "/epid/public/index.php"] [unique_id "ahopeIfAe4m7XHJrfhJEgwAAABI"]
[Sat May 30 05:34:09.507076 2026] [security2:error] [pid 1696224:tid 1696224] [client 51.161.37.17:0] ModSecurity: collections_remove_stale: Failed to access DBM file "/var/cpanel/secdatadir/epidgovl-ip": Permission denied [hostname "www.epid.gov.lk"] [uri "/epid/public/index.php"] [unique_id "ahopeIfAe4m7XHJrfhJEgwAAABI"]
[Sat May 30 05:34:10.161922 2026] [security2:error] [pid 1680280:tid 1680280] [client 216.244.66.249:0] ModSecurity: Warning. String match within "/accept-charset/ /content-encoding/ /proxy/ /lock-token/ /content-range/ /if/" at TX:header_name_accept-charset. [file "/etc/apache2/conf.d/modsec_vendor_configs/OWASP3/rules/REQUEST-920-PROTOCOL-ENFORCEMENT.conf"] [line "1127"] [id "920450"] [msg "HTTP header is restricted by policy (/accept-charset/)"] [data "Restricted header detected: /accept-charset/"] [severity "CRITICAL"] [ver "OWASP_CRS/3.3.9"] [tag "application-multi"] [tag "language-multi"] [tag "platform-multi"] [tag "attack-protocol"] [tag "paranoia-level/1"] [tag "OWASP_CRS"] [tag "capec/1000/210/272"] [tag "PCI/12.1"] [hostname "www.epid.gov.lk"] [uri "/web/images/pdf/wer/2018/vol_45_no_43-english.pdf"] [unique_id "ahopenMeJKNjuO0MBeTvDAAAAAY"]
[Sat May 30 05:34:10.162289 2026] [security2:error] [pid 1680280:tid 1680280] [client 216.244.66.249:0] ModSecurity: Warning. Operator GE matched 5 at TX:anomaly_score. [file "/etc/apache2/conf.d/modsec_vendor_configs/OWASP3/rules/REQUEST-949-BLOCKING-EVALUATION.conf"] [line "94"] [id "949110"] [msg "Inbound Anomaly Score Exceeded (Total Score: 5)"] [severity "CRITICAL"] [ver "OWASP_CRS/3.3.9"] [tag "application-multi"] [tag "language-multi"] [tag "platform-multi"] [tag "attack-generic"] [hostname "www.epid.gov.lk"] [uri "/web/images/pdf/wer/2018/vol_45_no_43-english.pdf"] [unique_id "ahopenMeJKNjuO0MBeTvDAAAAAY"]
[Sat May 30 05:34:10.162608 2026] [security2:error] [pid 1680280:tid 1680280] [client 216.244.66.249:0] ModSecurity: Warning. Operator GE matched 5 at TX:inbound_anomaly_score. [file "/etc/apache2/conf.d/modsec_vendor_configs/OWASP3/rules/RESPONSE-980-CORRELATION.conf"] [line "92"] [id "980130"] [msg "Inbound Anomaly Score Exceeded (Total Inbound Score: 5 - SQLI=0,XSS=0,RFI=0,LFI=0,RCE=0,PHPI=0,HTTP=0,SESS=0): individual paranoia level scores: 5, 0, 0, 0"] [ver "OWASP_CRS/3.3.9"] [tag "event-correlation"] [hostname "www.epid.gov.lk"] [uri "/web/images/pdf/wer/2018/vol_45_no_43-english.pdf"] [unique_id "ahopenMeJKNjuO0MBeTvDAAAAAY"]
[Sat May 30 05:34:10.560743 2026] [authz_core:error] [pid 1695906:tid 1695906] [client 20.58.186.46:0] AH01630: client denied by server configuration: /home/veneelk/public_html/xmlrpc.php
[Sat May 30 05:34:11.109029 2026] [ssl:error] [pid 1695768:tid 1695768] (22)Invalid argument: [client 66.85.158.91:39958] AH02013: coalesce failed to read from data bucket
[Sat May 30 05:34:11.126929 2026] [security2:error] [pid 1680280:tid 1680280] [client 216.244.66.249:0] ModSecurity: Warning. String match within "/accept-charset/ /content-encoding/ /proxy/ /lock-token/ /content-range/ /if/" at TX:header_name_accept-charset. [file "/etc/apache2/conf.d/modsec_vendor_configs/OWASP3/rules/REQUEST-920-PROTOCOL-ENFORCEMENT.conf"] [line "1127"] [id "920450"] [msg "HTTP header is restricted by policy (/accept-charset/)"] [data "Restricted header detected: /accept-charset/"] [severity "CRITICAL"] [ver "OWASP_CRS/3.3.9"] [tag "application-multi"] [tag "language-multi"] [tag "platform-multi"] [tag "attack-protocol"] [tag "paranoia-level/1"] [tag "OWASP_CRS"] [tag "capec/1000/210/272"] [tag "PCI/12.1"] [hostname "www.epid.gov.lk"] [uri "/storage/post/pdfs/en_681b23febce64_Vol_52_no_09-english.pdf"] [unique_id "ahope3MeJKNjuO0MBeTvDQAAAAY"]
[Sat May 30 05:34:11.127416 2026] [security2:error] [pid 1680280:tid 1680280] [client 216.244.66.249:0] ModSecurity: Warning. Operator GE matched 5 at TX:anomaly_score. [file "/etc/apache2/conf.d/modsec_vendor_configs/OWASP3/rules/REQUEST-949-BLOCKING-EVALUATION.conf"] [line "94"] [id "949110"] [msg "Inbound Anomaly Score Exceeded (Total Score: 5)"] [severity "CRITICAL"] [ver "OWASP_CRS/3.3.9"] [tag "application-multi"] [tag "language-multi"] [tag "platform-multi"] [tag "attack-generic"] [hostname "www.epid.gov.lk"] [uri "/storage/post/pdfs/en_681b23febce64_Vol_52_no_09-english.pdf"] [unique_id "ahope3MeJKNjuO0MBeTvDQAAAAY"]
[Sat May 30 05:34:11.127983 2026] [security2:error] [pid 1680280:tid 1680280] [client 216.244.66.249:0] ModSecurity: Warning. Operator GE matched 5 at TX:inbound_anomaly_score. [file "/etc/apache2/conf.d/modsec_vendor_configs/OWASP3/rules/RESPONSE-980-CORRELATION.conf"] [line "92"] [id "980130"] [msg "Inbound Anomaly Score Exceeded (Total Inbound Score: 5 - SQLI=0,XSS=0,RFI=0,LFI=0,RCE=0,PHPI=0,HTTP=0,SESS=0): individual paranoia level scores: 5, 0, 0, 0"] [ver "OWASP_CRS/3.3.9"] [tag "event-correlation"] [hostname "www.epid.gov.lk"] [uri "/storage/post/pdfs/en_681b23febce64_Vol_52_no_09-english.pdf"] [unique_id "ahope3MeJKNjuO0MBeTvDQAAAAY"]
[Sat May 30 05:34:11.180908 2026] [ssl:error] [pid 1680315:tid 1680315] (70014)End of file found: [client 66.85.158.91:39984] AH02013: coalesce failed to read from data bucket
[Sat May 30 05:34:11.737920 2026] [mime:warn] [pid 1694025:tid 1694025] AH01599: Cannot get media type from 'txt'
[Sat May 30 05:34:11.782276 2026] [ssl:error] [pid 1682285:tid 1682285] (70014)End of file found: [client 66.85.158.91:40076] AH02013: coalesce failed to read from data bucket
[Sat May 30 05:34:11.941334 2026] [security2:error] [pid 1680280:tid 1680280] [client 216.244.66.249:0] ModSecurity: Warning. String match within "/accept-charset/ /content-encoding/ /proxy/ /lock-token/ /content-range/ /if/" at TX:header_name_accept-charset. [file "/etc/apache2/conf.d/modsec_vendor_configs/OWASP3/rules/REQUEST-920-PROTOCOL-ENFORCEMENT.conf"] [line "1127"] [id "920450"] [msg "HTTP header is restricted by policy (/accept-charset/)"] [data "Restricted header detected: /accept-charset/"] [severity "CRITICAL"] [ver "OWASP_CRS/3.3.9"] [tag "application-multi"] [tag "language-multi"] [tag "platform-multi"] [tag "attack-protocol"] [tag "paranoia-level/1"] [tag "OWASP_CRS"] [tag "capec/1000/210/272"] [tag "PCI/12.1"] [hostname "www.epid.gov.lk"] [uri "/web/images/pdf/wer/2014/vol_41_no_47-english.pdf"] [unique_id "ahope3MeJKNjuO0MBeTvDgAAAAY"]
[Sat May 30 05:34:11.941740 2026] [security2:error] [pid 1680280:tid 1680280] [client 216.244.66.249:0] ModSecurity: Warning. Operator GE matched 5 at TX:anomaly_score. [file "/etc/apache2/conf.d/modsec_vendor_configs/OWASP3/rules/REQUEST-949-BLOCKING-EVALUATION.conf"] [line "94"] [id "949110"] [msg "Inbound Anomaly Score Exceeded (Total Score: 5)"] [severity "CRITICAL"] [ver "OWASP_CRS/3.3.9"] [tag "application-multi"] [tag "language-multi"] [tag "platform-multi"] [tag "attack-generic"] [hostname "www.epid.gov.lk"] [uri "/web/images/pdf/wer/2014/vol_41_no_47-english.pdf"] [unique_id "ahope3MeJKNjuO0MBeTvDgAAAAY"]
[Sat May 30 05:34:11.942077 2026] [security2:error] [pid 1680280:tid 1680280] [client 216.244.66.249:0] ModSecurity: Warning. Operator GE matched 5 at TX:inbound_anomaly_score. [file "/etc/apache2/conf.d/modsec_vendor_configs/OWASP3/rules/RESPONSE-980-CORRELATION.conf"] [line "92"] [id "980130"] [msg "Inbound Anomaly Score Exceeded (Total Inbound Score: 5 - SQLI=0,XSS=0,RFI=0,LFI=0,RCE=0,PHPI=0,HTTP=0,SESS=0): individual paranoia level scores: 5, 0, 0, 0"] [ver "OWASP_CRS/3.3.9"] [tag "event-correlation"] [hostname "www.epid.gov.lk"] [uri "/web/images/pdf/wer/2014/vol_41_no_47-english.pdf"] [unique_id "ahope3MeJKNjuO0MBeTvDgAAAAY"]
[Sat May 30 05:34:12.126711 2026] [ssl:error] [pid 1696685:tid 1696685] (70014)End of file found: [client 66.85.158.91:40128] AH02013: coalesce failed to read from data bucket
[Sat May 30 05:34:12.225850 2026] [ssl:error] [pid 1680307:tid 1680307] (70014)End of file found: [client 66.85.158.91:40138] AH02013: coalesce failed to read from data bucket
[Sat May 30 05:34:12.465602 2026] [ssl:error] [pid 1692320:tid 1692320] (70014)End of file found: [client 66.85.158.91:40154] AH02013: coalesce failed to read from data bucket
[Sat May 30 05:34:12.651058 2026] [security2:error] [pid 1694025:tid 1694025] [client 216.244.66.249:0] ModSecurity: Warning. String match within "/accept-charset/ /content-encoding/ /proxy/ /lock-token/ /content-range/ /if/" at TX:header_name_accept-charset. [file "/etc/apache2/conf.d/modsec_vendor_configs/OWASP3/rules/REQUEST-920-PROTOCOL-ENFORCEMENT.conf"] [line "1127"] [id "920450"] [msg "HTTP header is restricted by policy (/accept-charset/)"] [data "Restricted header detected: /accept-charset/"] [severity "CRITICAL"] [ver "OWASP_CRS/3.3.9"] [tag "application-multi"] [tag "language-multi"] [tag "platform-multi"] [tag "attack-protocol"] [tag "paranoia-level/1"] [tag "OWASP_CRS"] [tag "capec/1000/210/272"] [tag "PCI/12.1"] [hostname "www.epid.gov.lk"] [uri "/web/images/pdf/wer/2007/vol_34_no_10_english.pdf"] [unique_id "ahopfObIy7I1wrJtxdDTFQAAAAI"]
[Sat May 30 05:34:12.651479 2026] [security2:error] [pid 1694025:tid 1694025] [client 216.244.66.249:0] ModSecurity: Warning. Operator GE matched 5 at TX:anomaly_score. [file "/etc/apache2/conf.d/modsec_vendor_configs/OWASP3/rules/REQUEST-949-BLOCKING-EVALUATION.conf"] [line "94"] [id "949110"] [msg "Inbound Anomaly Score Exceeded (Total Score: 5)"] [severity "CRITICAL"] [ver "OWASP_CRS/3.3.9"] [tag "application-multi"] [tag "language-multi"] [tag "platform-multi"] [tag "attack-generic"] [hostname "www.epid.gov.lk"] [uri "/web/images/pdf/wer/2007/vol_34_no_10_english.pdf"] [unique_id "ahopfObIy7I1wrJtxdDTFQAAAAI"]
[Sat May 30 05:34:12.651824 2026] [security2:error] [pid 1694025:tid 1694025] [client 216.244.66.249:0] ModSecurity: Warning. Operator GE matched 5 at TX:inbound_anomaly_score. [file "/etc/apache2/conf.d/modsec_vendor_configs/OWASP3/rules/RESPONSE-980-CORRELATION.conf"] [line "92"] [id "980130"] [msg "Inbound Anomaly Score Exceeded (Total Inbound Score: 5 - SQLI=0,XSS=0,RFI=0,LFI=0,RCE=0,PHPI=0,HTTP=0,SESS=0): individual paranoia level scores: 5, 0, 0, 0"] [ver "OWASP_CRS/3.3.9"] [tag "event-correlation"] [hostname "www.epid.gov.lk"] [uri "/web/images/pdf/wer/2007/vol_34_no_10_english.pdf"] [unique_id "ahopfObIy7I1wrJtxdDTFQAAAAI"]
[Sat May 30 05:34:12.682445 2026] [ssl:error] [pid 1694998:tid 1694998] (70014)End of file found: [client 66.85.158.91:40232] AH02013: coalesce failed to read from data bucket
[Sat May 30 05:34:12.908639 2026] [ssl:error] [pid 1680273:tid 1680273] (70014)End of file found: [client 66.85.158.91:40260] AH02013: coalesce failed to read from data bucket
[Sat May 30 05:34:12.939693 2026] [ssl:error] [pid 1680302:tid 1680302] (70014)End of file found: [client 66.85.158.91:40266] AH02013: coalesce failed to read from data bucket
[Sat May 30 05:34:13.050282 2026] [security2:error] [pid 1689032:tid 1689032] [client 54.147.238.89:0] ModSecurity: collections_remove_stale: Failed to access DBM file "/var/cpanel/secdatadir/anandaob-global": Permission denied [hostname "www.anandaobauae.org"] [uri "/public_html/backup/js/Bl4ckhOle/root/proc/thread-self/root/sys/class/drm/card0/device/firmware_node/subsystem/devices/device:05/subsystem/devices/PNP0501:00/physical_node/firmware_node/subsystem/devices/LNXCPU:03/physical_node/node0/memory119/node0/memory82/node0/memory54/node0/memory71/subsystem/devices/memory98/"] [unique_id "ahopfX_sFeoAq-9zCVskHAAAAB8"]
[Sat May 30 05:34:13.050360 2026] [security2:error] [pid 1689032:tid 1689032] [client 54.147.238.89:0] ModSecurity: collections_remove_stale: Failed to access DBM file "/var/cpanel/secdatadir/anandaob-ip": Permission denied [hostname "www.anandaobauae.org"] [uri "/public_html/backup/js/Bl4ckhOle/root/proc/thread-self/root/sys/class/drm/card0/device/firmware_node/subsystem/devices/device:05/subsystem/devices/PNP0501:00/physical_node/firmware_node/subsystem/devices/LNXCPU:03/physical_node/node0/memory119/node0/memory82/node0/memory54/node0/memory71/subsystem/devices/memory98/"] [unique_id "ahopfX_sFeoAq-9zCVskHAAAAB8"]
[Sat May 30 05:34:13.344554 2026] [security2:error] [pid 1690293:tid 1690293] [client 216.244.66.249:0] ModSecurity: Warning. String match within "/accept-charset/ /content-encoding/ /proxy/ /lock-token/ /content-range/ /if/" at TX:header_name_accept-charset. [file "/etc/apache2/conf.d/modsec_vendor_configs/OWASP3/rules/REQUEST-920-PROTOCOL-ENFORCEMENT.conf"] [line "1127"] [id "920450"] [msg "HTTP header is restricted by policy (/accept-charset/)"] [data "Restricted header detected: /accept-charset/"] [severity "CRITICAL"] [ver "OWASP_CRS/3.3.9"] [tag "application-multi"] [tag "language-multi"] [tag "platform-multi"] [tag "attack-protocol"] [tag "paranoia-level/1"] [tag "OWASP_CRS"] [tag "capec/1000/210/272"] [tag "PCI/12.1"] [hostname "www.epid.gov.lk"] [uri "/web/images/pdf/wer/2007/vol_34_no_22_english.pdf"] [unique_id "ahopfX482dbZ4ARu-s0YPwAAABM"]
[Sat May 30 05:34:13.344912 2026] [security2:error] [pid 1690293:tid 1690293] [client 216.244.66.249:0] ModSecurity: Warning. Operator GE matched 5 at TX:anomaly_score. [file "/etc/apache2/conf.d/modsec_vendor_configs/OWASP3/rules/REQUEST-949-BLOCKING-EVALUATION.conf"] [line "94"] [id "949110"] [msg "Inbound Anomaly Score Exceeded (Total Score: 5)"] [severity "CRITICAL"] [ver "OWASP_CRS/3.3.9"] [tag "application-multi"] [tag "language-multi"] [tag "platform-multi"] [tag "attack-generic"] [hostname "www.epid.gov.lk"] [uri "/web/images/pdf/wer/2007/vol_34_no_22_english.pdf"] [unique_id "ahopfX482dbZ4ARu-s0YPwAAABM"]
[Sat May 30 05:34:13.345215 2026] [security2:error] [pid 1690293:tid 1690293] [client 216.244.66.249:0] ModSecurity: Warning. Operator GE matched 5 at TX:inbound_anomaly_score. [file "/etc/apache2/conf.d/modsec_vendor_configs/OWASP3/rules/RESPONSE-980-CORRELATION.conf"] [line "92"] [id "980130"] [msg "Inbound Anomaly Score Exceeded (Total Inbound Score: 5 - SQLI=0,XSS=0,RFI=0,LFI=0,RCE=0,PHPI=0,HTTP=0,SESS=0): individual paranoia level scores: 5, 0, 0, 0"] [ver "OWASP_CRS/3.3.9"] [tag "event-correlation"] [hostname "www.epid.gov.lk"] [uri "/web/images/pdf/wer/2007/vol_34_no_22_english.pdf"] [unique_id "ahopfX482dbZ4ARu-s0YPwAAABM"]
[Sat May 30 05:34:14.011832 2026] [security2:error] [pid 1690292:tid 1690292] [client 216.244.66.249:0] ModSecurity: Warning. String match within "/accept-charset/ /content-encoding/ /proxy/ /lock-token/ /content-range/ /if/" at TX:header_name_accept-charset. [file "/etc/apache2/conf.d/modsec_vendor_configs/OWASP3/rules/REQUEST-920-PROTOCOL-ENFORCEMENT.conf"] [line "1127"] [id "920450"] [msg "HTTP header is restricted by policy (/accept-charset/)"] [data "Restricted header detected: /accept-charset/"] [severity "CRITICAL"] [ver "OWASP_CRS/3.3.9"] [tag "application-multi"] [tag "language-multi"] [tag "platform-multi"] [tag "attack-protocol"] [tag "paranoia-level/1"] [tag "OWASP_CRS"] [tag "capec/1000/210/272"] [tag "PCI/12.1"] [hostname "www.epid.gov.lk"] [uri "/web/images/pdf/wer/2008/vol_35_no_32_english.pdf"] [unique_id "ahopfgVwe0d-aOfK7G1Z1gAAAAw"]
