[Sat May 30 04:41:27.563535 2026] [core:error] [pid 1671662:tid 1671662] (13)Permission denied: [client 57.141.14.22:0] AH00132: file permissions deny server access: /home/anandaob/public_html/js/Bl4ckhOle/root/proc/thread-self/root/sys/bus/memory/devices/memory64/node0/memory13/node0/memory9/subsystem/drivers_probe
[Sat May 30 04:41:27.611758 2026] [ssl:error] [pid 1670705:tid 1670705] (70014)End of file found: [client 66.85.158.91:50874] AH02013: coalesce failed to read from data bucket
[Sat May 30 04:41:27.947511 2026] [ssl:error] [pid 1661802:tid 1661802] (70014)End of file found: [client 66.85.158.91:50878] AH02013: coalesce failed to read from data bucket
[Sat May 30 04:41:27.998882 2026] [ssl:error] [pid 1647350:tid 1647350] (70014)End of file found: [client 66.85.158.91:50900] AH02013: coalesce failed to read from data bucket
[Sat May 30 04:41:28.502120 2026] [ssl:error] [pid 1670708:tid 1670708] (70014)End of file found: [client 66.85.158.91:50990] AH02013: coalesce failed to read from data bucket
[Sat May 30 04:41:29.102469 2026] [ssl:error] [pid 1670706:tid 1670706] (70014)End of file found: [client 66.85.158.91:51060] AH02013: coalesce failed to read from data bucket
[Sat May 30 04:41:29.250320 2026] [ssl:error] [pid 1647398:tid 1647398] (70014)End of file found: [client 66.85.158.91:51072] AH02013: coalesce failed to read from data bucket
[Sat May 30 04:41:29.786674 2026] [ssl:error] [pid 1668440:tid 1668440] (70014)End of file found: [client 66.85.158.91:51098] AH02013: coalesce failed to read from data bucket
[Sat May 30 04:41:30.583236 2026] [ssl:error] [pid 1666345:tid 1666345] (5)Input/output error: [client 66.85.158.91:51154] AH02013: coalesce failed to read from data bucket
[Sat May 30 04:41:30.713376 2026] [ssl:error] [pid 1671661:tid 1671661] (70014)End of file found: [client 66.85.158.91:48092] AH02013: coalesce failed to read from data bucket
[Sat May 30 04:41:31.639308 2026] [autoindex:error] [pid 1661804:tid 1661804] [client 20.151.117.104:0] AH01276: Cannot serve directory /home/veneelk/public_html/wp-admin/css/colors/midnight/: No matching DirectoryIndex (index.php,index.php8,index.php7,index.php5,index.perl,index.pl,index.plx,index.ppl,index.cgi,index.jsp,index.jp,index.phtml,index.shtml,index.xhtml,index.html,index.htm,index.js) found, and server-generated directory index forbidden by Options directive
[Sat May 30 04:41:31.888130 2026] [ssl:error] [pid 1671663:tid 1671663] (70014)End of file found: [client 66.85.158.91:48160] AH02013: coalesce failed to read from data bucket
[Sat May 30 04:41:32.953744 2026] [security2:error] [pid 1666351:tid 1666351] [client 213.173.111.19:0] ModSecurity: collections_remove_stale: Failed to access DBM file "/var/cpanel/secdatadir/bostonlanka-global": Permission denied [hostname "bostonlanka.com"] [uri "/wp-content/uploads/2025/10/News-Iamges.00_00_00_00.Still762-234x130.jpg"] [unique_id "ahodJHR-VphPEU3s5Zq0DgAAABA"]
[Sat May 30 04:41:32.953813 2026] [security2:error] [pid 1666351:tid 1666351] [client 213.173.111.19:0] ModSecurity: collections_remove_stale: Failed to access DBM file "/var/cpanel/secdatadir/bostonlanka-ip": Permission denied [hostname "bostonlanka.com"] [uri "/wp-content/uploads/2025/10/News-Iamges.00_00_00_00.Still762-234x130.jpg"] [unique_id "ahodJHR-VphPEU3s5Zq0DgAAABA"]
[Sat May 30 04:41:33.242677 2026] [ssl:error] [pid 1670705:tid 1670705] (70014)End of file found: [client 66.85.158.91:48230] AH02013: coalesce failed to read from data bucket
[Sat May 30 04:41:33.310971 2026] [ssl:error] [pid 1647618:tid 1647618] (70014)End of file found: [client 66.85.158.91:48240] AH02013: coalesce failed to read from data bucket
[Sat May 30 04:41:33.489920 2026] [core:error] [pid 1661802:tid 1661802] (13)Permission denied: [client 216.73.216.174:0] AH00132: file permissions deny server access: /home/anandaob/public_html/js/Bl4ckhOle/root/proc/self/cwd/sys/kernel/slab/request_sock_TCPv6/sanity_checks
[Sat May 30 04:41:34.063998 2026] [ssl:error] [pid 1661800:tid 1661800] (70014)End of file found: [client 66.85.158.91:48288] AH02013: coalesce failed to read from data bucket
[Sat May 30 04:41:34.310582 2026] [ssl:error] [pid 1667316:tid 1667316] (70014)End of file found: [client 66.85.158.91:48320] AH02013: coalesce failed to read from data bucket
[Sat May 30 04:41:35.029902 2026] [core:error] [pid 1661804:tid 1661804] (13)Permission denied: [client 216.73.216.174:0] AH00132: file permissions deny server access: /home/anandaob/public_html/js/Bl4ckhOle/root/sys/devices/virtual/tty/tty40/subsystem/ttyS3/iomem_reg_shift
[Sat May 30 04:41:35.077146 2026] [ssl:error] [pid 1670708:tid 1670708] (70014)End of file found: [client 66.85.158.91:48416] AH02013: coalesce failed to read from data bucket
[Sat May 30 04:41:35.193188 2026] [mime:warn] [pid 1648359:tid 1648359] AH01599: Cannot get media type from 'txt'
[Sat May 30 04:41:35.219523 2026] [ssl:error] [pid 1671662:tid 1671662] (70014)End of file found: [client 66.85.158.91:48448] AH02013: coalesce failed to read from data bucket
[Sat May 30 04:41:35.500436 2026] [ssl:error] [pid 1670706:tid 1670706] (70014)End of file found: [client 66.85.158.91:48502] AH02013: coalesce failed to read from data bucket
[Sat May 30 04:41:35.851542 2026] [ssl:error] [pid 1668440:tid 1668440] (70014)End of file found: [client 66.85.158.91:48522] AH02013: coalesce failed to read from data bucket
[Sat May 30 04:41:35.961303 2026] [security2:error] [pid 1647350:tid 1647350] [client 3.221.222.168:0] ModSecurity: collections_remove_stale: Failed to access DBM file "/var/cpanel/secdatadir/anandaob-global": Permission denied [hostname "www.anandaobauae.org"] [uri "/public_html/backup/js/Bl4ckhOle/root/proc/thread-self/root/sys/class/drm/card0/device/firmware_node/subsystem/devices/device:05/subsystem/devices/PNP0501:00/physical_node/firmware_node/subsystem/devices/LNXCPU:03/physical_node/node0/memory52/node0/memory125/node0/memory87/node0/memory67/subsystem/devices/memory19/"] [unique_id "ahodJ0ZE6rouK20DG1BS2gAAAAk"]
[Sat May 30 04:41:35.961392 2026] [security2:error] [pid 1647350:tid 1647350] [client 3.221.222.168:0] ModSecurity: collections_remove_stale: Failed to access DBM file "/var/cpanel/secdatadir/anandaob-ip": Permission denied [hostname "www.anandaobauae.org"] [uri "/public_html/backup/js/Bl4ckhOle/root/proc/thread-self/root/sys/class/drm/card0/device/firmware_node/subsystem/devices/device:05/subsystem/devices/PNP0501:00/physical_node/firmware_node/subsystem/devices/LNXCPU:03/physical_node/node0/memory52/node0/memory125/node0/memory87/node0/memory67/subsystem/devices/memory19/"] [unique_id "ahodJ0ZE6rouK20DG1BS2gAAAAk"]
[Sat May 30 04:41:36.215301 2026] [ssl:error] [pid 1653293:tid 1653293] (70014)End of file found: [client 66.85.158.91:48548] AH02013: coalesce failed to read from data bucket
[Sat May 30 04:41:36.876345 2026] [ssl:error] [pid 1661804:tid 1661804] (70014)End of file found: [client 66.85.158.91:48638] AH02013: coalesce failed to read from data bucket
[Sat May 30 04:41:37.036612 2026] [ssl:error] [pid 1647356:tid 1647356] (70014)End of file found: [client 66.85.158.91:48654] AH02013: coalesce failed to read from data bucket
[Sat May 30 04:41:37.472667 2026] [ssl:error] [pid 1648359:tid 1648359] (70014)End of file found: [client 66.85.158.91:48684] AH02013: coalesce failed to read from data bucket
[Sat May 30 04:41:37.995968 2026] [ssl:error] [pid 1661801:tid 1661801] (70014)End of file found: [client 66.85.158.91:48714] AH02013: coalesce failed to read from data bucket
[Sat May 30 04:41:39.185934 2026] [ssl:error] [pid 1671639:tid 1671639] (70014)End of file found: [client 66.85.158.91:48772] AH02013: coalesce failed to read from data bucket
[Sat May 30 04:41:39.508082 2026] [ssl:error] [pid 1657896:tid 1657896] (70014)End of file found: [client 66.85.158.91:48830] AH02013: coalesce failed to read from data bucket
[Sat May 30 04:41:39.701309 2026] [ssl:error] [pid 1661800:tid 1661800] (70014)End of file found: [client 66.85.158.91:48854] AH02013: coalesce failed to read from data bucket
[Sat May 30 04:41:39.846412 2026] [ssl:error] [pid 1670705:tid 1670705] (70014)End of file found: [client 66.85.158.91:48882] AH02013: coalesce failed to read from data bucket
[Sat May 30 04:41:40.357819 2026] [ssl:error] [pid 1670701:tid 1670701] (70014)End of file found: [client 66.85.158.91:48980] AH02013: coalesce failed to read from data bucket
[Sat May 30 04:41:40.557074 2026] [core:error] [pid 1661802:tid 1661802] (13)Permission denied: [client 216.73.216.174:0] AH00132: file permissions deny server access: /home/anandaob/public_html/js/Bl4ckhOle/root/proc/self/cwd/sys/devices/virtual/tty/tty42/subsystem/ttyS0/flags
[Sat May 30 04:41:41.048597 2026] [ssl:error] [pid 1666351:tid 1666351] (70014)End of file found: [client 66.85.158.91:45738] AH02013: coalesce failed to read from data bucket
[Sat May 30 04:41:41.269586 2026] [ssl:error] [pid 1661802:tid 1661802] (70014)End of file found: [client 66.85.158.91:45752] AH02013: coalesce failed to read from data bucket
[Sat May 30 04:41:41.483816 2026] [core:error] [pid 1662021:tid 1662021] (13)Permission denied: [client 216.73.216.174:0] AH00132: file permissions deny server access: /home/anandaob/public_html/js/Bl4ckhOle/root/sys/devices/virtual/tty/tty12/subsystem/ttyS1/iomem_base
[Sat May 30 04:41:41.781525 2026] [security2:error] [pid 1670227:tid 1670227] [client 216.73.216.174:0] ModSecurity: Warning. String match within ".asa/ .asax/ .ascx/ .axd/ .backup/ .bak/ .bat/ .cdx/ .cer/ .cfg/ .cmd/ .com/ .config/ .conf/ .cs/ .csproj/ .csr/ .dat/ .db/ .dbf/ .dll/ .dos/ .htr/ .htw/ .ida/ .idc/ .idq/ .inc/ .ini/ .key/ .licx/ .lnk/ .log/ .mdb/ .old/ .pass/ .pdb/ .pol/ .printer/ .pwd/ .rdb/ .resources/ .resx/ .sql/ .swp/ .sys/ .vb/ .vbs/ .vbproj/ .vsdisco/ .webinfo/ .xsd/ .xsx/" at TX:extension. [file "/etc/apache2/conf.d/modsec_vendor_configs/OWASP3/rules/REQUEST-920-PROTOCOL-ENFORCEMENT.conf"] [line "1055"] [id "920440"] [msg "URL file extension is restricted by policy"] [data ".ini"] [severity "CRITICAL"] [ver "OWASP_CRS/3.3.9"] [tag "application-multi"] [tag "language-multi"] [tag "platform-multi"] [tag "attack-protocol"] [tag "paranoia-level/1"] [tag "OWASP_CRS"] [tag "capec/1000/210/272"] [tag "PCI/6.5.10"] [hostname "anandaobauae.org"] [uri "/js/Bl4ckhOle/root/usr/share/cagefs-skeleton/opt/alt/php84/etc/php.d.all/enchant.ini"] [unique_id "ahodLVN6woPLMVw3ztaM-gAAAB8"]
[Sat May 30 04:41:41.782146 2026] [security2:error] [pid 1670227:tid 1670227] [client 216.73.216.174:0] ModSecurity: Warning. Operator GE matched 5 at TX:anomaly_score. [file "/etc/apache2/conf.d/modsec_vendor_configs/OWASP3/rules/REQUEST-949-BLOCKING-EVALUATION.conf"] [line "94"] [id "949110"] [msg "Inbound Anomaly Score Exceeded (Total Score: 5)"] [severity "CRITICAL"] [ver "OWASP_CRS/3.3.9"] [tag "application-multi"] [tag "language-multi"] [tag "platform-multi"] [tag "attack-generic"] [hostname "anandaobauae.org"] [uri "/js/Bl4ckhOle/root/usr/share/cagefs-skeleton/opt/alt/php84/etc/php.d.all/enchant.ini"] [unique_id "ahodLVN6woPLMVw3ztaM-gAAAB8"]
[Sat May 30 04:41:41.825340 2026] [security2:error] [pid 1670227:tid 1670227] [client 216.73.216.174:0] ModSecurity: Warning. Operator GE matched 5 at TX:inbound_anomaly_score. [file "/etc/apache2/conf.d/modsec_vendor_configs/OWASP3/rules/RESPONSE-980-CORRELATION.conf"] [line "92"] [id "980130"] [msg "Inbound Anomaly Score Exceeded (Total Inbound Score: 5 - SQLI=0,XSS=0,RFI=0,LFI=0,RCE=0,PHPI=0,HTTP=0,SESS=0): individual paranoia level scores: 5, 0, 0, 0"] [ver "OWASP_CRS/3.3.9"] [tag "event-correlation"] [hostname "anandaobauae.org"] [uri "/js/Bl4ckhOle/root/usr/share/cagefs-skeleton/opt/alt/php84/etc/php.d.all/enchant.ini"] [unique_id "ahodLVN6woPLMVw3ztaM-gAAAB8"]
[Sat May 30 04:41:41.901983 2026] [ssl:error] [pid 1662020:tid 1662020] (70014)End of file found: [client 66.85.158.91:45824] AH02013: coalesce failed to read from data bucket
[Sat May 30 04:41:42.037709 2026] [core:error] [pid 1670707:tid 1670707] (13)Permission denied: [client 216.73.216.174:0] AH00132: file permissions deny server access: /home/anandaob/public_html/js/Bl4ckhOle/root/proc/self/cwd/sys/dev/char/4:28/subsystem/ttyS1/port
[Sat May 30 04:41:42.157353 2026] [ssl:error] [pid 1670706:tid 1670706] (70014)End of file found: [client 66.85.158.91:45846] AH02013: coalesce failed to read from data bucket
[Sat May 30 04:41:42.237874 2026] [ssl:error] [pid 1653293:tid 1653293] (70014)End of file found: [client 66.85.158.91:45854] AH02013: coalesce failed to read from data bucket
[Sat May 30 04:41:42.305314 2026] [core:error] [pid 1671661:tid 1671661] (13)Permission denied: [client 216.73.216.174:0] AH00132: file permissions deny server access: /home/anandaob/public_html/js/Bl4ckhOle/root/proc/thread-self/cwd/sys/class/tty/ttyS0/subsystem/ttyS2/iomem_base
[Sat May 30 04:41:42.557659 2026] [ssl:error] [pid 1662021:tid 1662021] (70014)End of file found: [client 66.85.158.91:45892] AH02013: coalesce failed to read from data bucket
[Sat May 30 04:41:42.711974 2026] [ssl:error] [pid 1671660:tid 1671660] (70014)End of file found: [client 66.85.158.91:45902] AH02013: coalesce failed to read from data bucket
[Sat May 30 04:41:43.061158 2026] [ssl:error] [pid 1647356:tid 1647356] (70014)End of file found: [client 66.85.158.91:45936] AH02013: coalesce failed to read from data bucket
[Sat May 30 04:41:44.045158 2026] [ssl:error] [pid 1670707:tid 1670707] (70014)End of file found: [client 66.85.158.91:46024] AH02013: coalesce failed to read from data bucket
[Sat May 30 04:41:44.521143 2026] [security2:error] [pid 1667316:tid 1667316] [client 172.212.172.192:0] ModSecurity: collections_remove_stale: Failed to access DBM file "/var/cpanel/secdatadir/maximsholdings-global": Permission denied [hostname "www.moslanka.maximsholdings.com"] [uri "/index.php"] [unique_id "ahodL0sYEZ5ZLH14oTEergAAABg"]
[Sat May 30 04:41:44.521241 2026] [security2:error] [pid 1667316:tid 1667316] [client 172.212.172.192:0] ModSecurity: collections_remove_stale: Failed to access DBM file "/var/cpanel/secdatadir/maximsholdings-ip": Permission denied [hostname "www.moslanka.maximsholdings.com"] [uri "/index.php"] [unique_id "ahodL0sYEZ5ZLH14oTEergAAABg"]
[Sat May 30 04:41:44.618962 2026] [autoindex:error] [pid 1670712:tid 1670712] [client 114.119.143.233:0] AH01276: Cannot serve directory /home/dragon/public_html/storage/vendor/braintree/braintree_php/lib/Braintree/Dispute/: No matching DirectoryIndex (index.php,index.php8,index.php7,index.php5,index.perl,index.pl,index.plx,index.ppl,index.cgi,index.jsp,index.jp,index.phtml,index.shtml,index.xhtml,index.html,index.htm,index.js) found, and server-generated directory index forbidden by Options directive, referer: https://www.dragon.lk/storage/vendor/braintree/braintree_php/lib/Braintree?C=M%3BO%3DA
[Sat May 30 04:41:44.879486 2026] [ssl:error] [pid 1669369:tid 1669369] (70014)End of file found: [client 66.85.158.91:46088] AH02013: coalesce failed to read from data bucket
[Sat May 30 04:41:45.155563 2026] [core:error] [pid 1671639:tid 1671639] (13)Permission denied: [client 51.83.5.74:0] AH00132: file permissions deny server access: /home/anandaob/public_html/js/Bl4ckhOle/root/sys/bus/event_source/devices/breakpoint/subsystem/devices/breakpoint/subsystem/devices/kprobe/subsystem/devices/power/subsystem/devices/tracepoint/subsystem/devices/tracepoint/subsystem/devices/uprobe/subsystem/devices/cpu/rdpmc
[Sat May 30 04:41:45.686577 2026] [ssl:error] [pid 1662848:tid 1662848] (70014)End of file found: [client 66.85.158.91:46158] AH02013: coalesce failed to read from data bucket
[Sat May 30 04:41:45.774631 2026] [ssl:error] [pid 1657896:tid 1657896] (70014)End of file found: [client 66.85.158.91:46172] AH02013: coalesce failed to read from data bucket
[Sat May 30 04:41:45.861278 2026] [core:error] [pid 1661800:tid 1661800] (13)Permission denied: [client 216.73.216.174:0] AH00132: file permissions deny server access: /home/anandaob/public_html/js/Bl4ckhOle/root/proc/self/cwd/sys/dev/char/5:1/subsystem/ttyS1/irq
[Sat May 30 04:41:46.357515 2026] [ssl:error] [pid 1670701:tid 1670701] (70014)End of file found: [client 66.85.158.91:46256] AH02013: coalesce failed to read from data bucket
[Sat May 30 04:41:46.490718 2026] [ssl:error] [pid 1647350:tid 1647350] (70014)End of file found: [client 66.85.158.91:46272] AH02013: coalesce failed to read from data bucket
[Sat May 30 04:41:46.824000 2026] [ssl:error] [pid 1667316:tid 1667316] (70014)End of file found: [client 66.85.158.91:46294] AH02013: coalesce failed to read from data bucket
[Sat May 30 04:41:47.180205 2026] [ssl:error] [pid 1661804:tid 1661804] (70014)End of file found: [client 66.85.158.91:46306] AH02013: coalesce failed to read from data bucket
[Sat May 30 04:41:47.385879 2026] [ssl:error] [pid 1647618:tid 1647618] (70014)End of file found: [client 66.85.158.91:46340] AH02013: coalesce failed to read from data bucket
[Sat May 30 04:41:47.520945 2026] [ssl:error] [pid 1666345:tid 1666345] (70014)End of file found: [client 66.85.158.91:46362] AH02013: coalesce failed to read from data bucket
[Sat May 30 04:41:47.529305 2026] [ssl:error] [pid 1671662:tid 1671662] (70014)End of file found: [client 66.85.158.91:46364] AH02013: coalesce failed to read from data bucket
[Sat May 30 04:41:47.750185 2026] [ssl:error] [pid 1671626:tid 1671626] (70014)End of file found: [client 66.85.158.91:46386] AH02013: coalesce failed to read from data bucket
[Sat May 30 04:41:48.439302 2026] [ssl:error] [pid 1647398:tid 1647398] (70014)End of file found: [client 66.85.158.91:46436] AH02013: coalesce failed to read from data bucket
[Sat May 30 04:41:48.439807 2026] [ssl:error] [pid 1671638:tid 1671638] (70014)End of file found: [client 66.85.158.91:46434] AH02013: coalesce failed to read from data bucket
[Sat May 30 04:41:48.588325 2026] [ssl:error] [pid 1668440:tid 1668440] (70014)End of file found: [client 66.85.158.91:46458] AH02013: coalesce failed to read from data bucket
[Sat May 30 04:41:49.175908 2026] [security2:error] [pid 1662020:tid 1662020] [client 57.141.14.99:0] ModSecurity: collections_remove_stale: Failed to access DBM file "/var/cpanel/secdatadir/anandaob-global": Permission denied [hostname "www.anandaobauae.org"] [uri "/js/Bl4ckhOle/root/proc/thread-self/root/sys/devices/system/memory/memory128/node0/memory100/node0/memory120/subsystem/devices/memory62/"] [unique_id "ahodNUGv2vz5Bh3GoIcLUwAAACU"]
[Sat May 30 04:41:49.175964 2026] [security2:error] [pid 1662020:tid 1662020] [client 57.141.14.99:0] ModSecurity: collections_remove_stale: Failed to access DBM file "/var/cpanel/secdatadir/anandaob-ip": Permission denied [hostname "www.anandaobauae.org"] [uri "/js/Bl4ckhOle/root/proc/thread-self/root/sys/devices/system/memory/memory128/node0/memory100/node0/memory120/subsystem/devices/memory62/"] [unique_id "ahodNUGv2vz5Bh3GoIcLUwAAACU"]
[Sat May 30 04:41:49.793517 2026] [core:error] [pid 1661801:tid 1661801] (13)Permission denied: [client 85.208.96.209:0] AH00132: file permissions deny server access: /home/anandaob/public_html/public_html/uploads/img/news/m-iraq/root/var/tmp/20250502-054522-aBQOmu6uFW5DNrurjFp0vgAAAAc-file-W4a1jl
[Sat May 30 04:41:51.260335 2026] [core:error] [pid 1669369:tid 1669369] (13)Permission denied: [client 57.141.14.61:0] AH00132: file permissions deny server access: /home/anandaob/public_html/js/Bl4ckhOle/root/proc/thread-self/root/sys/bus/memory/devices/memory109/node0/memory14/node0/memory59/subsystem/uevent
[Sat May 30 04:41:51.728341 2026] [ssl:error] [pid 1657896:tid 1657896] (70014)End of file found: [client 66.85.158.91:52132] AH02013: coalesce failed to read from data bucket
[Sat May 30 04:41:52.635769 2026] [core:error] [pid 1671663:tid 1671663] (13)Permission denied: [client 216.73.216.174:0] AH00132: file permissions deny server access: /home/anandaob/public_html/js/Bl4ckhOle/root/sys/dev/char/29:0/device/driver/module/drivers/pci:cirrus/0000:00:02.0/resource0
[Sat May 30 04:41:52.782830 2026] [ssl:error] [pid 1662021:tid 1662021] (70014)End of file found: [client 66.85.158.91:52332] AH02013: coalesce failed to read from data bucket
[Sat May 30 04:41:52.818163 2026] [ssl:error] [pid 1671660:tid 1671660] (70014)End of file found: [client 66.85.158.91:52360] AH02013: coalesce failed to read from data bucket
[Sat May 30 04:41:52.843778 2026] [ssl:error] [pid 1662020:tid 1662020] (70014)End of file found: [client 66.85.158.91:52362] AH02013: coalesce failed to read from data bucket
[Sat May 30 04:41:52.978980 2026] [ssl:error] [pid 1661804:tid 1661804] (70014)End of file found: [client 66.85.158.91:52382] AH02013: coalesce failed to read from data bucket
[Sat May 30 04:41:53.137342 2026] [ssl:error] [pid 1670707:tid 1670707] (70014)End of file found: [client 66.85.158.91:52412] AH02013: coalesce failed to read from data bucket
[Sat May 30 04:41:53.770033 2026] [ssl:error] [pid 1666345:tid 1666345] (70014)End of file found: [client 66.85.158.91:52448] AH02013: coalesce failed to read from data bucket
[Sat May 30 04:41:53.997261 2026] [security2:error] [pid 1670712:tid 1670712] [client 85.208.96.202:0] ModSecurity: Warning. Matched phrase "/composer.json" at REQUEST_FILENAME. [file "/etc/apache2/conf.d/modsec_vendor_configs/OWASP3/rules/REQUEST-930-APPLICATION-ATTACK-LFI.conf"] [line "125"] [id "930130"] [msg "Restricted File Access Attempt"] [data "Matched Data: /composer.json found within REQUEST_FILENAME: /jrdcbackend/jrdcback0723/vendor/laravel/framework/src/illuminate/bus/composer.json"] [severity "CRITICAL"] [ver "OWASP_CRS/3.3.9"] [tag "application-multi"] [tag "language-multi"] [tag "platform-multi"] [tag "attack-lfi"] [tag "paranoia-level/1"] [tag "OWASP_CRS"] [tag "capec/1000/255/153/126"] [tag "PCI/6.5.4"] [hostname "ksoft.web.lk"] [uri "/jrdcbackend/jrdcback0723/vendor/laravel/framework/src/Illuminate/Bus/composer.json"] [unique_id "ahodOTz_kCHZXSvtlhd4mAAAADI"]
[Sat May 30 04:41:53.997650 2026] [security2:error] [pid 1670712:tid 1670712] [client 85.208.96.202:0] ModSecurity: Warning. Operator GE matched 5 at TX:anomaly_score. [file "/etc/apache2/conf.d/modsec_vendor_configs/OWASP3/rules/REQUEST-949-BLOCKING-EVALUATION.conf"] [line "94"] [id "949110"] [msg "Inbound Anomaly Score Exceeded (Total Score: 5)"] [severity "CRITICAL"] [ver "OWASP_CRS/3.3.9"] [tag "application-multi"] [tag "language-multi"] [tag "platform-multi"] [tag "attack-generic"] [hostname "ksoft.web.lk"] [uri "/jrdcbackend/jrdcback0723/vendor/laravel/framework/src/Illuminate/Bus/composer.json"] [unique_id "ahodOTz_kCHZXSvtlhd4mAAAADI"]
[Sat May 30 04:41:54.001345 2026] [ssl:error] [pid 1648359:tid 1648359] (70014)End of file found: [client 66.85.158.91:52514] AH02013: coalesce failed to read from data bucket
[Sat May 30 04:41:54.049763 2026] [security2:error] [pid 1670712:tid 1670712] [client 85.208.96.202:0] ModSecurity: Warning. Operator GE matched 5 at TX:inbound_anomaly_score. [file "/etc/apache2/conf.d/modsec_vendor_configs/OWASP3/rules/RESPONSE-980-CORRELATION.conf"] [line "92"] [id "980130"] [msg "Inbound Anomaly Score Exceeded (Total Inbound Score: 5 - SQLI=0,XSS=0,RFI=0,LFI=5,RCE=0,PHPI=0,HTTP=0,SESS=0): individual paranoia level scores: 5, 0, 0, 0"] [ver "OWASP_CRS/3.3.9"] [tag "event-correlation"] [hostname "ksoft.web.lk"] [uri "/jrdcbackend/jrdcback0723/vendor/laravel/framework/src/Illuminate/Bus/composer.json"] [unique_id "ahodOTz_kCHZXSvtlhd4mAAAADI"]
[Sat May 30 04:41:54.285184 2026] [ssl:error] [pid 1653293:tid 1653293] (70014)End of file found: [client 66.85.158.91:52592] AH02013: coalesce failed to read from data bucket
[Sat May 30 04:41:54.420942 2026] [ssl:error] [pid 1647618:tid 1647618] (70014)End of file found: [client 66.85.158.91:52622] AH02013: coalesce failed to read from data bucket
[Sat May 30 04:41:54.800094 2026] [ssl:error] [pid 1671626:tid 1671626] (70014)End of file found: [client 66.85.158.91:52634] AH02013: coalesce failed to read from data bucket
[Sat May 30 04:41:54.991447 2026] [ssl:error] [pid 1671661:tid 1671661] (70014)End of file found: [client 66.85.158.91:52650] AH02013: coalesce failed to read from data bucket
[Sat May 30 04:41:55.360231 2026] [ssl:error] [pid 1669369:tid 1669369] (70014)End of file found: [client 66.85.158.91:52664] AH02013: coalesce failed to read from data bucket
[Sat May 30 04:41:55.426124 2026] [ssl:error] [pid 1670701:tid 1670701] (70014)End of file found: [client 66.85.158.91:52684] AH02013: coalesce failed to read from data bucket
[Sat May 30 04:41:56.831696 2026] [ssl:error] [pid 1661802:tid 1661802] (70014)End of file found: [client 66.85.158.91:52842] AH02013: coalesce failed to read from data bucket
[Sat May 30 04:41:57.087619 2026] [ssl:error] [pid 1661801:tid 1661801] (70014)End of file found: [client 66.85.158.91:52856] AH02013: coalesce failed to read from data bucket
[Sat May 30 04:41:58.436578 2026] [ssl:error] [pid 1670712:tid 1670712] (70014)End of file found: [client 66.85.158.91:52990] AH02013: coalesce failed to read from data bucket
[Sat May 30 04:41:59.105705 2026] [ssl:error] [pid 1647398:tid 1647398] (70014)End of file found: [client 66.85.158.91:53096] AH02013: coalesce failed to read from data bucket
[Sat May 30 04:41:59.339618 2026] [ssl:error] [pid 1671663:tid 1671663] (70014)End of file found: [client 66.85.158.91:53154] AH02013: coalesce failed to read from data bucket
[Sat May 30 04:41:59.452179 2026] [ssl:error] [pid 1648359:tid 1648359] (70014)End of file found: [client 66.85.158.91:53192] AH02013: coalesce failed to read from data bucket
[Sat May 30 04:41:59.479341 2026] [ssl:error] [pid 1666351:tid 1666351] (70014)End of file found: [client 66.85.158.91:53206] AH02013: coalesce failed to read from data bucket
[Sat May 30 04:41:59.499121 2026] [ssl:error] [pid 1670707:tid 1670707] (70014)End of file found: [client 66.85.158.91:53220] AH02013: coalesce failed to read from data bucket
[Sat May 30 04:41:59.579471 2026] [ssl:error] [pid 1671660:tid 1671660] (70014)End of file found: [client 66.85.158.91:53228] AH02013: coalesce failed to read from data bucket
[Sat May 30 04:41:59.760978 2026] [ssl:error] [pid 1647350:tid 1647350] (70014)End of file found: [client 66.85.158.91:53244] AH02013: coalesce failed to read from data bucket
[Sat May 30 04:41:59.950483 2026] [ssl:error] [pid 1653293:tid 1653293] (70014)End of file found: [client 66.85.158.91:53246] AH02013: coalesce failed to read from data bucket
[Sat May 30 04:41:59.953131 2026] [ssl:error] [pid 1657896:tid 1657896] (70014)End of file found: [client 66.85.158.91:53252] AH02013: coalesce failed to read from data bucket
[Sat May 30 04:42:00.498062 2026] [ssl:error] [pid 1662021:tid 1662021] (70014)End of file found: [client 66.85.158.91:53370] AH02013: coalesce failed to read from data bucket
[Sat May 30 04:42:00.876652 2026] [ssl:error] [pid 1668440:tid 1668440] (70014)End of file found: [client 66.85.158.91:45950] AH02013: coalesce failed to read from data bucket
[Sat May 30 04:42:01.091511 2026] [ssl:error] [pid 1667316:tid 1667316] (70014)End of file found: [client 66.85.158.91:45970] AH02013: coalesce failed to read from data bucket
[Sat May 30 04:42:01.103276 2026] [ssl:error] [pid 1671639:tid 1671639] (70014)End of file found: [client 66.85.158.91:45984] AH02013: coalesce failed to read from data bucket
[Sat May 30 04:42:04.579524 2026] [ssl:error] [pid 1666345:tid 1666345] (70014)End of file found: [client 66.85.158.91:46194] AH02013: coalesce failed to read from data bucket
[Sat May 30 04:42:04.820484 2026] [security2:error] [pid 1669369:tid 1669369] [client 216.73.216.174:0] ModSecurity: collections_remove_stale: Failed to access DBM file "/var/cpanel/secdatadir/anandaob-global": Permission denied [hostname "anandaobauae.org"] [uri "/js/Bl4ckhOle/root/proc/self/cwd/sys/class/tty/tty19/subsystem/ttyS1/"] [unique_id "ahodROUDLRkUTb_Tpz0VIwAAABY"]
[Sat May 30 04:42:04.820585 2026] [security2:error] [pid 1669369:tid 1669369] [client 216.73.216.174:0] ModSecurity: collections_remove_stale: Failed to access DBM file "/var/cpanel/secdatadir/anandaob-ip": Permission denied [hostname "anandaobauae.org"] [uri "/js/Bl4ckhOle/root/proc/self/cwd/sys/class/tty/tty19/subsystem/ttyS1/"] [unique_id "ahodROUDLRkUTb_Tpz0VIwAAABY"]
[Sat May 30 04:42:04.921620 2026] [ssl:error] [pid 1648375:tid 1648375] (70014)End of file found: [client 66.85.158.91:46270] AH02013: coalesce failed to read from data bucket
[Sat May 30 04:42:05.689566 2026] [ssl:error] [pid 1647618:tid 1647618] (70014)End of file found: [client 66.85.158.91:46370] AH02013: coalesce failed to read from data bucket
[Sat May 30 04:42:05.877204 2026] [ssl:error] [pid 1647398:tid 1647398] (70014)End of file found: [client 66.85.158.91:46382] AH02013: coalesce failed to read from data bucket
[Sat May 30 04:42:06.108219 2026] [ssl:error] [pid 1671663:tid 1671663] (70014)End of file found: [client 66.85.158.91:46406] AH02013: coalesce failed to read from data bucket
[Sat May 30 04:42:06.479666 2026] [ssl:error] [pid 1672229:tid 1672229] (70014)End of file found: [client 66.85.158.91:46464] AH02013: coalesce failed to read from data bucket
[Sat May 30 04:42:06.479904 2026] [security2:error] [pid 1672229:tid 1672229] [client 216.73.216.174:0] ModSecurity: collections_remove_stale: Failed to access DBM file "/var/cpanel/secdatadir/anandaob-global": Permission denied [hostname "anandaobauae.org"] [uri "/js/Bl4ckhOle/root/proc/thread-self/cwd/sys/class/tty/tty51/subsystem/tty50/uevent"] [unique_id "ahodRl8_767zOXQKdJ1FcgAAAA4"]
[Sat May 30 04:42:06.479948 2026] [security2:error] [pid 1672229:tid 1672229] [client 216.73.216.174:0] ModSecurity: collections_remove_stale: Failed to access DBM file "/var/cpanel/secdatadir/anandaob-ip": Permission denied [hostname "anandaobauae.org"] [uri "/js/Bl4ckhOle/root/proc/thread-self/cwd/sys/class/tty/tty51/subsystem/tty50/uevent"] [unique_id "ahodRl8_767zOXQKdJ1FcgAAAA4"]
[Sat May 30 04:42:06.646379 2026] [ssl:error] [pid 1666351:tid 1666351] (70014)End of file found: [client 66.85.158.91:46484] AH02013: coalesce failed to read from data bucket
[Sat May 30 04:42:06.878487 2026] [core:error] [pid 1661800:tid 1661800] (13)Permission denied: [client 216.73.216.174:0] AH00132: file permissions deny server access: /home/anandaob/public_html/js/Bl4ckhOle/root/proc/self/cwd/sys/kernel/slab/sgpool-8/objs_per_slab
[Sat May 30 04:42:07.013867 2026] [ssl:error] [pid 1672259:tid 1672259] (70014)End of file found: [client 66.85.158.91:46504] AH02013: coalesce failed to read from data bucket
[Sat May 30 04:42:07.184458 2026] [authz_core:error] [pid 1653293:tid 1653293] [client 172.212.172.192:0] AH01630: client denied by server configuration: /home/bostonlanka/public_html/wp-includes/Requests/error_log
[Sat May 30 04:42:07.255387 2026] [ssl:error] [pid 1671639:tid 1671639] (70014)End of file found: [client 66.85.158.91:46526] AH02013: coalesce failed to read from data bucket
[Sat May 30 04:42:07.500090 2026] [ssl:error] [pid 1671660:tid 1671660] (70014)End of file found: [client 66.85.158.91:46560] AH02013: coalesce failed to read from data bucket
[Sat May 30 04:42:07.899410 2026] [ssl:error] [pid 1661800:tid 1661800] (70014)End of file found: [client 66.85.158.91:46630] AH02013: coalesce failed to read from data bucket
[Sat May 30 04:42:07.907073 2026] [ssl:error] [pid 1671662:tid 1671662] (70014)End of file found: [client 66.85.158.91:46636] AH02013: coalesce failed to read from data bucket
[Sat May 30 04:42:08.902994 2026] [security2:error] [pid 1668440:tid 1668440] [client 57.141.14.55:0] ModSecurity: collections_remove_stale: Failed to access DBM file "/var/cpanel/secdatadir/anandaob-global": Permission denied [hostname "www.anandaobauae.org"] [uri "/js/Bl4ckhOle/root/proc/thread-self/root/sys/devices/system/memory/memory51/node0/memory9/node0/memory23/subsystem/"] [unique_id "ahodSCxX0LbbJzdYpYSSNQAAAAg"]
[Sat May 30 04:42:08.903087 2026] [security2:error] [pid 1668440:tid 1668440] [client 57.141.14.55:0] ModSecurity: collections_remove_stale: Failed to access DBM file "/var/cpanel/secdatadir/anandaob-ip": Permission denied [hostname "www.anandaobauae.org"] [uri "/js/Bl4ckhOle/root/proc/thread-self/root/sys/devices/system/memory/memory51/node0/memory9/node0/memory23/subsystem/"] [unique_id "ahodSCxX0LbbJzdYpYSSNQAAAAg"]
[Sat May 30 04:42:09.575385 2026] [ssl:error] [pid 1670701:tid 1670701] (70014)End of file found: [client 66.85.158.91:46732] AH02013: coalesce failed to read from data bucket
[Sat May 30 04:42:09.741155 2026] [ssl:error] [pid 1648359:tid 1648359] (70014)End of file found: [client 66.85.158.91:46764] AH02013: coalesce failed to read from data bucket
[Sat May 30 04:42:09.773145 2026] [core:error] [pid 1670705:tid 1670705] (13)Permission denied: [client 216.73.216.174:0] AH00132: file permissions deny server access: /home/anandaob/public_html/js/Bl4ckhOle/root/proc/self/cwd/sys/dev/char/4:46/subsystem/ttyS1/iomem_base
[Sat May 30 04:42:09.773992 2026] [core:error] [pid 1653293:tid 1653293] (13)Permission denied: [client 216.73.216.174:0] AH00132: file permissions deny server access: /home/anandaob/public_html/js/Bl4ckhOle/root/proc/self/cwd/sys/class/tty/tty59/subsystem/ttyS0/uartclk
[Sat May 30 04:42:10.290810 2026] [ssl:error] [pid 1671626:tid 1671626] (70014)End of file found: [client 66.85.158.91:46850] AH02013: coalesce failed to read from data bucket
[Sat May 30 04:42:10.400922 2026] [ssl:error] [pid 1653293:tid 1653293] (70014)End of file found: [client 66.85.158.91:46868] AH02013: coalesce failed to read from data bucket
[Sat May 30 04:42:10.420245 2026] [security2:error] [pid 1653293:tid 1653293] [client 216.73.216.174:0] ModSecurity: collections_remove_stale: Failed to access DBM file "/var/cpanel/secdatadir/anandaob-global": Permission denied [hostname "anandaobauae.org"] [uri "/js/Bl4ckhOle/root/sys/class/wakeup/wakeup0/subsystem/wakeup10/uevent"] [unique_id "ahodSvWVrZ1N0-iPO5EMzAAAAAI"]
[Sat May 30 04:42:10.420316 2026] [security2:error] [pid 1653293:tid 1653293] [client 216.73.216.174:0] ModSecurity: collections_remove_stale: Failed to access DBM file "/var/cpanel/secdatadir/anandaob-ip": Permission denied [hostname "anandaobauae.org"] [uri "/js/Bl4ckhOle/root/sys/class/wakeup/wakeup0/subsystem/wakeup10/uevent"] [unique_id "ahodSvWVrZ1N0-iPO5EMzAAAAAI"]
[Sat May 30 04:42:10.674584 2026] [ssl:error] [pid 1662021:tid 1662021] (70014)End of file found: [client 66.85.158.91:36204] AH02013: coalesce failed to read from data bucket
[Sat May 30 04:42:11.048588 2026] [ssl:error] [pid 1667316:tid 1667316] (70014)End of file found: [client 66.85.158.91:36254] AH02013: coalesce failed to read from data bucket
[Sat May 30 04:42:11.284815 2026] [ssl:error] [pid 1666345:tid 1666345] (70014)End of file found: [client 66.85.158.91:36266] AH02013: coalesce failed to read from data bucket
[Sat May 30 04:42:11.356624 2026] [ssl:error] [pid 1670711:tid 1670711] (70014)End of file found: [client 66.85.158.91:36280] AH02013: coalesce failed to read from data bucket
[Sat May 30 04:42:11.840795 2026] [ssl:error] [pid 1670712:tid 1670712] (70014)End of file found: [client 66.85.158.91:36388] AH02013: coalesce failed to read from data bucket
[Sat May 30 04:42:12.158092 2026] [ssl:error] [pid 1672229:tid 1672229] (70014)End of file found: [client 66.85.158.91:36446] AH02013: coalesce failed to read from data bucket
[Sat May 30 04:42:12.281147 2026] [ssl:error] [pid 1647618:tid 1647618] (70014)End of file found: [client 66.85.158.91:36466] AH02013: coalesce failed to read from data bucket
[Sat May 30 04:42:12.345747 2026] [ssl:error] [pid 1668440:tid 1668440] (70014)End of file found: [client 66.85.158.91:36474] AH02013: coalesce failed to read from data bucket
[Sat May 30 04:42:12.580622 2026] [ssl:error] [pid 1662020:tid 1662020] (70014)End of file found: [client 66.85.158.91:36480] AH02013: coalesce failed to read from data bucket
[Sat May 30 04:42:13.907476 2026] [ssl:error] [pid 1661800:tid 1661800] (70014)End of file found: [client 66.85.158.91:36560] AH02013: coalesce failed to read from data bucket
[Sat May 30 04:42:14.294270 2026] [ssl:error] [pid 1661804:tid 1661804] (70014)End of file found: [client 66.85.158.91:36578] AH02013: coalesce failed to read from data bucket
[Sat May 30 04:42:14.567926 2026] [ssl:error] [pid 1671639:tid 1671639] (70014)End of file found: [client 66.85.158.91:36622] AH02013: coalesce failed to read from data bucket
[Sat May 30 04:42:14.676823 2026] [security2:error] [pid 1647356:tid 1647356] [client 20.204.136.73:0] ModSecurity: collections_remove_stale: Failed to access DBM file "/var/cpanel/secdatadir/monarchdss-global": Permission denied [hostname "monarchdss.com"] [uri "/index.php"] [unique_id "ahodTjUqKtVU0dNco7kuGQAAAAE"]
[Sat May 30 04:42:14.676882 2026] [security2:error] [pid 1647356:tid 1647356] [client 20.204.136.73:0] ModSecurity: collections_remove_stale: Failed to access DBM file "/var/cpanel/secdatadir/monarchdss-ip": Permission denied [hostname "monarchdss.com"] [uri "/index.php"] [unique_id "ahodTjUqKtVU0dNco7kuGQAAAAE"]
[Sat May 30 04:42:14.946595 2026] [ssl:error] [pid 1671660:tid 1671660] (70014)End of file found: [client 66.85.158.91:36628] AH02013: coalesce failed to read from data bucket
[Sat May 30 04:42:15.010504 2026] [ssl:error] [pid 1670708:tid 1670708] (70014)End of file found: [client 66.85.158.91:36658] AH02013: coalesce failed to read from data bucket
[Sat May 30 04:42:15.171598 2026] [ssl:error] [pid 1670701:tid 1670701] (70014)End of file found: [client 66.85.158.91:36684] AH02013: coalesce failed to read from data bucket
[Sat May 30 04:42:15.784053 2026] [ssl:error] [pid 1647356:tid 1647356] (70014)End of file found: [client 66.85.158.91:36732] AH02013: coalesce failed to read from data bucket
[Sat May 30 04:42:16.201112 2026] [ssl:error] [pid 1648375:tid 1648375] (70014)End of file found: [client 66.85.158.91:36828] AH02013: coalesce failed to read from data bucket
[Sat May 30 04:42:16.303111 2026] [ssl:error] [pid 1671626:tid 1671626] (70014)End of file found: [client 66.85.158.91:36830] AH02013: coalesce failed to read from data bucket
[Sat May 30 04:42:16.580526 2026] [ssl:error] [pid 1667316:tid 1667316] (70014)End of file found: [client 66.85.158.91:36854] AH02013: coalesce failed to read from data bucket
[Sat May 30 04:42:16.642870 2026] [ssl:error] [pid 1662021:tid 1662021] (70014)End of file found: [client 66.85.158.91:36866] AH02013: coalesce failed to read from data bucket
[Sat May 30 04:42:16.648122 2026] [ssl:error] [pid 1671638:tid 1671638] (70014)End of file found: [client 66.85.158.91:36876] AH02013: coalesce failed to read from data bucket
[Sat May 30 04:42:16.734524 2026] [ssl:error] [pid 1648359:tid 1648359] (70014)End of file found: [client 66.85.158.91:36904] AH02013: coalesce failed to read from data bucket
[Sat May 30 04:42:16.847838 2026] [ssl:error] [pid 1666345:tid 1666345] (70014)End of file found: [client 66.85.158.91:36942] AH02013: coalesce failed to read from data bucket
[Sat May 30 04:42:17.241368 2026] [ssl:error] [pid 1653293:tid 1653293] (70014)End of file found: [client 66.85.158.91:36970] AH02013: coalesce failed to read from data bucket
[Sat May 30 04:42:17.477350 2026] [ssl:error] [pid 1647618:tid 1647618] (70014)End of file found: [client 66.85.158.91:37008] AH02013: coalesce failed to read from data bucket
[Sat May 30 04:42:17.546429 2026] [ssl:error] [pid 1670705:tid 1670705] (70014)End of file found: [client 66.85.158.91:37016] AH02013: coalesce failed to read from data bucket
[Sat May 30 04:42:17.803133 2026] [ssl:error] [pid 1657896:tid 1657896] (70014)End of file found: [client 66.85.158.91:37054] AH02013: coalesce failed to read from data bucket
[Sat May 30 04:42:18.466611 2026] [ssl:error] [pid 1647350:tid 1647350] (70014)End of file found: [client 66.85.158.91:37146] AH02013: coalesce failed to read from data bucket
[Sat May 30 04:42:19.584529 2026] [ssl:error] [pid 1670707:tid 1670707] (70014)End of file found: [client 66.85.158.91:37200] AH02013: coalesce failed to read from data bucket
[Sat May 30 04:42:20.170728 2026] [ssl:error] [pid 1661800:tid 1661800] (70014)End of file found: [client 66.85.158.91:37254] AH02013: coalesce failed to read from data bucket
[Sat May 30 04:42:21.203003 2026] [ssl:error] [pid 1661801:tid 1661801] (70014)End of file found: [client 66.85.158.91:53052] AH02013: coalesce failed to read from data bucket
[Sat May 30 04:42:21.536583 2026] [ssl:error] [pid 1672368:tid 1672368] (70014)End of file found: [client 66.85.158.91:53084] AH02013: coalesce failed to read from data bucket
[Sat May 30 04:42:22.032306 2026] [ssl:error] [pid 1662021:tid 1662021] (70014)End of file found: [client 66.85.158.91:53118] AH02013: coalesce failed to read from data bucket
[Sat May 30 04:42:22.249146 2026] [ssl:error] [pid 1671638:tid 1671638] (70014)End of file found: [client 66.85.158.91:53148] AH02013: coalesce failed to read from data bucket
[Sat May 30 04:42:22.256220 2026] [ssl:error] [pid 1671662:tid 1671662] (70014)End of file found: [client 66.85.158.91:53166] AH02013: coalesce failed to read from data bucket
[Sat May 30 04:42:23.363418 2026] [autoindex:error] [pid 1666345:tid 1666345] [client 20.204.136.73:0] AH01276: Cannot serve directory /home/monarchdss/public_html/wp-admin/images/: No matching DirectoryIndex (index.php,index.php8,index.php7,index.php5,index.perl,index.pl,index.plx,index.ppl,index.cgi,index.jsp,index.jp,index.phtml,index.shtml,index.xhtml,index.html,index.htm,index.js) found, and server-generated directory index forbidden by Options directive
[Sat May 30 04:42:23.554865 2026] [ssl:error] [pid 1667316:tid 1667316] (70014)End of file found: [client 66.85.158.91:53262] AH02013: coalesce failed to read from data bucket
[Sat May 30 04:42:23.557611 2026] [ssl:error] [pid 1657896:tid 1657896] (70014)End of file found: [client 66.85.158.91:53288] AH02013: coalesce failed to read from data bucket
[Sat May 30 04:42:23.819862 2026] [ssl:error] [pid 1670711:tid 1670711] (70014)End of file found: [client 66.85.158.91:53306] AH02013: coalesce failed to read from data bucket
[Sat May 30 04:42:23.823322 2026] [ssl:error] [pid 1661802:tid 1661802] (70014)End of file found: [client 66.85.158.91:53326] AH02013: coalesce failed to read from data bucket
[Sat May 30 04:42:23.827332 2026] [autoindex:error] [pid 1671660:tid 1671660] [client 20.151.117.104:0] AH01276: Cannot serve directory /home/veneelk/public_html/wp-admin/images/: No matching DirectoryIndex (index.php,index.php8,index.php7,index.php5,index.perl,index.pl,index.plx,index.ppl,index.cgi,index.jsp,index.jp,index.phtml,index.shtml,index.xhtml,index.html,index.htm,index.js) found, and server-generated directory index forbidden by Options directive
[Sat May 30 04:42:23.829667 2026] [ssl:error] [pid 1671663:tid 1671663] (70014)End of file found: [client 66.85.158.91:53340] AH02013: coalesce failed to read from data bucket
[Sat May 30 04:42:23.933868 2026] [ssl:error] [pid 1648375:tid 1648375] (70014)End of file found: [client 66.85.158.91:53360] AH02013: coalesce failed to read from data bucket
[Sat May 30 04:42:24.182536 2026] [core:error] [pid 1669369:tid 1669369] (13)Permission denied: [client 57.141.14.42:0] AH00132: file permissions deny server access: /home/anandaob/public_html/js/Bl4ckhOle/root/proc/thread-self/root/sys/bus/memory/devices/memory110/subsystem/devices/memory0/subsystem/devices/memory87/node0/memory115/node0/memory57/subsystem/drivers_probe
[Sat May 30 04:42:24.420373 2026] [ssl:error] [pid 1647618:tid 1647618] (70014)End of file found: [client 66.85.158.91:53406] AH02013: coalesce failed to read from data bucket
[Sat May 30 04:42:24.544940 2026] [ssl:error] [pid 1669369:tid 1669369] (70014)End of file found: [client 66.85.158.91:53418] AH02013: coalesce failed to read from data bucket
[Sat May 30 04:42:24.944080 2026] [ssl:error] [pid 1672259:tid 1672259] (70014)End of file found: [client 66.85.158.91:53436] AH02013: coalesce failed to read from data bucket
[Sat May 30 04:42:25.288727 2026] [ssl:error] [pid 1666345:tid 1666345] (70014)End of file found: [client 66.85.158.91:53460] AH02013: coalesce failed to read from data bucket
[Sat May 30 04:42:25.602181 2026] [ssl:error] [pid 1672390:tid 1672390] (70014)End of file found: [client 66.85.158.91:53500] AH02013: coalesce failed to read from data bucket
[Sat May 30 04:42:26.149682 2026] [ssl:error] [pid 1647350:tid 1647350] (70014)End of file found: [client 66.85.158.91:53524] AH02013: coalesce failed to read from data bucket
[Sat May 30 04:42:27.147999 2026] [ssl:error] [pid 1672229:tid 1672229] (70014)End of file found: [client 66.85.158.91:53580] AH02013: coalesce failed to read from data bucket
[Sat May 30 04:42:27.476341 2026] [ssl:error] [pid 1671660:tid 1671660] (70014)End of file found: [client 66.85.158.91:53616] AH02013: coalesce failed to read from data bucket
[Sat May 30 04:42:28.764306 2026] [core:error] [pid 1670712:tid 1670712] (13)Permission denied: [client 216.73.216.174:0] AH00132: file permissions deny server access: /home/anandaob/public_html/js/Bl4ckhOle/root/sys/devices/virtual/tty/tty11/subsystem/ttyS0/iomem_base
[Sat May 30 04:42:28.946055 2026] [ssl:error] [pid 1670227:tid 1670227] (70014)End of file found: [client 66.85.158.91:53806] AH02013: coalesce failed to read from data bucket
[Sat May 30 04:42:29.194302 2026] [ssl:error] [pid 1670705:tid 1670705] (70014)End of file found: [client 66.85.158.91:53844] AH02013: coalesce failed to read from data bucket
[Sat May 30 04:42:29.285765 2026] [ssl:error] [pid 1671661:tid 1671661] (70014)End of file found: [client 66.85.158.91:53876] AH02013: coalesce failed to read from data bucket
[Sat May 30 04:42:29.308249 2026] [ssl:error] [pid 1672258:tid 1672258] (70014)End of file found: [client 66.85.158.91:53888] AH02013: coalesce failed to read from data bucket
[Sat May 30 04:42:29.464865 2026] [ssl:error] [pid 1662021:tid 1662021] (70014)End of file found: [client 66.85.158.91:53902] AH02013: coalesce failed to read from data bucket
[Sat May 30 04:42:29.497756 2026] [ssl:error] [pid 1671638:tid 1671638] (70014)End of file found: [client 66.85.158.91:53904] AH02013: coalesce failed to read from data bucket
[Sat May 30 04:42:29.790756 2026] [ssl:error] [pid 1670712:tid 1670712] (70014)End of file found: [client 66.85.158.91:53926] AH02013: coalesce failed to read from data bucket
[Sat May 30 04:42:29.905177 2026] [ssl:error] [pid 1657896:tid 1657896] (5)Input/output error: [client 66.85.158.91:53934] AH02013: coalesce failed to read from data bucket
[Sat May 30 04:42:30.107103 2026] [ssl:error] [pid 1667316:tid 1667316] (70014)End of file found: [client 66.85.158.91:53950] AH02013: coalesce failed to read from data bucket
[Sat May 30 04:42:31.119092 2026] [ssl:error] [pid 1672390:tid 1672390] (70014)End of file found: [client 66.85.158.91:50042] AH02013: coalesce failed to read from data bucket
[Sat May 30 04:42:31.267476 2026] [autoindex:error] [pid 1661800:tid 1661800] [client 20.151.117.104:0] AH01276: Cannot serve directory /home/veneelk/public_html/wp-admin/includes/: No matching DirectoryIndex (index.php,index.php8,index.php7,index.php5,index.perl,index.pl,index.plx,index.ppl,index.cgi,index.jsp,index.jp,index.phtml,index.shtml,index.xhtml,index.html,index.htm,index.js) found, and server-generated directory index forbidden by Options directive
[Sat May 30 04:42:31.497859 2026] [ssl:error] [pid 1668440:tid 1668440] (70014)End of file found: [client 66.85.158.91:50074] AH02013: coalesce failed to read from data bucket
[Sat May 30 04:42:32.678695 2026] [ssl:error] [pid 1672446:tid 1672446] (70014)End of file found: [client 66.85.158.91:50174] AH02013: coalesce failed to read from data bucket
[Sat May 30 04:42:33.004734 2026] [ssl:error] [pid 1647350:tid 1647350] (70014)End of file found: [client 66.85.158.91:50218] AH02013: coalesce failed to read from data bucket
[Sat May 30 04:42:33.167902 2026] [proxy_fcgi:error] [pid 1670707:tid 1670707] [client 57.141.14.14:0] AH01067: Failed to read FastCGI header
[Sat May 30 04:42:33.167960 2026] [proxy_fcgi:error] [pid 1670707:tid 1670707] (104)Connection reset by peer: [client 57.141.14.14:0] AH01075: Error dispatching request to :
[Sat May 30 04:42:33.554391 2026] [ssl:error] [pid 1666345:tid 1666345] (70014)End of file found: [client 66.85.158.91:50258] AH02013: coalesce failed to read from data bucket
[Sat May 30 04:42:34.293444 2026] [ssl:error] [pid 1672368:tid 1672368] (70014)End of file found: [client 66.85.158.91:50318] AH02013: coalesce failed to read from data bucket
[Sat May 30 04:42:34.430519 2026] [autoindex:error] [pid 1672259:tid 1672259] [client 20.204.136.73:0] AH01276: Cannot serve directory /home/monarchdss/public_html/wp-content/uploads/2022/07/: No matching DirectoryIndex (index.php,index.php8,index.php7,index.php5,index.perl,index.pl,index.plx,index.ppl,index.cgi,index.jsp,index.jp,index.phtml,index.shtml,index.xhtml,index.html,index.htm,index.js) found, and server-generated directory index forbidden by Options directive
[Sat May 30 04:42:34.557727 2026] [ssl:error] [pid 1661800:tid 1661800] (70014)End of file found: [client 66.85.158.91:50340] AH02013: coalesce failed to read from data bucket
[Sat May 30 04:42:34.632623 2026] [ssl:error] [pid 1653293:tid 1653293] (70014)End of file found: [client 66.85.158.91:50352] AH02013: coalesce failed to read from data bucket
[Sat May 30 04:42:34.743247 2026] [ssl:error] [pid 1671662:tid 1671662] (70014)End of file found: [client 66.85.158.91:50362] AH02013: coalesce failed to read from data bucket
[Sat May 30 04:42:34.846290 2026] [ssl:error] [pid 1670705:tid 1670705] (70014)End of file found: [client 66.85.158.91:50364] AH02013: coalesce failed to read from data bucket
[Sat May 30 04:42:35.115185 2026] [ssl:error] [pid 1671660:tid 1671660] (70014)End of file found: [client 66.85.158.91:50428] AH02013: coalesce failed to read from data bucket
