[Sat May 30 03:58:17.251215 2026] [ssl:error] [pid 1647536:tid 1647536] (70014)End of file found: [client 66.85.158.91:57628] AH02013: coalesce failed to read from data bucket
[Sat May 30 03:58:17.267491 2026] [ssl:error] [pid 1647637:tid 1647637] (70014)End of file found: [client 66.85.158.91:57666] AH02013: coalesce failed to read from data bucket
[Sat May 30 03:58:17.442654 2026] [proxy_fcgi:error] [pid 1647619:tid 1647619] [client 20.226.124.83:0] AH01071: Got error 'Primary script unknown'
[Sat May 30 03:58:17.468044 2026] [core:error] [pid 1647618:tid 1647618] (13)Permission denied: [client 216.73.216.174:0] AH00132: file permissions deny server access: /home/anandaob/public_html/js/Bl4ckhOle/root/proc/self/cwd/sys/class/tty/tty62/subsystem/ttyS1/closing_wait
[Sat May 30 03:58:17.572308 2026] [ssl:error] [pid 1647351:tid 1647351] (70014)End of file found: [client 66.85.158.91:57732] AH02013: coalesce failed to read from data bucket
[Sat May 30 03:58:17.611023 2026] [proxy_fcgi:error] [pid 1647383:tid 1647383] [client 20.226.124.83:0] AH01071: Got error 'Primary script unknown'
[Sat May 30 03:58:17.753239 2026] [core:error] [pid 1647353:tid 1647353] (13)Permission denied: [client 57.141.14.39:0] AH00132: file permissions deny server access: /home/anandaob/public_html/js/Bl4ckhOle/root/proc/thread-self/root/sys/bus/memory/devices/memory90/node0/memory124/node0/memory61/subsystem/uevent
[Sat May 30 03:58:17.790120 2026] [ssl:error] [pid 1647555:tid 1647555] (70014)End of file found: [client 66.85.158.91:57774] AH02013: coalesce failed to read from data bucket
[Sat May 30 03:58:17.803152 2026] [proxy_fcgi:error] [pid 1647640:tid 1647640] [client 20.226.124.83:0] AH01071: Got error 'Primary script unknown'
[Sat May 30 03:58:18.045127 2026] [proxy_fcgi:error] [pid 1647402:tid 1647402] [client 20.226.124.83:0] AH01071: Got error 'Primary script unknown'
[Sat May 30 03:58:18.171368 2026] [ssl:error] [pid 1647356:tid 1647356] (70014)End of file found: [client 66.85.158.91:57852] AH02013: coalesce failed to read from data bucket
[Sat May 30 03:58:18.223691 2026] [proxy_fcgi:error] [pid 1647368:tid 1647368] [client 20.226.124.83:0] AH01071: Got error 'Primary script unknown'
[Sat May 30 03:58:18.274421 2026] [ssl:error] [pid 1647367:tid 1647367] (5)Input/output error: [client 66.85.158.91:57854] AH02013: coalesce failed to read from data bucket
[Sat May 30 03:58:18.385670 2026] [ssl:error] [pid 1647353:tid 1647353] (70014)End of file found: [client 66.85.158.91:57894] AH02013: coalesce failed to read from data bucket
[Sat May 30 03:58:18.389546 2026] [proxy_fcgi:error] [pid 1647554:tid 1647554] [client 20.226.124.83:0] AH01071: Got error 'Primary script unknown'
[Sat May 30 03:58:18.475965 2026] [ssl:error] [pid 1647640:tid 1647640] (5)Input/output error: [client 66.85.158.91:57904] AH02013: coalesce failed to read from data bucket
[Sat May 30 03:58:18.574506 2026] [proxy_fcgi:error] [pid 1647352:tid 1647352] [client 20.226.124.83:0] AH01071: Got error 'Primary script unknown'
[Sat May 30 03:58:18.749885 2026] [proxy_fcgi:error] [pid 1647634:tid 1647634] [client 20.226.124.83:0] AH01071: Got error 'Primary script unknown'
[Sat May 30 03:58:18.957520 2026] [proxy_fcgi:error] [pid 1647635:tid 1647635] [client 20.226.124.83:0] AH01071: Got error 'Primary script unknown'
[Sat May 30 03:58:18.985428 2026] [ssl:error] [pid 1647350:tid 1647350] (70014)End of file found: [client 66.85.158.91:57968] AH02013: coalesce failed to read from data bucket
[Sat May 30 03:58:19.147795 2026] [proxy_fcgi:error] [pid 1647368:tid 1647368] [client 20.226.124.83:0] AH01071: Got error 'Primary script unknown'
[Sat May 30 03:58:19.190684 2026] [ssl:error] [pid 1647554:tid 1647554] (70014)End of file found: [client 66.85.158.91:57994] AH02013: coalesce failed to read from data bucket
[Sat May 30 03:58:19.357503 2026] [proxy_fcgi:error] [pid 1647472:tid 1647472] [client 20.226.124.83:0] AH01071: Got error 'Primary script unknown'
[Sat May 30 03:58:19.541773 2026] [proxy_fcgi:error] [pid 1647352:tid 1647352] [client 20.226.124.83:0] AH01071: Got error 'Primary script unknown'
[Sat May 30 03:58:19.714743 2026] [proxy_fcgi:error] [pid 1647394:tid 1647394] [client 20.226.124.83:0] AH01071: Got error 'Primary script unknown'
[Sat May 30 03:58:19.978401 2026] [proxy_fcgi:error] [pid 1647402:tid 1647402] [client 20.226.124.83:0] AH01071: Got error 'Primary script unknown'
[Sat May 30 03:58:20.152102 2026] [ssl:error] [pid 1647638:tid 1647638] (70014)End of file found: [client 66.85.158.91:58028] AH02013: coalesce failed to read from data bucket
[Sat May 30 03:58:20.160151 2026] [proxy_fcgi:error] [pid 1647618:tid 1647618] [client 20.226.124.83:0] AH01071: Got error 'Primary script unknown'
[Sat May 30 03:58:20.372641 2026] [proxy_fcgi:error] [pid 1647368:tid 1647368] [client 20.226.124.83:0] AH01071: Got error 'Primary script unknown'
[Sat May 30 03:58:20.551279 2026] [proxy_fcgi:error] [pid 1647472:tid 1647472] [client 20.226.124.83:0] AH01071: Got error 'Primary script unknown'
[Sat May 30 03:58:20.736713 2026] [proxy_fcgi:error] [pid 1647616:tid 1647616] [client 20.226.124.83:0] AH01071: Got error 'Primary script unknown'
[Sat May 30 03:58:20.907721 2026] [proxy_fcgi:error] [pid 1647352:tid 1647352] [client 20.226.124.83:0] AH01071: Got error 'Primary script unknown'
[Sat May 30 03:58:21.073788 2026] [ssl:error] [pid 1647394:tid 1647394] (70014)End of file found: [client 66.85.158.91:39986] AH02013: coalesce failed to read from data bucket
[Sat May 30 03:58:21.095351 2026] [proxy_fcgi:error] [pid 1647634:tid 1647634] [client 20.226.124.83:0] AH01071: Got error 'Primary script unknown'
[Sat May 30 03:58:21.270051 2026] [proxy_fcgi:error] [pid 1647639:tid 1647639] [client 20.226.124.83:0] AH01071: Got error 'Primary script unknown'
[Sat May 30 03:58:21.445139 2026] [proxy_fcgi:error] [pid 1647618:tid 1647618] [client 20.226.124.83:0] AH01071: Got error 'Primary script unknown'
[Sat May 30 03:58:21.749998 2026] [mime:warn] [pid 1647472:tid 1647472] AH01599: Cannot get media type from 'txt'
[Sat May 30 03:58:21.791668 2026] [proxy_fcgi:error] [pid 1647616:tid 1647616] [client 20.226.124.83:0] AH01071: Got error 'Primary script unknown'
[Sat May 30 03:58:22.038109 2026] [core:error] [pid 1647398:tid 1647398] (13)Permission denied: [client 57.141.14.6:0] AH00132: file permissions deny server access: /home/anandaob/public_html/js/Bl4ckhOle/root/proc/thread-self/root/sys/bus/memory/devices/memory7/node0/memory7/node0/memory99/subsystem/drivers_probe
[Sat May 30 03:58:22.042685 2026] [proxy_fcgi:error] [pid 1647634:tid 1647634] [client 20.226.124.83:0] AH01071: Got error 'Primary script unknown'
[Sat May 30 03:58:22.321844 2026] [ssl:error] [pid 1647619:tid 1647619] (70014)End of file found: [client 66.85.158.91:40098] AH02013: coalesce failed to read from data bucket
[Sat May 30 03:58:22.420881 2026] [ssl:error] [pid 1647617:tid 1647617] (70014)End of file found: [client 66.85.158.91:40104] AH02013: coalesce failed to read from data bucket
[Sat May 30 03:58:22.471583 2026] [ssl:error] [pid 1647383:tid 1647383] (70014)End of file found: [client 66.85.158.91:40112] AH02013: coalesce failed to read from data bucket
[Sat May 30 03:58:22.471900 2026] [proxy_fcgi:error] [pid 1647618:tid 1647618] [client 20.226.124.83:0] AH01071: Got error 'Primary script unknown'
[Sat May 30 03:58:22.627812 2026] [ssl:error] [pid 1647472:tid 1647472] (70014)End of file found: [client 66.85.158.91:40150] AH02013: coalesce failed to read from data bucket
[Sat May 30 03:58:22.665125 2026] [proxy_fcgi:error] [pid 1647616:tid 1647616] [client 20.226.124.83:0] AH01071: Got error 'Primary script unknown'
[Sat May 30 03:58:22.684590 2026] [ssl:error] [pid 1647352:tid 1647352] (70014)End of file found: [client 66.85.158.91:40162] AH02013: coalesce failed to read from data bucket
[Sat May 30 03:58:23.135872 2026] [proxy_fcgi:error] [pid 1647618:tid 1647618] [client 20.226.124.83:0] AH01071: Got error 'Primary script unknown'
[Sat May 30 03:58:23.228061 2026] [security2:error] [pid 1647368:tid 1647368] [client 45.45.237.225:0] ModSecurity: Warning. Matched phrase "/.git/" at REQUEST_FILENAME. [file "/etc/apache2/conf.d/modsec_vendor_configs/OWASP3/rules/REQUEST-930-APPLICATION-ATTACK-LFI.conf"] [line "125"] [id "930130"] [msg "Restricted File Access Attempt"] [data "Matched Data: /.git/ found within REQUEST_FILENAME: /.git/head"] [severity "CRITICAL"] [ver "OWASP_CRS/3.3.9"] [tag "application-multi"] [tag "language-multi"] [tag "platform-multi"] [tag "attack-lfi"] [tag "paranoia-level/1"] [tag "OWASP_CRS"] [tag "capec/1000/255/153/126"] [tag "PCI/6.5.4"] [hostname "bostonlanka.com"] [uri "/.git/HEAD"] [unique_id "ahoTBxZJuurfaX8ujxHFEgAAAAM"]
[Sat May 30 03:58:23.228420 2026] [security2:error] [pid 1647368:tid 1647368] [client 45.45.237.225:0] ModSecurity: Warning. Operator GE matched 5 at TX:anomaly_score. [file "/etc/apache2/conf.d/modsec_vendor_configs/OWASP3/rules/REQUEST-949-BLOCKING-EVALUATION.conf"] [line "94"] [id "949110"] [msg "Inbound Anomaly Score Exceeded (Total Score: 5)"] [severity "CRITICAL"] [ver "OWASP_CRS/3.3.9"] [tag "application-multi"] [tag "language-multi"] [tag "platform-multi"] [tag "attack-generic"] [hostname "bostonlanka.com"] [uri "/.git/HEAD"] [unique_id "ahoTBxZJuurfaX8ujxHFEgAAAAM"]
[Sat May 30 03:58:23.238298 2026] [security2:error] [pid 1647453:tid 1647453] [client 45.45.237.225:0] ModSecurity: Warning. Matched phrase "/.git/" at REQUEST_FILENAME. [file "/etc/apache2/conf.d/modsec_vendor_configs/OWASP3/rules/REQUEST-930-APPLICATION-ATTACK-LFI.conf"] [line "125"] [id "930130"] [msg "Restricted File Access Attempt"] [data "Matched Data: /.git/ found within REQUEST_FILENAME: /.git/config"] [severity "CRITICAL"] [ver "OWASP_CRS/3.3.9"] [tag "application-multi"] [tag "language-multi"] [tag "platform-multi"] [tag "attack-lfi"] [tag "paranoia-level/1"] [tag "OWASP_CRS"] [tag "capec/1000/255/153/126"] [tag "PCI/6.5.4"] [hostname "bostonlanka.com"] [uri "/.git/config"] [unique_id "ahoTB6-QagIqVGssDFSPigAAAAo"]
[Sat May 30 03:58:23.238696 2026] [security2:error] [pid 1647453:tid 1647453] [client 45.45.237.225:0] ModSecurity: Warning. Operator GE matched 5 at TX:anomaly_score. [file "/etc/apache2/conf.d/modsec_vendor_configs/OWASP3/rules/REQUEST-949-BLOCKING-EVALUATION.conf"] [line "94"] [id "949110"] [msg "Inbound Anomaly Score Exceeded (Total Score: 5)"] [severity "CRITICAL"] [ver "OWASP_CRS/3.3.9"] [tag "application-multi"] [tag "language-multi"] [tag "platform-multi"] [tag "attack-generic"] [hostname "bostonlanka.com"] [uri "/.git/config"] [unique_id "ahoTB6-QagIqVGssDFSPigAAAAo"]
[Sat May 30 03:58:23.240244 2026] [ssl:error] [pid 1647555:tid 1647555] (5)Input/output error: [client 66.85.158.91:40260] AH02013: coalesce failed to read from data bucket
[Sat May 30 03:58:23.347198 2026] [ssl:error] [pid 1647536:tid 1647536] (70014)End of file found: [client 66.85.158.91:40280] AH02013: coalesce failed to read from data bucket
[Sat May 30 03:58:23.434579 2026] [core:error] [pid 1647636:tid 1647636] (13)Permission denied: [client 216.73.216.174:0] AH00132: file permissions deny server access: /home/anandaob/public_html/js/Bl4ckhOle/root/proc/thread-self/cwd/sys/class/tty/tty55/subsystem/ttyS0/iomem_base
[Sat May 30 03:58:23.536685 2026] [ssl:error] [pid 1647402:tid 1647402] (70014)End of file found: [client 66.85.158.91:40312] AH02013: coalesce failed to read from data bucket
[Sat May 30 03:58:23.738520 2026] [ssl:error] [pid 1647356:tid 1647356] (5)Input/output error: [client 66.85.158.91:40320] AH02013: coalesce failed to read from data bucket
[Sat May 30 03:58:23.773154 2026] [proxy_fcgi:error] [pid 1647372:tid 1647372] [client 20.226.124.83:0] AH01071: Got error 'Primary script unknown'
[Sat May 30 03:58:23.810580 2026] [ssl:error] [pid 1647641:tid 1647641] (70014)End of file found: [client 66.85.158.91:40338] AH02013: coalesce failed to read from data bucket
[Sat May 30 03:58:23.972138 2026] [proxy_fcgi:error] [pid 1647372:tid 1647372] [client 20.226.124.83:0] AH01071: Got error 'Primary script unknown'
[Sat May 30 03:58:24.036574 2026] [ssl:error] [pid 1647616:tid 1647616] (70014)End of file found: [client 66.85.158.91:40400] AH02013: coalesce failed to read from data bucket
[Sat May 30 03:58:24.163042 2026] [core:error] [pid 1647636:tid 1647636] (13)Permission denied: [client 216.73.216.174:0] AH00132: file permissions deny server access: /home/anandaob/public_html/js/Bl4ckhOle/root/sys/class/wakeup/wakeup4/device/subsystem/devices/PNP0A03:00/device:1e/eject
[Sat May 30 03:58:24.167318 2026] [proxy_fcgi:error] [pid 1647640:tid 1647640] [client 20.226.124.83:0] AH01071: Got error 'Primary script unknown'
[Sat May 30 03:58:24.347474 2026] [ssl:error] [pid 1647634:tid 1647634] (70014)End of file found: [client 66.85.158.91:40452] AH02013: coalesce failed to read from data bucket
[Sat May 30 03:58:24.347808 2026] [proxy_fcgi:error] [pid 1647350:tid 1647350] [client 20.226.124.83:0] AH01071: Got error 'Primary script unknown'
[Sat May 30 03:58:24.520788 2026] [proxy_fcgi:error] [pid 1647640:tid 1647640] [client 20.226.124.83:0] AH01071: Got error 'Primary script unknown'
[Sat May 30 03:58:24.551554 2026] [ssl:error] [pid 1647618:tid 1647618] (70014)End of file found: [client 66.85.158.91:40488] AH02013: coalesce failed to read from data bucket
[Sat May 30 03:58:24.719283 2026] [security2:error] [pid 1647368:tid 1647368] [client 45.45.237.225:0] ModSecurity: Warning. Operator GE matched 5 at TX:inbound_anomaly_score. [file "/etc/apache2/conf.d/modsec_vendor_configs/OWASP3/rules/RESPONSE-980-CORRELATION.conf"] [line "92"] [id "980130"] [msg "Inbound Anomaly Score Exceeded (Total Inbound Score: 5 - SQLI=0,XSS=0,RFI=0,LFI=5,RCE=0,PHPI=0,HTTP=0,SESS=0): individual paranoia level scores: 5, 0, 0, 0"] [ver "OWASP_CRS/3.3.9"] [tag "event-correlation"] [hostname "bostonlanka.com"] [uri "/index.php"] [unique_id "ahoTBxZJuurfaX8ujxHFEgAAAAM"]
[Sat May 30 03:58:24.901678 2026] [proxy_fcgi:error] [pid 1647639:tid 1647639] [client 20.226.124.83:0] AH01071: Got error 'Primary script unknown'
[Sat May 30 03:58:24.954536 2026] [security2:error] [pid 1647636:tid 1647636] [client 216.73.216.174:0] ModSecurity: collections_remove_stale: Failed to access DBM file "/var/cpanel/secdatadir/anandaob-global": Permission denied [hostname "anandaobauae.org"] [uri "/js/Bl4ckhOle/root/proc/self/cwd/usr/share/locale/la/"] [unique_id "ahoTCHp2GQyrAsXBrq5ehgAAABY"], referer: https://anandaobauae.org/js/Bl4ckhOle/root/proc/self/cwd/usr/share/locale/la
[Sat May 30 03:58:24.954618 2026] [security2:error] [pid 1647636:tid 1647636] [client 216.73.216.174:0] ModSecurity: collections_remove_stale: Failed to access DBM file "/var/cpanel/secdatadir/anandaob-ip": Permission denied [hostname "anandaobauae.org"] [uri "/js/Bl4ckhOle/root/proc/self/cwd/usr/share/locale/la/"] [unique_id "ahoTCHp2GQyrAsXBrq5ehgAAABY"], referer: https://anandaobauae.org/js/Bl4ckhOle/root/proc/self/cwd/usr/share/locale/la
[Sat May 30 03:58:25.062855 2026] [ssl:error] [pid 1647368:tid 1647368] (70014)End of file found: [client 66.85.158.91:40564] AH02013: coalesce failed to read from data bucket
[Sat May 30 03:58:25.074942 2026] [proxy_fcgi:error] [pid 1647637:tid 1647637] [client 20.226.124.83:0] AH01071: Got error 'Primary script unknown'
[Sat May 30 03:58:25.569117 2026] [ssl:error] [pid 1647635:tid 1647635] (70014)End of file found: [client 66.85.158.91:40588] AH02013: coalesce failed to read from data bucket
[Sat May 30 03:58:25.917909 2026] [security2:error] [pid 1647453:tid 1647453] [client 45.45.237.225:0] ModSecurity: Warning. Operator GE matched 5 at TX:inbound_anomaly_score. [file "/etc/apache2/conf.d/modsec_vendor_configs/OWASP3/rules/RESPONSE-980-CORRELATION.conf"] [line "92"] [id "980130"] [msg "Inbound Anomaly Score Exceeded (Total Inbound Score: 5 - SQLI=0,XSS=0,RFI=0,LFI=5,RCE=0,PHPI=0,HTTP=0,SESS=0): individual paranoia level scores: 5, 0, 0, 0"] [ver "OWASP_CRS/3.3.9"] [tag "event-correlation"] [hostname "bostonlanka.com"] [uri "/index.php"] [unique_id "ahoTB6-QagIqVGssDFSPigAAAAo"]
[Sat May 30 03:58:26.698994 2026] [ssl:error] [pid 1647637:tid 1647637] (70014)End of file found: [client 66.85.158.91:40678] AH02013: coalesce failed to read from data bucket
[Sat May 30 03:58:27.588908 2026] [ssl:error] [pid 1647394:tid 1647394] (70014)End of file found: [client 66.85.158.91:40760] AH02013: coalesce failed to read from data bucket
[Sat May 30 03:58:27.677619 2026] [security2:error] [pid 1647372:tid 1647372] [client 45.45.237.225:0] ModSecurity: Warning. String match within ".asa/ .asax/ .ascx/ .axd/ .backup/ .bak/ .bat/ .cdx/ .cer/ .cfg/ .cmd/ .com/ .config/ .conf/ .cs/ .csproj/ .csr/ .dat/ .db/ .dbf/ .dll/ .dos/ .htr/ .htw/ .ida/ .idc/ .idq/ .inc/ .ini/ .key/ .licx/ .lnk/ .log/ .mdb/ .old/ .pass/ .pdb/ .pol/ .printer/ .pwd/ .rdb/ .resources/ .resx/ .sql/ .swp/ .sys/ .vb/ .vbs/ .vbproj/ .vsdisco/ .webinfo/ .xsd/ .xsx/" at TX:extension. [file "/etc/apache2/conf.d/modsec_vendor_configs/OWASP3/rules/REQUEST-920-PROTOCOL-ENFORCEMENT.conf"] [line "1055"] [id "920440"] [msg "URL file extension is restricted by policy"] [data ".backup"] [severity "CRITICAL"] [ver "OWASP_CRS/3.3.9"] [tag "application-multi"] [tag "language-multi"] [tag "platform-multi"] [tag "attack-protocol"] [tag "paranoia-level/1"] [tag "OWASP_CRS"] [tag "capec/1000/210/272"] [tag "PCI/6.5.10"] [hostname "bostonlanka.com"] [uri "/.env.backup"] [unique_id "ahoTC7PHXQZPe58D0BQIVQAAAAQ"]
[Sat May 30 03:58:27.677866 2026] [security2:error] [pid 1647372:tid 1647372] [client 45.45.237.225:0] ModSecurity: Warning. Matched phrase "/.env" at REQUEST_FILENAME. [file "/etc/apache2/conf.d/modsec_vendor_configs/OWASP3/rules/REQUEST-930-APPLICATION-ATTACK-LFI.conf"] [line "125"] [id "930130"] [msg "Restricted File Access Attempt"] [data "Matched Data: /.env found within REQUEST_FILENAME: /.env.backup"] [severity "CRITICAL"] [ver "OWASP_CRS/3.3.9"] [tag "application-multi"] [tag "language-multi"] [tag "platform-multi"] [tag "attack-lfi"] [tag "paranoia-level/1"] [tag "OWASP_CRS"] [tag "capec/1000/255/153/126"] [tag "PCI/6.5.4"] [hostname "bostonlanka.com"] [uri "/.env.backup"] [unique_id "ahoTC7PHXQZPe58D0BQIVQAAAAQ"]
[Sat May 30 03:58:27.678189 2026] [security2:error] [pid 1647372:tid 1647372] [client 45.45.237.225:0] ModSecurity: Warning. Operator GE matched 5 at TX:anomaly_score. [file "/etc/apache2/conf.d/modsec_vendor_configs/OWASP3/rules/REQUEST-949-BLOCKING-EVALUATION.conf"] [line "94"] [id "949110"] [msg "Inbound Anomaly Score Exceeded (Total Score: 10)"] [severity "CRITICAL"] [ver "OWASP_CRS/3.3.9"] [tag "application-multi"] [tag "language-multi"] [tag "platform-multi"] [tag "attack-generic"] [hostname "bostonlanka.com"] [uri "/.env.backup"] [unique_id "ahoTC7PHXQZPe58D0BQIVQAAAAQ"]
[Sat May 30 03:58:27.681232 2026] [security2:error] [pid 1647351:tid 1647351] [client 45.45.237.225:0] ModSecurity: Warning. Matched phrase "/.env" at REQUEST_FILENAME. [file "/etc/apache2/conf.d/modsec_vendor_configs/OWASP3/rules/REQUEST-930-APPLICATION-ATTACK-LFI.conf"] [line "125"] [id "930130"] [msg "Restricted File Access Attempt"] [data "Matched Data: /.env found within REQUEST_FILENAME: /.env.local"] [severity "CRITICAL"] [ver "OWASP_CRS/3.3.9"] [tag "application-multi"] [tag "language-multi"] [tag "platform-multi"] [tag "attack-lfi"] [tag "paranoia-level/1"] [tag "OWASP_CRS"] [tag "capec/1000/255/153/126"] [tag "PCI/6.5.4"] [hostname "bostonlanka.com"] [uri "/.env.local"] [unique_id "ahoTC5m-_Zwt1PUyTD9-swAAACM"]
[Sat May 30 03:58:27.681594 2026] [security2:error] [pid 1647351:tid 1647351] [client 45.45.237.225:0] ModSecurity: Warning. Operator GE matched 5 at TX:anomaly_score. [file "/etc/apache2/conf.d/modsec_vendor_configs/OWASP3/rules/REQUEST-949-BLOCKING-EVALUATION.conf"] [line "94"] [id "949110"] [msg "Inbound Anomaly Score Exceeded (Total Score: 5)"] [severity "CRITICAL"] [ver "OWASP_CRS/3.3.9"] [tag "application-multi"] [tag "language-multi"] [tag "platform-multi"] [tag "attack-generic"] [hostname "bostonlanka.com"] [uri "/.env.local"] [unique_id "ahoTC5m-_Zwt1PUyTD9-swAAACM"]
[Sat May 30 03:58:27.725577 2026] [security2:error] [pid 1647383:tid 1647383] [client 45.45.237.225:0] ModSecurity: Warning. Matched phrase "/.env" at REQUEST_FILENAME. [file "/etc/apache2/conf.d/modsec_vendor_configs/OWASP3/rules/REQUEST-930-APPLICATION-ATTACK-LFI.conf"] [line "125"] [id "930130"] [msg "Restricted File Access Attempt"] [data "Matched Data: /.env found within REQUEST_FILENAME: /.env.development"] [severity "CRITICAL"] [ver "OWASP_CRS/3.3.9"] [tag "application-multi"] [tag "language-multi"] [tag "platform-multi"] [tag "attack-lfi"] [tag "paranoia-level/1"] [tag "OWASP_CRS"] [tag "capec/1000/255/153/126"] [tag "PCI/6.5.4"] [hostname "bostonlanka.com"] [uri "/.env.development"] [unique_id "ahoTC20IiHer87OJTTjYdQAAAAY"]
[Sat May 30 03:58:27.725953 2026] [security2:error] [pid 1647383:tid 1647383] [client 45.45.237.225:0] ModSecurity: Warning. Operator GE matched 5 at TX:anomaly_score. [file "/etc/apache2/conf.d/modsec_vendor_configs/OWASP3/rules/REQUEST-949-BLOCKING-EVALUATION.conf"] [line "94"] [id "949110"] [msg "Inbound Anomaly Score Exceeded (Total Score: 5)"] [severity "CRITICAL"] [ver "OWASP_CRS/3.3.9"] [tag "application-multi"] [tag "language-multi"] [tag "platform-multi"] [tag "attack-generic"] [hostname "bostonlanka.com"] [uri "/.env.development"] [unique_id "ahoTC20IiHer87OJTTjYdQAAAAY"]
[Sat May 30 03:58:27.726134 2026] [hostinglimits:warn] [pid 1647383:tid 1647383] mod_hostinglimits: Error on LVE enter: LVE(1017) HANDLER(proxy:unix:/opt/cpanel/ea-php74/root/usr/var/run/php-fpm/383bef7f29791b6a97564c1b986156ea6b80a5f6.sock|fcgi://bostonlanka.com) HOSTNAME(bostonlanka.com) URL(/index.php) TID(1647383) errno (7) MHL-E2BIG - entry processes limit reached, read more: https://docs.cloudlinux.com/cloudlinux_os_components/#errors min_uid (1000)
[Sat May 30 03:58:27.726356 2026] [security2:error] [pid 1647383:tid 1647383] [client 45.45.237.225:0] ModSecurity: Warning. Operator GE matched 5 at TX:inbound_anomaly_score. [file "/etc/apache2/conf.d/modsec_vendor_configs/OWASP3/rules/RESPONSE-980-CORRELATION.conf"] [line "92"] [id "980130"] [msg "Inbound Anomaly Score Exceeded (Total Inbound Score: 5 - SQLI=0,XSS=0,RFI=0,LFI=5,RCE=0,PHPI=0,HTTP=0,SESS=0): individual paranoia level scores: 5, 0, 0, 0"] [ver "OWASP_CRS/3.3.9"] [tag "event-correlation"] [hostname "bostonlanka.com"] [uri "/index.php"] [unique_id "ahoTC20IiHer87OJTTjYdQAAAAY"]
[Sat May 30 03:58:27.728776 2026] [hostinglimits:warn] [pid 1647453:tid 1647453] mod_hostinglimits: Error on LVE enter: LVE(1017) HANDLER(proxy:unix:/opt/cpanel/ea-php74/root/usr/var/run/php-fpm/383bef7f29791b6a97564c1b986156ea6b80a5f6.sock|fcgi://bostonlanka.com) HOSTNAME(bostonlanka.com) URL(/index.php) TID(1647453) errno (7) MHL-E2BIG - entry processes limit reached, read more: https://docs.cloudlinux.com/cloudlinux_os_components/#errors min_uid (1000)
[Sat May 30 03:58:27.731188 2026] [hostinglimits:warn] [pid 1647617:tid 1647617] mod_hostinglimits: Error on LVE enter: LVE(1017) HANDLER(proxy:unix:/opt/cpanel/ea-php74/root/usr/var/run/php-fpm/383bef7f29791b6a97564c1b986156ea6b80a5f6.sock|fcgi://bostonlanka.com) HOSTNAME(bostonlanka.com) URL(/index.php) TID(1647617) errno (7) MHL-E2BIG - entry processes limit reached, read more: https://docs.cloudlinux.com/cloudlinux_os_components/#errors min_uid (1000)
[Sat May 30 03:58:27.739211 2026] [hostinglimits:warn] [pid 1647640:tid 1647640] mod_hostinglimits: Error on LVE enter: LVE(1017) HANDLER(proxy:unix:/opt/cpanel/ea-php74/root/usr/var/run/php-fpm/383bef7f29791b6a97564c1b986156ea6b80a5f6.sock|fcgi://bostonlanka.com) HOSTNAME(bostonlanka.com) URL(/index.php) TID(1647640) errno (7) MHL-E2BIG - entry processes limit reached, read more: https://docs.cloudlinux.com/cloudlinux_os_components/#errors min_uid (1000)
[Sat May 30 03:58:27.741815 2026] [hostinglimits:warn] [pid 1647453:tid 1647453] mod_hostinglimits: Error on LVE enter: LVE(1017) HANDLER(proxy:unix:/opt/cpanel/ea-php74/root/usr/var/run/php-fpm/383bef7f29791b6a97564c1b986156ea6b80a5f6.sock|fcgi://bostonlanka.com) HOSTNAME(bostonlanka.com) URL(/index.php) TID(1647453) errno (7) MHL-E2BIG - entry processes limit reached, read more: https://docs.cloudlinux.com/cloudlinux_os_components/#errors min_uid (1000)
[Sat May 30 03:58:27.744252 2026] [security2:error] [pid 1647617:tid 1647617] [client 45.45.237.225:0] ModSecurity: Warning. String match within ".asa/ .asax/ .ascx/ .axd/ .backup/ .bak/ .bat/ .cdx/ .cer/ .cfg/ .cmd/ .com/ .config/ .conf/ .cs/ .csproj/ .csr/ .dat/ .db/ .dbf/ .dll/ .dos/ .htr/ .htw/ .ida/ .idc/ .idq/ .inc/ .ini/ .key/ .licx/ .lnk/ .log/ .mdb/ .old/ .pass/ .pdb/ .pol/ .printer/ .pwd/ .rdb/ .resources/ .resx/ .sql/ .swp/ .sys/ .vb/ .vbs/ .vbproj/ .vsdisco/ .webinfo/ .xsd/ .xsx/" at TX:extension. [file "/etc/apache2/conf.d/modsec_vendor_configs/OWASP3/rules/REQUEST-920-PROTOCOL-ENFORCEMENT.conf"] [line "1055"] [id "920440"] [msg "URL file extension is restricted by policy"] [data ".bak"] [severity "CRITICAL"] [ver "OWASP_CRS/3.3.9"] [tag "application-multi"] [tag "language-multi"] [tag "platform-multi"] [tag "attack-protocol"] [tag "paranoia-level/1"] [tag "OWASP_CRS"] [tag "capec/1000/210/272"] [tag "PCI/6.5.10"] [hostname "bostonlanka.com"] [uri "/.env.bak"] [unique_id "ahoTC7lxe6D_q93m9IPfsQAAABE"]
[Sat May 30 03:58:27.744521 2026] [security2:error] [pid 1647617:tid 1647617] [client 45.45.237.225:0] ModSecurity: Warning. Matched phrase "/.env" at REQUEST_FILENAME. [file "/etc/apache2/conf.d/modsec_vendor_configs/OWASP3/rules/REQUEST-930-APPLICATION-ATTACK-LFI.conf"] [line "125"] [id "930130"] [msg "Restricted File Access Attempt"] [data "Matched Data: /.env found within REQUEST_FILENAME: /.env.bak"] [severity "CRITICAL"] [ver "OWASP_CRS/3.3.9"] [tag "application-multi"] [tag "language-multi"] [tag "platform-multi"] [tag "attack-lfi"] [tag "paranoia-level/1"] [tag "OWASP_CRS"] [tag "capec/1000/255/153/126"] [tag "PCI/6.5.4"] [hostname "bostonlanka.com"] [uri "/.env.bak"] [unique_id "ahoTC7lxe6D_q93m9IPfsQAAABE"]
[Sat May 30 03:58:27.744875 2026] [security2:error] [pid 1647617:tid 1647617] [client 45.45.237.225:0] ModSecurity: Warning. Operator GE matched 5 at TX:anomaly_score. [file "/etc/apache2/conf.d/modsec_vendor_configs/OWASP3/rules/REQUEST-949-BLOCKING-EVALUATION.conf"] [line "94"] [id "949110"] [msg "Inbound Anomaly Score Exceeded (Total Score: 10)"] [severity "CRITICAL"] [ver "OWASP_CRS/3.3.9"] [tag "application-multi"] [tag "language-multi"] [tag "platform-multi"] [tag "attack-generic"] [hostname "bostonlanka.com"] [uri "/.env.bak"] [unique_id "ahoTC7lxe6D_q93m9IPfsQAAABE"]
[Sat May 30 03:58:27.745063 2026] [hostinglimits:warn] [pid 1647617:tid 1647617] mod_hostinglimits: Error on LVE enter: LVE(1017) HANDLER(proxy:unix:/opt/cpanel/ea-php74/root/usr/var/run/php-fpm/383bef7f29791b6a97564c1b986156ea6b80a5f6.sock|fcgi://bostonlanka.com) HOSTNAME(bostonlanka.com) URL(/index.php) TID(1647617) errno (7) MHL-E2BIG - entry processes limit reached, read more: https://docs.cloudlinux.com/cloudlinux_os_components/#errors min_uid (1000)
[Sat May 30 03:58:27.745300 2026] [security2:error] [pid 1647617:tid 1647617] [client 45.45.237.225:0] ModSecurity: Warning. Operator GE matched 5 at TX:inbound_anomaly_score. [file "/etc/apache2/conf.d/modsec_vendor_configs/OWASP3/rules/RESPONSE-980-CORRELATION.conf"] [line "92"] [id "980130"] [msg "Inbound Anomaly Score Exceeded (Total Inbound Score: 10 - SQLI=0,XSS=0,RFI=0,LFI=5,RCE=0,PHPI=0,HTTP=0,SESS=0): individual paranoia level scores: 10, 0, 0, 0"] [ver "OWASP_CRS/3.3.9"] [tag "event-correlation"] [hostname "bostonlanka.com"] [uri "/index.php"] [unique_id "ahoTC7lxe6D_q93m9IPfsQAAABE"]
[Sat May 30 03:58:27.747302 2026] [ssl:error] [pid 1647383:tid 1647383] (70014)End of file found: [client 66.85.158.91:40900] AH02013: coalesce failed to read from data bucket
[Sat May 30 03:58:28.114918 2026] [hostinglimits:warn] [pid 1647617:tid 1647617] mod_hostinglimits: Error on LVE enter: LVE(1017) HANDLER(proxy:unix:/opt/cpanel/ea-php74/root/usr/var/run/php-fpm/383bef7f29791b6a97564c1b986156ea6b80a5f6.sock|fcgi://bostonlanka.com) HOSTNAME(bostonlanka.com) URL(/index.php) TID(1647617) errno (7) MHL-E2BIG - entry processes limit reached, read more: https://docs.cloudlinux.com/cloudlinux_os_components/#errors min_uid (1000)
[Sat May 30 03:58:28.117416 2026] [security2:error] [pid 1647638:tid 1647638] [client 45.45.237.225:0] ModSecurity: Warning. Matched phrase "/.env" at REQUEST_FILENAME. [file "/etc/apache2/conf.d/modsec_vendor_configs/OWASP3/rules/REQUEST-930-APPLICATION-ATTACK-LFI.conf"] [line "125"] [id "930130"] [msg "Restricted File Access Attempt"] [data "Matched Data: /.env found within REQUEST_FILENAME: /.env.production"] [severity "CRITICAL"] [ver "OWASP_CRS/3.3.9"] [tag "application-multi"] [tag "language-multi"] [tag "platform-multi"] [tag "attack-lfi"] [tag "paranoia-level/1"] [tag "OWASP_CRS"] [tag "capec/1000/255/153/126"] [tag "PCI/6.5.4"] [hostname "bostonlanka.com"] [uri "/.env.production"] [unique_id "ahoTDBg9Y8ymLwhZzeKpJgAAABg"]
[Sat May 30 03:58:28.117696 2026] [security2:error] [pid 1647638:tid 1647638] [client 45.45.237.225:0] ModSecurity: Warning. Operator GE matched 5 at TX:anomaly_score. [file "/etc/apache2/conf.d/modsec_vendor_configs/OWASP3/rules/REQUEST-949-BLOCKING-EVALUATION.conf"] [line "94"] [id "949110"] [msg "Inbound Anomaly Score Exceeded (Total Score: 5)"] [severity "CRITICAL"] [ver "OWASP_CRS/3.3.9"] [tag "application-multi"] [tag "language-multi"] [tag "platform-multi"] [tag "attack-generic"] [hostname "bostonlanka.com"] [uri "/.env.production"] [unique_id "ahoTDBg9Y8ymLwhZzeKpJgAAABg"]
[Sat May 30 03:58:28.117799 2026] [hostinglimits:warn] [pid 1647638:tid 1647638] mod_hostinglimits: Error on LVE enter: LVE(1017) HANDLER(proxy:unix:/opt/cpanel/ea-php74/root/usr/var/run/php-fpm/383bef7f29791b6a97564c1b986156ea6b80a5f6.sock|fcgi://bostonlanka.com) HOSTNAME(bostonlanka.com) URL(/index.php) TID(1647638) errno (7) MHL-E2BIG - entry processes limit reached, read more: https://docs.cloudlinux.com/cloudlinux_os_components/#errors min_uid (1000)
[Sat May 30 03:58:28.117914 2026] [security2:error] [pid 1647638:tid 1647638] [client 45.45.237.225:0] ModSecurity: Warning. Operator GE matched 5 at TX:inbound_anomaly_score. [file "/etc/apache2/conf.d/modsec_vendor_configs/OWASP3/rules/RESPONSE-980-CORRELATION.conf"] [line "92"] [id "980130"] [msg "Inbound Anomaly Score Exceeded (Total Inbound Score: 5 - SQLI=0,XSS=0,RFI=0,LFI=5,RCE=0,PHPI=0,HTTP=0,SESS=0): individual paranoia level scores: 5, 0, 0, 0"] [ver "OWASP_CRS/3.3.9"] [tag "event-correlation"] [hostname "bostonlanka.com"] [uri "/index.php"] [unique_id "ahoTDBg9Y8ymLwhZzeKpJgAAABg"]
[Sat May 30 03:58:28.119681 2026] [security2:error] [pid 1647352:tid 1647352] [client 45.45.237.225:0] ModSecurity: Warning. Matched phrase "/.env" at REQUEST_FILENAME. [file "/etc/apache2/conf.d/modsec_vendor_configs/OWASP3/rules/REQUEST-930-APPLICATION-ATTACK-LFI.conf"] [line "125"] [id "930130"] [msg "Restricted File Access Attempt"] [data "Matched Data: /.env found within REQUEST_FILENAME: /.env"] [severity "CRITICAL"] [ver "OWASP_CRS/3.3.9"] [tag "application-multi"] [tag "language-multi"] [tag "platform-multi"] [tag "attack-lfi"] [tag "paranoia-level/1"] [tag "OWASP_CRS"] [tag "capec/1000/255/153/126"] [tag "PCI/6.5.4"] [hostname "bostonlanka.com"] [uri "/.env"] [unique_id "ahoTDFbaCL5D7nPawZsrwQAAAAs"]
[Sat May 30 03:58:28.119922 2026] [security2:error] [pid 1647352:tid 1647352] [client 45.45.237.225:0] ModSecurity: Warning. Operator GE matched 5 at TX:anomaly_score. [file "/etc/apache2/conf.d/modsec_vendor_configs/OWASP3/rules/REQUEST-949-BLOCKING-EVALUATION.conf"] [line "94"] [id "949110"] [msg "Inbound Anomaly Score Exceeded (Total Score: 5)"] [severity "CRITICAL"] [ver "OWASP_CRS/3.3.9"] [tag "application-multi"] [tag "language-multi"] [tag "platform-multi"] [tag "attack-generic"] [hostname "bostonlanka.com"] [uri "/.env"] [unique_id "ahoTDFbaCL5D7nPawZsrwQAAAAs"]
[Sat May 30 03:58:28.120052 2026] [hostinglimits:warn] [pid 1647352:tid 1647352] mod_hostinglimits: Error on LVE enter: LVE(1017) HANDLER(proxy:unix:/opt/cpanel/ea-php74/root/usr/var/run/php-fpm/383bef7f29791b6a97564c1b986156ea6b80a5f6.sock|fcgi://bostonlanka.com) HOSTNAME(bostonlanka.com) URL(/index.php) TID(1647352) errno (7) MHL-E2BIG - entry processes limit reached, read more: https://docs.cloudlinux.com/cloudlinux_os_components/#errors min_uid (1000)
[Sat May 30 03:58:28.120185 2026] [security2:error] [pid 1647352:tid 1647352] [client 45.45.237.225:0] ModSecurity: Warning. Operator GE matched 5 at TX:inbound_anomaly_score. [file "/etc/apache2/conf.d/modsec_vendor_configs/OWASP3/rules/RESPONSE-980-CORRELATION.conf"] [line "92"] [id "980130"] [msg "Inbound Anomaly Score Exceeded (Total Inbound Score: 5 - SQLI=0,XSS=0,RFI=0,LFI=5,RCE=0,PHPI=0,HTTP=0,SESS=0): individual paranoia level scores: 5, 0, 0, 0"] [ver "OWASP_CRS/3.3.9"] [tag "event-correlation"] [hostname "bostonlanka.com"] [uri "/index.php"] [unique_id "ahoTDFbaCL5D7nPawZsrwQAAAAs"]
[Sat May 30 03:58:28.154176 2026] [hostinglimits:warn] [pid 1647398:tid 1647398] mod_hostinglimits: Error on LVE enter: LVE(1017) HANDLER(proxy:unix:/opt/cpanel/ea-php74/root/usr/var/run/php-fpm/383bef7f29791b6a97564c1b986156ea6b80a5f6.sock|fcgi://bostonlanka.com) HOSTNAME(bostonlanka.com) URL(/index.php) TID(1647398) errno (7) MHL-E2BIG - entry processes limit reached, read more: https://docs.cloudlinux.com/cloudlinux_os_components/#errors min_uid (1000)
[Sat May 30 03:58:28.156763 2026] [hostinglimits:warn] [pid 1647638:tid 1647638] mod_hostinglimits: Error on LVE enter: LVE(1017) HANDLER(proxy:unix:/opt/cpanel/ea-php74/root/usr/var/run/php-fpm/383bef7f29791b6a97564c1b986156ea6b80a5f6.sock|fcgi://bostonlanka.com) HOSTNAME(bostonlanka.com) URL(/index.php) TID(1647638) errno (7) MHL-E2BIG - entry processes limit reached, read more: https://docs.cloudlinux.com/cloudlinux_os_components/#errors min_uid (1000)
[Sat May 30 03:58:28.173959 2026] [hostinglimits:warn] [pid 1647617:tid 1647617] mod_hostinglimits: Error on LVE enter: LVE(1017) HANDLER(proxy:unix:/opt/cpanel/ea-php74/root/usr/var/run/php-fpm/383bef7f29791b6a97564c1b986156ea6b80a5f6.sock|fcgi://bostonlanka.com) HOSTNAME(bostonlanka.com) URL(/index.php) TID(1647617) errno (7) MHL-E2BIG - entry processes limit reached, read more: https://docs.cloudlinux.com/cloudlinux_os_components/#errors min_uid (1000)
[Sat May 30 03:58:28.178436 2026] [hostinglimits:warn] [pid 1647352:tid 1647352] mod_hostinglimits: Error on LVE enter: LVE(1017) HANDLER(proxy:unix:/opt/cpanel/ea-php74/root/usr/var/run/php-fpm/383bef7f29791b6a97564c1b986156ea6b80a5f6.sock|fcgi://bostonlanka.com) HOSTNAME(bostonlanka.com) URL(/index.php) TID(1647352) errno (7) MHL-E2BIG - entry processes limit reached, read more: https://docs.cloudlinux.com/cloudlinux_os_components/#errors min_uid (1000)
[Sat May 30 03:58:28.197001 2026] [hostinglimits:warn] [pid 1647617:tid 1647617] mod_hostinglimits: Error on LVE enter: LVE(1017) HANDLER(proxy:unix:/opt/cpanel/ea-php74/root/usr/var/run/php-fpm/383bef7f29791b6a97564c1b986156ea6b80a5f6.sock|fcgi://bostonlanka.com) HOSTNAME(bostonlanka.com) URL(/index.php) TID(1647617) errno (7) MHL-E2BIG - entry processes limit reached, read more: https://docs.cloudlinux.com/cloudlinux_os_components/#errors min_uid (1000)
[Sat May 30 03:58:28.197267 2026] [security2:error] [pid 1647617:tid 1647617] [client 45.45.237.225:0] ModSecurity: collections_remove_stale: Failed to access DBM file "/var/cpanel/secdatadir/bostonlanka-global": Permission denied [hostname "bostonlanka.com"] [uri "/index.php"] [unique_id "ahoTDLlxe6D_q93m9IPftgAAABE"]
[Sat May 30 03:58:28.197312 2026] [security2:error] [pid 1647617:tid 1647617] [client 45.45.237.225:0] ModSecurity: collections_remove_stale: Failed to access DBM file "/var/cpanel/secdatadir/bostonlanka-ip": Permission denied [hostname "bostonlanka.com"] [uri "/index.php"] [unique_id "ahoTDLlxe6D_q93m9IPftgAAABE"]
[Sat May 30 03:58:28.209995 2026] [hostinglimits:warn] [pid 1647638:tid 1647638] mod_hostinglimits: Error on LVE enter: LVE(1017) HANDLER(proxy:unix:/opt/cpanel/ea-php74/root/usr/var/run/php-fpm/383bef7f29791b6a97564c1b986156ea6b80a5f6.sock|fcgi://bostonlanka.com) HOSTNAME(bostonlanka.com) URL(/index.php) TID(1647638) errno (7) MHL-E2BIG - entry processes limit reached, read more: https://docs.cloudlinux.com/cloudlinux_os_components/#errors min_uid (1000)
[Sat May 30 03:58:28.216296 2026] [hostinglimits:warn] [pid 1647352:tid 1647352] mod_hostinglimits: Error on LVE enter: LVE(1017) HANDLER(proxy:unix:/opt/cpanel/ea-php74/root/usr/var/run/php-fpm/383bef7f29791b6a97564c1b986156ea6b80a5f6.sock|fcgi://bostonlanka.com) HOSTNAME(bostonlanka.com) URL(/index.php) TID(1647352) errno (7) MHL-E2BIG - entry processes limit reached, read more: https://docs.cloudlinux.com/cloudlinux_os_components/#errors min_uid (1000)
[Sat May 30 03:58:28.224523 2026] [hostinglimits:warn] [pid 1647617:tid 1647617] mod_hostinglimits: Error on LVE enter: LVE(1017) HANDLER(proxy:unix:/opt/cpanel/ea-php74/root/usr/var/run/php-fpm/383bef7f29791b6a97564c1b986156ea6b80a5f6.sock|fcgi://bostonlanka.com) HOSTNAME(bostonlanka.com) URL(/index.php) TID(1647617) errno (7) MHL-E2BIG - entry processes limit reached, read more: https://docs.cloudlinux.com/cloudlinux_os_components/#errors min_uid (1000)
[Sat May 30 03:58:28.294866 2026] [hostinglimits:warn] [pid 1647555:tid 1647555] mod_hostinglimits: Error on LVE enter: LVE(1017) HANDLER(proxy:unix:/opt/cpanel/ea-php74/root/usr/var/run/php-fpm/383bef7f29791b6a97564c1b986156ea6b80a5f6.sock|fcgi://bostonlanka.com) HOSTNAME(bostonlanka.com) URL(/index.php) TID(1647555) errno (7) MHL-E2BIG - entry processes limit reached, read more: https://docs.cloudlinux.com/cloudlinux_os_components/#errors min_uid (1000)
[Sat May 30 03:58:28.325559 2026] [hostinglimits:warn] [pid 1647352:tid 1647352] mod_hostinglimits: Error on LVE enter: LVE(1017) HANDLER(proxy:unix:/opt/cpanel/ea-php74/root/usr/var/run/php-fpm/383bef7f29791b6a97564c1b986156ea6b80a5f6.sock|fcgi://bostonlanka.com) HOSTNAME(bostonlanka.com) URL(/index.php) TID(1647352) errno (7) MHL-E2BIG - entry processes limit reached, read more: https://docs.cloudlinux.com/cloudlinux_os_components/#errors min_uid (1000)
[Sat May 30 03:58:28.343335 2026] [security2:error] [pid 1647372:tid 1647372] [client 45.45.237.225:0] ModSecurity: Warning. Operator GE matched 5 at TX:inbound_anomaly_score. [file "/etc/apache2/conf.d/modsec_vendor_configs/OWASP3/rules/RESPONSE-980-CORRELATION.conf"] [line "92"] [id "980130"] [msg "Inbound Anomaly Score Exceeded (Total Inbound Score: 10 - SQLI=0,XSS=0,RFI=0,LFI=5,RCE=0,PHPI=0,HTTP=0,SESS=0): individual paranoia level scores: 10, 0, 0, 0"] [ver "OWASP_CRS/3.3.9"] [tag "event-correlation"] [hostname "bostonlanka.com"] [uri "/index.php"] [unique_id "ahoTC7PHXQZPe58D0BQIVQAAAAQ"]
[Sat May 30 03:58:28.619731 2026] [hostinglimits:warn] [pid 1647372:tid 1647372] mod_hostinglimits: Error on LVE enter: LVE(1017) HANDLER(proxy:unix:/opt/cpanel/ea-php74/root/usr/var/run/php-fpm/383bef7f29791b6a97564c1b986156ea6b80a5f6.sock|fcgi://bostonlanka.com) HOSTNAME(bostonlanka.com) URL(/index.php) TID(1647372) errno (7) MHL-E2BIG - entry processes limit reached, read more: https://docs.cloudlinux.com/cloudlinux_os_components/#errors min_uid (1000)
[Sat May 30 03:58:28.648657 2026] [hostinglimits:warn] [pid 1647536:tid 1647536] mod_hostinglimits: Error on LVE enter: LVE(1017) HANDLER(proxy:unix:/opt/cpanel/ea-php74/root/usr/var/run/php-fpm/383bef7f29791b6a97564c1b986156ea6b80a5f6.sock|fcgi://bostonlanka.com) HOSTNAME(bostonlanka.com) URL(/index.php) TID(1647536) errno (7) MHL-E2BIG - entry processes limit reached, read more: https://docs.cloudlinux.com/cloudlinux_os_components/#errors min_uid (1000)
[Sat May 30 03:58:28.661030 2026] [hostinglimits:warn] [pid 1647994:tid 1647994] mod_hostinglimits: Error on LVE enter: LVE(1017) HANDLER(proxy:unix:/opt/cpanel/ea-php74/root/usr/var/run/php-fpm/383bef7f29791b6a97564c1b986156ea6b80a5f6.sock|fcgi://bostonlanka.com) HOSTNAME(bostonlanka.com) URL(/index.php) TID(1647994) errno (7) MHL-E2BIG - entry processes limit reached, read more: https://docs.cloudlinux.com/cloudlinux_os_components/#errors min_uid (1000)
[Sat May 30 03:58:28.662083 2026] [hostinglimits:warn] [pid 1647617:tid 1647617] mod_hostinglimits: Error on LVE enter: LVE(1017) HANDLER(proxy:unix:/opt/cpanel/ea-php74/root/usr/var/run/php-fpm/383bef7f29791b6a97564c1b986156ea6b80a5f6.sock|fcgi://bostonlanka.com) HOSTNAME(bostonlanka.com) URL(/index.php) TID(1647617) errno (7) MHL-E2BIG - entry processes limit reached, read more: https://docs.cloudlinux.com/cloudlinux_os_components/#errors min_uid (1000)
[Sat May 30 03:58:28.679786 2026] [security2:error] [pid 1647453:tid 1647453] [client 74.7.227.60:0] ModSecurity: collections_remove_stale: Failed to access DBM file "/var/cpanel/secdatadir/epidgovl-global": Permission denied [hostname "www.epid.gov.lk"] [uri "/epid/public/index.php"] [unique_id "ahoTC6-QagIqVGssDFSPjwAAAAo"], referer: https://www.epid.gov.lk/situation-report?filter=2021&page_104=636&page_105=753
[Sat May 30 03:58:28.679856 2026] [security2:error] [pid 1647453:tid 1647453] [client 74.7.227.60:0] ModSecurity: collections_remove_stale: Failed to access DBM file "/var/cpanel/secdatadir/epidgovl-ip": Permission denied [hostname "www.epid.gov.lk"] [uri "/epid/public/index.php"] [unique_id "ahoTC6-QagIqVGssDFSPjwAAAAo"], referer: https://www.epid.gov.lk/situation-report?filter=2021&page_104=636&page_105=753
[Sat May 30 03:58:28.694555 2026] [ssl:error] [pid 1647638:tid 1647638] (70014)End of file found: [client 66.85.158.91:41292] AH02013: coalesce failed to read from data bucket
[Sat May 30 03:58:28.694766 2026] [security2:error] [pid 1647638:tid 1647638] [client 147.135.252.182:0] ModSecurity: collections_remove_stale: Failed to access DBM file "/var/cpanel/secdatadir/anandaob-global": Permission denied [hostname "anandaobauae.org"] [uri "/js/Bl4ckhOle/root/sys/bus/event_source/devices/breakpoint/subsystem/devices/breakpoint/subsystem/devices/kprobe/subsystem/devices/power/subsystem/devices/tracepoint/subsystem/devices/tracepoint/subsystem/devices/software/subsystem/devices/software/subsystem/drivers_autoprobe"] [unique_id "ahoTDBg9Y8ymLwhZzeKpLAAAABg"]
[Sat May 30 03:58:28.694804 2026] [security2:error] [pid 1647638:tid 1647638] [client 147.135.252.182:0] ModSecurity: collections_remove_stale: Failed to access DBM file "/var/cpanel/secdatadir/anandaob-ip": Permission denied [hostname "anandaobauae.org"] [uri "/js/Bl4ckhOle/root/sys/bus/event_source/devices/breakpoint/subsystem/devices/breakpoint/subsystem/devices/kprobe/subsystem/devices/power/subsystem/devices/tracepoint/subsystem/devices/tracepoint/subsystem/devices/software/subsystem/devices/software/subsystem/drivers_autoprobe"] [unique_id "ahoTDBg9Y8ymLwhZzeKpLAAAABg"]
[Sat May 30 03:58:28.706154 2026] [core:error] [pid 1647372:tid 1647372] (13)Permission denied: [client 216.73.216.174:0] AH00132: file permissions deny server access: /home/anandaob/public_html/js/Bl4ckhOle/root/sys/class/wakeup/wakeup4/device/subsystem/devices/PNP0A03:00/device:09/eject
[Sat May 30 03:58:28.707330 2026] [hostinglimits:warn] [pid 1647402:tid 1647402] mod_hostinglimits: Error on LVE enter: LVE(1017) HANDLER(proxy:unix:/opt/cpanel/ea-php74/root/usr/var/run/php-fpm/383bef7f29791b6a97564c1b986156ea6b80a5f6.sock|fcgi://bostonlanka.com) HOSTNAME(bostonlanka.com) URL(/index.php) TID(1647402) errno (7) MHL-E2BIG - entry processes limit reached, read more: https://docs.cloudlinux.com/cloudlinux_os_components/#errors min_uid (1000)
[Sat May 30 03:58:28.745864 2026] [security2:error] [pid 1647351:tid 1647351] [client 45.45.237.225:0] ModSecurity: Warning. Operator GE matched 5 at TX:inbound_anomaly_score. [file "/etc/apache2/conf.d/modsec_vendor_configs/OWASP3/rules/RESPONSE-980-CORRELATION.conf"] [line "92"] [id "980130"] [msg "Inbound Anomaly Score Exceeded (Total Inbound Score: 5 - SQLI=0,XSS=0,RFI=0,LFI=5,RCE=0,PHPI=0,HTTP=0,SESS=0): individual paranoia level scores: 5, 0, 0, 0"] [ver "OWASP_CRS/3.3.9"] [tag "event-correlation"] [hostname "bostonlanka.com"] [uri "/index.php"] [unique_id "ahoTC5m-_Zwt1PUyTD9-swAAACM"]
[Sat May 30 03:58:28.799718 2026] [core:error] [pid 1647994:tid 1647994] (13)Permission denied: [client 216.73.216.174:0] AH00132: file permissions deny server access: /home/anandaob/public_html/js/Bl4ckhOle/root/proc/self/cwd/sys/kernel/slab/dma-kmalloc-192/free_calls
[Sat May 30 03:58:28.853199 2026] [core:error] [pid 1647352:tid 1647352] (13)Permission denied: [client 74.7.243.216:0] AH00132: file permissions deny server access: /home/anandaob/public_html/js/Bl4ckhOle/root/sys/kernel/slab/ksm_rmap_item/object_size, referer: https://www.anandaobauae.org/js/Bl4ckhOle/root/sys/kernel/slab/ksm_rmap_item/
[Sat May 30 03:58:28.863947 2026] [hostinglimits:warn] [pid 1647398:tid 1647398] mod_hostinglimits: Error on LVE enter: LVE(1017) HANDLER(proxy:unix:/opt/cpanel/ea-php74/root/usr/var/run/php-fpm/383bef7f29791b6a97564c1b986156ea6b80a5f6.sock|fcgi://bostonlanka.com) HOSTNAME(bostonlanka.com) URL(/index.php) TID(1647398) errno (7) MHL-E2BIG - entry processes limit reached, read more: https://docs.cloudlinux.com/cloudlinux_os_components/#errors min_uid (1000)
[Sat May 30 03:58:28.869027 2026] [hostinglimits:warn] [pid 1647372:tid 1647372] mod_hostinglimits: Error on LVE enter: LVE(1017) HANDLER(proxy:unix:/opt/cpanel/ea-php74/root/usr/var/run/php-fpm/383bef7f29791b6a97564c1b986156ea6b80a5f6.sock|fcgi://bostonlanka.com) HOSTNAME(bostonlanka.com) URL(/index.php) TID(1647372) errno (7) MHL-E2BIG - entry processes limit reached, read more: https://docs.cloudlinux.com/cloudlinux_os_components/#errors min_uid (1000)
[Sat May 30 03:58:28.910058 2026] [ssl:error] [pid 1647351:tid 1647351] (70014)End of file found: [client 66.85.158.91:41368] AH02013: coalesce failed to read from data bucket
[Sat May 30 03:58:29.014747 2026] [proxy_fcgi:error] [pid 1647994:tid 1647994] [client 20.29.68.224:0] AH01071: Got error 'Primary script unknown'
[Sat May 30 03:58:29.078061 2026] [security2:error] [pid 1647639:tid 1647639] [client 45.45.237.225:0] ModSecurity: collections_remove_stale: Failed to access DBM file "/var/cpanel/secdatadir/bostonlanka-global": Permission denied [hostname "bostonlanka.com"] [uri "/index.php"] [unique_id "ahoTC_RvcLPL8AnmcN-NnwAAABk"]
[Sat May 30 03:58:29.078141 2026] [security2:error] [pid 1647639:tid 1647639] [client 45.45.237.225:0] ModSecurity: collections_remove_stale: Failed to access DBM file "/var/cpanel/secdatadir/bostonlanka-ip": Permission denied [hostname "bostonlanka.com"] [uri "/index.php"] [unique_id "ahoTC_RvcLPL8AnmcN-NnwAAABk"]
[Sat May 30 03:58:29.106033 2026] [ssl:error] [pid 1647641:tid 1647641] (70014)End of file found: [client 66.85.158.91:41380] AH02013: coalesce failed to read from data bucket
[Sat May 30 03:58:29.106761 2026] [proxy_fcgi:error] [pid 1647352:tid 1647352] [client 20.29.68.224:0] AH01071: Got error 'Primary script unknown'
[Sat May 30 03:58:29.484794 2026] [ssl:error] [pid 1647639:tid 1647639] (70014)End of file found: [client 66.85.158.91:41456] AH02013: coalesce failed to read from data bucket
[Sat May 30 03:58:29.532157 2026] [proxy_fcgi:error] [pid 1647640:tid 1647640] [client 20.29.68.224:0] AH01071: Got error 'Primary script unknown'
[Sat May 30 03:58:29.587686 2026] [proxy_fcgi:error] [pid 1647372:tid 1647372] [client 20.29.68.224:0] AH01071: Got error 'Primary script unknown'
[Sat May 30 03:58:29.639363 2026] [proxy_fcgi:error] [pid 1647634:tid 1647634] [client 20.29.68.224:0] AH01071: Got error 'Primary script unknown'
[Sat May 30 03:58:29.812045 2026] [core:error] [pid 1647618:tid 1647618] (13)Permission denied: [client 216.73.216.174:0] AH00132: file permissions deny server access: /home/anandaob/public_html/js/Bl4ckhOle/root/sys/class/graphics/fb0/device/subsystem/drivers/ata_piix/new_id
[Sat May 30 03:58:30.030736 2026] [ssl:error] [pid 1647554:tid 1647554] (70014)End of file found: [client 66.85.158.91:41578] AH02013: coalesce failed to read from data bucket
[Sat May 30 03:58:30.136514 2026] [ssl:error] [pid 1647636:tid 1647636] (70014)End of file found: [client 66.85.158.91:41590] AH02013: coalesce failed to read from data bucket
[Sat May 30 03:58:30.329697 2026] [ssl:error] [pid 1647617:tid 1647617] (70014)End of file found: [client 66.85.158.91:41606] AH02013: coalesce failed to read from data bucket
[Sat May 30 03:58:30.555862 2026] [proxy_fcgi:error] [pid 1647372:tid 1647372] [client 20.29.68.224:0] AH01071: Got error 'Primary script unknown'
[Sat May 30 03:58:30.567130 2026] [ssl:error] [pid 1647640:tid 1647640] (70014)End of file found: [client 66.85.158.91:41634] AH02013: coalesce failed to read from data bucket
[Sat May 30 03:58:30.567434 2026] [security2:error] [pid 1647640:tid 1647640] [client 216.73.216.174:0] ModSecurity: collections_remove_stale: Failed to access DBM file "/var/cpanel/secdatadir/anandaob-global": Permission denied [hostname "anandaobauae.org"] [uri "/js/Bl4ckhOle/root/proc/self/cwd/sys/module/libcrc32c/holders/nf_tables/rhelversion"] [unique_id "ahoTDjyqFxKLJFls8Q-vYQAAABo"]
[Sat May 30 03:58:30.567490 2026] [security2:error] [pid 1647640:tid 1647640] [client 216.73.216.174:0] ModSecurity: collections_remove_stale: Failed to access DBM file "/var/cpanel/secdatadir/anandaob-ip": Permission denied [hostname "anandaobauae.org"] [uri "/js/Bl4ckhOle/root/proc/self/cwd/sys/module/libcrc32c/holders/nf_tables/rhelversion"] [unique_id "ahoTDjyqFxKLJFls8Q-vYQAAABo"]
[Sat May 30 03:58:30.570158 2026] [ssl:error] [pid 1647356:tid 1647356] (70014)End of file found: [client 66.85.158.91:41642] AH02013: coalesce failed to read from data bucket
